000
CXUS54 KFWD 240730
CF6XBP
PRELIMINARY LOCAL CLIMATOLOGICAL DATA (WS FORM: F-6)

                                          STATION:   BRIDGEPORT
                                          MONTH:     NOVEMBER
                                          YEAR:      2017
                                          LATITUDE:   33 10 N
                                          LONGITUDE:  96 30 W

  TEMPERATURE IN F:       :PCPN:    SNOW:  WIND      :SUNSHINE: SKY     :PK WND
================================================================================
1   2   3   4   5  6A  6B    7    8   9   10  11  12  13   14  15   16   17  18
                                     12Z  AVG MX 2MIN
DY MAX MIN AVG DEP HDD CDD  WTR  SNW DPTH SPD SPD DIR MIN PSBL S-S WX    SPD DR
================================================================================

 1  85  46  66   7   0   1 0.00  0.0    0  6.3 14 210   M    M   2 1      18 210
 2  92  59  76  17   0  11 0.00  0.0    0  8.9 16 260   M    M   0        25 220
 3  63  46  55  -3  10   0 0.00  0.0    0  3.3  8 320   M    M   5 1       M  M
 4  89  49  69  11   0   4 0.00  0.0    0  6.3 14 200   M    M   0 1      18 210
 5  92  64  78  20   0  13 0.00  0.0    0  8.2 14 250   M    M   1        22 230
 6  65  51  58   1   7   0 0.00  0.0    0  4.3  9 310   M    M   1 8       M  M
 7  61  47  54  -3  11   0 0.00  0.0    0  7.8 14 340   M    M   5        20 350
 8  47  42  45 -11  20   0 0.85  0.0    0  7.7 13 350   M    M  10        17 350
 9  59  37  48  -8  17   0 0.00  0.0    0  1.9  6 130   M    M   3 1       M  M
10  60  36  48  -8  17   0 0.00  0.0    0  2.7  8 150   M    M   8 1       M  M
11  66  55  61   6   4   0 0.00  0.0    0  7.6 16 180   M    M  10        24 190
12  70  54  62   7   3   0 0.00  0.0    0  2.1  9  30   M    M   9         M  M
13  67  51  59   5   6   0 0.00  0.0    0  3.4  8 140   M    M  10 1       M  M
14  77  62  70  16   0   5 0.00  0.0    0  9.4 17 220   M    M   9        23 200
15  74  61  68  14   0   3 0.00  0.0    0  6.4 14  30   M    M   7        18  30
16   M  58   M   M   M   M    M  0.0    0   M   M   M   M    M   M         M  M
17   M   M   M   M   M   M    M    M    M   M   M   M   M    M   M         M  M
18   M   M   M   M   M   M    M    M    M   M   M   M   M    M   M         M  M
19   M   M   M   M   M   M    M    M    M   M   M   M   M    M   M         M  M
20  66  42  54   3  11   0 0.00  0.0    M  8.1 15 180   M    M   0        22 200
21  67  37  52   1  13   0 0.00  0.0    0  6.0 18  10   M    M   0        27  10
22  54  31  43  -7  22   0 0.00  0.0    0  5.8 12 340   M    M   0        21 360
23  73  28  51   1  14   0 0.00  0.0    0  2.5  9 270   M    M   0         M  M
================================================================================
SM 1327  956       155  37  0.85     0.0 108.7          M       80
================================================================================
AV 69.8 47.8                               5.7 FASTST   M    M   4    MAX(MPH)
                                 MISC ---->    18   M               # 27   10
================================================================================
NOTES:
# LAST OF SEVERAL OCCURRENCES

COLUMN 17 PEAK WIND IN M.P.H.

PRELIMINARY LOCAL CLIMATOLOGICAL DATA (WS FORM: F-6) , PAGE 2

                                          STATION:  BRIDGEPORT
                                          MONTH:    NOVEMBER
                                          YEAR:     2017
                                          LATITUDE:   33 10 N
                                          LONGITUDE:  96 30 W

[TEMPERATURE DATA]      [PRECIPITATION DATA]       SYMBOLS USED IN COLUMN 16

AVERAGE MONTHLY: 58.8   TOTAL FOR MONTH:   0.85    1 = FOG OR MIST
DPTR FM NORMAL:   4.1   DPTR FM NORMAL:   -0.90    2 = FOG REDUCING VISIBILITY
HIGHEST:    92 ON  5, 2 GRTST 24HR  0.85 ON  8- 8      TO 1/4 MILE OR LESS
LOWEST:     28 ON 23                               3 = THUNDER
                        SNOW, ICE PELLETS, HAIL    4 = ICE PELLETS
                        TOTAL MONTH:   0.0 INCH    5 = HAIL
                        GRTST 24HR     0.0         6 = FREEZING RAIN OR DRIZZLE
                        GRTST DEPTH:   0           7 = DUSTSTORM OR SANDSTORM:
                                                       VSBY 1/2 MILE OR LESS
                                                   8 = SMOKE OR HAZE
[NO. OF DAYS WITH]      [WEATHER - DAYS WITH]      9 = BLOWING SNOW
                                                   X = TORNADO
MAX 32 OR BELOW:   0    0.01 INCH OR MORE:   1
MAX 90 OR ABOVE:   2    0.10 INCH OR MORE:   1
MIN 32 OR BELOW:   2    0.50 INCH OR MORE:   1
MIN  0 OR BELOW:   0    1.00 INCH OR MORE:   0

[HDD (BASE 65) ]
TOTAL THIS MO.   155    CLEAR  (SCALE 0-3)  10
DPTR FM NORMAL   -95    PTCLDY (SCALE 4-7)   3
TOTAL FM JUL 1   281    CLOUDY (SCALE 8-10)  6
DPTR FM NORMAL  -105

[CDD (BASE 65) ]
TOTAL THIS MO.    37
DPTR FM NORMAL    26    [PRESSURE DATA]
TOTAL FM JAN 1  2354    HIGHEST SLP M ON M
DPTR FM NORMAL   190    LOWEST  SLP M ON M

[REMARKS]
