157
CXUS54 KTSA 260840
CF6XNA
PRELIMINARY LOCAL CLIMATOLOGICAL DATA (WS FORM: F-6)

                                          STATION:   HIGHFILL ARKANSAS
                                          MONTH:     SEPTEMBER
                                          YEAR:      2016
                                          LATITUDE:   36 16 N
                                          LONGITUDE:  94 19 W

  TEMPERATURE IN F:       :PCPN:    SNOW:  WIND      :SUNSHINE: SKY     :PK WND
================================================================================
1   2   3   4   5  6A  6B    7    8   9   10  11  12  13   14  15   16   17  18
                                     12Z  AVG MX 2MIN
DY MAX MIN AVG DEP HDD CDD  WTR  SNW DPTH SPD SPD DIR MIN PSBL S-S WX    SPD DR
================================================================================

 1  85  64  75   1   0  10 0.00  0.0    0  7.5 14  40   M    M   5        18  60
 2  83  57  70  -4   0   5 0.00  0.0    0  6.4 16  60   M    M   0        22  70
 3  83  53  68  -5   0   3 0.00  0.0    0  4.4 12 110   M    M   0 1      15  90
 4  89  54  72  -1   0   7 0.00  0.0    0  6.1 16 170   M    M   0        22 160
 5  93  61  77   4   0  12 0.00  0.0    0  8.5 20 180   M    M   2        25 170
 6  93  72  83  11   0  18 0.00  0.0    0  9.4 20 180   M    M   2        26 180
 7  94  70  82  10   0  17 0.00  0.0    0 10.2 18 180   M    M   1        25 210
 8  94  72  83  12   0  18 0.50  0.0    0  8.5 28 360   M    M   3 13     32 360
 9  93  71  82  11   0  17 0.00  0.0    0  8.4 21 190   M    M   1 3      28 210
10  79  56  68  -2   0   3 0.54  0.0    0  8.8 32 360   M    M   3 13     38 360
11  82  50  66  -4   0   1 0.00  0.0    0  4.5 12 170   M    M   0 1      14 210
12  87  54  71   1   0   6 0.00  0.0    0  6.2 16 160   M    M   0        21 150
13  89  64  77   8   0  12 0.00  0.0    0  3.1 13 220   M    M   1 1      16 220
14  87  64  76   7   0  11 0.01  0.0    0  3.0 18  50   M    M   1 138    26  50
15  85  64  75   7   0  10 0.03  0.0    0  2.8 14 140   M    M   1 123    17 140
16  83  63  73   5   0   8 1.64  0.0    0  6.9 39 250   M    M   4 138    52 240
17  84  62  73   6   0   8 0.00  0.0    0  3.6 10 350   M    M   3 12     13  90
18  86  64  75   8   0  10 0.00  0.0    0  2.5 10 180   M    M   2 1      14 220
19  92  64  78  12   0  13 0.00  0.0    0  2.8 10 190   M    M   1        15 210
20  93  67  80  14   0  15 0.00  0.0    0  3.5  9 160   M    M   1        12 150
21  89  63  76  10   0  11 0.00  0.0    0  2.3 10 190   M    M   0 12     13 210
22  91  61  76  11   0  11 0.00  0.0    0  2.8 10 220   M    M   0 1      16 230
23  89  61  75  10   0  10 0.00  0.0    0  4.1 13 160   M    M   0 1      17 160
24  90  68  79  15   0  14 0.00  0.0    0  6.8 17 160   M    M   1        24 160
25  89  61  75  11   0  10 0.01  0.0    0  7.6 21 360   M    M   4 13     27 340
================================================================================
SM 2202 1560         0 260  2.73     0.0 140.7          M       36
================================================================================
AV 88.1 62.4                               5.6 FASTST   M    M   1    MAX(MPH)
                                 MISC ---->  # 39 250               # 52  240
================================================================================
NOTES:
# LAST OF SEVERAL OCCURRENCES

COLUMN 17 PEAK WIND IN M.P.H.

PRELIMINARY LOCAL CLIMATOLOGICAL DATA (WS FORM: F-6) , PAGE 2

                                          STATION:  HIGHFILL ARKANSAS
                                          MONTH:    SEPTEMBER
                                          YEAR:     2016
                                          LATITUDE:   36 16 N
                                          LONGITUDE:  94 19 W

[TEMPERATURE DATA]      [PRECIPITATION DATA]       SYMBOLS USED IN COLUMN 16

AVERAGE MONTHLY: 75.2   TOTAL FOR MONTH:   2.73    1 = FOG OR MIST
DPTR FM NORMAL:   6.2   DPTR FM NORMAL:   -1.27    2 = FOG REDUCING VISIBILITY
HIGHEST:    94 ON  8, 7 GRTST 24HR  1.64 ON 16-16      TO 1/4 MILE OR LESS
LOWEST:     50 ON 11                               3 = THUNDER
                        SNOW, ICE PELLETS, HAIL    4 = ICE PELLETS
                        TOTAL MONTH:   0.0 INCH    5 = HAIL
                        GRTST 24HR     0.0         6 = FREEZING RAIN OR DRIZZLE
                        GRTST DEPTH:   0           7 = DUSTSTORM OR SANDSTORM:
                                                       VSBY 1/2 MILE OR LESS
                                                   8 = SMOKE OR HAZE
[NO. OF DAYS WITH]      [WEATHER - DAYS WITH]      9 = BLOWING SNOW
                                                   X = TORNADO
MAX 32 OR BELOW:   0    0.01 INCH OR MORE:   6
MAX 90 OR ABOVE:   9    0.10 INCH OR MORE:   3
MIN 32 OR BELOW:   0    0.50 INCH OR MORE:   3
MIN  0 OR BELOW:   0    1.00 INCH OR MORE:   1

[HDD (BASE 65) ]
TOTAL THIS MO.     0    CLEAR  (SCALE 0-3)  20
DPTR FM NORMAL   -26    PTCLDY (SCALE 4-7)   5
TOTAL FM JUL 1     0    CLOUDY (SCALE 8-10)  0
DPTR FM NORMAL   -27

[CDD (BASE 65) ]
TOTAL THIS MO.   260
DPTR FM NORMAL   130    [PRESSURE DATA]
TOTAL FM JAN 1  1692    HIGHEST SLP M ON M
DPTR FM NORMAL   480    LOWEST  SLP 29.82 ON  9

[REMARKS]
