000
CXUS51 KPBZ 270901
CF6ZZV
PRELIMINARY LOCAL CLIMATOLOGICAL DATA (WS FORM: F-6)

                                          STATION:   ZANESVILLE OH
                                          MONTH:     FEBRUARY
                                          YEAR:      2015
                                          LATITUDE:   39 56 N
                                          LONGITUDE:  81 54 W

  TEMPERATURE IN F:       :PCPN:    SNOW:  WIND      :SUNSHINE: SKY     :PK WND
================================================================================
1   2   3   4   5  6A  6B    7    8   9   10  11  12  13   14  15   16   17  18
                                     12Z  AVG MX 2MIN
DY MAX MIN AVG DEP HDD CDD  WTR  SNW DPTH SPD SPD DIR MIN PSBL S-S WX    SPD DR
================================================================================

 1  40  28  34   4  31   0 0.43    M    M  8.1 20 170   M    M  10 128    25 180
 2  42  11  27  -3  38   0 0.07    M    M 12.0 22 310   M    M   5 18     29 320
 3  29  11  20 -10  45   0 0.00    M    M  6.5 15 250   M    M   7        21 250
 4  43  26  35   5  30   0 0.04    M    M  8.2 16 360   M    M   7 1      25 360
 5  26   5  16 -14  49   0 0.01    M    M  7.8 18 340   M    M   4 18     25 360
 6  28   3  16 -14  49   0 0.00    M    M  6.1 14 250   M    M   6        18 250
 7  50  25  38   8  27   0 0.00    M    M  7.4 14 200   M    M   3        21 210
 8  57  37  47  17  18   0 0.03    M    M  7.7 17 260   M    M   4 18     24 240
 9  48  21  35   4  30   0 0.03    M    M  9.0 14  10   M    M  10 168    20  10
10  31  20  26  -5  39   0 0.00    M    M  5.5 13 330   M    M   6 8      17  10
11  38  16  27  -4  38   0    T    M    M  4.8 15 280   M    M   6 18     20 280
12  33   M   M   M   M   M    T    M    M 10.8 17 310   M    M   M        32 310
13  23  -1  11 -20  54   0 0.00    M    M  5.4 14 270   M    M   2 18     18 260
14  30   5  18 -14  47   0 0.02    M    M 14.7 35 300   M    M   9 289    44 300
15   8  -2   3 -29  62   0    T    M    M  7.0 24 330   M    M   0 89     36 310
16   8  -3   3 -29  62   0 0.05    M    M  5.4 13  40   M    M   7 18     17  50
17  20 -10   5 -27  60   0    T    M    M  5.5 13 270   M    M   5 18     17 260
18  20   5  13 -20  52   0 0.04    M    M  9.9 23 270   M    M   9 128    33 280
19   7  -3   2 -31  63   0 0.01    M    M  9.3 18 260   M    M   5 18     26 250
20  13 -16  -1 -34  66   0 0.00    M    M  4.7 15 160   M    M   2 1      18 170
21  34  10  22 -11  43   0 0.32    M    M  5.8 13 160   M    M  10 128    17 190
22  33  24  29  -5  36   0 0.00    M    M  6.4 15 340   M    M   9 18     19 330
23  24  -3  11 -23  54   0    T    M    M  6.7 15  20   M    M   3 28     20  20
24  27 -14   7 -27  58   0 0.00    M    M  6.6 16 240   M    M   2        22 260
25  34  22  28  -6  37   0 0.00    M    M  6.5 14 260   M    M   3        18 240
26  24  11  18 -17  47   0    T    M    M  8.6 15 320   M    M   8        18 310
================================================================================
SM  770  228      1135   0  1.05    M    196.4          M      142
================================================================================
AV 29.6  9.1                               7.6 FASTST   M    M   6    MAX(MPH)
                                 MISC ---->  # 35 300               # 44  300
================================================================================
NOTES:
# LAST OF SEVERAL OCCURRENCES

COLUMN 17 PEAK WIND IN M.P.H.

PRELIMINARY LOCAL CLIMATOLOGICAL DATA (WS FORM: F-6) , PAGE 2

                                          STATION:  ZANESVILLE OH
                                          MONTH:    FEBRUARY
                                          YEAR:     2015
                                          LATITUDE:   39 56 N
                                          LONGITUDE:  81 54 W

[TEMPERATURE DATA]      [PRECIPITATION DATA]       SYMBOLS USED IN COLUMN 16

AVERAGE MONTHLY: 19.4   TOTAL FOR MONTH:   1.05    1 = FOG OR MIST
DPTR FM NORMAL: -12.4   DPTR FM NORMAL:   -0.96    2 = FOG REDUCING VISIBILITY
HIGHEST:    57 ON  8    GRTST 24HR  0.49 ON  1- 2      TO 1/4 MILE OR LESS
LOWEST:    -16 ON 20                               3 = THUNDER
                        SNOW, ICE PELLETS, HAIL    4 = ICE PELLETS
                        TOTAL MONTH:    M          5 = HAIL
                        GRTST 24HR    M  ON   M    6 = FREEZING RAIN OR DRIZZLE
                        GRTST DEPTH:  M  ON   M    7 = DUSTSTORM OR SANDSTORM:
                                                       VSBY 1/2 MILE OR LESS
                                                   8 = SMOKE OR HAZE
[NO. OF DAYS WITH]      [WEATHER - DAYS WITH]      9 = BLOWING SNOW
                                                   X = TORNADO
MAX 32 OR BELOW:  15    0.01 INCH OR MORE:  11
MAX 90 OR ABOVE:   0    0.10 INCH OR MORE:   2
MIN 32 OR BELOW:  24    0.50 INCH OR MORE:   0
MIN  0 OR BELOW:   8    1.00 INCH OR MORE:   0

[HDD (BASE 65) ]
TOTAL THIS MO.  1135    CLEAR  (SCALE 0-3)   5
DPTR FM NORMAL   272    PTCLDY (SCALE 4-7)  14
TOTAL FM JUL 1  4549    CLOUDY (SCALE 8-10)  6
DPTR FM NORMAL   419

[CDD (BASE 65) ]
TOTAL THIS MO.     0
DPTR FM NORMAL     0    [PRESSURE DATA]
TOTAL FM JAN 1     0    HIGHEST SLP M ON M
DPTR FM NORMAL     0    LOWEST  SLP 29.43 ON  2

[REMARKS]
