000
CXUS55 KVEF 022021 CCA
CLABIH

CLIMATE REPORT
NATIONAL WEATHER SERVICE LAS VEGAS, NV
1218 PM PST TUE JAN 2 2018

...................................

...THE BISHOP CA CLIMATE SUMMARY FOR THE YEAR OF 2017...

CLIMATE NORMAL PERIOD 1981 TO 2010
CLIMATE RECORD PERIOD 1943 TO 2018

WEATHER         OBSERVED          NORMAL  DEPART  LAST YEAR`S
                 VALUE   DATE(S)  VALUE   FROM    VALUE  DATE(S)
                                          NORMAL
................................................................
TEMPERATURE (F)
RECORD
 HIGH             110   07/10/2002
 LOW               -8   12/22/1990
                        12/27/1988
HIGHEST           107   08/01        74      33      108  07/28
                        06/20                             07/27
LOWEST             10   12/22        38     -28        9  01/01
                        01/25
AVG. MAXIMUM     76.6              75.0     1.6     77.7
AVG. MINIMUM     39.8              38.1     1.7     39.7
MEAN             58.2              56.6     1.6     58.7
DAYS MAX >= 90    104              99.9     4.1      108
DAYS MAX <= 32      0               0.4    -0.4        0
DAYS MIN <= 32    121             133.7   -12.7      115
DAYS MIN <= 0       0               0.2    -0.2        0

PRECIPITATION (INCHES)
RECORD
 MAXIMUM        17.09   1969
 MINIMUM         0.80   1947
TOTALS           8.98              5.17    3.81     3.43
DAILY AVG.          T              0.01   -0.01        T
DAYS >= .01        29              27.6     1.4       25
DAYS >= .10        18              12.3     5.7       10
DAYS >= .50         8               2.7     5.3        2
DAYS >= 1.00        1               0.6     0.4        0
GREATEST
 24 HR. TOTAL    1.71   01/08 TO 01/09           12/31 TO 12/31
                                                          12/31 TO 12/31
                                                          12/31 TO 12/31
 STORM TOTAL     1.71                                 MM
 (MM/DD(HH))  01/08(20) TO 01/08(06)          12/31(00) TO 12/31(00)
                                                 12/31(00) TO 12/31(00)1
                                                 12/31(00) TO 12/31(00)1

SNOWFALL (INCHES)
RECORDS
 TOTAL           57.1   1969
 24 HR TOTAL     18.0   01/24/1969 TO 01/25/1969
 SNOW DEPTH        22   01/25/1969
TOTALS            9.9               8.0     1.9      2.0
 LIQUID EQUIV    0.99                MM      MM     0.20
SINCE 7/1         0.0               1.5    -1.5        T
 LIQUID 7/1      0.00              0.20   -0.20       MM
SNOWDEPTH AVG.      0                MM      MM        0
DAYS >= TRACE       9               3.0     6.0        3
DAYS >= 1.0         3               1.9     1.1        1
GREATEST
 SNOW DEPTH         5   01/22                          2  01/31
 24 HR TOTAL      5.3   MM                       12/31 TO 12/31
                                                          12/31 TO 12/31
                                                          12/31 TO 12/31
 STORM TOTAL      5.3                                 MM
 (MM/DD(HH))            MM                    12/31(00) TO 12/31(00)
                                                 12/31(00) TO 12/31(00)1
                                                 12/31(00) TO 12/31(00)1

DEGREE_DAYS
HEATING TOTAL    3772              4178    -406     3564
 SINCE 7/1         MM              1747      MM       MM
COOLING TOTAL    1407              1104     303     1361
 SINCE 1/1       1407              1104     303     1361

FREEZE DATES
RECORD
 EARLIEST     09/20/1986
 LATEST       06/07/1988
EARLIEST                        10/15
LATEST                          05/03
..................................................

WIND (MPH)
AVERAGE WIND SPEED              7.7
RESULTANT WIND SPEED/DIRECTION   2/329
HIGHEST WIND SPEED/DIRECTION    48/360    DATE  03/30
HIGHEST GUST SPEED/DIRECTION    66/220    DATE  09/26

SKY COVER
POSSIBLE SUNSHINE (PERCENT)   MM
AVERAGE SKY COVER           0.10
NUMBER OF DAYS FAIR          324
NUMBER OF DAYS PC             32
NUMBER OF DAYS CLOUDY          9

AVERAGE RH (PERCENT)     41

WEATHER CONDITIONS. NUMBER OF DAYS WITH
THUNDERSTORM              0     MIXED PRECIP               0
HEAVY RAIN                6     RAIN                      15
LIGHT RAIN               58     FREEZING RAIN              1
LT FREEZING RAIN          1     HAIL                       0
HEAVY SNOW                0     SNOW                       3
LIGHT SNOW                9     SLEET                      0
FOG                      24     FOG W/VIS <= 1/4 MILE      2
HAZE                     17

-  INDICATES NEGATIVE NUMBERS.
R  INDICATES RECORD WAS SET OR TIED.
MM INDICATES DATA IS MISSING.
T  INDICATES TRACE AMOUNT.

$$
