000
CXUS53 KGRR 040230
CLABTL

WRKCLMBTL 000
TTAA00 KGRR 040223


CLIMATE REPORT
NATIONAL WEATHER SERVICE GRAND RAPIDS, MI
820 PM EST FRI JAN 3 2014

...................................

...THE BATTLE CREEK MI CLIMATE SUMMARY FOR THE YEAR OF 2013...

CLIMATE NORMAL PERIOD 1981 TO 2010
CLIMATE RECORD PERIOD 9999 TO 9999

WEATHER         OBSERVED          NORMAL  DEPART  LAST YEAR`S
                 VALUE   DATE(S)  VALUE   FROM    VALUE  DATE(S)
                                          NORMAL
................................................................
TEMPERATURE (F)
RECORD
 HIGH              MM   MM
 LOW               -7   01/22/2013
HIGHEST            94   07/19        MM      MM      103  07/06
LOWEST             -7R  01/22        MM      MM        2  01/20
AVG. MAXIMUM     56.7              58.8    -2.1     61.9
AVG. MINIMUM     39.4              37.7     1.7     42.3
MEAN             48.0              48.2    -0.2     52.1
DAYS MAX >= 90      7               6.7     0.3       31
DAYS MAX <= 32     62              42.5    19.5       27
DAYS MIN <= 32    144             144.5    -0.5      123
DAYS MIN <= 0       3               7.0    -4.0        0

PRECIPITATION (INCHES)
RECORD
 MAXIMUM           MM   MM
 MINIMUM           MM   MM
TOTALS          34.91             33.15    1.76    24.31
DAILY AVG.       0.10              0.09    0.01     0.07
DAYS >= .01       122             132.0   -10.0      121
DAYS >= .10        71              70.8     0.2       60
DAYS >= .50        21              21.1    -0.1       13
DAYS >= 1.00        7               6.7     0.3        4
GREATEST
 24 HR. TOTAL    2.06   MM                       12/31 TO 12/31
                                                          12/31 TO 12/31
                                                          12/31 TO 12/31
 STORM TOTAL       MM                                 MM
 (MM/DD(HH))            MM                    12/31(00) TO 12/31(00)
                                                 12/31(00) TO 12/31(00)1
                                                 12/31(00) TO 12/31(00)1

DEGREE_DAYS
HEATING TOTAL    6674              6689     -15     5631
 SINCE 7/1       2614              2600      14     2361
COOLING TOTAL     689               578     111     1008
 SINCE 1/1        689               578     111     1008

FREEZE DATES
RECORD
 EARLIEST     MM
 LATEST       MM
EARLIEST                        MM
LATEST                          MM
..................................................

WIND (MPH)
AVERAGE WIND SPEED              8.5
RESULTANT WIND SPEED/DIRECTION   3/235
HIGHEST WIND SPEED/DIRECTION    49/260    DATE  11/17
HIGHEST GUST SPEED/DIRECTION    70/260    DATE  11/17

AVERAGE RH (PERCENT)     70

WEATHER CONDITIONS. NUMBER OF DAYS WITH
THUNDERSTORM              0     MIXED PRECIP               0
HEAVY RAIN               36     RAIN                      56
LIGHT RAIN              122     FREEZING RAIN              6
LT FREEZING RAIN         15     HAIL                       0
HEAVY SNOW                3     SNOW                      15
LIGHT SNOW               86     SLEET                      0
FOG                     200     FOG W/VIS <= 1/4 MILE     16
HAZE                     64

-  INDICATES NEGATIVE NUMBERS.
R  INDICATES RECORD WAS SET OR TIED.
MM INDICATES DATA IS MISSING.
T  INDICATES TRACE AMOUNT.

$$

JAM
