000
CXUS53 KGJT 011851
CLACNY
CLIMATE REPORT
NATIONAL WEATHER SERVICE GRAND JUNCTION CO
1151 AM MST MON JAN 01 2024
...................................
...THE CANYONLANDS AIRPORT UT CLIMATE SUMMARY FOR THE YEAR OF 2023...
CLIMATE NORMAL PERIOD 1991 TO 2020
CLIMATE RECORD PERIOD 9999 TO 9999
WEATHER OBSERVED NORMAL DEPART LAST YEAR`S
VALUE DATE(S) VALUE FROM VALUE DATE(S)
NORMAL
................................................................
TEMPERATURE (F)
RECORD
HIGH MM MM
LOW MM MM
HIGHEST 110 07/17 MM MM 104 07/17
07/22
LOWEST 2 02/16 MM MM 5 01/03
AVG. MAXIMUM 67.9 67.5 0.4 68.2
AVG. MINIMUM 40.0 40.6 -0.6 40.2
MEAN 53.9 54.1 -0.2 54.2
DAYS MAX >= 90 73 83.5 -10.5 90
DAYS MAX <= 32 11 18.0 -7.0 9
DAYS MIN <= 32 150 137.7 12.3 148
DAYS MIN <= 0 0 3.7 -3.7 0
PRECIPITATION (INCHES)
RECORD
MAXIMUM MM MM
MINIMUM MM MM
TOTALS 5.49 6.66 -1.17 6.70
DAILY AVG. 0.02 0.02 0.00 0.02
DAYS >= .01 45 51.4 -6.4 55
DAYS >= .10 18 20.4 -2.4 24
DAYS >= .50 0 1.5 -1.5 0
DAYS >= 1.00 0 0.1 -0.1 0
GREATEST
24 HR. TOTAL 0.48 MM 0.81
STORM TOTAL 0.45 0.43
(MM/DD(HH)) MM
SNOWFALL (INCHES)
RECORDS
TOTAL MM MM
24 HR TOTAL MM
SNOW DEPTH MM MM
TOTALS MM MM MM MM
LIQUID EQUIV MM MM MM MM
SINCE 7/1 MM MM MM MM
LIQUID 7/1 MM MM MM MM
SNOWDEPTH AVG. MM MM
DAYS >= TRACE MM MM MM MM
DAYS >= 1.0 MM MM MM MM
GREATEST
SNOW DEPTH MM MM MM
24 HR TOTAL MM MM
STORM TOTAL MM MM
(MM/DD(HH)) MM
DEGREE DAYS
HEATING TOTAL 5319 5376 -57 5428
SINCE 7/1 2041 2309 -268 2264
COOLING TOTAL 1436 1415 21 1614
SINCE 1/1 1436 1414 22 1614
FREEZE DATES
RECORD
EARLIEST MM
LATEST MM
EARLIEST 10/27
LATEST 04/26
................................................................
WIND (MPH)
AVERAGE WIND SPEED 6.3
RESULTANT WIND SPEED/DIRECTION 2/230
HIGHEST WIND SPEED/DIRECTION 48/280 DATE 07/18
HIGHEST GUST SPEED/DIRECTION 63/260 DATE 07/18
SKY COVER
POSSIBLE SUNSHINE (PERCENT) MM
AVERAGE SKY COVER 0.17
NUMBER OF DAYS FAIR 293
NUMBER OF DAYS PC 53
NUMBER OF DAYS CLOUDY 19
AVERAGE RH (PERCENT) 47
WEATHER CONDITIONS. NUMBER OF DAYS WITH
THUNDERSTORM 29 MIXED PRECIP 0
HEAVY RAIN 4 RAIN 13
LIGHT RAIN 65 FREEZING RAIN 0
LT FREEZING RAIN 0 HAIL 0
HEAVY SNOW 1 SNOW 4
LIGHT SNOW 22 SLEET 0
FOG 39 FOG W/VIS <= 1/4 MILE 1
HAZE 29
- INDICATES NEGATIVE NUMBERS.
R INDICATES RECORD WAS SET OR TIED.
MM INDICATES DATA IS MISSING.
T INDICATES TRACE AMOUNT.
$$