000
CDUS41 KBTV 290540
CLI1V4


CLIMATE REPORT
NATIONAL WEATHER SERVICE BURLINGTON VT
136 AM EDT FRI APR 29 2016


...................................

...THE ST. JOHNSBURY VT CLIMATE SUMMARY FOR APRIL 28 2016...

CLIMATE NORMAL PERIOD 1981 TO 2010
CLIMATE RECORD PERIOD 1894 TO 2016


WEATHER ITEM   OBSERVED TIME   RECORD YEAR NORMAL DEPARTURE LAST
                VALUE   (LST)  VALUE       VALUE  FROM      YEAR
                                                  NORMAL
..................................................................
TEMPERATURE (F)
 YESTERDAY
  MAXIMUM         50        MM  92    1990  62    -12       58
  MINIMUM         23        MM  19    1947  37    -14       40
  AVERAGE         37                        50    -13       49

PRECIPITATION (IN)
  YESTERDAY        0.00          1.60 1920   0.10  -0.10     0.00
  MONTH TO DATE    2.32                      2.65  -0.33     2.42
  SINCE MAR 1      4.80                      5.16  -0.36     3.79
  SINCE JAN 1      9.54                      9.84  -0.30     8.35

DEGREE DAYS
 HEATING
  YESTERDAY       28                        15     13       16
  MONTH TO DATE  696                       589    107      672
  SINCE MAR 1   1623                      1665    -42     1946
  SINCE JUL 1   6508                      7389   -881     8011

 COOLING
  YESTERDAY        0                         0      0        0
  MONTH TO DATE    0                         0      0        0
  SINCE MAR 1      0                         0      0        0
  SINCE JAN 1      0                         0      0        0
..................................................................


WIND (MPH)
  HIGHEST WIND SPEED    MM   HIGHEST WIND DIRECTION    MM
  HIGHEST GUST SPEED    MM   HIGHEST GUST DIRECTION    MM
  AVERAGE WIND SPEED    MM


SKY COVER
  AVERAGE SKY COVER 0.0


WEATHER CONDITIONS
 THE FOLLOWING WEATHER WAS RECORDED YESTERDAY.
  NO SIGNIFICANT WEATHER WAS OBSERVED.


RELATIVE HUMIDITY (PERCENT)
 HIGHEST    81           500 AM
 LOWEST     23           300 PM
 AVERAGE    52

..........................................................


THE ST. JOHNSBURY VT CLIMATE NORMALS FOR TODAY
                         NORMAL    RECORD    YEAR
 MAXIMUM TEMPERATURE (F)   63        90      1990
 MINIMUM TEMPERATURE (F)   38        20      1909


SUNRISE AND SUNSET
APRIL 29 2016.........SUNRISE   541 AM EDT   SUNSET   750 PM EDT
APRIL 30 2016.........SUNRISE   540 AM EDT   SUNSET   752 PM EDT


-  INDICATES NEGATIVE NUMBERS.
R  INDICATES RECORD WAS SET OR TIED.
MM INDICATES DATA IS MISSING.
T  INDICATES TRACE AMOUNT.




$$
