000
CDUS41 KBTV 270545
CLI1V4


CLIMATE REPORT
NATIONAL WEATHER SERVICE BURLINGTON VT
1243 AM EST SAT DEC 27 2014


...................................

...THE ST. JOHNSBURY VT CLIMATE SUMMARY FOR DECEMBER 26 2014...

CLIMATE NORMAL PERIOD 1981 TO 2010
CLIMATE RECORD PERIOD 1894 TO 2014


WEATHER ITEM   OBSERVED TIME   RECORD YEAR NORMAL DEPARTURE LAST
                VALUE   (LST)  VALUE       VALUE  FROM      YEAR
                                                  NORMAL
..................................................................
TEMPERATURE (F)
 YESTERDAY
  MAXIMUM         44    223 PM  54    1964  29     15       25
  MINIMUM         30    807 PM -32    1914  10     20        9
  AVERAGE         37                        20     17       17

PRECIPITATION (IN)
  YESTERDAY        0.00          1.45 1915   0.09  -0.09     0.10
  MONTH TO DATE    3.84                      2.63   1.21     3.04
  SINCE DEC 1      3.84                      2.63   1.21     3.04
  SINCE JAN 1     40.27                     39.05   1.22    36.84

DEGREE DAYS
 HEATING
  YESTERDAY       28                        45    -17       48
  MONTH TO DATE  945                      1066   -121     1129
  SINCE DEC 1    945                      1066   -121     1129
  SINCE JUL 1   2597                      2722   -125     2928

 COOLING
  YESTERDAY        0                         0      0        0
  MONTH TO DATE    0                         0      0        0
  SINCE DEC 1      0                         0      0        0
  SINCE JAN 1    252                       433   -181      407
..................................................................


WIND (MPH)
  HIGHEST WIND SPEED    MM   HIGHEST WIND DIRECTION    MM
  HIGHEST GUST SPEED    MM   HIGHEST GUST DIRECTION    MM
  AVERAGE WIND SPEED    MM


SKY COVER
  AVERAGE SKY COVER 0.0


WEATHER CONDITIONS
 THE FOLLOWING WEATHER WAS RECORDED YESTERDAY.
  NO SIGNIFICANT WEATHER WAS OBSERVED.


RELATIVE HUMIDITY (PERCENT)
 HIGHEST    92           800 PM
 LOWEST     49           200 PM
 AVERAGE    71

..........................................................


THE ST. JOHNSBURY VT CLIMATE NORMALS FOR TODAY
                         NORMAL    RECORD    YEAR
 MAXIMUM TEMPERATURE (F)   29        56      1895
 MINIMUM TEMPERATURE (F)   10       -27      1968


SUNRISE AND SUNSET
DECEMBER 27 2014......SUNRISE   723 AM EST   SUNSET   415 PM EST
DECEMBER 28 2014......SUNRISE   724 AM EST   SUNSET   416 PM EST


-  INDICATES NEGATIVE NUMBERS.
R  INDICATES RECORD WAS SET OR TIED.
MM INDICATES DATA IS MISSING.
T  INDICATES TRACE AMOUNT.




$$
