000
CDUS41 KBTV 270536
CLI1V4


CLIMATE REPORT
NATIONAL WEATHER SERVICE BURLINGTON VT
135 AM EDT WED AUG 27 2014


...................................

...THE ST. JOHNSBURY VT CLIMATE SUMMARY FOR AUGUST 26 2014...

CLIMATE NORMAL PERIOD 1981 TO 2010
CLIMATE RECORD PERIOD 1894 TO 2014


WEATHER ITEM   OBSERVED TIME   RECORD YEAR NORMAL DEPARTURE LAST
                VALUE   (LST)  VALUE       VALUE  FROM      YEAR
                                                  NORMAL
..................................................................
TEMPERATURE (F)
 YESTERDAY
  MAXIMUM         85        MM  95    1948  77      8       67
  MINIMUM         56        MM  35    1913  56      0       60
  AVERAGE         71                        66      5       64

PRECIPITATION (IN)
  YESTERDAY        0.00          1.18 1941   0.11  -0.11     0.11
  MONTH TO DATE    1.70                      3.71  -2.01     1.56
  SINCE JUN 1     11.66                     11.84  -0.18    11.62
  SINCE JAN 1     27.36                     25.25   2.11    24.00

DEGREE DAYS
 HEATING
  YESTERDAY        0                         2     -2        1
  MONTH TO DATE   35                        27      8       51
  SINCE JUN 1    122                       114      8      173
  SINCE JUL 1     53                        42     11       60

 COOLING
  YESTERDAY        6                         3      3        0
  MONTH TO DATE   49                       107    -58       39
  SINCE JUN 1    207                       366   -159      311
  SINCE JAN 1    211                       384   -173      327
..................................................................


WIND (MPH)
  HIGHEST WIND SPEED    MM   HIGHEST WIND DIRECTION    MM
  HIGHEST GUST SPEED    MM   HIGHEST GUST DIRECTION    MM
  AVERAGE WIND SPEED    MM


SKY COVER
  AVERAGE SKY COVER 0.0


WEATHER CONDITIONS
 THE FOLLOWING WEATHER WAS RECORDED YESTERDAY.
  NO SIGNIFICANT WEATHER WAS OBSERVED.


RELATIVE HUMIDITY (PERCENT)
 HIGHEST   100           100 AM
 LOWEST     37           200 PM
 AVERAGE    69

..........................................................


THE ST. JOHNSBURY VT CLIMATE NORMALS FOR TODAY
                         NORMAL    RECORD    YEAR
 MAXIMUM TEMPERATURE (F)   77        93      1952
 MINIMUM TEMPERATURE (F)   55        35      1894


SUNRISE AND SUNSET
AUGUST 27 2014........SUNRISE   605 AM EDT   SUNSET   733 PM EDT
AUGUST 28 2014........SUNRISE   606 AM EDT   SUNSET   732 PM EDT


-  INDICATES NEGATIVE NUMBERS.
R  INDICATES RECORD WAS SET OR TIED.
MM INDICATES DATA IS MISSING.
T  INDICATES TRACE AMOUNT.




$$
