000
CDUS41 KBTV 240550
CLI1V4


CLIMATE REPORT
NATIONAL WEATHER SERVICE BURLINGTON VT
1248 AM EST FRI FEB 24 2017


...................................

...THE ST. JOHNSBURY VT CLIMATE SUMMARY FOR FEBRUARY 23 2017...

CLIMATE NORMAL PERIOD 1981 TO 2010
CLIMATE RECORD PERIOD 1894 TO 2017


WEATHER ITEM   OBSERVED TIME   RECORD YEAR NORMAL DEPARTURE LAST
                VALUE   (LST)  VALUE       VALUE  FROM      YEAR
                                                  NORMAL
..................................................................
TEMPERATURE (F)
 YESTERDAY
  MAXIMUM         62R       MM  58    1984  33     29       36
  MINIMUM         28        MM -25    1972  10     18        3
  AVERAGE         45                        22     23       20

PRECIPITATION (IN)
  YESTERDAY        0.00          0.97 1974   0.08  -0.08     0.00
  MONTH TO DATE    2.86                      1.79   1.07     1.50
  SINCE DEC 1      8.29                      7.38   0.91     7.59
  SINCE JAN 1      4.72                      4.30   0.42     2.69

DEGREE DAYS
 HEATING
  YESTERDAY       20                        43    -23       45
  MONTH TO DATE  961                      1063   -102      964
  SINCE DEC 1   3411                      3856   -445     3212
  SINCE JUL 1   4871                      5512   -641     4689

 COOLING
  YESTERDAY        0                         0      0        0
  MONTH TO DATE    0                         0      0        0
  SINCE DEC 1      0                         0      0        0
  SINCE JAN 1      0                         0      0        0
..................................................................


WIND (MPH)
  HIGHEST WIND SPEED    MM   HIGHEST WIND DIRECTION    MM
  HIGHEST GUST SPEED    MM   HIGHEST GUST DIRECTION    MM
  AVERAGE WIND SPEED    MM


SKY COVER
  AVERAGE SKY COVER 0.0


WEATHER CONDITIONS
 THE FOLLOWING WEATHER WAS RECORDED YESTERDAY.
  NO SIGNIFICANT WEATHER WAS OBSERVED.


RELATIVE HUMIDITY (PERCENT)
 HIGHEST   100           200 AM
 LOWEST     49           200 PM
 AVERAGE    75

..........................................................


THE ST. JOHNSBURY VT CLIMATE NORMALS FOR TODAY
                         NORMAL    RECORD    YEAR
 MAXIMUM TEMPERATURE (F)   34        55      1930
 MINIMUM TEMPERATURE (F)   10       -33      1914


SUNRISE AND SUNSET
FEBRUARY 24 2017......SUNRISE   633 AM EST   SUNSET   530 PM EST
FEBRUARY 25 2017......SUNRISE   632 AM EST   SUNSET   531 PM EST


-  INDICATES NEGATIVE NUMBERS.
R  INDICATES RECORD WAS SET OR TIED.
MM INDICATES DATA IS MISSING.
T  INDICATES TRACE AMOUNT.




$$
