000
CDUS41 KBTV 170537
CLI1V4


CLIMATE REPORT
NATIONAL WEATHER SERVICE BURLINGTON VT
1233 AM EST SUN DEC 17 2017


...................................

...THE ST. JOHNSBURY VT CLIMATE SUMMARY FOR DECEMBER 16 2017...

CLIMATE NORMAL PERIOD 1981 TO 2010
CLIMATE RECORD PERIOD 1894 TO 2017


WEATHER ITEM   OBSERVED TIME   RECORD YEAR NORMAL DEPARTURE LAST
                VALUE   (LST)  VALUE       VALUE  FROM      YEAR
                                                  NORMAL
..................................................................
TEMPERATURE (F)
 YESTERDAY
  MAXIMUM         25        MM  48    1975  31     -6        5
                                      1971
  MINIMUM          4        MM -29    1917  14    -10       -7
  AVERAGE         15                        23     -8       -1

PRECIPITATION (IN)
  YESTERDAY        0.05          1.05 2007   0.10  -0.05     0.00
  MONTH TO DATE    1.23                      1.69  -0.46     1.52
  SINCE DEC 1      1.23                      1.69  -0.46     1.52
  SINCE JAN 1     40.96                     38.11   2.85    37.62

DEGREE DAYS
 HEATING
  YESTERDAY       50                        42      8       66
  MONTH TO DATE  634                       625      9      635
  SINCE DEC 1    634                       625      9      635
  SINCE JUL 1   2107                      2281   -174     2095

 COOLING
  YESTERDAY        0                         0      0        0
  MONTH TO DATE    0                         0      0        0
  SINCE DEC 1      0                         0      0        0
  SINCE JAN 1    331                       433   -102      457
..................................................................


WIND (MPH)
  HIGHEST WIND SPEED    MM   HIGHEST WIND DIRECTION    MM
  HIGHEST GUST SPEED    MM   HIGHEST GUST DIRECTION    MM
  AVERAGE WIND SPEED    MM


SKY COVER
  AVERAGE SKY COVER 0.0


WEATHER CONDITIONS
 THE FOLLOWING WEATHER WAS RECORDED YESTERDAY.
  NO SIGNIFICANT WEATHER WAS OBSERVED.


RELATIVE HUMIDITY (PERCENT)
 HIGHEST   100           500 AM
 LOWEST     73           500 PM
 AVERAGE    87

..........................................................


THE ST. JOHNSBURY VT CLIMATE NORMALS FOR TODAY
                         NORMAL    RECORD    YEAR
 MAXIMUM TEMPERATURE (F)   31        47      1984
 MINIMUM TEMPERATURE (F)   14       -26      1951


SUNRISE AND SUNSET
DECEMBER 17 2017......SUNRISE   719 AM EST   SUNSET   410 PM EST
DECEMBER 18 2017......SUNRISE   719 AM EST   SUNSET   410 PM EST


-  INDICATES NEGATIVE NUMBERS.
R  INDICATES RECORD WAS SET OR TIED.
MM INDICATES DATA IS MISSING.
T  INDICATES TRACE AMOUNT.




$$
