000
CDUS41 KBTV 030614
CLI1V4


CLIMATE REPORT
NATIONAL WEATHER SERVICE BURLINGTON VT
213 AM EDT MON AUG 3 2015


...................................

...THE ST. JOHNSBURY VT CLIMATE SUMMARY FOR AUGUST 2 2015...

CLIMATE NORMAL PERIOD 1981 TO 2010
CLIMATE RECORD PERIOD 1894 TO 2015


WEATHER ITEM   OBSERVED TIME   RECORD YEAR NORMAL DEPARTURE LAST
                VALUE   (LST)  VALUE       VALUE  FROM      YEAR
                                                  NORMAL
..................................................................
TEMPERATURE (F)
 YESTERDAY
  MAXIMUM         81    354 PM  98    1975  81      0       79
  MINIMUM         55    454 AM  39    1953  58     -3       58
  AVERAGE         68                        69     -1       69

PRECIPITATION (IN)
  YESTERDAY        0.00          1.47 1894   0.16  -0.16     0.00
  MONTH TO DATE    0.00                      0.33  -0.33     0.00
  SINCE JUN 1     13.38                      8.46   4.92     9.96
  SINCE JAN 1     24.75                     21.87   2.88    25.66

DEGREE DAYS
 HEATING
  YESTERDAY        0                         1     -1        0
  MONTH TO DATE    0                         1     -1        0
  SINCE JUN 1    138                        88     50       87
  SINCE JUL 1     29                        16     13       18

 COOLING
  YESTERDAY        3                         5     -2        4
  MONTH TO DATE    7                        10     -3        6
  SINCE JUN 1    181                       269    -88      164
  SINCE JAN 1    219                       287    -68      168
..................................................................


WIND (MPH)
  HIGHEST WIND SPEED    MM   HIGHEST WIND DIRECTION    MM
  HIGHEST GUST SPEED    MM   HIGHEST GUST DIRECTION    MM
  AVERAGE WIND SPEED    MM


SKY COVER
  AVERAGE SKY COVER 0.0


WEATHER CONDITIONS
 THE FOLLOWING WEATHER WAS RECORDED YESTERDAY.
  NO SIGNIFICANT WEATHER WAS OBSERVED.


RELATIVE HUMIDITY (PERCENT)
 HIGHEST    93           400 AM
 LOWEST     33           300 PM
 AVERAGE    63

..........................................................


THE ST. JOHNSBURY VT CLIMATE NORMALS FOR TODAY
                         NORMAL    RECORD    YEAR
 MAXIMUM TEMPERATURE (F)   81        99      1903
 MINIMUM TEMPERATURE (F)   58        39      1959


SUNRISE AND SUNSET
AUGUST  3 2015........SUNRISE   537 AM EDT   SUNSET   811 PM EDT
AUGUST  4 2015........SUNRISE   538 AM EDT   SUNSET   810 PM EDT


-  INDICATES NEGATIVE NUMBERS.
R  INDICATES RECORD WAS SET OR TIED.
MM INDICATES DATA IS MISSING.
T  INDICATES TRACE AMOUNT.




$$
