000
CDUS41 KBTV 240527
CLI1V4


CLIMATE REPORT
NATIONAL WEATHER SERVICE BURLINGTON VT
125 AM EDT WED MAY 24 2017


...................................

...THE ST. JOHNSBURY VT CLIMATE SUMMARY FOR MAY 23 2017...

CLIMATE NORMAL PERIOD 1981 TO 2010
CLIMATE RECORD PERIOD 1894 TO 2017


WEATHER ITEM   OBSERVED TIME   RECORD YEAR NORMAL DEPARTURE LAST
                VALUE   (LST)  VALUE       VALUE  FROM      YEAR
                                                  NORMAL
..................................................................
TEMPERATURE (F)
 YESTERDAY
  MAXIMUM         72        MM  92    1977  71      1       80
  MINIMUM         48        MM  27    1935  47      1       48
  AVERAGE         60                        59      1       64

PRECIPITATION (IN)
  YESTERDAY        0.00          1.23 1974   0.11  -0.11     0.00
  MONTH TO DATE    3.64                      2.43   1.21     2.64
  SINCE MAR 1      9.96                      7.80   2.16     7.44
  SINCE JAN 1     15.70                     12.48   3.22    12.18

DEGREE DAYS
 HEATING
  YESTERDAY        5                         7     -2        1
  MONTH TO DATE  310                       237     73      285
  SINCE MAR 1   2104                      1932    172     1949
  SINCE JUL 1   7117                      7656   -539     6834

 COOLING
  YESTERDAY        0                         1     -1        0
  MONTH TO DATE   12                         6      6        0
  SINCE MAR 1     13                         7      6        0
  SINCE JAN 1     13                         7      6        0
..................................................................


WIND (MPH)
  HIGHEST WIND SPEED    MM   HIGHEST WIND DIRECTION    MM
  HIGHEST GUST SPEED    MM   HIGHEST GUST DIRECTION    MM
  AVERAGE WIND SPEED    MM


SKY COVER
  AVERAGE SKY COVER 0.0


WEATHER CONDITIONS
 THE FOLLOWING WEATHER WAS RECORDED YESTERDAY.
  NO SIGNIFICANT WEATHER WAS OBSERVED.


RELATIVE HUMIDITY (PERCENT)
 HIGHEST   100           200 AM
 LOWEST     35           300 PM
 AVERAGE    68

..........................................................


THE ST. JOHNSBURY VT CLIMATE NORMALS FOR TODAY
                         NORMAL    RECORD    YEAR
 MAXIMUM TEMPERATURE (F)   71        91      1975
 MINIMUM TEMPERATURE (F)   47        24      1903


SUNRISE AND SUNSET
MAY 24 2017...........SUNRISE   512 AM EDT   SUNSET   818 PM EDT
MAY 25 2017...........SUNRISE   511 AM EDT   SUNSET   819 PM EDT


-  INDICATES NEGATIVE NUMBERS.
R  INDICATES RECORD WAS SET OR TIED.
MM INDICATES DATA IS MISSING.
T  INDICATES TRACE AMOUNT.




$$
