000
CDUS41 KBTV 180600
CLI1V4


CLIMATE REPORT
NATIONAL WEATHER SERVICE BURLINGTON VT
156 AM EDT WED OCT 18 2017


...................................

...THE ST. JOHNSBURY VT CLIMATE SUMMARY FOR OCTOBER 17 2017...

CLIMATE NORMAL PERIOD 1981 TO 2010
CLIMATE RECORD PERIOD 1894 TO 2017


WEATHER ITEM   OBSERVED TIME   RECORD YEAR NORMAL DEPARTURE LAST
                VALUE   (LST)  VALUE       VALUE  FROM      YEAR
                                                  NORMAL
..................................................................
TEMPERATURE (F)
 YESTERDAY
  MAXIMUM         54        MM  86    1947  57     -3       70
  MINIMUM         30        MM  17    1937  36     -6       49
  AVERAGE         42                        47     -5       60

PRECIPITATION (IN)
  YESTERDAY        0.00          1.08 1958   0.13  -0.13     0.01
  MONTH TO DATE    1.55                      2.18  -0.63     0.12
  SINCE SEP 1      4.76                      5.57  -0.81     1.61
  SINCE JAN 1     34.30                     31.33   2.97    29.55

DEGREE DAYS
 HEATING
  YESTERDAY       23                        18      5        5
  MONTH TO DATE  172                       259    -87      199
  SINCE SEP 1    302                       443   -141      345
  SINCE JUL 1    393                       493   -100      372

 COOLING
  YESTERDAY        0                         0      0        0
  MONTH TO DATE    1                         0      1        0
  SINCE SEP 1     68                        34     34       49
  SINCE JAN 1    330                       432   -102      457
..................................................................


WIND (MPH)
  HIGHEST WIND SPEED    MM   HIGHEST WIND DIRECTION    MM
  HIGHEST GUST SPEED    MM   HIGHEST GUST DIRECTION    MM
  AVERAGE WIND SPEED    MM


SKY COVER
  AVERAGE SKY COVER 0.0


WEATHER CONDITIONS
 THE FOLLOWING WEATHER WAS RECORDED YESTERDAY.
  NO SIGNIFICANT WEATHER WAS OBSERVED.


RELATIVE HUMIDITY (PERCENT)
 HIGHEST   100           200 AM
 LOWEST     41           100 PM
 AVERAGE    71

..........................................................


THE ST. JOHNSBURY VT CLIMATE NORMALS FOR TODAY
                         NORMAL    RECORD    YEAR
 MAXIMUM TEMPERATURE (F)   57        82      1947
 MINIMUM TEMPERATURE (F)   36        18      1978


SUNRISE AND SUNSET
OCTOBER 18 2017.......SUNRISE   707 AM EDT   SUNSET   558 PM EDT
OCTOBER 19 2017.......SUNRISE   708 AM EDT   SUNSET   557 PM EDT


-  INDICATES NEGATIVE NUMBERS.
R  INDICATES RECORD WAS SET OR TIED.
MM INDICATES DATA IS MISSING.
T  INDICATES TRACE AMOUNT.




$$
