000
CDUS41 KBTV 160524
CLI1V4


CLIMATE REPORT
NATIONAL WEATHER SERVICE BURLINGTON VT
121 AM EDT WED AUG 16 2017


...................................

...THE ST. JOHNSBURY VT CLIMATE SUMMARY FOR AUGUST 15 2017...

CLIMATE NORMAL PERIOD 1981 TO 2010
CLIMATE RECORD PERIOD 1894 TO 2017


WEATHER ITEM   OBSERVED TIME   RECORD YEAR NORMAL DEPARTURE LAST
                VALUE   (LST)  VALUE       VALUE  FROM      YEAR
                                                  NORMAL
..................................................................
TEMPERATURE (F)
 YESTERDAY
  MAXIMUM         79        MM  97    1944  79      0       81
  MINIMUM         53        MM  39    1906  57     -4       61
  AVERAGE         66                        68     -2       71

PRECIPITATION (IN)
  YESTERDAY        0.42          1.80 1927   0.15   0.27     0.00
  MONTH TO DATE    1.23                      2.33  -1.10     2.12
  SINCE JUN 1     11.34                     10.46   0.88    11.94
  SINCE JAN 1     28.24                     23.87   4.37    24.52

DEGREE DAYS
 HEATING
  YESTERDAY        0                         1     -1        0
  MONTH TO DATE    3                        14    -11        2
  SINCE JUN 1    133                       101     32      109
  SINCE JUL 1     28                        29     -1       18

 COOLING
  YESTERDAY        1                         4     -3        6
  MONTH TO DATE   46                        68    -22       91
  SINCE JUN 1    228                       327    -99      310
  SINCE JAN 1    241                       345   -104      353
..................................................................


WIND (MPH)
  HIGHEST WIND SPEED    MM   HIGHEST WIND DIRECTION    MM
  HIGHEST GUST SPEED    MM   HIGHEST GUST DIRECTION    MM
  AVERAGE WIND SPEED    MM


SKY COVER
  AVERAGE SKY COVER 0.0


WEATHER CONDITIONS
 THE FOLLOWING WEATHER WAS RECORDED YESTERDAY.
  NO SIGNIFICANT WEATHER WAS OBSERVED.


RELATIVE HUMIDITY (PERCENT)
 HIGHEST   100           100 AM
 LOWEST     58           100 PM
 AVERAGE    79

..........................................................


THE ST. JOHNSBURY VT CLIMATE NORMALS FOR TODAY
                         NORMAL    RECORD    YEAR
 MAXIMUM TEMPERATURE (F)   79        96      1944
 MINIMUM TEMPERATURE (F)   57        39      1934


SUNRISE AND SUNSET
AUGUST 16 2017........SUNRISE   552 AM EDT   SUNSET   751 PM EDT
AUGUST 17 2017........SUNRISE   554 AM EDT   SUNSET   750 PM EDT


-  INDICATES NEGATIVE NUMBERS.
R  INDICATES RECORD WAS SET OR TIED.
MM INDICATES DATA IS MISSING.
T  INDICATES TRACE AMOUNT.




$$
