000
CDUS41 KBTV 280531
CLI1V4


CLIMATE REPORT
NATIONAL WEATHER SERVICE BURLINGTON VT
1229 AM EST SAT FEB 28 2015


...................................

...THE ST. JOHNSBURY VT CLIMATE SUMMARY FOR FEBRUARY 27 2015...

CLIMATE NORMAL PERIOD 1981 TO 2010
CLIMATE RECORD PERIOD 1894 TO 2015


WEATHER ITEM   OBSERVED TIME   RECORD YEAR NORMAL DEPARTURE LAST
                VALUE   (LST)  VALUE       VALUE  FROM      YEAR
                                                  NORMAL
..................................................................
TEMPERATURE (F)
 YESTERDAY
  MAXIMUM         20    253 PM  56    2000  35    -15       20
                                      1957
  MINIMUM        -10    711 AM -24    1963  11    -21       -4
  AVERAGE          5                        23    -18        8

PRECIPITATION (IN)
  YESTERDAY        0.00          1.01 1912   0.07  -0.07     0.05
  MONTH TO DATE    1.73                      2.09  -0.36     3.19
  SINCE DEC 1      8.45                      7.68   0.77     8.57
  SINCE JAN 1      4.56                      4.60  -0.04     5.13

DEGREE DAYS
 HEATING
  YESTERDAY       60                        42     18       57
  MONTH TO DATE 1576                      1233    343     1302
  SINCE DEC 1   4353                      4026    327     4174
  SINCE JUL 1   6005                      5682    323     5973

 COOLING
  YESTERDAY        0                         0      0        0
  MONTH TO DATE    0                         0      0        0
  SINCE DEC 1      0                         0      0        0
  SINCE JAN 1      0                         0      0        0
..................................................................


WIND (MPH)
  HIGHEST WIND SPEED    MM   HIGHEST WIND DIRECTION    MM
  HIGHEST GUST SPEED    MM   HIGHEST GUST DIRECTION    MM
  AVERAGE WIND SPEED    MM


SKY COVER
  AVERAGE SKY COVER 0.0


WEATHER CONDITIONS
 THE FOLLOWING WEATHER WAS RECORDED YESTERDAY.
  NO SIGNIFICANT WEATHER WAS OBSERVED.


RELATIVE HUMIDITY (PERCENT)
 HIGHEST    83           500 AM
 LOWEST     28           400 PM
 AVERAGE    56

..........................................................


THE ST. JOHNSBURY VT CLIMATE NORMALS FOR TODAY
                         NORMAL    RECORD    YEAR
 MAXIMUM TEMPERATURE (F)   35        54      2000
                                             1998
 MINIMUM TEMPERATURE (F)   12       -30      1920


SUNRISE AND SUNSET
FEBRUARY 28 2015......SUNRISE   628 AM EST   SUNSET   534 PM EST
MARCH  1 2015.........SUNRISE   626 AM EST   SUNSET   536 PM EST


-  INDICATES NEGATIVE NUMBERS.
R  INDICATES RECORD WAS SET OR TIED.
MM INDICATES DATA IS MISSING.
T  INDICATES TRACE AMOUNT.




$$
