000
CDUS41 KBTV 270545
CLI1V4


CLIMATE REPORT
NATIONAL WEATHER SERVICE BURLINGTON VT
135 AM EDT FRI MAY 27 2016


...................................

...THE ST. JOHNSBURY VT CLIMATE SUMMARY FOR MAY 26 2016...

CLIMATE NORMAL PERIOD 1981 TO 2010
CLIMATE RECORD PERIOD 1894 TO 2016


WEATHER ITEM   OBSERVED TIME   RECORD YEAR NORMAL DEPARTURE LAST
                VALUE   (LST)  VALUE       VALUE  FROM      YEAR
                                                  NORMAL
..................................................................
TEMPERATURE (F)
 YESTERDAY
  MAXIMUM         82        MM  89    2010  72     10       87
  MINIMUM         52        MM  28    1956  48      4       60
  AVERAGE         67                        60      7       74

PRECIPITATION (IN)
  YESTERDAY        0.00          4.55 2011   0.11  -0.11     0.00
  MONTH TO DATE    3.01                      2.78   0.23     1.70
  SINCE MAR 1      7.81                      8.15  -0.34     5.49
  SINCE JAN 1     12.55                     12.83  -0.28    10.05

DEGREE DAYS
 HEATING
  YESTERDAY        0                         6     -6        0
  MONTH TO DATE  288                       257     31      178
  SINCE MAR 1   1952                      1952      0     2155
  SINCE JUL 1   6837                      7676   -839     8220

 COOLING
  YESTERDAY        2                         1      1        9
  MONTH TO DATE    6                         9     -3       21
  SINCE MAR 1      6                        10     -4       21
  SINCE JAN 1      6                        10     -4       21
..................................................................


WIND (MPH)
  HIGHEST WIND SPEED    MM   HIGHEST WIND DIRECTION    MM
  HIGHEST GUST SPEED    MM   HIGHEST GUST DIRECTION    MM
  AVERAGE WIND SPEED    MM


SKY COVER
  AVERAGE SKY COVER 0.0


WEATHER CONDITIONS
 THE FOLLOWING WEATHER WAS RECORDED YESTERDAY.
  NO SIGNIFICANT WEATHER WAS OBSERVED.


RELATIVE HUMIDITY (PERCENT)
 HIGHEST    96           500 AM
 LOWEST     28           100 PM
 AVERAGE    62

..........................................................


THE ST. JOHNSBURY VT CLIMATE NORMALS FOR TODAY
                         NORMAL    RECORD    YEAR
 MAXIMUM TEMPERATURE (F)   72        89      1914
 MINIMUM TEMPERATURE (F)   48        27      1969


SUNRISE AND SUNSET
MAY 27 2016...........SUNRISE   510 AM EDT   SUNSET   822 PM EDT
MAY 28 2016...........SUNRISE   509 AM EDT   SUNSET   822 PM EDT


-  INDICATES NEGATIVE NUMBERS.
R  INDICATES RECORD WAS SET OR TIED.
MM INDICATES DATA IS MISSING.
T  INDICATES TRACE AMOUNT.




$$
