000
CDUS43 KUNR 290841
CLI2WX


CLIMATE REPORT
NATIONAL WEATHER SERVICE RAPID CITY SD
240 AM MDT WED JUL 29 2015


...................................

...THE BUFFALO SD CLIMATE SUMMARY FOR JULY 28 2015...

CLIMATE NORMAL PERIOD 1981 TO 2010
CLIMATE RECORD PERIOD 9999 TO 9999


WEATHER ITEM   OBSERVED TIME   NORMAL DEPARTURE LAST
                VALUE   (LST)  VALUE  FROM      YEAR
                                      NORMAL
......................................................
TEMPERATURE (F)
 YESTERDAY
  MAXIMUM         72    541 PM  86    -14       82
  MINIMUM         51    449 AM  59     -8       51
  AVERAGE         62            72    -10       67

PRECIPITATION (IN)
  YESTERDAY        0.00          0.06  -0.06     0.00
  MONTH TO DATE    0.21          1.88  -1.67     0.91
  SINCE JUN 1      2.94          4.51  -1.57     6.45
  SINCE JAN 1      7.50         10.55  -3.05    10.79

DEGREE DAYS
 HEATING
  YESTERDAY        3             0      3        0
  MONTH TO DATE    6            21    -15       16
  SINCE JUN 1     49           135    -86      151
  SINCE JUL 1      6            21    -15       16

 COOLING
  YESTERDAY        0             8     -8        2
  MONTH TO DATE  219           185     34      143
  SINCE JUN 1    310           247     63      159
  SINCE JAN 1    310           253     57      189
......................................................


WIND (MPH)
  HIGHEST WIND SPEED    52   HIGHEST WIND DIRECTION     W (280)
  HIGHEST GUST SPEED    64   HIGHEST GUST DIRECTION     W (280)
  AVERAGE WIND SPEED    29.4




RELATIVE HUMIDITY (PERCENT)
 HIGHEST    83           400 AM
 LOWEST     27           500 PM
 AVERAGE    55

..........................................................




SUNRISE AND SUNSET
JULY 29 2015..........SUNRISE   534 AM MDT   SUNSET   827 PM MDT
JULY 30 2015..........SUNRISE   535 AM MDT   SUNSET   825 PM MDT


-  INDICATES NEGATIVE NUMBERS.
R  INDICATES RECORD WAS SET OR TIED.
MM INDICATES DATA IS MISSING.
T  INDICATES TRACE AMOUNT.




$$
