000
CDUS43 KUNR 050838
CLI2WX


CLIMATE REPORT
NATIONAL WEATHER SERVICE RAPID CITY SD
238 AM MDT SUN JUL 5 2015


...................................

...THE BUFFALO SD CLIMATE SUMMARY FOR JULY 4 2015...

CLIMATE NORMAL PERIOD 1981 TO 2010
CLIMATE RECORD PERIOD 9999 TO 9999


WEATHER ITEM   OBSERVED TIME   NORMAL DEPARTURE LAST
                VALUE   (LST)  VALUE  FROM      YEAR
                                      NORMAL
......................................................
TEMPERATURE (F)
 YESTERDAY
  MAXIMUM         94    425 PM  82     12       91
  MINIMUM         63    525 AM  56      7       59
  AVERAGE         79            69     10       75

PRECIPITATION (IN)
  YESTERDAY        0.00          0.07  -0.07     0.00
  MONTH TO DATE    0.01          0.27  -0.26     0.00
  SINCE JUN 1      2.74          2.90  -0.16     5.54
  SINCE JAN 1      7.30          8.94  -1.64     9.88

DEGREE DAYS
 HEATING
  YESTERDAY        0             1     -1        0
  MONTH TO DATE    0             4     -4        4
  SINCE JUN 1     43           118    -75      139
  SINCE JUL 1      0             4     -4        4

 COOLING
  YESTERDAY       14             5      9       10
  MONTH TO DATE   31            19     12       10
  SINCE JUN 1    122            81     41       26
  SINCE JAN 1    122            87     35       56
......................................................


WIND (MPH)
  HIGHEST WIND SPEED    31   HIGHEST WIND DIRECTION    NE (40)
  HIGHEST GUST SPEED    40   HIGHEST GUST DIRECTION    NE (40)
  AVERAGE WIND SPEED     6.3




RELATIVE HUMIDITY (PERCENT)
 HIGHEST    93           400 AM
 LOWEST     23           400 PM
 AVERAGE    58

..........................................................




SUNRISE AND SUNSET
JULY  5 2015..........SUNRISE   511 AM MDT   SUNSET   846 PM MDT
JULY  6 2015..........SUNRISE   512 AM MDT   SUNSET   845 PM MDT


-  INDICATES NEGATIVE NUMBERS.
R  INDICATES RECORD WAS SET OR TIED.
MM INDICATES DATA IS MISSING.
T  INDICATES TRACE AMOUNT.




$$
