000
CDUS43 KUNR 020854
CLI2WX


CLIMATE REPORT
NATIONAL WEATHER SERVICE RAPID CITY SD
252 AM MDT TUE JUN 2 2015


...................................

...THE BUFFALO SD CLIMATE SUMMARY FOR JUNE 1 2015...

CLIMATE NORMAL PERIOD 1981 TO 2010
CLIMATE RECORD PERIOD 9999 TO 9999


WEATHER ITEM   OBSERVED TIME   NORMAL DEPARTURE LAST
                VALUE   (LST)  VALUE  FROM      YEAR
                                      NORMAL
......................................................
TEMPERATURE (F)
 YESTERDAY
  MAXIMUM         86    345 PM  70     16       67
  MINIMUM         49    437 AM  47      2       48
  AVERAGE         68            58     10       58

PRECIPITATION (IN)
  YESTERDAY        0.11          0.12  -0.01     0.02
  MONTH TO DATE    0.11          0.12  -0.01     0.02
  SINCE JUN 1      0.11          0.12  -0.01     0.02
  SINCE JAN 1      4.67          6.16  -1.49     4.36

DEGREE DAYS
 HEATING
  YESTERDAY        0             7     -7        7
  MONTH TO DATE    0             7     -7        7
  SINCE JUN 1      0             7     -7        7
  SINCE JUL 1   7174          7821   -647     8211

 COOLING
  YESTERDAY        3             1      2        0
  MONTH TO DATE    3             1      2        0
  SINCE JUN 1      3             1      2        0
  SINCE JAN 1      3             7     -4       30
......................................................


WIND (MPH)
  HIGHEST WIND SPEED    55   HIGHEST WIND DIRECTION    SW (230)
  HIGHEST GUST SPEED    70   HIGHEST GUST DIRECTION    SW (220)
  AVERAGE WIND SPEED    11.5




RELATIVE HUMIDITY (PERCENT)
 HIGHEST   100           400 AM
 LOWEST     37           300 PM
 AVERAGE    69

..........................................................




SUNRISE AND SUNSET
JUNE  2 2015..........SUNRISE   508 AM MDT   SUNSET   837 PM MDT
JUNE  3 2015..........SUNRISE   508 AM MDT   SUNSET   838 PM MDT


-  INDICATES NEGATIVE NUMBERS.
R  INDICATES RECORD WAS SET OR TIED.
MM INDICATES DATA IS MISSING.
T  INDICATES TRACE AMOUNT.




$$
