000
CDUS43 KUNR 290833
CLI2WX


CLIMATE REPORT
NATIONAL WEATHER SERVICE RAPID CITY SD
233 AM MDT FRI AUG 29 2014


...................................

...THE BUFFALO SD CLIMATE SUMMARY FOR AUGUST 28 2014...

CLIMATE NORMAL PERIOD 1981 TO 2010
CLIMATE RECORD PERIOD 9999 TO 9999


WEATHER ITEM   OBSERVED TIME   RECORD YEAR NORMAL DEPARTURE LAST
                VALUE   (LST)  VALUE       VALUE  FROM      YEAR
                                                  NORMAL
..................................................................
TEMPERATURE (F)
 YESTERDAY
  MAXIMUM         87    245 PM              82      5       91
  MINIMUM         53    606 AM              52      1       63
  AVERAGE         70                        67      3       77

PRECIPITATION (IN)
  YESTERDAY        0.00         MM      MM   0.04  -0.04     0.00
  MONTH TO DATE    3.13                      1.25   1.88     2.64
  SINCE JUN 1      9.58                      5.94   3.64     5.32
  SINCE JAN 1     13.92                     11.98   1.94     9.48

DEGREE DAYS
 HEATING
  YESTERDAY        0                         2     -2        0
  MONTH TO DATE   30                        26      4        2
  SINCE JUN 1    181                       160     21      101
  SINCE JUL 1     46                        46      0       12

 COOLING
  YESTERDAY        5                         4      1       12
  MONTH TO DATE  157                       186    -29      175
  SINCE JUN 1    332                       455   -123      444
  SINCE JAN 1    362                       461    -99      454
..................................................................


WIND (MPH)
  HIGHEST WIND SPEED    16   HIGHEST WIND DIRECTION    NW (330)
  HIGHEST GUST SPEED    21   HIGHEST GUST DIRECTION    NW (330)
  AVERAGE WIND SPEED     5.2




RELATIVE HUMIDITY (PERCENT)
 HIGHEST   100           100 AM
 LOWEST     27           300 PM
 AVERAGE    64

..........................................................




SUNRISE AND SUNSET
AUGUST 29 2014........SUNRISE   612 AM MDT   SUNSET   737 PM MDT
AUGUST 30 2014........SUNRISE   613 AM MDT   SUNSET   736 PM MDT


-  INDICATES NEGATIVE NUMBERS.
R  INDICATES RECORD WAS SET OR TIED.
MM INDICATES DATA IS MISSING.
T  INDICATES TRACE AMOUNT.




$$
