000
CDUS43 KUNR 250831
CLI2WX


CLIMATE REPORT
NATIONAL WEATHER SERVICE RAPID CITY SD
131 AM MST THU DEC 25 2014


...................................

...THE BUFFALO SD CLIMATE SUMMARY FOR DECEMBER 24 2014...

CLIMATE NORMAL PERIOD 1981 TO 2010
CLIMATE RECORD PERIOD 9999 TO 9999


WEATHER ITEM   OBSERVED TIME   NORMAL DEPARTURE LAST
                VALUE   (LST)  VALUE  FROM      YEAR
                                      NORMAL
......................................................
TEMPERATURE (F)
 YESTERDAY
  MAXIMUM         39    309 PM  30      9       36
  MINIMUM         16    511 AM  10      6       10
  AVERAGE         28            20      8       23

PRECIPITATION (IN)
  YESTERDAY        0.01          0.02  -0.01     0.14
  MONTH TO DATE    0.08          0.21  -0.13     0.93
  SINCE DEC 1      0.08          0.21  -0.13     0.93
  SINCE JAN 1     16.99         14.44   2.55    13.08

DEGREE DAYS
 HEATING
  YESTERDAY       37            45     -8       42
  MONTH TO DATE  820          1048   -228     1259
  SINCE DEC 1    820          1048   -228     1259
  SINCE JUL 1   2741          2946   -205     3049

 COOLING
  YESTERDAY        0             0      0        0
  MONTH TO DATE    0             0      0        0
  SINCE DEC 1      0             0      0        0
  SINCE JAN 1    420           513    -93      587
......................................................


WIND (MPH)
  HIGHEST WIND SPEED    14   HIGHEST WIND DIRECTION    NE (40)
  HIGHEST GUST SPEED    16   HIGHEST GUST DIRECTION    NE (40)
  AVERAGE WIND SPEED     7.3




RELATIVE HUMIDITY (PERCENT)
 HIGHEST    91           200 AM
 LOWEST     59           100 PM
 AVERAGE    75

..........................................................




SUNRISE AND SUNSET
DECEMBER 25 2014......SUNRISE   733 AM MST   SUNSET   415 PM MST
DECEMBER 26 2014......SUNRISE   734 AM MST   SUNSET   416 PM MST


-  INDICATES NEGATIVE NUMBERS.
R  INDICATES RECORD WAS SET OR TIED.
MM INDICATES DATA IS MISSING.
T  INDICATES TRACE AMOUNT.




$$
