000
CDUS43 KUNR 250835
CLI2WX


CLIMATE REPORT
NATIONAL WEATHER SERVICE RAPID CITY SD
234 AM MDT TUE JUL 25 2017


...................................

...THE BUFFALO SD CLIMATE SUMMARY FOR JULY 24 2017...

CLIMATE NORMAL PERIOD 1981 TO 2010
CLIMATE RECORD PERIOD 9999 TO 9999


WEATHER ITEM   OBSERVED TIME   NORMAL DEPARTURE LAST
                VALUE   (LST)  VALUE  FROM      YEAR
                                      NORMAL
......................................................
TEMPERATURE (F)
 YESTERDAY
  MAXIMUM         97    507 PM  86     11       90
  MINIMUM         68    453 AM  59      9       57
  AVERAGE         83            72     11       74

PRECIPITATION (IN)
  YESTERDAY        0.00          0.06  -0.06    MM
  MONTH TO DATE    2.45          1.63   0.82     0.22
  SINCE JUN 1      3.32          4.26  -0.94     0.87
  SINCE JAN 1      9.99         10.30  -0.31     4.63

DEGREE DAYS
 HEATING
  YESTERDAY        0             0      0        0
  MONTH TO DATE    0            21    -21        0
  SINCE JUN 1     33           135   -102        9
  SINCE JUL 1      0            21    -21        0

 COOLING
  YESTERDAY       18             8     10        9
  MONTH TO DATE  320           153    167      234
  SINCE JUN 1    417           215    202      416
  SINCE JAN 1    430           221    209      418
......................................................


WIND (MPH)
  HIGHEST WIND SPEED    47   HIGHEST WIND DIRECTION    SW (210)
  HIGHEST GUST SPEED    58   HIGHEST GUST DIRECTION    SW (210)
  AVERAGE WIND SPEED    11.3




RELATIVE HUMIDITY (PERCENT)
 HIGHEST    66           400 AM
 LOWEST     20           500 PM
 AVERAGE    43

..........................................................




SUNRISE AND SUNSET
JULY 25 2017..........SUNRISE   530 AM MDT   SUNSET   831 PM MDT
JULY 26 2017..........SUNRISE   531 AM MDT   SUNSET   829 PM MDT


-  INDICATES NEGATIVE NUMBERS.
R  INDICATES RECORD WAS SET OR TIED.
MM INDICATES DATA IS MISSING.
T  INDICATES TRACE AMOUNT.




$$
