000
CDUS43 KUNR 190839
CLI2WX


CLIMATE REPORT
NATIONAL WEATHER SERVICE RAPID CITY SD
238 AM MDT TUE SEP 19 2017


...................................

...THE BUFFALO SD CLIMATE SUMMARY FOR SEPTEMBER 18 2017...

CLIMATE NORMAL PERIOD 1981 TO 2010
CLIMATE RECORD PERIOD 9999 TO 9999


WEATHER ITEM   OBSERVED TIME   NORMAL DEPARTURE LAST
                VALUE   (LST)  VALUE  FROM      YEAR
                                      NORMAL
......................................................
TEMPERATURE (F)
 YESTERDAY
  MAXIMUM         79    334 PM  71      8       83
  MINIMUM         39    438 AM  43     -4       54
  AVERAGE         59            57      2       69

PRECIPITATION (IN)
  YESTERDAY        0.00          0.04  -0.04     0.00
  MONTH TO DATE    2.08          0.76   1.32     0.38
  SINCE SEP 1      2.08          0.76   1.32     0.38
  SINCE JAN 1     13.60         12.90   0.70     8.06

DEGREE DAYS
 HEATING
  YESTERDAY        6             9     -3        0
  MONTH TO DATE   73           102    -29       89
  SINCE SEP 1     73           102    -29       89
  SINCE JUL 1     84           154    -70      119

 COOLING
  YESTERDAY        0             1     -1        4
  MONTH TO DATE   90            38     52       37
  SINCE SEP 1     90            38     52       37
  SINCE JAN 1    740           509    231      729
......................................................


WIND (MPH)
  HIGHEST WIND SPEED    30   HIGHEST WIND DIRECTION    SE (130)
  HIGHEST GUST SPEED    40   HIGHEST GUST DIRECTION    SE (120)
  AVERAGE WIND SPEED     9.7




RELATIVE HUMIDITY (PERCENT)
 HIGHEST   100           500 AM
 LOWEST     19           200 PM
 AVERAGE    60

..........................................................




SUNRISE AND SUNSET
SEPTEMBER 19 2017.....SUNRISE   638 AM MDT   SUNSET   657 PM MDT
SEPTEMBER 20 2017.....SUNRISE   639 AM MDT   SUNSET   655 PM MDT


-  INDICATES NEGATIVE NUMBERS.
R  INDICATES RECORD WAS SET OR TIED.
MM INDICATES DATA IS MISSING.
T  INDICATES TRACE AMOUNT.




$$
