000
CDUS43 KUNR 020833
CLI2WX


CLIMATE REPORT
NATIONAL WEATHER SERVICE RAPID CITY SD
232 AM MDT MON MAY 2 2016


...................................

...THE BUFFALO SD CLIMATE SUMMARY FOR MAY 1 2016...

CLIMATE NORMAL PERIOD 1981 TO 2010
CLIMATE RECORD PERIOD 9999 TO 9999


WEATHER ITEM   OBSERVED TIME   NORMAL DEPARTURE LAST
                VALUE   (LST)  VALUE  FROM      YEAR
                                      NORMAL
......................................................
TEMPERATURE (F)
 YESTERDAY
  MAXIMUM         63    430 PM  61      2       76
  MINIMUM         29    423 AM  36     -7       39
  AVERAGE         46            49     -3       58

PRECIPITATION (IN)
  YESTERDAY        0.00          0.05  -0.05     0.00
  MONTH TO DATE    0.00          0.05  -0.05     0.00
  SINCE MAR 1      2.40          2.37   0.03     1.25
  SINCE JAN 1      3.06          2.94   0.12     1.72

DEGREE DAYS
 HEATING
  YESTERDAY       19            16      3        7
  MONTH TO DATE   19            16      3        7
  SINCE MAR 1   1318          1672   -354     1310
  SINCE JUL 1   6096          7469  -1373     6768

 COOLING
  YESTERDAY        0             0      0        0
  MONTH TO DATE    0             0      0        0
  SINCE MAR 1      0             0      0        0
  SINCE JAN 1      0             0      0        0
......................................................


WIND (MPH)
  HIGHEST WIND SPEED    15   HIGHEST WIND DIRECTION    NE (30)
  HIGHEST GUST SPEED    20   HIGHEST GUST DIRECTION     N (20)
  AVERAGE WIND SPEED     7.0




RELATIVE HUMIDITY (PERCENT)
 HIGHEST    85           400 AM
 LOWEST     27           200 PM
 AVERAGE    56

..........................................................




SUNRISE AND SUNSET
MAY  2 2016...........SUNRISE   540 AM MDT   SUNSET   803 PM MDT
MAY  3 2016...........SUNRISE   538 AM MDT   SUNSET   804 PM MDT


-  INDICATES NEGATIVE NUMBERS.
R  INDICATES RECORD WAS SET OR TIED.
MM INDICATES DATA IS MISSING.
T  INDICATES TRACE AMOUNT.




$$
