223
CDUS43 KUNR 100850
CLI2WX


CLIMATE REPORT
NATIONAL WEATHER SERVICE RAPID CITY SD
150 AM MST WED FEB 10 2016


...................................

...THE BUFFALO SD CLIMATE SUMMARY FOR FEBRUARY 9 2016...

CLIMATE NORMAL PERIOD 1981 TO 2010
CLIMATE RECORD PERIOD 9999 TO 9999


WEATHER ITEM   OBSERVED TIME   NORMAL DEPARTURE LAST
                VALUE   (LST)  VALUE  FROM      YEAR
                                      NORMAL
......................................................
TEMPERATURE (F)
 YESTERDAY
  MAXIMUM         49    405 PM  32     17       41
  MINIMUM         23    342 AM  12     11       22
  AVERAGE         36            22     14       32

PRECIPITATION (IN)
  YESTERDAY        0.00          0.01  -0.01     0.01
  MONTH TO DATE    0.08          0.09  -0.01     0.09
  SINCE DEC 1      0.71          0.67   0.04     0.59
  SINCE JAN 1      0.25          0.38  -0.13     0.43

DEGREE DAYS
 HEATING
  YESTERDAY       29            43    -14       33
  MONTH TO DATE  312           390    -78      324
  SINCE DEC 1   2760          3131   -371     2722
  SINCE JUL 1   4222          5029   -807     4643

 COOLING
  YESTERDAY        0             0      0        0
  MONTH TO DATE    0             0      0        0
  SINCE DEC 1      0             0      0        0
  SINCE JAN 1      0             0      0        0
......................................................


WIND (MPH)
  HIGHEST WIND SPEED    26   HIGHEST WIND DIRECTION    NW (310)
  HIGHEST GUST SPEED    30   HIGHEST GUST DIRECTION    NW (320)
  AVERAGE WIND SPEED    11.8




RELATIVE HUMIDITY (PERCENT)
 HIGHEST    78           700 AM
 LOWEST     43          1200 AM
 AVERAGE    61

..........................................................




SUNRISE AND SUNSET
FEBRUARY 10 2016......SUNRISE   704 AM MST   SUNSET   513 PM MST
FEBRUARY 11 2016......SUNRISE   703 AM MST   SUNSET   515 PM MST


-  INDICATES NEGATIVE NUMBERS.
R  INDICATES RECORD WAS SET OR TIED.
MM INDICATES DATA IS MISSING.
T  INDICATES TRACE AMOUNT.




$$
