000
CDUS43 KUNR 260832
CLI2WX


CLIMATE REPORT
NATIONAL WEATHER SERVICE RAPID CITY SD
132 AM MST WED NOV 26 2014


...................................

...THE BUFFALO SD CLIMATE SUMMARY FOR NOVEMBER 25 2014...

CLIMATE NORMAL PERIOD 1981 TO 2010
CLIMATE RECORD PERIOD 9999 TO 9999


WEATHER ITEM   OBSERVED TIME   NORMAL DEPARTURE LAST
                VALUE   (LST)  VALUE  FROM      YEAR
                                      NORMAL
......................................................
TEMPERATURE (F)
 YESTERDAY
  MAXIMUM         39    255 PM  37      2       38
  MINIMUM         22    133 AM  17      5       24
  AVERAGE         31            27      4       31

PRECIPITATION (IN)
  YESTERDAY        0.08          0.00   0.08     0.00
  MONTH TO DATE    0.35          0.30   0.05     0.00
  SINCE SEP 1      2.47          2.08   0.39     2.67
  SINCE JAN 1     16.84         14.22   2.62    12.15

DEGREE DAYS
 HEATING
  YESTERDAY       34            38     -4       34
  MONTH TO DATE  966           799    167      788
  SINCE SEP 1   1661          1648     13     1606
  SINCE JUL 1   1712          1700     12     1618

 COOLING
  YESTERDAY        0             0      0        0
  MONTH TO DATE    0             0      0        0
  SINCE SEP 1     55            42     13      100
  SINCE JAN 1    420           513    -93      587
......................................................


WIND (MPH)
  HIGHEST WIND SPEED    39   HIGHEST WIND DIRECTION    NW (320)
  HIGHEST GUST SPEED    49   HIGHEST GUST DIRECTION    NW (320)
  AVERAGE WIND SPEED    17.6




RELATIVE HUMIDITY (PERCENT)
 HIGHEST    92           900 AM
 LOWEST     63           800 AM
 AVERAGE    78

..........................................................




SUNRISE AND SUNSET
NOVEMBER 26 2014......SUNRISE   708 AM MST   SUNSET   415 PM MST
NOVEMBER 27 2014......SUNRISE   709 AM MST   SUNSET   414 PM MST


-  INDICATES NEGATIVE NUMBERS.
R  INDICATES RECORD WAS SET OR TIED.
MM INDICATES DATA IS MISSING.
T  INDICATES TRACE AMOUNT.




$$
