000
CDUS43 KUNR 210838
CLI2WX


CLIMATE REPORT
NATIONAL WEATHER SERVICE RAPID CITY SD
136 AM MST SAT JAN 21 2017


...................................

...THE BUFFALO SD CLIMATE SUMMARY FOR JANUARY 20 2017...

CLIMATE NORMAL PERIOD 1981 TO 2010
CLIMATE RECORD PERIOD 9999 TO 9999


WEATHER ITEM   OBSERVED TIME   NORMAL DEPARTURE LAST
                VALUE   (LST)  VALUE  FROM      YEAR
                                      NORMAL
......................................................
TEMPERATURE (F)
 YESTERDAY
  MAXIMUM         37    254 PM  31      6       35
  MINIMUM         23    556 AM  11     12       12
  AVERAGE         30            21      9       24

PRECIPITATION (IN)
  YESTERDAY        0.00          0.01  -0.01     0.00
  MONTH TO DATE    0.00          0.18  -0.18     0.12
  SINCE DEC 1      1.17          0.47   0.70     0.58
  SINCE JAN 1      0.00          0.18  -0.18     0.12

DEGREE DAYS
 HEATING
  YESTERDAY       35            44     -9       41
  MONTH TO DATE 1098           897    201      911
  SINCE DEC 1   2653          2259    394     2100
  SINCE JUL 1   3943          4157   -214     3562

 COOLING
  YESTERDAY        0             0      0        0
  MONTH TO DATE    0             0      0        0
  SINCE DEC 1      0             0      0        0
  SINCE JAN 1      0             0      0        0
......................................................


WIND (MPH)
  HIGHEST WIND SPEED    29   HIGHEST WIND DIRECTION    NW (310)
  HIGHEST GUST SPEED    34   HIGHEST GUST DIRECTION    NW (310)
  AVERAGE WIND SPEED    19.4




RELATIVE HUMIDITY (PERCENT)
 HIGHEST    89           300 PM
 LOWEST     72           700 AM
 AVERAGE    81

..........................................................




SUNRISE AND SUNSET
JANUARY 21 2017.......SUNRISE   726 AM MST   SUNSET   445 PM MST
JANUARY 22 2017.......SUNRISE   725 AM MST   SUNSET   447 PM MST


-  INDICATES NEGATIVE NUMBERS.
R  INDICATES RECORD WAS SET OR TIED.
MM INDICATES DATA IS MISSING.
T  INDICATES TRACE AMOUNT.




$$
