000
CDUS43 KUNR 280850
CLI2WX


CLIMATE REPORT
NATIONAL WEATHER SERVICE RAPID CITY SD
247 AM MDT TUE MAR 28 2017


...................................

...THE BUFFALO SD CLIMATE SUMMARY FOR MARCH 27 2017...

CLIMATE NORMAL PERIOD 1981 TO 2010
CLIMATE RECORD PERIOD 9999 TO 9999


WEATHER ITEM   OBSERVED TIME   NORMAL DEPARTURE LAST
                VALUE   (LST)  VALUE  FROM      YEAR
                                      NORMAL
......................................................
TEMPERATURE (F)
 YESTERDAY
  MAXIMUM         63    241 PM  47     16       59
  MINIMUM         33    423 AM  25      8       25
  AVERAGE         48            36     12       42

PRECIPITATION (IN)
  YESTERDAY        0.00          0.02  -0.02     0.00
  MONTH TO DATE    0.82          0.67   0.15     0.22
  SINCE MAR 1      0.82          0.67   0.15     0.22
  SINCE JAN 1      1.12          1.24  -0.12     0.88

DEGREE DAYS
 HEATING
  YESTERDAY       17            29    -12       23
  MONTH TO DATE  776           896   -120      654
  SINCE MAR 1    776           896   -120      654
  SINCE JUL 1   6127          6693   -566     5432

 COOLING
  YESTERDAY        0             0      0        0
  MONTH TO DATE    0             0      0        0
  SINCE MAR 1      0             0      0        0
  SINCE JAN 1      0             0      0        0
......................................................


WIND (MPH)
  HIGHEST WIND SPEED    18   HIGHEST WIND DIRECTION     E (110)
  HIGHEST GUST SPEED    23   HIGHEST GUST DIRECTION     S (160)
  AVERAGE WIND SPEED     8.7




RELATIVE HUMIDITY (PERCENT)
 HIGHEST    92           400 AM
 LOWEST     27           200 PM
 AVERAGE    60

..........................................................




SUNRISE AND SUNSET
MARCH 28 2017.........SUNRISE   641 AM MDT   SUNSET   718 PM MDT
MARCH 29 2017.........SUNRISE   640 AM MDT   SUNSET   719 PM MDT


-  INDICATES NEGATIVE NUMBERS.
R  INDICATES RECORD WAS SET OR TIED.
MM INDICATES DATA IS MISSING.
T  INDICATES TRACE AMOUNT.




$$
