571
CDUS43 KUNR 170832
CLI2WX


CLIMATE REPORT
NATIONAL WEATHER SERVICE RAPID CITY SD
131 AM MST SAT FEB 17 2018


...................................

...THE BUFFALO SD CLIMATE SUMMARY FOR FEBRUARY 16 2018...

CLIMATE NORMAL PERIOD 1981 TO 2010
CLIMATE RECORD PERIOD 9999 TO 9999


WEATHER ITEM   OBSERVED TIME   NORMAL DEPARTURE LAST
                VALUE   (LST)  VALUE  FROM      YEAR
                                      NORMAL
......................................................
TEMPERATURE (F)
 YESTERDAY
  MAXIMUM         27    535 PM  34     -7       70
  MINIMUM         -5   1201 AM  13    -18       38
  AVERAGE         11            24    -13       54

PRECIPITATION (IN)
  YESTERDAY        0.00          0.01  -0.01     0.00
  MONTH TO DATE    0.94          0.17   0.77     0.04
  SINCE DEC 1      1.72          0.75   0.97     1.24
  SINCE JAN 1      1.18          0.46   0.72     0.07

DEGREE DAYS
 HEATING
  YESTERDAY       54            41     13       11
  MONTH TO DATE  902           684    218      641
  SINCE DEC 1   3610          3425    185     3715
  SINCE JUL 1   5278          5323    -45     5005

 COOLING
  YESTERDAY        0             0      0        0
  MONTH TO DATE    0             0      0        0
  SINCE DEC 1      0             0      0        0
  SINCE JAN 1      0             0      0        0
......................................................


WIND (MPH)
  HIGHEST WIND SPEED    28   HIGHEST WIND DIRECTION     W (250)
  HIGHEST GUST SPEED    31   HIGHEST GUST DIRECTION     W (250)
  AVERAGE WIND SPEED    14.0




RELATIVE HUMIDITY (PERCENT)
 HIGHEST    88           900 PM
 LOWEST     55          1200 PM
 AVERAGE    72

..........................................................




SUNRISE AND SUNSET
FEBRUARY 17 2018......SUNRISE   653 AM MST   SUNSET   524 PM MST
FEBRUARY 18 2018......SUNRISE   651 AM MST   SUNSET   526 PM MST


-  INDICATES NEGATIVE NUMBERS.
R  INDICATES RECORD WAS SET OR TIED.
MM INDICATES DATA IS MISSING.
T  INDICATES TRACE AMOUNT.




$$
