000
CDUS43 KUNR 230831
CLI2WX


CLIMATE REPORT
NATIONAL WEATHER SERVICE RAPID CITY SD
131 AM MST THU NOV 23 2017


...................................

...THE BUFFALO SD CLIMATE SUMMARY FOR NOVEMBER 22 2017...

CLIMATE NORMAL PERIOD 1981 TO 2010
CLIMATE RECORD PERIOD 9999 TO 9999


WEATHER ITEM   OBSERVED TIME   NORMAL DEPARTURE LAST
                VALUE   (LST)  VALUE  FROM      YEAR
                                      NORMAL
......................................................
TEMPERATURE (F)
 YESTERDAY
  MAXIMUM         69    201 PM  39     30       50
  MINIMUM         23    243 AM  18      5       23
  AVERAGE         46            28     18       37

PRECIPITATION (IN)
  YESTERDAY        0.00          0.00   0.00     0.00
  MONTH TO DATE    0.13          0.30  -0.17     0.07
  SINCE SEP 1      2.95          2.08   0.87     2.28
  SINCE JAN 1     14.47         14.22   0.25     9.96

DEGREE DAYS
 HEATING
  YESTERDAY       19            37    -18       28
  MONTH TO DATE  726           686     40      429
  SINCE SEP 1   1490          1535    -45     1006
  SINCE JUL 1   1501          1587    -86     1036

 COOLING
  YESTERDAY        0             0      0        0
  MONTH TO DATE    0             0      0        0
  SINCE SEP 1     93            42     51       42
  SINCE JAN 1    743           513    230      734
......................................................


WIND (MPH)
  HIGHEST WIND SPEED    38   HIGHEST WIND DIRECTION     W (290)
  HIGHEST GUST SPEED    45   HIGHEST GUST DIRECTION    NW (300)
  AVERAGE WIND SPEED    13.9




RELATIVE HUMIDITY (PERCENT)
 HIGHEST    82          1100 PM
 LOWEST     33           200 PM
 AVERAGE    58

..........................................................




SUNRISE AND SUNSET
NOVEMBER 23 2017......SUNRISE   705 AM MST   SUNSET   416 PM MST
NOVEMBER 24 2017......SUNRISE   706 AM MST   SUNSET   416 PM MST


-  INDICATES NEGATIVE NUMBERS.
R  INDICATES RECORD WAS SET OR TIED.
MM INDICATES DATA IS MISSING.
T  INDICATES TRACE AMOUNT.




$$
