000
CDUS43 KUNR 110832
CLI2WX


CLIMATE REPORT
NATIONAL WEATHER SERVICE RAPID CITY SD
132 AM MST SUN DEC 11 2016


...................................

...THE BUFFALO SD CLIMATE SUMMARY FOR DECEMBER 10 2016...

CLIMATE NORMAL PERIOD 1981 TO 2010
CLIMATE RECORD PERIOD 9999 TO 9999


WEATHER ITEM   OBSERVED TIME   NORMAL DEPARTURE LAST
                VALUE   (LST)  VALUE  FROM      YEAR
                                      NORMAL
......................................................
TEMPERATURE (F)
 YESTERDAY
  MAXIMUM          5   1159 PM  32    -27       45
  MINIMUM         -3   1214 AM  11    -14       27
  AVERAGE          1            22    -21       36

PRECIPITATION (IN)
  YESTERDAY        0.07          0.00   0.07     0.00
  MONTH TO DATE    0.07          0.06   0.01     0.05
  SINCE DEC 1      0.07          0.06   0.01     0.05
  SINCE JAN 1     10.05         14.29  -4.24    13.81

DEGREE DAYS
 HEATING
  YESTERDAY       64            44     20       29
  MONTH TO DATE  503           423     80      265
  SINCE DEC 1    503           423     80      265
  SINCE JUL 1   1793          2321   -528     1727

 COOLING
  YESTERDAY        0             0      0        0
  MONTH TO DATE    0             0      0        0
  SINCE DEC 1      0             0      0        0
  SINCE JAN 1    734           513    221      631
......................................................


WIND (MPH)
  HIGHEST WIND SPEED    23   HIGHEST WIND DIRECTION    SE (140)
  HIGHEST GUST SPEED    26   HIGHEST GUST DIRECTION    SE (140)
  AVERAGE WIND SPEED    12.8




RELATIVE HUMIDITY (PERCENT)
 HIGHEST    87          1000 AM
 LOWEST     76           100 PM
 AVERAGE    82

..........................................................




SUNRISE AND SUNSET
DECEMBER 11 2016......SUNRISE   725 AM MST   SUNSET   410 PM MST
DECEMBER 12 2016......SUNRISE   726 AM MST   SUNSET   410 PM MST


-  INDICATES NEGATIVE NUMBERS.
R  INDICATES RECORD WAS SET OR TIED.
MM INDICATES DATA IS MISSING.
T  INDICATES TRACE AMOUNT.




$$
