000
CDUS43 KABR 241038
CLI8D3


CLIMATE REPORT
NATIONAL WEATHER SERVICE ABERDEEN SD
537 AM CDT WED AUG 24 2016


...................................

...THE SISSETON SD CLIMATE SUMMARY FOR AUGUST 23 2016...

CLIMATE NORMAL PERIOD 1981 TO 2010
CLIMATE RECORD PERIOD 1900 TO 2016


WEATHER ITEM   OBSERVED TIME   RECORD YEAR NORMAL DEPARTURE LAST
                VALUE   (LST)  VALUE       VALUE  FROM      YEAR
                                                  NORMAL
..................................................................
TEMPERATURE (F)
 YESTERDAY
  MAXIMUM         87    226 PM 102    1936  80      7       70
  MINIMUM         69    511 AM  40    1984  56     13       53
  AVERAGE         78                        68     10       62

PRECIPITATION (IN)
  YESTERDAY        0.00          1.02 1990   0.08  -0.08     0.03
  MONTH TO DATE    4.10                      1.78   2.32     2.19
  SINCE JUN 1     10.22                      9.10   1.12     6.74
  SINCE JAN 1     15.26                     16.08  -0.82    14.39

DEGREE DAYS
 HEATING
  YESTERDAY        0                         1     -1        3
  MONTH TO DATE    6                        14     -8       28
  SINCE JUN 1     46                        89    -43       55
  SINCE JUL 1     19                        27     -8       41

 COOLING
  YESTERDAY       13                         4      9        0
  MONTH TO DATE  145                       127     18      118
  SINCE JUN 1    515                       426     89      450
  SINCE JAN 1    552                       449    103      467
..................................................................


WIND (MPH)
  HIGHEST WIND SPEED    28   HIGHEST WIND DIRECTION    SW (210)
  HIGHEST GUST SPEED    38   HIGHEST GUST DIRECTION    SW (210)
  AVERAGE WIND SPEED    15.6


SKY COVER
  POSSIBLE SUNSHINE  MM
  AVERAGE SKY COVER 0.0


WEATHER CONDITIONS
 THE FOLLOWING WEATHER WAS RECORDED YESTERDAY.
  NO SIGNIFICANT WEATHER WAS OBSERVED.


RELATIVE HUMIDITY (PERCENT)
 HIGHEST    90          1000 PM
 LOWEST     45           300 PM
 AVERAGE    68

..........................................................


THE SISSETON SD CLIMATE NORMALS FOR TODAY
                         NORMAL    RECORD    YEAR
 MAXIMUM TEMPERATURE (F)   80        98      1976
 MINIMUM TEMPERATURE (F)   56        37      1934


SUNRISE AND SUNSET
AUGUST 24 2016........SUNRISE   640 AM CDT   SUNSET   819 PM CDT
AUGUST 25 2016........SUNRISE   641 AM CDT   SUNSET   818 PM CDT


-  INDICATES NEGATIVE NUMBERS.
R  INDICATES RECORD WAS SET OR TIED.
MM INDICATES DATA IS MISSING.
T  INDICATES TRACE AMOUNT.




$$
