416
CDUS43 KABR 281200
CLI8D3


CLIMATE REPORT
NATIONAL WEATHER SERVICE ABERDEEN SD
700 AM CDT SUN MAY 28 2017


...................................

...THE SISSETON SD CLIMATE SUMMARY FOR MAY 27 2017...

CLIMATE NORMAL PERIOD 1981 TO 2010
CLIMATE RECORD PERIOD 1900 TO 2017


WEATHER ITEM   OBSERVED TIME   RECORD YEAR NORMAL DEPARTURE LAST
                VALUE   (LST)  VALUE       VALUE  FROM      YEAR
                                                  NORMAL
..................................................................
TEMPERATURE (F)
 YESTERDAY
  MAXIMUM         77    249 PM  98    1934  73      4       76
  MINIMUM         50    113 AM  32    1965  49      1       53
  AVERAGE         64                        61      3       65

PRECIPITATION (IN)
  YESTERDAY        0.02          5.50 1954   0.09  -0.07     0.00
  MONTH TO DATE    1.11                      2.36  -1.25     0.50
  SINCE MAR 1      2.94                      5.76  -2.82     3.50
  SINCE JAN 1      4.14                      6.62  -2.48     4.67

DEGREE DAYS
 HEATING
  YESTERDAY        1                         5     -4        0
  MONTH TO DATE  213                       242    -29      198
  SINCE MAR 1   1863                      1942    -79     1608
  SINCE JUL 1   7127                      8201  -1074     6909

 COOLING
  YESTERDAY        0                         1     -1        0
  MONTH TO DATE   16                        18     -2       30
  SINCE MAR 1     16                        19     -3       30
  SINCE JAN 1     16                        19     -3       30
..................................................................


WIND (MPH)
  HIGHEST WIND SPEED    28   HIGHEST WIND DIRECTION     W (290)
  HIGHEST GUST SPEED    35   HIGHEST GUST DIRECTION     W (250)
  AVERAGE WIND SPEED    11.6


SKY COVER
  POSSIBLE SUNSHINE  MM
  AVERAGE SKY COVER 0.0


WEATHER CONDITIONS
 THE FOLLOWING WEATHER WAS RECORDED YESTERDAY.
  NO SIGNIFICANT WEATHER WAS OBSERVED.


RELATIVE HUMIDITY (PERCENT)
 HIGHEST    83           200 AM
 LOWEST     31           300 PM
 AVERAGE    57

..........................................................


THE SISSETON SD CLIMATE NORMALS FOR TODAY
                         NORMAL    RECORD    YEAR
 MAXIMUM TEMPERATURE (F)   73       110      1934
 MINIMUM TEMPERATURE (F)   49        32      1965


SUNRISE AND SUNSET
MAY 28 2017...........SUNRISE   544 AM CDT   SUNSET   907 PM CDT
MAY 29 2017...........SUNRISE   544 AM CDT   SUNSET   908 PM CDT


-  INDICATES NEGATIVE NUMBERS.
R  INDICATES RECORD WAS SET OR TIED.
MM INDICATES DATA IS MISSING.
T  INDICATES TRACE AMOUNT.




$$
