000
CDUS43 KABR 042229
CLI8D3


CLIMATE REPORT
NATIONAL WEATHER SERVICE ABERDEEN SD
528 PM CDT TUE AUG 4 2015


...................................

...THE SISSETON SD CLIMATE SUMMARY FOR AUGUST 4 2015...
VALID TODAY AS OF 0500 PM LOCAL TIME.

CLIMATE NORMAL PERIOD 1981 TO 2010
CLIMATE RECORD PERIOD 1900 TO 2015


WEATHER ITEM   OBSERVED TIME   RECORD YEAR NORMAL DEPARTURE LAST
                VALUE   (LST)  VALUE       VALUE  FROM      YEAR
                                                  NORMAL
..................................................................
TEMPERATURE (F)
 TODAY
  MAXIMUM         82    345 PM 104    1959  83     -1       74
  MINIMUM         47    412 AM  44    1971  59              54
  AVERAGE         65                        71     -6       64

PRECIPITATION (IN)
  TODAY            0.00          2.25 1941   0.10  -0.10     0.00
  MONTH TO DATE    0.00                      0.41  -0.41     0.00
  SINCE JUN 1      4.55                      7.73  -3.18    10.41
  SINCE JAN 1     12.20                     14.71  -2.51    18.78

DEGREE DAYS
 COOLING
  TODAY            0                         6     -6        0
  MONTH TO DATE   10                        26    -16       18
  SINCE JUN 1    342                       325     17      236
  SINCE JAN 1    359                       348     11      297
..................................................................


WIND (MPH)
  HIGHEST WIND SPEED    10   HIGHEST WIND DIRECTION     E (70)
  HIGHEST GUST SPEED    14   HIGHEST GUST DIRECTION    NE (60)
  AVERAGE WIND SPEED     4.1


SKY COVER
  POSSIBLE SUNSHINE  MM
  AVERAGE SKY COVER 0.0


WEATHER CONDITIONS
 THE FOLLOWING WEATHER WAS RECORDED TODAY.
  NO SIGNIFICANT WEATHER WAS OBSERVED.


RELATIVE HUMIDITY (PERCENT)
 HIGHEST    93           300 AM
 LOWEST     35          1000 AM
 AVERAGE    64

..........................................................


THE SISSETON SD CLIMATE NORMALS FOR TOMORROW
                         NORMAL    RECORD    YEAR
 MAXIMUM TEMPERATURE (F)   83       101      1934
 MINIMUM TEMPERATURE (F)   59        46      1994


SUNRISE AND SUNSET
AUGUST  4 2015........SUNRISE   615 AM CDT   SUNSET   853 PM CDT
AUGUST  5 2015........SUNRISE   616 AM CDT   SUNSET   851 PM CDT


-  INDICATES NEGATIVE NUMBERS.
R  INDICATES RECORD WAS SET OR TIED.
MM INDICATES DATA IS MISSING.
T  INDICATES TRACE AMOUNT.




$$
