000
CDUS43 KABR 061041
CLI8D3


CLIMATE REPORT
NATIONAL WEATHER SERVICE ABERDEEN SD
540 AM CDT FRI MAY 6 2016


...................................

...THE SISSETON SD CLIMATE SUMMARY FOR MAY 5 2016...

CLIMATE NORMAL PERIOD 1981 TO 2010
CLIMATE RECORD PERIOD 1900 TO 2016


WEATHER ITEM   OBSERVED TIME   RECORD YEAR NORMAL DEPARTURE LAST
                VALUE   (LST)  VALUE       VALUE  FROM      YEAR
                                                  NORMAL
..................................................................
TEMPERATURE (F)
 YESTERDAY
  MAXIMUM         87    413 PM  93    2000  66     21       79
  MINIMUM         45   1249 AM  26    1944  41      4       33
  AVERAGE         66                        54     12       56

PRECIPITATION (IN)
  YESTERDAY        0.00          1.62 2007   0.07  -0.07     0.00
  MONTH TO DATE    0.00                      0.42  -0.42     0.01
  SINCE MAR 1      3.00                      3.82  -0.82     1.59
  SINCE JAN 1      4.17                      4.68  -0.51     2.47

DEGREE DAYS
 HEATING
  YESTERDAY        0                        12    -12        9
  MONTH TO DATE   44                        63    -19       29
  SINCE MAR 1   1454                      1763   -309     1465
  SINCE JUL 1   6755                      8022  -1267     7734

 COOLING
  YESTERDAY        1                         0      1        0
  MONTH TO DATE    1                         0      1        2
  SINCE MAR 1      1                         1      0        2
  SINCE JAN 1      1                         1      0        2
..................................................................


WIND (MPH)
  HIGHEST WIND SPEED    25   HIGHEST WIND DIRECTION     W (270)
  HIGHEST GUST SPEED    31   HIGHEST GUST DIRECTION     W (270)
  AVERAGE WIND SPEED    12.1


SKY COVER
  POSSIBLE SUNSHINE  MM
  AVERAGE SKY COVER 0.0


WEATHER CONDITIONS
 THE FOLLOWING WEATHER WAS RECORDED YESTERDAY.
  NO SIGNIFICANT WEATHER WAS OBSERVED.


RELATIVE HUMIDITY (PERCENT)
 HIGHEST    60          1200 AM
 LOWEST     16           500 PM
 AVERAGE    38

..........................................................


THE SISSETON SD CLIMATE NORMALS FOR TODAY
                         NORMAL    RECORD    YEAR
 MAXIMUM TEMPERATURE (F)   66        91      1934
 MINIMUM TEMPERATURE (F)   41        22      1976


SUNRISE AND SUNSET
MAY  6 2016...........SUNRISE   608 AM CDT   SUNSET   842 PM CDT
MAY  7 2016...........SUNRISE   606 AM CDT   SUNSET   843 PM CDT


-  INDICATES NEGATIVE NUMBERS.
R  INDICATES RECORD WAS SET OR TIED.
MM INDICATES DATA IS MISSING.
T  INDICATES TRACE AMOUNT.




$$
