000
CDUS43 KABR 301037
CLI8D3


CLIMATE REPORT
NATIONAL WEATHER SERVICE ABERDEEN SD
536 AM CDT SAT JUL 30 2016


...................................

...THE SISSETON SD CLIMATE SUMMARY FOR JULY 29 2016...

CLIMATE NORMAL PERIOD 1981 TO 2010
CLIMATE RECORD PERIOD 1900 TO 2016


WEATHER ITEM   OBSERVED TIME   RECORD YEAR NORMAL DEPARTURE LAST
                VALUE   (LST)  VALUE       VALUE  FROM      YEAR
                                                  NORMAL
..................................................................
TEMPERATURE (F)
 YESTERDAY
  MAXIMUM         79    458 PM 103    1975  83     -4       82
  MINIMUM         56    526 AM  40    1952  60     -4       62
  AVERAGE         68                        72     -4       72

PRECIPITATION (IN)
  YESTERDAY        0.00          2.20 1989   0.10  -0.10     0.00
  MONTH TO DATE    5.00                      3.37   1.63     3.17
  SINCE JUN 1      6.12                      7.11  -0.99     4.55
  SINCE JAN 1     11.16                     14.09  -2.93    12.20

DEGREE DAYS
 HEATING
  YESTERDAY        0                         0      0        0
  MONTH TO DATE   13                         3     10       13
  SINCE JUN 1     40                        65    -25       27
  SINCE JUL 1     13                         3     10       13

 COOLING
  YESTERDAY        3                         7     -4        7
  MONTH TO DATE  191                       192     -1      195
  SINCE JUN 1    358                       286     72      319
  SINCE JAN 1    395                       309     86      336
..................................................................


WIND (MPH)
  HIGHEST WIND SPEED    13   HIGHEST WIND DIRECTION    SW (240)
  HIGHEST GUST SPEED    16   HIGHEST GUST DIRECTION    SW (240)
  AVERAGE WIND SPEED     4.6


SKY COVER
  POSSIBLE SUNSHINE  MM
  AVERAGE SKY COVER 0.0


WEATHER CONDITIONS
 THE FOLLOWING WEATHER WAS RECORDED YESTERDAY.
  NO SIGNIFICANT WEATHER WAS OBSERVED.


RELATIVE HUMIDITY (PERCENT)
 HIGHEST   100           400 AM
 LOWEST     52           400 PM
 AVERAGE    76

..........................................................


THE SISSETON SD CLIMATE NORMALS FOR TODAY
                         NORMAL    RECORD    YEAR
 MAXIMUM TEMPERATURE (F)   83       105      1933
 MINIMUM TEMPERATURE (F)   60        44      1952


SUNRISE AND SUNSET
JULY 30 2016..........SUNRISE   610 AM CDT   SUNSET   858 PM CDT
JULY 31 2016..........SUNRISE   611 AM CDT   SUNSET   857 PM CDT


-  INDICATES NEGATIVE NUMBERS.
R  INDICATES RECORD WAS SET OR TIED.
MM INDICATES DATA IS MISSING.
T  INDICATES TRACE AMOUNT.




$$
