657
CDUS46 KMFR 210837
CLIAAT


CLIMATE REPORT
NATIONAL WEATHER SERVICE MEDFORD, OR
1237 AM PST TUE NOV 21 2017


...................................

...THE ALTURAS CA CLIMATE SUMMARY FOR NOVEMBER 20 2017...

CLIMATE NORMAL PERIOD 1981 TO 2010
CLIMATE RECORD PERIOD 1905 TO 2017


WEATHER ITEM   OBSERVED TIME   RECORD YEAR NORMAL DEPARTURE LAST
                VALUE   (LST)  VALUE       VALUE  FROM      YEAR
                                                  NORMAL
..................................................................
TEMPERATURE (F)
 YESTERDAY
  MAXIMUM         51   1108 AM  74    1936  47      4       49
  MINIMUM         37    147 AM  -3    1977  22     15       24
  AVERAGE         44                        34     10       37

PRECIPITATION (IN)
  YESTERDAY        0.12          0.60 1967   0.06   0.06      T
  MONTH TO DATE    1.46                      1.22   0.24     0.22
  SINCE OCT 1      2.38                      2.23   0.15     1.69
  SINCE JAN 1     14.57                     11.89   2.68     9.16

SNOWFALL (IN)
  YESTERDAY       MM                        MM     MM       MM
  MONTH TO DATE   MM                        MM     MM       MM
  SINCE JUL 1     MM                        MM     MM       MM
  SNOW DEPTH      MM

DEGREE DAYS
 HEATING
  YESTERDAY       21                        31    -10       28
  MONTH TO DATE  516                       545    -29      410
  SINCE SEP 1   1338                      1377    -39     1131
  SINCE JUL 1   1339                      1488   -149     1188

 COOLING
  YESTERDAY        0                         0      0        0
  MONTH TO DATE    0                         0      0        0
  SINCE SEP 1     75                         5     70        0
  SINCE JAN 1    516                       156    360      254
..................................................................


WIND (MPH)
  HIGHEST WIND SPEED    13   HIGHEST WIND DIRECTION     W (280)
  HIGHEST GUST SPEED    16   HIGHEST GUST DIRECTION     S (170)
  AVERAGE WIND SPEED     4.2


SKY COVER
  POSSIBLE SUNSHINE  MM
  AVERAGE SKY COVER 1.0


WEATHER CONDITIONS
 THE FOLLOWING WEATHER WAS RECORDED YESTERDAY.
  LIGHT RAIN
  FOG


RELATIVE HUMIDITY (PERCENT)
 HIGHEST   100           700 PM
 LOWEST     71          1100 AM
 AVERAGE    86

..........................................................


THE ALTURAS CA CLIMATE NORMALS FOR TODAY
                         NORMAL    RECORD    YEAR
 MAXIMUM TEMPERATURE (F)   46        72      1936
 MINIMUM TEMPERATURE (F)   22         3      1985


SUNRISE AND SUNSET
NOVEMBER 21 2017......SUNRISE   658 AM PST   SUNSET   438 PM PST
NOVEMBER 22 2017......SUNRISE   700 AM PST   SUNSET   437 PM PST


-  INDICATES NEGATIVE NUMBERS.
R  INDICATES RECORD WAS SET OR TIED.
MM INDICATES DATA IS MISSING.
T  INDICATES TRACE AMOUNT.




$$
