000
CDUS46 KMFR 270900
CLIAAT


CLIMATE REPORT
NATIONAL WEATHER SERVICE MEDFORD, OR
159 AM PDT THU AUG 27 2015


...................................

...THE ALTURAS CA CLIMATE SUMMARY FOR AUGUST 26 2015...

CLIMATE NORMAL PERIOD 1981 TO 2010
CLIMATE RECORD PERIOD 1905 TO 2015


WEATHER ITEM   OBSERVED TIME   RECORD YEAR NORMAL DEPARTURE LAST
                VALUE   (LST)  VALUE       VALUE  FROM      YEAR
                                                  NORMAL
..................................................................
TEMPERATURE (F)
 YESTERDAY
  MAXIMUM         90    337 PM  99    1934  84      6       86
  MINIMUM         39    523 AM  29    1908  41     -2       41
  AVERAGE         65                        62      3       64

PRECIPITATION (IN)
  YESTERDAY        0.00          0.10 1967   0.01  -0.01     0.00
  MONTH TO DATE    0.27                      0.29  -0.02     0.46
  SINCE OCT 1     11.35                     13.58  -2.23     6.91
  SINCE JAN 1      6.84                      9.07  -2.23     6.28

SNOWFALL (IN)
  YESTERDAY       MM                        MM     MM       MM
  MONTH TO DATE   MM                        MM     MM       MM
  SINCE JUL 1     MM                        MM     MM       MM
  SNOW DEPTH      MM

DEGREE DAYS
 HEATING
  YESTERDAY        0                         4     -4        1
  MONTH TO DATE    5                        49    -44       11
  SINCE JUN 1     58                       270   -212      106
  SINCE JUL 1     28                        90    -62       17

 COOLING
  YESTERDAY        0                         1     -1        0
  MONTH TO DATE   73                        51     22       84
  SINCE JUN 1    307                       146    161      357
  SINCE JAN 1    307                       146    161      357
..................................................................


WIND (MPH)
  HIGHEST WIND SPEED    22   HIGHEST WIND DIRECTION    SW (240)
  HIGHEST GUST SPEED    29   HIGHEST GUST DIRECTION     W (250)
  AVERAGE WIND SPEED     5.9


SKY COVER
  POSSIBLE SUNSHINE  MM
  AVERAGE SKY COVER 0.0


WEATHER CONDITIONS
 THE FOLLOWING WEATHER WAS RECORDED YESTERDAY.
  NO SIGNIFICANT WEATHER WAS OBSERVED.


RELATIVE HUMIDITY (PERCENT)
 HIGHEST    58           300 AM
 LOWEST     11           100 PM
 AVERAGE    35

..........................................................


THE ALTURAS CA CLIMATE NORMALS FOR TODAY
                         NORMAL    RECORD    YEAR
 MAXIMUM TEMPERATURE (F)   84       100      1915
 MINIMUM TEMPERATURE (F)   41        30      1995


SUNRISE AND SUNSET
AUGUST 27 2015........SUNRISE   623 AM PDT   SUNSET   744 PM PDT
AUGUST 28 2015........SUNRISE   624 AM PDT   SUNSET   742 PM PDT


-  INDICATES NEGATIVE NUMBERS.
R  INDICATES RECORD WAS SET OR TIED.
MM INDICATES DATA IS MISSING.
T  INDICATES TRACE AMOUNT.




$$
