000
CDUS46 KMFR 280837
CLIAAT


CLIMATE REPORT
NATIONAL WEATHER SERVICE MEDFORD, OR
136 AM PDT WED SEP 28 2016


...................................

...THE ALTURAS CA CLIMATE SUMMARY FOR SEPTEMBER 27 2016...

CLIMATE NORMAL PERIOD 1981 TO 2010
CLIMATE RECORD PERIOD 1905 TO 2016


WEATHER ITEM   OBSERVED TIME   RECORD YEAR NORMAL DEPARTURE LAST
                VALUE   (LST)  VALUE       VALUE  FROM      YEAR
                                                  NORMAL
..................................................................
TEMPERATURE (F)
 YESTERDAY
  MAXIMUM         85    455 PM  96    1963  74     11       82
  MINIMUM         36    611 AM  19    1908  32      4       35
  AVERAGE         61                        53      8       59

PRECIPITATION (IN)
  YESTERDAY        0.00          0.91 1972   0.02  -0.02     0.00
  MONTH TO DATE    0.03                      0.46  -0.43     0.36
  SINCE OCT 1     13.45                     14.11  -0.66    11.71
  SINCE JAN 1      7.47                      9.60  -2.13     7.20

SNOWFALL (IN)
  YESTERDAY       MM                        MM     MM       MM
  MONTH TO DATE   MM                        MM     MM       MM
  SINCE JUL 1     MM                        MM     MM       MM
  SNOW DEPTH      MM

DEGREE DAYS
 HEATING
  YESTERDAY        4                        12     -8        6
  MONTH TO DATE  210                       226    -16      169
  SINCE SEP 1    210                       226    -16      169
  SINCE JUL 1    267                       337    -70      210

 COOLING
  YESTERDAY        0                         0      0        0
  MONTH TO DATE    0                         3     -3       19
  SINCE SEP 1      0                         3     -3       19
  SINCE JAN 1    254                       154    100      333
..................................................................


WIND (MPH)
  HIGHEST WIND SPEED     8   HIGHEST WIND DIRECTION    SE (120)
  HIGHEST GUST SPEED    11   HIGHEST GUST DIRECTION    NW (320)
  AVERAGE WIND SPEED     0.9


SKY COVER
  POSSIBLE SUNSHINE  MM
  AVERAGE SKY COVER 0.0


WEATHER CONDITIONS
 THE FOLLOWING WEATHER WAS RECORDED YESTERDAY.
  NO SIGNIFICANT WEATHER WAS OBSERVED.


RELATIVE HUMIDITY (PERCENT)
 HIGHEST    76           500 AM
 LOWEST     12           500 PM
 AVERAGE    44

..........................................................


THE ALTURAS CA CLIMATE NORMALS FOR TODAY
                         NORMAL    RECORD    YEAR
 MAXIMUM TEMPERATURE (F)   73        94      1994
 MINIMUM TEMPERATURE (F)   32        19      1934


SUNRISE AND SUNSET
SEPTEMBER 28 2016.....SUNRISE   657 AM PDT   SUNSET   648 PM PDT
SEPTEMBER 29 2016.....SUNRISE   658 AM PDT   SUNSET   646 PM PDT


-  INDICATES NEGATIVE NUMBERS.
R  INDICATES RECORD WAS SET OR TIED.
MM INDICATES DATA IS MISSING.
T  INDICATES TRACE AMOUNT.




$$
