000
CDUS46 KMFR 250836
CLIAAT


CLIMATE REPORT
NATIONAL WEATHER SERVICE MEDFORD, OR
135 AM PDT THU AUG 25 2016


...................................

...THE ALTURAS CA CLIMATE SUMMARY FOR AUGUST 24 2016...

CLIMATE NORMAL PERIOD 1981 TO 2010
CLIMATE RECORD PERIOD 1905 TO 2016


WEATHER ITEM   OBSERVED TIME   RECORD YEAR NORMAL DEPARTURE LAST
                VALUE   (LST)  VALUE       VALUE  FROM      YEAR
                                                  NORMAL
..................................................................
TEMPERATURE (F)
 YESTERDAY
  MAXIMUM         87    333 PM  98    1934  84      3       90
  MINIMUM         37    521 AM  30    1973  41     -4       48
  AVERAGE         62                        63     -1       69

PRECIPITATION (IN)
  YESTERDAY        0.00          0.35 1951   0.01  -0.01     0.00
  MONTH TO DATE    T                         0.26  -0.26     0.27
  SINCE OCT 1     13.42                     13.55  -0.13    11.35
  SINCE JAN 1      7.44                      9.04  -1.60     6.84

SNOWFALL (IN)
  YESTERDAY       MM                        MM     MM       MM
  MONTH TO DATE   MM                        MM     MM       MM
  SINCE JUL 1     MM                        MM     MM       MM
  SNOW DEPTH      MM

DEGREE DAYS
 HEATING
  YESTERDAY        3                         3      0        0
  MONTH TO DATE   11                        42    -31        5
  SINCE JUN 1    169                       263    -94       58
  SINCE JUL 1     51                        83    -32       28

 COOLING
  YESTERDAY        0                         1     -1        4
  MONTH TO DATE   91                        49     42       72
  SINCE JUN 1    251                       144    107      306
  SINCE JAN 1    251                       144    107      306
..................................................................


WIND (MPH)
  HIGHEST WIND SPEED    18   HIGHEST WIND DIRECTION     N (10)
  HIGHEST GUST SPEED    25   HIGHEST GUST DIRECTION     N (20)
  AVERAGE WIND SPEED     4.4


SKY COVER
  POSSIBLE SUNSHINE  MM
  AVERAGE SKY COVER 0.0


WEATHER CONDITIONS
 THE FOLLOWING WEATHER WAS RECORDED YESTERDAY.
  NO SIGNIFICANT WEATHER WAS OBSERVED.


RELATIVE HUMIDITY (PERCENT)
 HIGHEST    64           500 AM
 LOWEST      7           500 PM
 AVERAGE    36

..........................................................


THE ALTURAS CA CLIMATE NORMALS FOR TODAY
                         NORMAL    RECORD    YEAR
 MAXIMUM TEMPERATURE (F)   84        98      2010
 MINIMUM TEMPERATURE (F)   41        28      1963


SUNRISE AND SUNSET
AUGUST 25 2016........SUNRISE   622 AM PDT   SUNSET   746 PM PDT
AUGUST 26 2016........SUNRISE   623 AM PDT   SUNSET   744 PM PDT


-  INDICATES NEGATIVE NUMBERS.
R  INDICATES RECORD WAS SET OR TIED.
MM INDICATES DATA IS MISSING.
T  INDICATES TRACE AMOUNT.




$$
