000
CDUS41 KPHI 300627
CLIABE


CLIMATE REPORT
NATIONAL WEATHER SERVICE MOUNT HOLLY NJ
227 AM EDT TUE MAY 30 2017


...................................

...THE ALLENTOWN PA CLIMATE SUMMARY FOR MAY 29 2017...

CLIMATE NORMAL PERIOD 1981 TO 2010
CLIMATE RECORD PERIOD 1922 TO 2017


WEATHER ITEM   OBSERVED TIME   RECORD YEAR NORMAL DEPARTURE LAST
                VALUE   (LST)  VALUE       VALUE  FROM      YEAR
                                                  NORMAL
..................................................................
TEMPERATURE (F)
 YESTERDAY
  MAXIMUM         62    437 PM  95    1969  75    -13       89
  MINIMUM         57    837 AM  38    1949  53      4       64
  AVERAGE         60                        64     -4       77

PRECIPITATION (IN)
  YESTERDAY        0.38          2.90 1990   0.14   0.24     0.21
  MONTH TO DATE    4.20                      3.84   0.36     3.47
  SINCE MAR 1     12.08                     10.79   1.29     6.22
  SINCE JAN 1     17.17                     16.52   0.65    15.25

SNOWFALL (IN)
  YESTERDAY        0.0           0.0    MM   0.0    0.0      0.0
  MONTH TO DATE    0.0                       0.0    0.0      0.0
  SINCE MAR 1     18.3                       5.9   12.4      0.3
  SINCE JUL 1     28.3                      32.9   -4.6     36.2
  SNOW DEPTH       0

DEGREE DAYS
 HEATING
  YESTERDAY        5                         3      2        0
  MONTH TO DATE  188                       192     -4      194
  SINCE MAR 1   1281                      1453   -172     1199
  SINCE JUL 1   4783                      5762   -979     4656

 COOLING
  YESTERDAY        0                         2     -2       12
  MONTH TO DATE   36                        32      4       56
  SINCE MAR 1     55                        37     18       65
  SINCE JAN 1     55                        37     18       65
..................................................................


WIND (MPH)
  HIGHEST WIND SPEED    14   HIGHEST WIND DIRECTION     E (90)
  HIGHEST GUST SPEED    17   HIGHEST GUST DIRECTION     E (100)
  AVERAGE WIND SPEED     7.6


SKY COVER
  POSSIBLE SUNSHINE  MM
  AVERAGE SKY COVER 0.8


WEATHER CONDITIONS
 THE FOLLOWING WEATHER WAS RECORDED YESTERDAY.
  THUNDERSTORM
  HEAVY RAIN
  RAIN
  LIGHT RAIN


RELATIVE HUMIDITY (PERCENT)
 HIGHEST    90           100 PM
 LOWEST     78          1100 AM
 AVERAGE    84

..........................................................


THE ALLENTOWN PA CLIMATE NORMALS FOR TODAY
                         NORMAL    RECORD    YEAR
 MAXIMUM TEMPERATURE (F)   76        94      1987
 MINIMUM TEMPERATURE (F)   53        36      1949


SUNRISE AND SUNSET
MAY 30 2017...........SUNRISE   534 AM EDT   SUNSET   825 PM EDT
MAY 31 2017...........SUNRISE   533 AM EDT   SUNSET   826 PM EDT


-  INDICATES NEGATIVE NUMBERS.
R  INDICATES RECORD WAS SET OR TIED.
MM INDICATES DATA IS MISSING.
T  INDICATES TRACE AMOUNT.




$$
