000
CDUS41 KPHI 020628
CLIABE


CLIMATE REPORT
NATIONAL WEATHER SERVICE MOUNT HOLLY NJ
127 AM EST MON MAR 2 2015


...................................

...THE ALLENTOWN PA CLIMATE SUMMARY FOR MARCH 1 2015...

CLIMATE NORMAL PERIOD 1981 TO 2010
CLIMATE RECORD PERIOD 1922 TO 2015


WEATHER ITEM   OBSERVED TIME   RECORD YEAR NORMAL DEPARTURE LAST
                VALUE   (LST)  VALUE       VALUE  FROM      YEAR
                                                  NORMAL
..................................................................
TEMPERATURE (F)
 YESTERDAY
  MAXIMUM         25   1159 PM  67    1972  44    -19       34
  MINIMUM          7    151 AM  -5    1934  25    -18        4
  AVERAGE         16                        34    -18       19

PRECIPITATION (IN)
  YESTERDAY        0.33          1.12 1939   0.10   0.23     0.00
  MONTH TO DATE    0.33                      0.10   0.23     0.00
  SINCE MAR 1      0.33                      0.10   0.23     0.00
  SINCE JAN 1      4.88                      5.83  -0.95     8.99

SNOWFALL (IN)
  YESTERDAY        3.2           8.8  1941   0.2    3.0      0.0
  MONTH TO DATE    3.2                       0.2    3.0      0.0
  SINCE MAR 1      3.2                       0.2    3.0      0.0
  SINCE JUL 1     35.5                      27.2    8.3     66.7
  SNOW DEPTH       3

DEGREE DAYS
 HEATING
  YESTERDAY       49                        31     18       46
  MONTH TO DATE   49                        31     18       46
  SINCE MAR 1     49                        31     18       46
  SINCE JUL 1   4530                      4340    190     4644

 COOLING
  YESTERDAY        0                         0      0        0
  MONTH TO DATE    0                         0      0        0
  SINCE MAR 1      0                         0      0        0
  SINCE JAN 1      0                         0      0        0
..................................................................


WIND (MPH)
  HIGHEST WIND SPEED     8   HIGHEST WIND DIRECTION     S (200)
  HIGHEST GUST SPEED    12   HIGHEST GUST DIRECTION     S (160)
  AVERAGE WIND SPEED     1.6


SKY COVER
  POSSIBLE SUNSHINE  MM
  AVERAGE SKY COVER 0.8


WEATHER CONDITIONS
 THE FOLLOWING WEATHER WAS RECORDED YESTERDAY.
  LT FREEZING RAIN
  SNOW
  LIGHT SNOW
  FOG
  HAZE


RELATIVE HUMIDITY (PERCENT)
 HIGHEST    88          1100 PM
 LOWEST     49           800 AM
 AVERAGE    69

..........................................................


THE ALLENTOWN PA CLIMATE NORMALS FOR TODAY
                         NORMAL    RECORD    YEAR
 MAXIMUM TEMPERATURE (F)   44        72      1972
 MINIMUM TEMPERATURE (F)   25         8      1934


SUNRISE AND SUNSET
MARCH  2 2015.........SUNRISE   634 AM EST   SUNSET   554 PM EST
MARCH  3 2015.........SUNRISE   633 AM EST   SUNSET   555 PM EST


-  INDICATES NEGATIVE NUMBERS.
R  INDICATES RECORD WAS SET OR TIED.
MM INDICATES DATA IS MISSING.
T  INDICATES TRACE AMOUNT.




$$
