000
CDUS41 KPHI 080630
CLIABE


CLIMATE REPORT
NATIONAL WEATHER SERVICE MOUNT HOLLY NJ
129 AM EST THU DEC 8 2016


...................................

...THE ALLENTOWN PA CLIMATE SUMMARY FOR DECEMBER 7 2016...

CLIMATE NORMAL PERIOD 1981 TO 2010
CLIMATE RECORD PERIOD 1922 TO 2016


WEATHER ITEM   OBSERVED TIME   RECORD YEAR NORMAL DEPARTURE LAST
                VALUE   (LST)  VALUE       VALUE  FROM      YEAR
                                                  NORMAL
..................................................................
TEMPERATURE (F)
 YESTERDAY
  MAXIMUM         47    307 PM  71    1998  43      4       56
  MINIMUM         33   1111 PM   4    1926  27      6       26
  AVERAGE         40                        35      5       41

PRECIPITATION (IN)
  YESTERDAY        0.04          1.72 2011   0.13  -0.09     0.00
  MONTH TO DATE    0.81                      0.92  -0.11     1.02
  SINCE DEC 1      0.81                      0.92  -0.11     1.02
  SINCE JAN 1     35.20                     42.69  -7.49    37.34

SNOWFALL (IN)
  YESTERDAY        0.0           1.0  1949   0.1   -0.1      0.0
  MONTH TO DATE    T                         0.8   -0.8      0.0
  SINCE DEC 1      T                         0.8   -0.8      0.0
  SINCE JUL 1      T                         1.5   -1.5       T
  SNOW DEPTH       0

DEGREE DAYS
 HEATING
  YESTERDAY       25                        30     -5       24
  MONTH TO DATE  167                       203    -36      160
  SINCE DEC 1    167                       203    -36      160
  SINCE JUL 1   1072                      1383   -311     1042

 COOLING
  YESTERDAY        0                         0      0        0
  MONTH TO DATE    0                         0      0        0
  SINCE DEC 1      0                         0      0        0
  SINCE JAN 1   1223                       757    466     1061
..................................................................


WIND (MPH)
  HIGHEST WIND SPEED    12   HIGHEST WIND DIRECTION    NW (300)
  HIGHEST GUST SPEED    15   HIGHEST GUST DIRECTION    NW (300)
  AVERAGE WIND SPEED     3.6


SKY COVER
  POSSIBLE SUNSHINE  MM
  AVERAGE SKY COVER 0.6


WEATHER CONDITIONS
 THE FOLLOWING WEATHER WAS RECORDED YESTERDAY.
  LIGHT RAIN
  FOG


RELATIVE HUMIDITY (PERCENT)
 HIGHEST    92          1200 AM
 LOWEST     57           600 PM
 AVERAGE    75

..........................................................


THE ALLENTOWN PA CLIMATE NORMALS FOR TODAY
                         NORMAL    RECORD    YEAR
 MAXIMUM TEMPERATURE (F)   43        67      1980
 MINIMUM TEMPERATURE (F)   26         3      1926


SUNRISE AND SUNSET
DECEMBER  8 2016......SUNRISE   713 AM EST   SUNSET   434 PM EST
DECEMBER  9 2016......SUNRISE   714 AM EST   SUNSET   434 PM EST


-  INDICATES NEGATIVE NUMBERS.
R  INDICATES RECORD WAS SET OR TIED.
MM INDICATES DATA IS MISSING.
T  INDICATES TRACE AMOUNT.




$$
