817
CDUS41 KPHI 040628
CLIABE


CLIMATE REPORT
NATIONAL WEATHER SERVICE MOUNT HOLLY NJ
227 AM EDT WED MAY 4 2016


...................................

...THE ALLENTOWN PA CLIMATE SUMMARY FOR MAY 3 2016...

CLIMATE NORMAL PERIOD 1981 TO 2010
CLIMATE RECORD PERIOD 1922 TO 2016


WEATHER ITEM   OBSERVED TIME   RECORD YEAR NORMAL DEPARTURE LAST
                VALUE   (LST)  VALUE       VALUE  FROM      YEAR
                                                  NORMAL
..................................................................
TEMPERATURE (F)
 YESTERDAY
  MAXIMUM         58   1146 AM  91    2001  68    -10       81
  MINIMUM         52    602 AM  32    2005  44      8       43
  AVERAGE         55                        56     -1       62

PRECIPITATION (IN)
  YESTERDAY        0.21          1.75 1984   0.12   0.09     0.00
  MONTH TO DATE    0.90                      0.35   0.55      T
  SINCE MAR 1      3.65                      7.30  -3.65     6.24
  SINCE JAN 1     12.68                     13.03  -0.35    10.79

SNOWFALL (IN)
  YESTERDAY        0.0           0.0    MM   0.0    0.0      0.0
  MONTH TO DATE    0.0                       0.0    0.0      0.0
  SINCE MAR 1      0.3                       5.9   -5.6     17.8
  SINCE JUL 1     36.2                      32.9    3.3     50.1
  SNOW DEPTH       0

DEGREE DAYS
 HEATING
  YESTERDAY       10                        10      0        3
  MONTH TO DATE   36                        30      6       20
  SINCE MAR 1   1041                      1291   -250     1386
  SINCE JUL 1   4498                      5600  -1102     5867

 COOLING
  YESTERDAY        0                         0      0        0
  MONTH TO DATE    0                         0      0        0
  SINCE MAR 1      9                         5      4        0
  SINCE JAN 1      9                         5      4        0
..................................................................


WIND (MPH)
  HIGHEST WIND SPEED    13   HIGHEST WIND DIRECTION    NE (60)
  HIGHEST GUST SPEED    15   HIGHEST GUST DIRECTION     E (100)
  AVERAGE WIND SPEED     6.8


SKY COVER
  POSSIBLE SUNSHINE  MM
  AVERAGE SKY COVER 1.0


WEATHER CONDITIONS
 THE FOLLOWING WEATHER WAS RECORDED YESTERDAY.
  RAIN
  LIGHT RAIN
  FOG
  HAZE


RELATIVE HUMIDITY (PERCENT)
 HIGHEST    93           200 AM
 LOWEST     80          1100 AM
 AVERAGE    87

..........................................................


THE ALLENTOWN PA CLIMATE NORMALS FOR TODAY
                         NORMAL    RECORD    YEAR
 MAXIMUM TEMPERATURE (F)   68        92      2001
 MINIMUM TEMPERATURE (F)   44        31      2002
                                             1957


SUNRISE AND SUNSET
MAY  4 2016...........SUNRISE   556 AM EDT   SUNSET   801 PM EDT
MAY  5 2016...........SUNRISE   555 AM EDT   SUNSET   802 PM EDT


-  INDICATES NEGATIVE NUMBERS.
R  INDICATES RECORD WAS SET OR TIED.
MM INDICATES DATA IS MISSING.
T  INDICATES TRACE AMOUNT.




$$
