000
CDUS41 KPHI 260630
CLIABE


CLIMATE REPORT
NATIONAL WEATHER SERVICE MOUNT HOLLY NJ
129 AM EST SUN FEB 26 2017


...................................

...THE ALLENTOWN PA CLIMATE SUMMARY FOR FEBRUARY 25 2017...

CLIMATE NORMAL PERIOD 1981 TO 2010
CLIMATE RECORD PERIOD 1922 TO 2017


WEATHER ITEM   OBSERVED TIME   RECORD YEAR NORMAL DEPARTURE LAST
                VALUE   (LST)  VALUE       VALUE  FROM      YEAR
                                                  NORMAL
..................................................................
TEMPERATURE (F)
 YESTERDAY
  MAXIMUM         74R   255 PM  74    1930  43     31       62
  MINIMUM         42   1159 PM   3    1964  24     18       34
  AVERAGE         58                        33     25       48

PRECIPITATION (IN)
  YESTERDAY        0.50          1.08 2011   0.10   0.40     0.17
  MONTH TO DATE    1.70                      2.41  -0.71     5.83
  SINCE DEC 1      7.52                      9.02  -1.50    13.20
  SINCE JAN 1      5.09                      5.44  -0.35     9.00

SNOWFALL (IN)
  YESTERDAY        0.0           9.3  2010   0.3   -0.3       T
  MONTH TO DATE    7.1                      10.2   -3.1      3.6
  SINCE DEC 1     10.0                      25.4  -15.4     35.9
  SINCE JUL 1     10.0                      26.1  -16.1     35.9
  SNOW DEPTH       0

DEGREE DAYS
 HEATING
  YESTERDAY        7                        32    -25       17
  MONTH TO DATE  642                       864   -222      783
  SINCE DEC 1   2522                      3034   -512     2470
  SINCE JUL 1   3427                      4214   -787     3352

 COOLING
  YESTERDAY        0                         0      0        0
  MONTH TO DATE    0                         0      0        0
  SINCE DEC 1      0                         0      0        0
  SINCE JAN 1      0                         0      0        0
..................................................................


WIND (MPH)
  HIGHEST WIND SPEED    37   HIGHEST WIND DIRECTION     W (260)
  HIGHEST GUST SPEED    46   HIGHEST GUST DIRECTION     W (260)
  AVERAGE WIND SPEED    11.9


SKY COVER
  POSSIBLE SUNSHINE  MM
  AVERAGE SKY COVER 0.7


WEATHER CONDITIONS
 THE FOLLOWING WEATHER WAS RECORDED YESTERDAY.
  THUNDERSTORM
  HEAVY RAIN
  RAIN
  LIGHT RAIN
  FOG


RELATIVE HUMIDITY (PERCENT)
 HIGHEST    78           100 AM
 LOWEST     53           300 PM
 AVERAGE    66

..........................................................


THE ALLENTOWN PA CLIMATE NORMALS FOR TODAY
                         NORMAL    RECORD    YEAR
 MAXIMUM TEMPERATURE (F)   43        65      1976
 MINIMUM TEMPERATURE (F)   24         4      1970


SUNRISE AND SUNSET
FEBRUARY 26 2017......SUNRISE   640 AM EST   SUNSET   550 PM EST
FEBRUARY 27 2017......SUNRISE   638 AM EST   SUNSET   551 PM EST


-  INDICATES NEGATIVE NUMBERS.
R  INDICATES RECORD WAS SET OR TIED.
MM INDICATES DATA IS MISSING.
T  INDICATES TRACE AMOUNT.




$$
