000
CDUS41 KPHI 140630
CLIABE


CLIMATE REPORT
NATIONAL WEATHER SERVICE MOUNT HOLLY NJ
126 AM EST SUN FEB 14 2016


...................................

...THE ALLENTOWN PA CLIMATE SUMMARY FOR FEBRUARY 13 2016...

CLIMATE NORMAL PERIOD 1981 TO 2010
CLIMATE RECORD PERIOD 1922 TO 2016


WEATHER ITEM   OBSERVED TIME   RECORD YEAR NORMAL DEPARTURE LAST
                VALUE   (LST)  VALUE       VALUE  FROM      YEAR
                                                  NORMAL
..................................................................
TEMPERATURE (F)
 YESTERDAY
  MAXIMUM         21    601 AM  59    1937  39    -18       19
  MINIMUM          9   1159 PM  -6    1967  21    -12        5
  AVERAGE         15                        30    -15       12

PRECIPITATION (IN)
  YESTERDAY        T             2.94 2008   0.09  -0.09     0.00
  MONTH TO DATE    1.12                      1.26  -0.14     1.07
  SINCE DEC 1      8.49                      7.87   0.62     7.44
  SINCE JAN 1      4.29                      4.29   0.00     3.79

SNOWFALL (IN)
  YESTERDAY        T            17.8  2014   0.5   -0.5      0.0
  MONTH TO DATE    2.4                       5.4   -3.0      4.6
  SINCE DEC 1     34.7                      20.6   14.1     18.0
  SINCE JUL 1     34.7                      21.3   13.4     23.7
  SNOW DEPTH       T

DEGREE DAYS
 HEATING
  YESTERDAY       50                        35     15       53
  MONTH TO DATE  428                       465    -37      542
  SINCE DEC 1   2115                      2635   -520     2604
  SINCE JUL 1   2997                      3815   -818     3739

 COOLING
  YESTERDAY        0                         0      0        0
  MONTH TO DATE    0                         0      0        0
  SINCE DEC 1      0                         0      0        0
  SINCE JAN 1      0                         0      0        0
..................................................................


WIND (MPH)
  HIGHEST WIND SPEED    30   HIGHEST WIND DIRECTION    NW (300)
  HIGHEST GUST SPEED    40   HIGHEST GUST DIRECTION    NW (310)
  AVERAGE WIND SPEED    14.9


SKY COVER
  POSSIBLE SUNSHINE  MM
  AVERAGE SKY COVER 0.7


WEATHER CONDITIONS
 THE FOLLOWING WEATHER WAS RECORDED YESTERDAY.
  LIGHT SNOW
  HAZE


RELATIVE HUMIDITY (PERCENT)
 HIGHEST    80           200 AM
 LOWEST     34           500 PM
 AVERAGE    57

..........................................................


THE ALLENTOWN PA CLIMATE NORMALS FOR TODAY
                         NORMAL    RECORD    YEAR
 MAXIMUM TEMPERATURE (F)   39        64      1946
 MINIMUM TEMPERATURE (F)   21        -1      1979


SUNRISE AND SUNSET
FEBRUARY 14 2016......SUNRISE   657 AM EST   SUNSET   535 PM EST
FEBRUARY 15 2016......SUNRISE   656 AM EST   SUNSET   536 PM EST


-  INDICATES NEGATIVE NUMBERS.
R  INDICATES RECORD WAS SET OR TIED.
MM INDICATES DATA IS MISSING.
T  INDICATES TRACE AMOUNT.




$$
