000
CDUS44 KSJT 280705
CLIABI


CLIMATE REPORT
NATIONAL WEATHER SERVICE SAN ANGELO TX
205 AM CDT TUE JUL 28 2015


...................................

...THE ABILENE CLIMATE SUMMARY FOR JULY 27 2015...

CLIMATE NORMAL PERIOD 1981 TO 2010
CLIMATE RECORD PERIOD 1886 TO 2015


WEATHER ITEM   OBSERVED TIME   RECORD YEAR NORMAL DEPARTURE LAST
                VALUE   (LST)  VALUE       VALUE  FROM      YEAR
                                                  NORMAL
..................................................................
TEMPERATURE (F)
 YESTERDAY
  MAXIMUM         98    404 PM 107    1944  95      3      101
  MINIMUM         77    627 AM  63    1994  73      4       78
                                      1973
                                      1933
  AVERAGE         88                        84      4       90

PRECIPITATION (IN)
  YESTERDAY        0.00          3.15 2010   0.06  -0.06     0.00
  MONTH TO DATE    8.26                      1.63   6.63     2.09
  SINCE JUN 1     11.88                      5.19   6.69     5.84
  SINCE JAN 1     24.51                     14.13  10.38     9.83

DEGREE DAYS
 HEATING
  YESTERDAY        0                         0      0        0
  MONTH TO DATE    0                         0      0        0
  SINCE JUN 1      0                         1     -1        0
  SINCE JUL 1      0                         0      0        0

 COOLING
  YESTERDAY       23                        19      4       25
  MONTH TO DATE  512                       486     26      510
  SINCE JUN 1    978                       921     57      977
  SINCE JAN 1   1367                      1318     49     1491
..................................................................


WIND (MPH)
  HIGHEST WIND SPEED    17   HIGHEST WIND DIRECTION    SE (150)
  HIGHEST GUST SPEED    26   HIGHEST GUST DIRECTION    SE (140)
  AVERAGE WIND SPEED    11.5


SKY COVER
  POSSIBLE SUNSHINE  MM
  AVERAGE SKY COVER 0.0


WEATHER CONDITIONS
 THE FOLLOWING WEATHER WAS RECORDED YESTERDAY.
  NO SIGNIFICANT WEATHER WAS OBSERVED.


RELATIVE HUMIDITY (PERCENT)
 HIGHEST    74           600 AM
 LOWEST     33           600 PM
 AVERAGE    54

..........................................................


THE ABILENE CLIMATE NORMALS FOR TODAY
                         NORMAL    RECORD    YEAR
 MAXIMUM TEMPERATURE (F)   95       107      1995
 MINIMUM TEMPERATURE (F)   73        62      1933


SUNRISE AND SUNSET
JULY 28 2015..........SUNRISE   650 AM CDT   SUNSET   840 PM CDT
JULY 29 2015..........SUNRISE   651 AM CDT   SUNSET   839 PM CDT


-  INDICATES NEGATIVE NUMBERS.
R  INDICATES RECORD WAS SET OR TIED.
MM INDICATES DATA IS MISSING.
T  INDICATES TRACE AMOUNT.




$$
