000
CDUS44 KSJT 180754
CLIABI


CLIMATE REPORT
NATIONAL WEATHER SERVICE SAN ANGELO TX
152 AM CST THU DEC 18 2014


...................................

...THE ABILENE CLIMATE SUMMARY FOR DECEMBER 17 2014...

CLIMATE NORMAL PERIOD 1981 TO 2010
CLIMATE RECORD PERIOD 1886 TO 2014


WEATHER ITEM   OBSERVED TIME   RECORD YEAR NORMAL DEPARTURE LAST
                VALUE   (LST)  VALUE       VALUE  FROM      YEAR
                                                  NORMAL
..................................................................
TEMPERATURE (F)
 YESTERDAY
  MAXIMUM         52   1137 PM  78    1962  56     -4       71
  MINIMUM         46   1047 AM  16    1887  33     13       41
  AVERAGE         49                        45      4       56

PRECIPITATION (IN)
  YESTERDAY        T             0.92 1898   0.05  -0.05     0.00
  MONTH TO DATE    0.01                      0.69  -0.68     0.20
  SINCE DEC 1      0.01                      0.69  -0.68     0.20
  SINCE JAN 1     14.50                     24.28  -9.78    22.28

SNOWFALL (IN)
  YESTERDAY        0.0           0.0  2002   0.1   -0.1      0.0
  MONTH TO DATE    0.0                       0.5   -0.5      0.8
  SINCE NOV 1      0.1                       1.2   -1.1      1.3
  SINCE JUL 1      0.1                       1.2   -1.1      1.3

DEGREE DAYS
 HEATING
  YESTERDAY       16                        20     -4        9
  MONTH TO DATE  172                       319   -147      396
  SINCE DEC 1    172                       319   -147      396
  SINCE JUL 1    589                       752   -163      868

 COOLING
  YESTERDAY        0                         0      0        0
  MONTH TO DATE    0                         0      0        1
  SINCE DEC 1      0                         0      0        1
  SINCE JAN 1   2819                      2408    411     2723
..................................................................


WIND (MPH)
  HIGHEST WIND SPEED    24   HIGHEST WIND DIRECTION    SE (120)
  HIGHEST GUST SPEED    28   HIGHEST GUST DIRECTION    SE (120)
  AVERAGE WIND SPEED    11.9


SKY COVER
  POSSIBLE SUNSHINE  MM
  AVERAGE SKY COVER 1.0


WEATHER CONDITIONS
 THE FOLLOWING WEATHER WAS RECORDED YESTERDAY.
  LIGHT RAIN


RELATIVE HUMIDITY (PERCENT)
 HIGHEST    86           900 PM
 LOWEST     46          1200 AM
 AVERAGE    66

..........................................................


THE ABILENE CLIMATE NORMALS FOR TODAY
                         NORMAL    RECORD    YEAR
 MAXIMUM TEMPERATURE (F)   56        78      1980
                                             1977
 MINIMUM TEMPERATURE (F)   33        12      1983
                                             1975


SUNRISE AND SUNSET
DECEMBER 18 2014......SUNRISE   735 AM CST   SUNSET   536 PM CST
DECEMBER 19 2014......SUNRISE   735 AM CST   SUNSET   537 PM CST


-  INDICATES NEGATIVE NUMBERS.
R  INDICATES RECORD WAS SET OR TIED.
MM INDICATES DATA IS MISSING.
T  INDICATES TRACE AMOUNT.




$$
