000
CDUS44 KSJT 280812
CLIABI


CLIMATE REPORT
NATIONAL WEATHER SERVICE SAN ANGELO TX
311 AM CDT TUE MAR 28 2017


...................................

...THE ABILENE CLIMATE SUMMARY FOR MARCH 27 2017...

CLIMATE NORMAL PERIOD 1981 TO 2010
CLIMATE RECORD PERIOD 1886 TO 2017


WEATHER ITEM   OBSERVED TIME   RECORD YEAR NORMAL DEPARTURE LAST
                VALUE   (LST)  VALUE       VALUE  FROM      YEAR
                                                  NORMAL
..................................................................
TEMPERATURE (F)
 YESTERDAY
  MAXIMUM         78    528 PM  92    1971  72      6       64
  MINIMUM         45    650 AM  19    1931  47     -2       42
  AVERAGE         62                        59      3       53

PRECIPITATION (IN)
  YESTERDAY        0.00          1.50 1923   0.05  -0.05     0.00
  MONTH TO DATE    0.02                      1.52  -1.50     2.31
  SINCE MAR 1      0.02                      1.52  -1.50     2.31
  SINCE JAN 1      3.40                      3.90  -0.50     3.03

SNOWFALL (IN)
  YESTERDAY        0.0           T    1996   0.0    0.0      0.0
  MONTH TO DATE    0.0                       0.3   -0.3      0.0
  SINCE NOV 1      T                         4.4   -4.4      5.1
  SINCE JUL 1      T                         4.4   -4.4      5.1

DEGREE DAYS
 HEATING
  YESTERDAY        3                         7     -4       12
  MONTH TO DATE  138                       271   -133      175
  SINCE MAR 1    138                       271   -133      175
  SINCE JUL 1   1719                      2404   -685     1929

 COOLING
  YESTERDAY        0                         1     -1        0
  MONTH TO DATE   76                        22     54       11
  SINCE MAR 1     76                        22     54       11
  SINCE JAN 1    107                        27     80       25
..................................................................


WIND (MPH)
  HIGHEST WIND SPEED    16   HIGHEST WIND DIRECTION     N (340)
  HIGHEST GUST SPEED    20   HIGHEST GUST DIRECTION     N (10)
  AVERAGE WIND SPEED     9.6


SKY COVER
  POSSIBLE SUNSHINE  MM
  AVERAGE SKY COVER 0.0


WEATHER CONDITIONS
 THE FOLLOWING WEATHER WAS RECORDED YESTERDAY.
  NO SIGNIFICANT WEATHER WAS OBSERVED.


RELATIVE HUMIDITY (PERCENT)
 HIGHEST    86           600 AM
 LOWEST     31           400 PM
 AVERAGE    59

..........................................................


THE ABILENE CLIMATE NORMALS FOR TODAY
                         NORMAL    RECORD    YEAR
 MAXIMUM TEMPERATURE (F)   72        96      1928
 MINIMUM TEMPERATURE (F)   47        23      1931
                                             1899


SUNRISE AND SUNSET
MARCH 28 2017.........SUNRISE   732 AM CDT   SUNSET   756 PM CDT
MARCH 29 2017.........SUNRISE   730 AM CDT   SUNSET   757 PM CDT


-  INDICATES NEGATIVE NUMBERS.
R  INDICATES RECORD WAS SET OR TIED.
MM INDICATES DATA IS MISSING.
T  INDICATES TRACE AMOUNT.




$$
