000
CDUS44 KSJT 302232
CLIABI


CLIMATE REPORT
NATIONAL WEATHER SERVICE SAN ANGELO TX
532 PM CDT MON MAR 30 2015


...................................

...THE ABILENE CLIMATE SUMMARY FOR MARCH 30 2015...
VALID TODAY AS OF 0500 PM LOCAL TIME.

CLIMATE NORMAL PERIOD 1981 TO 2010
CLIMATE RECORD PERIOD 1886 TO 2015


WEATHER ITEM   OBSERVED TIME   RECORD YEAR NORMAL DEPARTURE LAST
                VALUE   (LST)  VALUE       VALUE  FROM      YEAR
                                                  NORMAL
..................................................................
TEMPERATURE (F)
 TODAY
  MAXIMUM         83    427 PM  93    1974  73     10       82
                                      1946
  MINIMUM         51    654 AM  22    1987  47      4       54
                                      1886
  AVERAGE         67                        60      7       68

PRECIPITATION (IN)
  TODAY            0.00          1.49 2007   0.06  -0.06     0.00
  MONTH TO DATE    1.60                      1.69  -0.09     0.67
  SINCE MAR 1      1.60                      1.69  -0.09     0.67
  SINCE JAN 1      5.11                      4.07   1.04     1.16

SNOWFALL (IN)
  TODAY            0.0           T    1972   0.0    0.0      0.0
  MONTH TO DATE    0.7                       0.3    0.4       T
  SINCE NOV 1      3.8                       4.4   -0.6      3.1
  SINCE JUL 1      3.8                       4.4   -0.6      3.1

DEGREE DAYS
 HEATING
  TODAY            0                         7     -7        0
  MONTH TO DATE  326                       292     34      340
  SINCE MAR 1    326                       292     34      340
  SINCE JUL 1   2403                      2425    -22     2702

 COOLING
  TODAY            2                         2      0        3
  MONTH TO DATE   37                        28      9       29
  SINCE MAR 1     37                        28      9       29
  SINCE JAN 1     41                        33      8       34
..................................................................


WIND (MPH)
  HIGHEST WIND SPEED    13   HIGHEST WIND DIRECTION    SE (150)
  HIGHEST GUST SPEED    16   HIGHEST GUST DIRECTION    SE (120)
  AVERAGE WIND SPEED     3.9


SKY COVER
  POSSIBLE SUNSHINE  MM
  AVERAGE SKY COVER 0.0


WEATHER CONDITIONS
 THE FOLLOWING WEATHER WAS RECORDED TODAY.
  NO SIGNIFICANT WEATHER WAS OBSERVED.


RELATIVE HUMIDITY (PERCENT)
 HIGHEST    77           500 AM
 LOWEST     39           400 PM
 AVERAGE    58

..........................................................


THE ABILENE CLIMATE NORMALS FOR TOMORROW
                         NORMAL    RECORD    YEAR
 MAXIMUM TEMPERATURE (F)   73        97      1974
                                             1946
 MINIMUM TEMPERATURE (F)   48        27      1926


SUNRISE AND SUNSET
MARCH 30 2015.........SUNRISE   730 AM CDT   SUNSET   757 PM CDT
MARCH 31 2015.........SUNRISE   728 AM CDT   SUNSET   758 PM CDT


-  INDICATES NEGATIVE NUMBERS.
R  INDICATES RECORD WAS SET OR TIED.
MM INDICATES DATA IS MISSING.
T  INDICATES TRACE AMOUNT.




$$
