000
CDUS44 KSJT 280806
CLIABI


CLIMATE REPORT
NATIONAL WEATHER SERVICE SAN ANGELO TX
306 AM CDT SUN MAY 28 2017


...................................

...THE ABILENE CLIMATE SUMMARY FOR MAY 27 2017...

CLIMATE NORMAL PERIOD 1981 TO 2010
CLIMATE RECORD PERIOD 1886 TO 2017


WEATHER ITEM   OBSERVED TIME   RECORD YEAR NORMAL DEPARTURE LAST
                VALUE   (LST)  VALUE       VALUE  FROM      YEAR
                                                  NORMAL
..................................................................
TEMPERATURE (F)
 YESTERDAY
  MAXIMUM         99    552 PM 107    2011  87     12       87
  MINIMUM         75    552 AM  47    1901  65     10       60
  AVERAGE         87                        76     11       74

PRECIPITATION (IN)
  YESTERDAY        0.00          1.75 1980   0.12  -0.12     0.59
  MONTH TO DATE    2.73                      2.67   0.06     6.31
  SINCE MAR 1      4.49                      6.05  -1.56    14.86
  SINCE JAN 1      7.87                      8.43  -0.56    15.58

DEGREE DAYS
 HEATING
  YESTERDAY        0                         0      0        0
  MONTH TO DATE   16                        13      3       37
  SINCE MAR 1    245                       422   -177      304
  SINCE JUL 1   1826                      2555   -729     2058

 COOLING
  YESTERDAY       22                        11     11        9
  MONTH TO DATE  168                       220    -52      173
  SINCE MAR 1    356                       348      8      254
  SINCE JAN 1    387                       353     34      268
..................................................................


WIND (MPH)
  HIGHEST WIND SPEED    20   HIGHEST WIND DIRECTION    SW (220)
  HIGHEST GUST SPEED    25   HIGHEST GUST DIRECTION    SW (220)
  AVERAGE WIND SPEED    13.5


SKY COVER
  POSSIBLE SUNSHINE  MM
  AVERAGE SKY COVER 0.0


WEATHER CONDITIONS
 THE FOLLOWING WEATHER WAS RECORDED YESTERDAY.
  NO SIGNIFICANT WEATHER WAS OBSERVED.


RELATIVE HUMIDITY (PERCENT)
 HIGHEST    85           800 AM
 LOWEST     24           500 PM
 AVERAGE    55

..........................................................


THE ABILENE CLIMATE NORMALS FOR TODAY
                         NORMAL    RECORD    YEAR
 MAXIMUM TEMPERATURE (F)   87       109      2011
 MINIMUM TEMPERATURE (F)   65        49      1976


SUNRISE AND SUNSET
MAY 28 2017...........SUNRISE   634 AM CDT   SUNSET   839 PM CDT
MAY 29 2017...........SUNRISE   633 AM CDT   SUNSET   839 PM CDT


-  INDICATES NEGATIVE NUMBERS.
R  INDICATES RECORD WAS SET OR TIED.
MM INDICATES DATA IS MISSING.
T  INDICATES TRACE AMOUNT.




$$
