000
CDUS44 KSJT 280802
CLIABI


CLIMATE REPORT
NATIONAL WEATHER SERVICE SAN ANGELO TX
201 AM CST SAT FEB 28 2015


...................................

...THE ABILENE CLIMATE SUMMARY FOR FEBRUARY 27 2015...

CLIMATE NORMAL PERIOD 1981 TO 2010
CLIMATE RECORD PERIOD 1886 TO 2015


WEATHER ITEM   OBSERVED TIME   RECORD YEAR NORMAL DEPARTURE LAST
                VALUE   (LST)  VALUE       VALUE  FROM      YEAR
                                                  NORMAL
..................................................................
TEMPERATURE (F)
 YESTERDAY
  MAXIMUM         26    304 AM  89    2011  63    -37       63
  MINIMUM         19    749 PM  16    2002  40    -21       24
  AVERAGE         23                        52    -29       44

PRECIPITATION (IN)
  YESTERDAY        0.19          1.80 1944   0.06   0.13     0.00
  MONTH TO DATE    1.74                      1.31   0.43     0.49
  SINCE DEC 1      4.04                      3.56   0.48     1.60
  SINCE JAN 1      3.51                      2.33   1.18     0.49

SNOWFALL (IN)
  YESTERDAY        1.7 R         T    1962   0.0    1.7      0.0
                                      2001
  MONTH TO DATE    3.0                       0.8    2.2      1.8
  SINCE NOV 1      3.1                       4.1   -1.0      3.1
  SINCE JUL 1      3.1                       4.1   -1.0      3.1

DEGREE DAYS
 HEATING
  YESTERDAY       42                        14     28       21
  MONTH TO DATE  491                       451     40      564
  SINCE DEC 1   1620                      1687    -67     1889
  SINCE JUL 1   2037                      2120    -83     2361

 COOLING
  YESTERDAY        0                         0      0        0
  MONTH TO DATE    4                         0      4        5
  SINCE DEC 1      4                         2      2        6
  SINCE JAN 1      4                         1      3        5
..................................................................


WIND (MPH)
  HIGHEST WIND SPEED    14   HIGHEST WIND DIRECTION    NE (50)
  HIGHEST GUST SPEED    19   HIGHEST GUST DIRECTION    NE (40)
  AVERAGE WIND SPEED     8.6


SKY COVER
  POSSIBLE SUNSHINE  MM
  AVERAGE SKY COVER 1.0


WEATHER CONDITIONS
 THE FOLLOWING WEATHER WAS RECORDED YESTERDAY.
  LIGHT SNOW
  FOG
  HAZE


RELATIVE HUMIDITY (PERCENT)
 HIGHEST    92           700 AM
 LOWEST     50          1200 AM
 AVERAGE    71

..........................................................


THE ABILENE CLIMATE NORMALS FOR TODAY
                         NORMAL    RECORD    YEAR
 MAXIMUM TEMPERATURE (F)   64        88      2006
                                             1904
 MINIMUM TEMPERATURE (F)   40        10      1922


SUNRISE AND SUNSET
FEBRUARY 28 2015......SUNRISE   708 AM CST   SUNSET   635 PM CST
MARCH  1 2015.........SUNRISE   707 AM CST   SUNSET   636 PM CST


-  INDICATES NEGATIVE NUMBERS.
R  INDICATES RECORD WAS SET OR TIED.
MM INDICATES DATA IS MISSING.
T  INDICATES TRACE AMOUNT.




$$
