000
CDUS44 KSJT 222225
CLIABI


CLIMATE REPORT
NATIONAL WEATHER SERVICE SAN ANGELO TX
525 PM CDT SAT JUL 22 2017


...................................

...THE ABILENE CLIMATE SUMMARY FOR JULY 22 2017...
VALID TODAY AS OF 0500 PM LOCAL TIME.

CLIMATE NORMAL PERIOD 1981 TO 2010
CLIMATE RECORD PERIOD 1886 TO 2017


WEATHER ITEM   OBSERVED TIME   RECORD YEAR NORMAL DEPARTURE LAST
                VALUE   (LST)  VALUE       VALUE  FROM      YEAR
                                                  NORMAL
..................................................................
TEMPERATURE (F)
 TODAY
  MAXIMUM        100    359 PM 106    1943  95      5       99
  MINIMUM         74    610 AM  64    1970  72      2       76
  AVERAGE         87                        84      3       88

PRECIPITATION (IN)
  TODAY            0.00          2.90 1902   0.05  -0.05     0.00
  MONTH TO DATE    1.04                      1.35  -0.31     0.40
  SINCE JUN 1      2.71                      4.91  -2.20     3.53
  SINCE JAN 1     10.58                     13.85  -3.27    21.33

DEGREE DAYS
 HEATING
  TODAY            0                         0      0        0
  MONTH TO DATE    0                         0      0        0
  SINCE JUN 1      0                         1     -1        0
  SINCE JUL 1      0                         0      0        0

 COOLING
  TODAY           22                        19      3       23
  MONTH TO DATE  393                       391      2      487
  SINCE JUN 1    839                       826     13      940
  SINCE JAN 1   1258                      1223     35     1249
..................................................................


WIND (MPH)
  HIGHEST WIND SPEED    18   HIGHEST WIND DIRECTION     S (160)
  HIGHEST GUST SPEED    23   HIGHEST GUST DIRECTION     S (200)
  AVERAGE WIND SPEED    10.2


SKY COVER
  POSSIBLE SUNSHINE  MM
  AVERAGE SKY COVER 0.1


WEATHER CONDITIONS
 THE FOLLOWING WEATHER WAS RECORDED TODAY.
  NO SIGNIFICANT WEATHER WAS OBSERVED.


RELATIVE HUMIDITY (PERCENT)
 HIGHEST    68           500 AM
 LOWEST     29           300 PM
 AVERAGE    49

..........................................................


THE ABILENE CLIMATE NORMALS FOR TOMORROW
                         NORMAL    RECORD    YEAR
 MAXIMUM TEMPERATURE (F)   95       107      1943
                                             1911
 MINIMUM TEMPERATURE (F)   73        62      1915


SUNRISE AND SUNSET
JULY 22 2017..........SUNRISE   647 AM CDT   SUNSET   843 PM CDT
JULY 23 2017..........SUNRISE   648 AM CDT   SUNSET   843 PM CDT


-  INDICATES NEGATIVE NUMBERS.
R  INDICATES RECORD WAS SET OR TIED.
MM INDICATES DATA IS MISSING.
T  INDICATES TRACE AMOUNT.




$$
