000
CDUS44 KSJT 220653
CLIABI


CLIMATE REPORT
NATIONAL WEATHER SERVICE SAN ANGELO TX
152 AM CDT TUE JUL 22 2014


...................................

...THE ABILENE CLIMATE SUMMARY FOR JULY 21 2014...

CLIMATE NORMAL PERIOD 1981 TO 2010
CLIMATE RECORD PERIOD 1886 TO 2014


WEATHER ITEM   OBSERVED TIME   RECORD YEAR NORMAL DEPARTURE LAST
                VALUE   (LST)  VALUE       VALUE  FROM      YEAR
                                                  NORMAL
..................................................................
TEMPERATURE (F)
 YESTERDAY
  MAXIMUM         97    324 PM 104    1943  95      2       93
                                      1939
  MINIMUM         76    603 AM  62    1970  72      4       72
  AVERAGE         87                        84      3       83

PRECIPITATION (IN)
  YESTERDAY        0.00          0.99 1944   0.06  -0.06     0.00
  MONTH TO DATE    2.09                      1.30   0.79     4.39
  SINCE JUN 1      5.84                      4.86   0.98     9.52
  SINCE JAN 1      9.83                     13.80  -3.97    15.74

DEGREE DAYS
 HEATING
  YESTERDAY        0                         0      0        0
  MONTH TO DATE    0                         0      0        0
  SINCE JUN 1      0                         1     -1        0
  SINCE JUL 1      0                         0      0        0

 COOLING
  YESTERDAY       22                        19      3       18
  MONTH TO DATE  378                       372      6      344
  SINCE JUN 1    845                       807     38      868
  SINCE JAN 1   1359                      1204    155     1349
..................................................................


WIND (MPH)
  HIGHEST WIND SPEED    17   HIGHEST WIND DIRECTION     S (160)
  HIGHEST GUST SPEED    23   HIGHEST GUST DIRECTION    SE (150)
  AVERAGE WIND SPEED    10.6


SKY COVER
  POSSIBLE SUNSHINE  MM
  AVERAGE SKY COVER 0.1


WEATHER CONDITIONS
 THE FOLLOWING WEATHER WAS RECORDED YESTERDAY.
  NO SIGNIFICANT WEATHER WAS OBSERVED.


RELATIVE HUMIDITY (PERCENT)
 HIGHEST    85           700 AM
 LOWEST     38           300 PM
 AVERAGE    62

..........................................................


THE ABILENE CLIMATE NORMALS FOR TODAY
                         NORMAL    RECORD    YEAR
 MAXIMUM TEMPERATURE (F)   95       106      1943
 MINIMUM TEMPERATURE (F)   72        64      1970


SUNRISE AND SUNSET
JULY 22 2014..........SUNRISE   647 AM CDT   SUNSET   843 PM CDT
JULY 23 2014..........SUNRISE   647 AM CDT   SUNSET   843 PM CDT


-  INDICATES NEGATIVE NUMBERS.
R  INDICATES RECORD WAS SET OR TIED.
MM INDICATES DATA IS MISSING.
T  INDICATES TRACE AMOUNT.




$$
