000
CDUS45 KABQ 280835
CLIABQ


CLIMATE REPORT
NATIONAL WEATHER SERVICE ALBUQUERQUE NM
234 AM MDT SUN MAY 28 2017


...................................

...THE ALBUQUERQUE  NM CLIMATE SUMMARY FOR MAY 27 2017...

CLIMATE NORMAL PERIOD 1981 TO 2010
CLIMATE RECORD PERIOD 1891 TO 2017


WEATHER ITEM   OBSERVED TIME   RECORD YEAR NORMAL DEPARTURE LAST
                VALUE   (LST)  VALUE       VALUE  FROM      YEAR
                                                  NORMAL
..................................................................
TEMPERATURE (F)
 YESTERDAY
  MAXIMUM         84    303 PM  98    1951  83      1       77
  MINIMUM         51    433 AM  30    1917  56     -5       45
  AVERAGE         68                        69     -1       61

PRECIPITATION (IN)
  YESTERDAY        0.00          0.53 1937   0.01  -0.01
  MONTH TO DATE    0.16                      0.43  -0.27
  SINCE MAR 1      1.14                      1.61  -0.47
  SINCE JAN 1      2.53                      2.47   0.06

SNOWFALL (IN)
  YESTERDAY        0.0
  MONTH TO DATE    0.0
  SINCE MAR 1      0.7
  SINCE JUL 1      3.6
  SNOW DEPTH       0

DEGREE DAYS
 HEATING
  YESTERDAY        0                         1     -1        4
  MONTH TO DATE   72                        68      4       90
  SINCE MAR 1    618                       869   -251      774
  SINCE JUL 1   3300                      4172   -872     3784

 COOLING
  YESTERDAY        3                         5     -2        0
  MONTH TO DATE   58                        70    -12       48
  SINCE MAR 1     63                        77    -14       53
  SINCE JAN 1     63                        77    -14       53
..................................................................


WIND (MPH)
  HIGHEST WIND SPEED    25   HIGHEST WIND DIRECTION    SW (240)
  HIGHEST GUST SPEED    32   HIGHEST GUST DIRECTION     W (290)
  AVERAGE WIND SPEED    10.1


SKY COVER
  POSSIBLE SUNSHINE  MM
  AVERAGE SKY COVER 0.2


WEATHER CONDITIONS
 THE FOLLOWING WEATHER WAS RECORDED YESTERDAY.
  NO SIGNIFICANT WEATHER WAS OBSERVED.


RELATIVE HUMIDITY (PERCENT)
 HIGHEST    19           500 AM
 LOWEST      6           200 PM
 AVERAGE    13

..........................................................


THE ALBUQUERQUE  NM CLIMATE NORMALS FOR TODAY
                         NORMAL    RECORD    YEAR
 MAXIMUM TEMPERATURE (F)   83        97      1951
 MINIMUM TEMPERATURE (F)   56        38      1916


SUNRISE AND SUNSET
MAY 28 2017...........SUNRISE   555 AM MDT   SUNSET   813 PM MDT
MAY 29 2017...........SUNRISE   555 AM MDT   SUNSET   814 PM MDT


-  INDICATES NEGATIVE NUMBERS.
R  INDICATES RECORD WAS SET OR TIED.
MM INDICATES DATA IS MISSING.
T  INDICATES TRACE AMOUNT.




$$
