000
CDUS45 KABQ 010845
CLIABQ


CLIMATE REPORT
NATIONAL WEATHER SERVICE ALBUQUERQUE NM
245 AM MDT SAT NOV 1 2014


...................................

...THE ALBUQUERQUE  NM CLIMATE SUMMARY FOR OCTOBER 31 2014...

CLIMATE NORMAL PERIOD 1981 TO 2010
CLIMATE RECORD PERIOD 1897 TO 2014


WEATHER ITEM   OBSERVED TIME   RECORD YEAR NORMAL DEPARTURE LAST
                VALUE   (LST)  VALUE       VALUE  FROM      YEAR
                                                  NORMAL
..................................................................
TEMPERATURE (F)
 YESTERDAY
  MAXIMUM         70    338 PM  79    1950  63      7       57
  MINIMUM         52    721 AM  21    1991  40     12       31
  AVERAGE         61                        52      9       44

PRECIPITATION (IN)
  YESTERDAY        0.01          0.49 1920   0.02  -0.01
  MONTH TO DATE    0.63                      1.02  -0.39
  SINCE SEP 1      1.36                      2.10  -0.74
  SINCE JAN 1      7.42                      8.38  -0.96

SNOWFALL (IN)
  YESTERDAY        0.0
  MONTH TO DATE    0.0
  SINCE SEP 1      0.0
  SINCE JUL 1      0.0
  SNOW DEPTH       0

DEGREE DAYS
 HEATING
  YESTERDAY        4                        13     -9       21
  MONTH TO DATE  104                       241   -137      273
  SINCE SEP 1    113                       266   -153      297
  SINCE JUL 1    113                       266   -153      297

 COOLING
  YESTERDAY        0                         0      0        0
  MONTH TO DATE    3                        10     -7        1
  SINCE SEP 1    214                       165     49      190
  SINCE JAN 1   1444                      1322    122     1565
..................................................................


WIND (MPH)
  HIGHEST WIND SPEED    22   HIGHEST WIND DIRECTION     E (80)
  HIGHEST GUST SPEED    27   HIGHEST GUST DIRECTION     E (70)
  AVERAGE WIND SPEED    11.9


SKY COVER
  POSSIBLE SUNSHINE  MM
  AVERAGE SKY COVER 0.4


WEATHER CONDITIONS
 THE FOLLOWING WEATHER WAS RECORDED YESTERDAY.
  NO SIGNIFICANT WEATHER WAS OBSERVED.


RELATIVE HUMIDITY (PERCENT)
 HIGHEST    62          1100 PM
 LOWEST     23           300 PM
 AVERAGE    43

..........................................................


THE ALBUQUERQUE  NM CLIMATE NORMALS FOR TODAY
                         NORMAL    RECORD    YEAR
 MAXIMUM TEMPERATURE (F)   63        78      1918
 MINIMUM TEMPERATURE (F)   40        21      1991


SUNRISE AND SUNSET
NOVEMBER  1 2014......SUNRISE   728 AM MDT   SUNSET   612 PM MDT
NOVEMBER  2 2014......SUNRISE   629 AM MST   SUNSET   511 PM MST


-  INDICATES NEGATIVE NUMBERS.
R  INDICATES RECORD WAS SET OR TIED.
MM INDICATES DATA IS MISSING.
T  INDICATES TRACE AMOUNT.




$$
