000
CDUS45 KABQ 300827
CLIABQ


CLIMATE REPORT
NATIONAL WEATHER SERVICE ALBUQUERQUE NM
227 AM MDT THU JUL 30 2015


...................................

...THE ALBUQUERQUE  NM CLIMATE SUMMARY FOR JULY 29 2015...

CLIMATE NORMAL PERIOD 1981 TO 2010
CLIMATE RECORD PERIOD 1891 TO 2015


WEATHER ITEM   OBSERVED TIME   RECORD YEAR NORMAL DEPARTURE LAST
                VALUE   (LST)  VALUE       VALUE  FROM      YEAR
                                                  NORMAL
..................................................................
TEMPERATURE (F)
 YESTERDAY
  MAXIMUM         83    104 PM 103    1978  89     -6       86
  MINIMUM         66   1138 PM  50    1913  66      0       65
  AVERAGE         75                        78     -3       76

PRECIPITATION (IN)
  YESTERDAY        0.25          1.09 1921   0.06   0.19
  MONTH TO DATE    3.27                      1.38   1.89
  SINCE JUN 1      3.83                      2.04   1.79
  SINCE JAN 1      7.47                      4.58   2.89

SNOWFALL (IN)
  YESTERDAY        0.0
  MONTH TO DATE    0.0
  SINCE JUN 1      0.0
  SINCE JUL 1      0.0
  SNOW DEPTH       0

DEGREE DAYS
 HEATING
  YESTERDAY        0                         0      0        0
  MONTH TO DATE    0                         0      0        0
  SINCE JUN 1      0                         4     -4        0
  SINCE JUL 1      0                         0      0        0

 COOLING
  YESTERDAY       10                        13     -3       11
  MONTH TO DATE  354                       388    -34      418
  SINCE JUN 1    741                       690     51      804
  SINCE JAN 1    774                       788    -14      916
..................................................................


WIND (MPH)
  HIGHEST WIND SPEED    31   HIGHEST WIND DIRECTION     E (80)
  HIGHEST GUST SPEED    39   HIGHEST GUST DIRECTION     E (80)
  AVERAGE WIND SPEED     9.0


SKY COVER
  POSSIBLE SUNSHINE  MM
  AVERAGE SKY COVER 0.8


WEATHER CONDITIONS
 THE FOLLOWING WEATHER WAS RECORDED YESTERDAY.
  THUNDERSTORM
  HEAVY RAIN
  LIGHT RAIN
  FOG


RELATIVE HUMIDITY (PERCENT)
 HIGHEST    73           900 PM
 LOWEST     37           100 PM
 AVERAGE    55

..........................................................


THE ALBUQUERQUE  NM CLIMATE NORMALS FOR TODAY
                         NORMAL    RECORD    YEAR
 MAXIMUM TEMPERATURE (F)   89       102      1951
 MINIMUM TEMPERATURE (F)   66        53      1913


SUNRISE AND SUNSET
JULY 30 2015..........SUNRISE   614 AM MDT   SUNSET   811 PM MDT
JULY 31 2015..........SUNRISE   615 AM MDT   SUNSET   810 PM MDT


-  INDICATES NEGATIVE NUMBERS.
R  INDICATES RECORD WAS SET OR TIED.
MM INDICATES DATA IS MISSING.
T  INDICATES TRACE AMOUNT.




$$
