000
CDUS45 KABQ 130831
CLIABQ


CLIMATE REPORT
NATIONAL WEATHER SERVICE ALBUQUERQUE NM
229 AM MDT SUN JUL 13 2014


...................................

...THE ALBUQUERQUE  NM CLIMATE SUMMARY FOR JULY 12 2014...

CLIMATE NORMAL PERIOD 1981 TO 2010
CLIMATE RECORD PERIOD 1897 TO 2014


WEATHER ITEM   OBSERVED TIME   RECORD YEAR NORMAL DEPARTURE LAST
                VALUE   (LST)  VALUE       VALUE  FROM      YEAR
                                                  NORMAL
..................................................................
TEMPERATURE (F)
 YESTERDAY
  MAXIMUM         91    445 PM 102    1979  91      0       92
                                      1971
  MINIMUM         66    238 AM  54    1926  67     -1       71
                                      1895
  AVERAGE         79                        79      0       82

PRECIPITATION (IN)
  YESTERDAY        T             1.40 1910   0.05  -0.05
  MONTH TO DATE    0.87                      0.50   0.37
  SINCE JUN 1      0.98                      1.16  -0.18
  SINCE JAN 1      1.99                      3.70  -1.71

SNOWFALL (IN)
  YESTERDAY        0.0
  MONTH TO DATE    0.0
  SINCE JUN 1      0.0
  SINCE JUL 1      0.0
  SNOW DEPTH       0

DEGREE DAYS
 HEATING
  YESTERDAY        0                         0      0        0
  MONTH TO DATE    0                         0      0        0
  SINCE JUN 1      0                         4     -4        0
  SINCE JUL 1      0                         0      0        0

 COOLING
  YESTERDAY       14                        14      0       17
  MONTH TO DATE  168                       164      4      171
  SINCE JUN 1    554                       466     88      626
  SINCE JAN 1    666                       564    102      743
..................................................................


WIND (MPH)
  HIGHEST WIND SPEED    17   HIGHEST WIND DIRECTION     E (80)
  HIGHEST GUST SPEED    20   HIGHEST GUST DIRECTION     E (80)
  AVERAGE WIND SPEED     5.8


SKY COVER
  POSSIBLE SUNSHINE  MM
  AVERAGE SKY COVER 0.3


WEATHER CONDITIONS
 THE FOLLOWING WEATHER WAS RECORDED YESTERDAY.
  THUNDERSTORM


RELATIVE HUMIDITY (PERCENT)
 HIGHEST    68           100 AM
 LOWEST     26           400 PM
 AVERAGE    47

..........................................................


THE ALBUQUERQUE  NM CLIMATE NORMALS FOR TODAY
                         NORMAL    RECORD    YEAR
 MAXIMUM TEMPERATURE (F)   91       104      1979
                                             1971
 MINIMUM TEMPERATURE (F)   67        51      1895


SUNRISE AND SUNSET
JULY 13 2014..........SUNRISE   602 AM MDT   SUNSET   822 PM MDT
JULY 14 2014..........SUNRISE   603 AM MDT   SUNSET   821 PM MDT


-  INDICATES NEGATIVE NUMBERS.
R  INDICATES RECORD WAS SET OR TIED.
MM INDICATES DATA IS MISSING.
T  INDICATES TRACE AMOUNT.

$$
