000
CDUS45 KABQ 020831
CLIABQ


CLIMATE REPORT
NATIONAL WEATHER SERVICE ALBUQUERQUE NM
230 AM MDT MON MAY 2 2016


...................................

...THE ALBUQUERQUE  NM CLIMATE SUMMARY FOR MAY 1 2016...

CLIMATE NORMAL PERIOD 1981 TO 2010
CLIMATE RECORD PERIOD 1891 TO 2016


WEATHER ITEM   OBSERVED TIME   RECORD YEAR NORMAL DEPARTURE LAST
                VALUE   (LST)  VALUE       VALUE  FROM      YEAR
                                                  NORMAL
..................................................................
TEMPERATURE (F)
 YESTERDAY
  MAXIMUM         53    140 PM  88    1992  74    -21       83
  MINIMUM         40   1159 PM  28    1967  48     -8       51
  AVERAGE         47                        61    -14       67

PRECIPITATION (IN)
  YESTERDAY        0.02          0.68 2007   0.01   0.01
  MONTH TO DATE    0.02                      0.01   0.01
  SINCE MAR 1      0.68                      1.19  -0.51
  SINCE JAN 1      1.10                      2.05  -0.95

SNOWFALL (IN)
  YESTERDAY        T
  MONTH TO DATE    T
  SINCE MAR 1      T
  SINCE JUL 1      9.8
  SNOW DEPTH       0

DEGREE DAYS
 HEATING
  YESTERDAY       18                         5     13        0
  MONTH TO DATE   18                         5     13        0
  SINCE MAR 1    702                       806   -104      605
  SINCE JUL 1   3712                      4109   -397     3526

 COOLING
  YESTERDAY        0                         1     -1        2
  MONTH TO DATE    0                         1     -1        2
  SINCE MAR 1      5                         8     -3        2
  SINCE JAN 1      5                         8     -3        2
..................................................................


WIND (MPH)
  HIGHEST WIND SPEED    41   HIGHEST WIND DIRECTION     E (80)
  HIGHEST GUST SPEED    49   HIGHEST GUST DIRECTION     E (90)
  AVERAGE WIND SPEED    26.0


SKY COVER
  POSSIBLE SUNSHINE  MM
  AVERAGE SKY COVER 0.8


WEATHER CONDITIONS
 THE FOLLOWING WEATHER WAS RECORDED YESTERDAY.
  RAIN
  LIGHT RAIN
  SLEET
  TORNADO


RELATIVE HUMIDITY (PERCENT)
 HIGHEST    79           700 PM
 LOWEST     41           100 PM
 AVERAGE    60

..........................................................


THE ALBUQUERQUE  NM CLIMATE NORMALS FOR TODAY
                         NORMAL    RECORD    YEAR
 MAXIMUM TEMPERATURE (F)   74        89      1943
                                             1902
 MINIMUM TEMPERATURE (F)   48        29      1967


SUNRISE AND SUNSET
MAY  2 2016...........SUNRISE   614 AM MDT   SUNSET   753 PM MDT
MAY  3 2016...........SUNRISE   613 AM MDT   SUNSET   754 PM MDT


-  INDICATES NEGATIVE NUMBERS.
R  INDICATES RECORD WAS SET OR TIED.
MM INDICATES DATA IS MISSING.
T  INDICATES TRACE AMOUNT.




$$
