000
CDUS45 KABQ 300828
CLIABQ


CLIMATE REPORT
NATIONAL WEATHER SERVICE ALBUQUERQUE NM
228 AM MDT WED JUL 30 2014


...................................

...THE ALBUQUERQUE  NM CLIMATE SUMMARY FOR JULY 29 2014...

CLIMATE NORMAL PERIOD 1981 TO 2010
CLIMATE RECORD PERIOD 1897 TO 2014


WEATHER ITEM   OBSERVED TIME   RECORD YEAR NORMAL DEPARTURE LAST
                VALUE   (LST)  VALUE       VALUE  FROM      YEAR
                                                  NORMAL
..................................................................
TEMPERATURE (F)
 YESTERDAY
  MAXIMUM         86    242 PM 103    1978  89     -3       92
  MINIMUM         65    354 PM  50    1913  66     -1       64
  AVERAGE         76                        78     -2       78

PRECIPITATION (IN)
  YESTERDAY        1.06          1.09 1921   0.06   0.00
  MONTH TO DATE    3.34                      1.38   1.96
  SINCE JUN 1      3.45                      2.04   1.41
  SINCE JAN 1      4.46                      4.58  -0.12

SNOWFALL (IN)
  YESTERDAY        0.0
  MONTH TO DATE    0.0
  SINCE JUN 1      0.0
  SINCE JUL 1      0.0
  SNOW DEPTH       0

DEGREE DAYS
 HEATING
  YESTERDAY        0                         0      0        0
  MONTH TO DATE    0                         0      0        0
  SINCE JUN 1      0                         4     -4        0
  SINCE JUL 1      0                         0      0        0

 COOLING
  YESTERDAY       11                        13     -2       13
  MONTH TO DATE  418                       388     30      372
  SINCE JUN 1    804                       690    114      827
  SINCE JAN 1    916                       788    128      944
..................................................................


WIND (MPH)
  HIGHEST WIND SPEED    23   HIGHEST WIND DIRECTION    SE (130)
  HIGHEST GUST SPEED    27   HIGHEST GUST DIRECTION     W (290)
  AVERAGE WIND SPEED     6.8


SKY COVER
  POSSIBLE SUNSHINE  MM
  AVERAGE SKY COVER 0.7


WEATHER CONDITIONS
 THE FOLLOWING WEATHER WAS RECORDED YESTERDAY.
  THUNDERSTORM
  HEAVY RAIN
  LIGHT RAIN
  FOG
  HAZE


RELATIVE HUMIDITY (PERCENT)
 HIGHEST    81           500 AM
 LOWEST     34           300 PM
 AVERAGE    58

..........................................................


THE ALBUQUERQUE  NM CLIMATE NORMALS FOR TODAY
                         NORMAL    RECORD    YEAR
 MAXIMUM TEMPERATURE (F)   89       102      1951
 MINIMUM TEMPERATURE (F)   66        53      1913


SUNRISE AND SUNSET
JULY 30 2014..........SUNRISE   614 AM MDT   SUNSET   811 PM MDT
JULY 31 2014..........SUNRISE   615 AM MDT   SUNSET   810 PM MDT


-  INDICATES NEGATIVE NUMBERS.
R  INDICATES RECORD WAS SET OR TIED.
MM INDICATES DATA IS MISSING.
T  INDICATES TRACE AMOUNT.




$$
