000
CDUS45 KABQ 240825
CLIABQ


CLIMATE REPORT
NATIONAL WEATHER SERVICE ALBUQUERQUE NM
225 AM MDT TUE MAY 24 2016


...................................

...THE ALBUQUERQUE  NM CLIMATE SUMMARY FOR MAY 23 2016...

CLIMATE NORMAL PERIOD 1981 TO 2010
CLIMATE RECORD PERIOD 1891 TO 2016


WEATHER ITEM   OBSERVED TIME   RECORD YEAR NORMAL DEPARTURE LAST
                VALUE   (LST)  VALUE       VALUE  FROM      YEAR
                                                  NORMAL
..................................................................
TEMPERATURE (F)
 YESTERDAY
  MAXIMUM         85    454 PM  97    2000  81      4       73
  MINIMUM         51    528 AM  36    1975  55     -4       51
  AVERAGE         68                        68      0       62

PRECIPITATION (IN)
  YESTERDAY        0.00          0.76 1937   0.02  -0.02
  MONTH TO DATE    0.11                      0.37  -0.26
  SINCE MAR 1      0.77                      1.55  -0.78
  SINCE JAN 1      1.19                      2.41  -1.22

SNOWFALL (IN)
  YESTERDAY        0.0
  MONTH TO DATE    T
  SINCE MAR 1      T
  SINCE JUL 1      9.8
  SNOW DEPTH       0

DEGREE DAYS
 HEATING
  YESTERDAY        0                         1     -1        3
  MONTH TO DATE   83                        64     19      109
  SINCE MAR 1    767                       865    -98      714
  SINCE JUL 1   3777                      4168   -391     3635

 COOLING
  YESTERDAY        3                         4     -1        0
  MONTH TO DATE   43                        51     -8        4
  SINCE MAR 1     48                        58    -10        4
  SINCE JAN 1     48                        58    -10        4
..................................................................


WIND (MPH)
  HIGHEST WIND SPEED    24   HIGHEST WIND DIRECTION     S (190)
  HIGHEST GUST SPEED    32   HIGHEST GUST DIRECTION     S (190)
  AVERAGE WIND SPEED     7.0


SKY COVER
  POSSIBLE SUNSHINE  MM
  AVERAGE SKY COVER 0.2


WEATHER CONDITIONS
 THE FOLLOWING WEATHER WAS RECORDED YESTERDAY.
  NO SIGNIFICANT WEATHER WAS OBSERVED.


RELATIVE HUMIDITY (PERCENT)
 HIGHEST    38           500 AM
 LOWEST      6           500 PM
 AVERAGE    22

..........................................................


THE ALBUQUERQUE  NM CLIMATE NORMALS FOR TODAY
                         NORMAL    RECORD    YEAR
 MAXIMUM TEMPERATURE (F)   82        96      1984
 MINIMUM TEMPERATURE (F)   55        38      1971


SUNRISE AND SUNSET
MAY 24 2016...........SUNRISE   557 AM MDT   SUNSET   810 PM MDT
MAY 25 2016...........SUNRISE   556 AM MDT   SUNSET   811 PM MDT


-  INDICATES NEGATIVE NUMBERS.
R  INDICATES RECORD WAS SET OR TIED.
MM INDICATES DATA IS MISSING.
T  INDICATES TRACE AMOUNT.




$$
