000
CDUS45 KABQ 250012
CLIABQ


CLIMATE REPORT
NATIONAL WEATHER SERVICE ALBUQUERQUE NM
512 PM MST WED DEC 24 2014


...................................

...THE ALBUQUERQUE  NM CLIMATE SUMMARY FOR DECEMBER 24 2014...
VALID TODAY AS OF 0500 PM LOCAL TIME.

CLIMATE NORMAL PERIOD 1981 TO 2010
CLIMATE RECORD PERIOD 1897 TO 2014


WEATHER ITEM   OBSERVED TIME   RECORD YEAR NORMAL DEPARTURE LAST
                VALUE   (LST)  VALUE       VALUE  FROM      YEAR
                                                  NORMAL
..................................................................
TEMPERATURE (F)
 TODAY
  MAXIMUM         42    301 PM  71    1915  45     -3       48
  MINIMUM         18    700 AM  -2    1990  26     -8       24
  AVERAGE         30                        35     -5       36

PRECIPITATION (IN)
  TODAY            0.00          0.75 1914   0.02  -0.02
  MONTH TO DATE    1.11                      0.40   0.71
  SINCE DEC 1      1.11                      0.40   0.71
  SINCE JAN 1      8.78                      9.35  -0.57

SNOWFALL (IN)
  TODAY            0.0
  MONTH TO DATE    0.9
  SINCE DEC 1      0.9
  SINCE JUL 1      0.9
  SNOW DEPTH       0

DEGREE DAYS
 HEATING
  TODAY           35                        30      5       29
  MONTH TO DATE  532                       681   -149      701
  SINCE DEC 1    532                       681   -149      701
  SINCE JUL 1   1215                      1548   -333     1591

 COOLING
  TODAY            0                         0      0        0
  MONTH TO DATE    0                         0      0        0
  SINCE DEC 1      0                         0      0        0
  SINCE JAN 1   1444                      1322    122     1565
..................................................................


WIND (MPH)
  HIGHEST WIND SPEED     9   HIGHEST WIND DIRECTION    SW (220)
  HIGHEST GUST SPEED    14   HIGHEST GUST DIRECTION    SW (210)
  AVERAGE WIND SPEED     3.2


SKY COVER
  POSSIBLE SUNSHINE  MM
  AVERAGE SKY COVER 0.1



RELATIVE HUMIDITY (PERCENT)
 HIGHEST    74           700 AM
 LOWEST     25           300 PM
 AVERAGE    50

..........................................................


THE ALBUQUERQUE  NM CLIMATE NORMALS FOR TOMORROW
                         NORMAL    RECORD    YEAR
 MAXIMUM TEMPERATURE (F)   45        63      1955
 MINIMUM TEMPERATURE (F)   26        -8      1924


SUNRISE AND SUNSET
DECEMBER 24 2014......SUNRISE   712 AM MST   SUNSET   500 PM MST
DECEMBER 25 2014......SUNRISE   712 AM MST   SUNSET   501 PM MST


-  INDICATES NEGATIVE NUMBERS.
R  INDICATES RECORD WAS SET OR TIED.
MM INDICATES DATA IS MISSING.
T  INDICATES TRACE AMOUNT.




$$
