000
CDUS45 KABQ 220828
CLIABQ


CLIMATE REPORT
NATIONAL WEATHER SERVICE ALBUQUERQUE NM
228 AM MDT FRI SEP 22 2017


...................................

...THE ALBUQUERQUE  NM CLIMATE SUMMARY FOR SEPTEMBER 21 2017...

CLIMATE NORMAL PERIOD 1981 TO 2010
CLIMATE RECORD PERIOD 1891 TO 2017


WEATHER ITEM   OBSERVED TIME   RECORD YEAR NORMAL DEPARTURE LAST
                VALUE   (LST)  VALUE       VALUE  FROM      YEAR
                                                  NORMAL
..................................................................
TEMPERATURE (F)
 YESTERDAY
  MAXIMUM         86    449 PM  91    1966  79      7       87
                                      1944
                                      1926
  MINIMUM         60    612 AM  32    1912  56      4       64
  AVERAGE         73                        67      6       76

PRECIPITATION (IN)
  YESTERDAY        0.00          1.04 1997   0.04  -0.04
  MONTH TO DATE    0.10                      0.75  -0.65
  SINCE SEP 1      0.10                      0.75  -0.65
  SINCE JAN 1      5.53                      7.03  -1.50

SNOWFALL (IN)
  YESTERDAY        0.0
  MONTH TO DATE    0.0
  SINCE SEP 1      0.0
  SINCE JUL 1      0.0
  SNOW DEPTH       0

DEGREE DAYS
 HEATING
  YESTERDAY        0                         1     -1        0
  MONTH TO DATE    0                         7     -7        0
  SINCE SEP 1      0                         7     -7        0
  SINCE JUL 1      0                         7     -7        0

 COOLING
  YESTERDAY        8                         4      4       11
  MONTH TO DATE  206                       135     71      171
  SINCE SEP 1    206                       135     71      171
  SINCE JAN 1   1516                      1292    224     1483
..................................................................


WIND (MPH)
  HIGHEST WIND SPEED    25   HIGHEST WIND DIRECTION     S (180)
  HIGHEST GUST SPEED    32   HIGHEST GUST DIRECTION     S (180)
  AVERAGE WIND SPEED     8.5


SKY COVER
  POSSIBLE SUNSHINE  MM
  AVERAGE SKY COVER 0.1


WEATHER CONDITIONS
 THE FOLLOWING WEATHER WAS RECORDED YESTERDAY.
  NO SIGNIFICANT WEATHER WAS OBSERVED.


RELATIVE HUMIDITY (PERCENT)
 HIGHEST    39           600 AM
 LOWEST     14           200 PM
 AVERAGE    27

..........................................................


THE ALBUQUERQUE  NM CLIMATE NORMALS FOR TODAY
                         NORMAL    RECORD    YEAR
 MAXIMUM TEMPERATURE (F)   79        90      1966
                                             1944
 MINIMUM TEMPERATURE (F)   56        26      1912


SUNRISE AND SUNSET
SEPTEMBER 22 2017.....SUNRISE   655 AM MDT   SUNSET   703 PM MDT
SEPTEMBER 23 2017.....SUNRISE   655 AM MDT   SUNSET   701 PM MDT


-  INDICATES NEGATIVE NUMBERS.
R  INDICATES RECORD WAS SET OR TIED.
MM INDICATES DATA IS MISSING.
T  INDICATES TRACE AMOUNT.




$$
