000
CDUS43 KABR 171031
CLIABR


CLIMATE REPORT
NATIONAL WEATHER SERVICE ABERDEEN SD
431 AM CST FRI NOV 17 2017


...................................

...THE ABERDEEN SD CLIMATE SUMMARY FOR NOVEMBER 16 2017...

CLIMATE NORMAL PERIOD 1981 TO 2010
CLIMATE RECORD PERIOD 1893 TO 2017


WEATHER ITEM   OBSERVED TIME   RECORD YEAR NORMAL DEPARTURE LAST
                VALUE   (LST)  VALUE       VALUE  FROM      YEAR
                                                  NORMAL
..................................................................
TEMPERATURE (F)
 YESTERDAY
  MAXIMUM         42   1159 PM  71    2001  39      3       60
  MINIMUM         18    238 AM -12    1955  19     -1       34
  AVERAGE         30                        29      1       47

PRECIPITATION (IN)
  YESTERDAY        0.00          0.55 1987   0.02  -0.02     0.00
  MONTH TO DATE    0.11                      0.43  -0.32     0.00
  SINCE SEP 1      2.81                      4.61  -1.80     3.04
  SINCE JAN 1     14.87                     20.90  -6.03    17.10

SNOWFALL (IN)
  YESTERDAY        0.0           5.5  1987   0.3   -0.3      0.0
  MONTH TO DATE    0.8                       2.9   -2.1      0.0
  SINCE OCT 1      0.8                       3.6   -2.8      0.0
  SINCE JUL 1      0.8                       3.6   -2.8      0.0
  SNOW DEPTH       0

DEGREE DAYS
 HEATING
  YESTERDAY       35                        36     -1       18
  MONTH TO DATE  599                       509     90      267
  SINCE SEP 1   1311                      1349    -38      856
  SINCE JUL 1   1330                      1400    -70      887

 COOLING
  YESTERDAY        0                         0      0        0
  MONTH TO DATE    0                         0      0        0
  SINCE SEP 1     67                        42     25       61
  SINCE JAN 1    552                       525     27      722
..................................................................


WIND (MPH)
  HIGHEST WIND SPEED    32   HIGHEST WIND DIRECTION     S (160)
  HIGHEST GUST SPEED    42   HIGHEST GUST DIRECTION    SE (140)
  AVERAGE WIND SPEED    16.6


SKY COVER
  POSSIBLE SUNSHINE  MM
  AVERAGE SKY COVER 0.4


WEATHER CONDITIONS
 THE FOLLOWING WEATHER WAS RECORDED YESTERDAY.
  NO SIGNIFICANT WEATHER WAS OBSERVED.


RELATIVE HUMIDITY (PERCENT)
 HIGHEST   100           500 AM
 LOWEST     54           300 PM
 AVERAGE    77

..........................................................


THE ABERDEEN SD CLIMATE NORMALS FOR TODAY
                         NORMAL    RECORD    YEAR
 MAXIMUM TEMPERATURE (F)   39        72      1953
 MINIMUM TEMPERATURE (F)   18        -8      1959


SUNRISE AND SUNSET
NOVEMBER 17 2017......SUNRISE   736 AM CST   SUNSET   501 PM CST
NOVEMBER 18 2017......SUNRISE   737 AM CST   SUNSET   500 PM CST


-  INDICATES NEGATIVE NUMBERS.
R  INDICATES RECORD WAS SET OR TIED.
MM INDICATES DATA IS MISSING.
T  INDICATES TRACE AMOUNT.




$$
