000
CDUS43 KABR 211044
CLIABR


CLIMATE REPORT
NATIONAL WEATHER SERVICE ABERDEEN SD
542 AM CDT FRI JUL 21 2017


...................................

...THE ABERDEEN SD CLIMATE SUMMARY FOR JULY 20 2017...

CLIMATE NORMAL PERIOD 1981 TO 2010
CLIMATE RECORD PERIOD 1893 TO 2017


WEATHER ITEM   OBSERVED TIME   RECORD YEAR NORMAL DEPARTURE LAST
                VALUE   (LST)  VALUE       VALUE  FROM      YEAR
                                                  NORMAL
..................................................................
TEMPERATURE (F)
 YESTERDAY
  MAXIMUM         89    417 PM 111    1934  84      5       96
  MINIMUM         60    410 AM  43    1970  60      0       72
  AVERAGE         75                        72      3       84

PRECIPITATION (IN)
  YESTERDAY        T             1.56 2001   0.09  -0.09     0.00
  MONTH TO DATE    1.24                      2.06  -0.82     2.70
  SINCE JUN 1      5.18                      5.76  -0.58     4.11
  SINCE JAN 1      8.56                     12.90  -4.34    11.05

DEGREE DAYS
 HEATING
  YESTERDAY        0                         0      0        0
  MONTH TO DATE    0                         8     -8        8
  SINCE JUN 1     52                        84    -32       28
  SINCE JUL 1      0                         8     -8        8

 COOLING
  YESTERDAY       10                         7      3       19
  MONTH TO DATE  186                       131     55      120
  SINCE JUN 1    319                       223     96      312
  SINCE JAN 1    331                       246     85      345
..................................................................


WIND (MPH)
  HIGHEST WIND SPEED    16   HIGHEST WIND DIRECTION     S (170)
  HIGHEST GUST SPEED    20   HIGHEST GUST DIRECTION     S (170)
  AVERAGE WIND SPEED     5.8


SKY COVER
  POSSIBLE SUNSHINE  MM
  AVERAGE SKY COVER 0.2


WEATHER CONDITIONS
 THE FOLLOWING WEATHER WAS RECORDED YESTERDAY.
  THUNDERSTORM
  LIGHT RAIN
  FOG
  FOG W/VISIBILITY <= 1/4 MILE


RELATIVE HUMIDITY (PERCENT)
 HIGHEST   100          1200 AM
 LOWEST     44           400 PM
 AVERAGE    72

..........................................................


THE ABERDEEN SD CLIMATE NORMALS FOR TODAY
                         NORMAL    RECORD    YEAR
 MAXIMUM TEMPERATURE (F)   84       106      1899
 MINIMUM TEMPERATURE (F)   60        41      1902


SUNRISE AND SUNSET
JULY 21 2017..........SUNRISE   606 AM CDT   SUNSET   914 PM CDT
JULY 22 2017..........SUNRISE   607 AM CDT   SUNSET   913 PM CDT


-  INDICATES NEGATIVE NUMBERS.
R  INDICATES RECORD WAS SET OR TIED.
MM INDICATES DATA IS MISSING.
T  INDICATES TRACE AMOUNT.




$$
