000
CDUS43 KABR 041035
CLIABR


CLIMATE REPORT
NATIONAL WEATHER SERVICE ABERDEEN SD
434 AM CST SUN DEC 4 2016


...................................

...THE ABERDEEN SD CLIMATE SUMMARY FOR DECEMBER 3 2016...

CLIMATE NORMAL PERIOD 1981 TO 2010
CLIMATE RECORD PERIOD 1893 TO 2016


WEATHER ITEM   OBSERVED TIME   RECORD YEAR NORMAL DEPARTURE LAST
                VALUE   (LST)  VALUE       VALUE  FROM      YEAR
                                                  NORMAL
..................................................................
TEMPERATURE (F)
 YESTERDAY
  MAXIMUM         36    318 PM  63    1941  30      6       32
  MINIMUM         22    744 AM -18    1905  10     12        4
                                      1897
  AVERAGE         29                        20      9       18

PRECIPITATION (IN)
  YESTERDAY        T             0.58 1933   0.01  -0.01     0.00
  MONTH TO DATE    T                         0.05  -0.05     0.24
  SINCE DEC 1      T                         0.05  -0.05     0.24
  SINCE JAN 1     18.81                     21.25  -2.44    20.78

SNOWFALL (IN)
  YESTERDAY        T
  MONTH TO DATE    T
  SINCE OCT 1      5.2
  SINCE JUL 1      5.2
  SNOW DEPTH       0

DEGREE DAYS
 HEATING
  YESTERDAY       36                        45     -9       47
  MONTH TO DATE  109                       134    -25      126
  SINCE DEC 1    109                       134    -25      126
  SINCE JUL 1   1459                      2097   -638     1538

 COOLING
  YESTERDAY        0                         0      0        0
  MONTH TO DATE    0                         0      0        0
  SINCE DEC 1      0                         0      0        0
  SINCE JAN 1    722                       525    197      677
..................................................................


WIND (MPH)
  HIGHEST WIND SPEED    21   HIGHEST WIND DIRECTION     S (170)
  HIGHEST GUST SPEED    27   HIGHEST GUST DIRECTION     S (180)
  AVERAGE WIND SPEED    12.7


SKY COVER
  POSSIBLE SUNSHINE  MM
  AVERAGE SKY COVER 0.7


WEATHER CONDITIONS
 THE FOLLOWING WEATHER WAS RECORDED YESTERDAY.
  LIGHT SNOW


RELATIVE HUMIDITY (PERCENT)
 HIGHEST    96           500 PM
 LOWEST     78          1100 AM
 AVERAGE    87

..........................................................


THE ABERDEEN SD CLIMATE NORMALS FOR TODAY
                         NORMAL    RECORD    YEAR
 MAXIMUM TEMPERATURE (F)   29        56      1979
 MINIMUM TEMPERATURE (F)   10       -18      1927


SUNRISE AND SUNSET
DECEMBER  4 2016......SUNRISE   757 AM CST   SUNSET   451 PM CST
DECEMBER  5 2016......SUNRISE   758 AM CST   SUNSET   451 PM CST


-  INDICATES NEGATIVE NUMBERS.
R  INDICATES RECORD WAS SET OR TIED.
MM INDICATES DATA IS MISSING.
T  INDICATES TRACE AMOUNT.




$$
