000
CDUS43 KABR 201034
CLIABR


CLIMATE REPORT
NATIONAL WEATHER SERVICE ABERDEEN SD
532 AM CDT SAT SEP 20 2014


...................................

...THE ABERDEEN SD CLIMATE SUMMARY FOR SEPTEMBER 19 2014...

CLIMATE NORMAL PERIOD 1981 TO 2010
CLIMATE RECORD PERIOD 1893 TO 2014


WEATHER ITEM   OBSERVED TIME   RECORD YEAR NORMAL DEPARTURE LAST
                VALUE   (LST)  VALUE       VALUE  FROM      YEAR
                                                  NORMAL
..................................................................
TEMPERATURE (F)
 YESTERDAY
  MAXIMUM         85    402 PM 101    1895  71     14       69
  MINIMUM         62    842 AM  26    1938  44     18       52
  AVERAGE         74                        57     17       61

PRECIPITATION (IN)
  YESTERDAY        0.01          1.85 1988   0.07  -0.06      T
  MONTH TO DATE    0.23                      1.41  -1.18     1.49
  SINCE SEP 1      0.23                      1.41  -1.18     1.49
  SINCE JAN 1     15.86                     17.70  -1.84    15.25

DEGREE DAYS
 HEATING
  YESTERDAY        0                         8     -8        4
  MONTH TO DATE  159                       105     54       55
  SINCE SEP 1    159                       105     54       55
  SINCE JUL 1    221                       156     65      106

 COOLING
  YESTERDAY        9                         1      8        0
  MONTH TO DATE   14                        35    -21       76
  SINCE SEP 1     14                        35    -21       76
  SINCE JAN 1    318                       518   -200      565
..................................................................


WIND (MPH)
  HIGHEST WIND SPEED    25   HIGHEST WIND DIRECTION    SE (150)
  HIGHEST GUST SPEED    33   HIGHEST GUST DIRECTION    SE (150)
  AVERAGE WIND SPEED    11.1


SKY COVER
  POSSIBLE SUNSHINE  MM
  AVERAGE SKY COVER 0.3


WEATHER CONDITIONS
 THE FOLLOWING WEATHER WAS RECORDED YESTERDAY.
  THUNDERSTORM
  LIGHT RAIN
  FOG


RELATIVE HUMIDITY (PERCENT)
 HIGHEST   100           900 AM
 LOWEST     40           500 PM
 AVERAGE    70

..........................................................


THE ABERDEEN SD CLIMATE NORMALS FOR TODAY
                         NORMAL    RECORD    YEAR
 MAXIMUM TEMPERATURE (F)   70        94      1937
                                             1905
 MINIMUM TEMPERATURE (F)   44        20      1901


SUNRISE AND SUNSET
SEPTEMBER 20 2014.....SUNRISE   718 AM CDT   SUNSET   735 PM CDT
SEPTEMBER 21 2014.....SUNRISE   720 AM CDT   SUNSET   733 PM CDT


-  INDICATES NEGATIVE NUMBERS.
R  INDICATES RECORD WAS SET OR TIED.
MM INDICATES DATA IS MISSING.
T  INDICATES TRACE AMOUNT.




$$
