000
CDUS43 KABR 280914
CLIABR


CLIMATE REPORT
NATIONAL WEATHER SERVICE ABERDEEN SD
413 AM CDT TUE JUL 28 2015


...................................

...THE ABERDEEN SD CLIMATE SUMMARY FOR JULY 27 2015...

CLIMATE NORMAL PERIOD 1981 TO 2010
CLIMATE RECORD PERIOD 1893 TO 2015


WEATHER ITEM   OBSERVED TIME   RECORD YEAR NORMAL DEPARTURE LAST
                VALUE   (LST)  VALUE       VALUE  FROM      YEAR
                                                  NORMAL
..................................................................
TEMPERATURE (F)
 YESTERDAY
  MAXIMUM         92    337 PM 110    1931  84      8       68
  MINIMUM         68    330 AM  41    2013  59      9       53
  AVERAGE         80                        72      8       61

PRECIPITATION (IN)
  YESTERDAY        0.02          2.14 1914   0.08  -0.06     0.00
  MONTH TO DATE    3.50                      2.68   0.82     0.70
  SINCE JUN 1      5.60                      6.38  -0.78     4.01
  SINCE JAN 1     13.82                     13.52   0.30     9.44

DEGREE DAYS
 HEATING
  YESTERDAY        0                         0      0        4
  MONTH TO DATE    5                         8     -3       29
  SINCE JUN 1     19                        84    -65      112
  SINCE JUL 1      5                         8     -3       29

 COOLING
  YESTERDAY       15                         7      8        0
  MONTH TO DATE  225                       180     45      112
  SINCE JUN 1    364                       272     92      158
  SINCE JAN 1    378                       295     83      200
..................................................................


WIND (MPH)
  HIGHEST WIND SPEED    24   HIGHEST WIND DIRECTION    SE (140)
  HIGHEST GUST SPEED    29   HIGHEST GUST DIRECTION     S (160)
  AVERAGE WIND SPEED    11.9


SKY COVER
  POSSIBLE SUNSHINE  MM
  AVERAGE SKY COVER 0.3


WEATHER CONDITIONS
 THE FOLLOWING WEATHER WAS RECORDED YESTERDAY.
  THUNDERSTORM
  HEAVY RAIN
  RAIN
  LIGHT RAIN
  FOG
  HAZE


RELATIVE HUMIDITY (PERCENT)
 HIGHEST    93           100 AM
 LOWEST     52           300 PM
 AVERAGE    73

..........................................................


THE ABERDEEN SD CLIMATE NORMALS FOR TODAY
                         NORMAL    RECORD    YEAR
 MAXIMUM TEMPERATURE (F)   84       109      1975
                                             1917
 MINIMUM TEMPERATURE (F)   59        40      2013


SUNRISE AND SUNSET
JULY 28 2015..........SUNRISE   613 AM CDT   SUNSET   907 PM CDT
JULY 29 2015..........SUNRISE   614 AM CDT   SUNSET   906 PM CDT


-  INDICATES NEGATIVE NUMBERS.
R  INDICATES RECORD WAS SET OR TIED.
MM INDICATES DATA IS MISSING.
T  INDICATES TRACE AMOUNT.




$$
