626
CDUS43 KABR 242355
CLIABR


CLIMATE REPORT
NATIONAL WEATHER SERVICE ABERDEEN SD
554 PM CST FRI FEB 24 2017


...................................

...THE ABERDEEN SD CLIMATE SUMMARY FOR FEBRUARY 24 2017...
VALID TODAY AS OF 0500 PM LOCAL TIME.

CLIMATE NORMAL PERIOD 1981 TO 2010
CLIMATE RECORD PERIOD 1893 TO 2017


WEATHER ITEM   OBSERVED TIME   RECORD YEAR NORMAL DEPARTURE LAST
                VALUE   (LST)  VALUE       VALUE  FROM      YEAR
                                                  NORMAL
..................................................................
TEMPERATURE (F)
 TODAY
  MAXIMUM         31    255 PM  62    1976  31      0       39
  MINIMUM         19    810 AM -26    1940  11      8       20
  AVERAGE         25                        21      4       30

PRECIPITATION (IN)
  TODAY            0.00          0.26 2007   0.03  -0.03     0.01
  MONTH TO DATE    0.12                      0.45  -0.33     0.52
  SINCE DEC 1      2.41                      1.44   0.97     1.30
  SINCE JAN 1      0.63                      0.92  -0.29     0.66

SNOWFALL (IN)
  TODAY            0.0
  MONTH TO DATE    0.7
  SINCE OCT 1     26.9
  SINCE JUL 1     26.9
  SNOW DEPTH       0

DEGREE DAYS
 HEATING
  TODAY           40                        44     -4       35
  MONTH TO DATE  903                      1157   -254      910
  SINCE DEC 1   4111                      4328   -217     3681
  SINCE JUL 1   5461                      6291   -830     5093
..................................................................


WIND (MPH)
  HIGHEST WIND SPEED    28   HIGHEST WIND DIRECTION     N (20)
  HIGHEST GUST SPEED    36   HIGHEST GUST DIRECTION     N (20)
  AVERAGE WIND SPEED    19.9


SKY COVER
  POSSIBLE SUNSHINE  MM
  AVERAGE SKY COVER 0.2


WEATHER CONDITIONS
 THE FOLLOWING WEATHER WAS RECORDED TODAY.
  NO SIGNIFICANT WEATHER WAS OBSERVED.


RELATIVE HUMIDITY (PERCENT)
 HIGHEST    73           300 AM
 LOWEST     47           300 PM
 AVERAGE    60

..........................................................


THE ABERDEEN SD CLIMATE NORMALS FOR TOMORROW
                         NORMAL    RECORD    YEAR
 MAXIMUM TEMPERATURE (F)   31        70      1958
 MINIMUM TEMPERATURE (F)   12       -29      1919


SUNRISE AND SUNSET
FEBRUARY 24 2017......SUNRISE   720 AM CST   SUNSET   614 PM CST
FEBRUARY 25 2017......SUNRISE   718 AM CST   SUNSET   616 PM CST


-  INDICATES NEGATIVE NUMBERS.
R  INDICATES RECORD WAS SET OR TIED.
MM INDICATES DATA IS MISSING.
T  INDICATES TRACE AMOUNT.

&&

PEAK WIND OF 36 MPH FROM THE NORTH AT 129 AM

$$
