000
CDUS43 KABR 231029
CLIABR


CLIMATE REPORT
NATIONAL WEATHER SERVICE ABERDEEN SD
429 AM CST SUN NOV 23 2014


...................................

...THE ABERDEEN SD CLIMATE SUMMARY FOR NOVEMBER 22 2014...

CLIMATE NORMAL PERIOD 1981 TO 2010
CLIMATE RECORD PERIOD 1893 TO 2014


WEATHER ITEM   OBSERVED TIME   RECORD YEAR NORMAL DEPARTURE LAST
                VALUE   (LST)  VALUE       VALUE  FROM      YEAR
                                                  NORMAL
..................................................................
TEMPERATURE (F)
 YESTERDAY
  MAXIMUM         38    340 PM  65    2006  35      3       28
  MINIMUM         19    817 AM -14    1895  16      3       -4
  AVERAGE         29                        26      3       12

PRECIPITATION (IN)
  YESTERDAY        0.00          0.25 1921   0.02  -0.02      T
  MONTH TO DATE    0.53                      0.57  -0.04     0.10
  SINCE SEP 1      1.79                      4.75  -2.96     7.26
  SINCE JAN 1     17.42                     21.04  -3.62    21.02

SNOWFALL (IN)
  YESTERDAY        0.0
  MONTH TO DATE    6.3
  SINCE OCT 1      6.3
  SINCE JUL 1      6.3
  SNOW DEPTH       4

DEGREE DAYS
 HEATING
  YESTERDAY       36                        40     -4       53
  MONTH TO DATE  879                       738    141      766
  SINCE SEP 1   1579                      1578      1     1575
  SINCE JUL 1   1641                      1629     12     1626

 COOLING
  YESTERDAY        0                         0      0        0
  MONTH TO DATE    0                         0      0        0
  SINCE SEP 1     38                        42     -4       91
  SINCE JAN 1    342                       525   -183      580
..................................................................


WIND (MPH)
  HIGHEST WIND SPEED    17   HIGHEST WIND DIRECTION     S (170)
  HIGHEST GUST SPEED    21   HIGHEST GUST DIRECTION     S (170)
  AVERAGE WIND SPEED     9.0


SKY COVER
  POSSIBLE SUNSHINE  MM
  AVERAGE SKY COVER 0.0


WEATHER CONDITIONS
 THE FOLLOWING WEATHER WAS RECORDED YESTERDAY.
  FOG


RELATIVE HUMIDITY (PERCENT)
 HIGHEST    92           100 AM
 LOWEST     75          1200 PM
 AVERAGE    84

..........................................................


THE ABERDEEN SD CLIMATE NORMALS FOR TODAY
                         NORMAL    RECORD    YEAR
 MAXIMUM TEMPERATURE (F)   35        57      1905
 MINIMUM TEMPERATURE (F)   15       -17      1985


SUNRISE AND SUNSET
NOVEMBER 23 2014......SUNRISE   743 AM CST   SUNSET   457 PM CST
NOVEMBER 24 2014......SUNRISE   745 AM CST   SUNSET   456 PM CST


-  INDICATES NEGATIVE NUMBERS.
R  INDICATES RECORD WAS SET OR TIED.
MM INDICATES DATA IS MISSING.
T  INDICATES TRACE AMOUNT.




$$
