000
CDUS43 KABR 242239
CLIABR


CLIMATE REPORT
NATIONAL WEATHER SERVICE ABERDEEN SD
537 PM CDT THU APR 24 2014


...................................

...THE ABERDEEN SD CLIMATE SUMMARY FOR APRIL 24 2014...
VALID TODAY AS OF 0500 PM LOCAL TIME.

CLIMATE NORMAL PERIOD 1981 TO 2010
CLIMATE RECORD PERIOD 1896 TO 2014


WEATHER ITEM   OBSERVED TIME   RECORD YEAR NORMAL DEPARTURE LAST
                VALUE   (LST)  VALUE       VALUE  FROM      YEAR
                                                  NORMAL
..................................................................
TEMPERATURE (F)
 TODAY
  MAXIMUM         67    103 PM  92    1962  62      5       48
  MINIMUM         36    622 AM  17    1956  35      1       23
  AVERAGE         52                        48      4       36

PRECIPITATION (IN)
  TODAY            0.00          1.29 2010   0.09  -0.09     0.02
  MONTH TO DATE    0.18                      1.34  -1.16     2.12
  SINCE MAR 1      0.95                      2.50  -1.55     2.36
  SINCE JAN 1      1.39                      3.52  -2.13     4.20

SNOWFALL (IN)
  TODAY            0.0
  MONTH TO DATE    0.2
  SINCE OCT 1     32.7
  SINCE JUL 1     32.7
  SNOW DEPTH       0

DEGREE DAYS
 HEATING
  TODAY           13                        17     -4       29
  MONTH TO DATE  594                       530     64      809
  SINCE MAR 1   1816                      1618    198     2204
  SINCE JUL 1   8975                      8081    894     8618

 COOLING
  TODAY            0                         0      0        0
  MONTH TO DATE    0                         0      0        0
  SINCE MAR 1      0                         0      0        0
  SINCE JAN 1      0                         0      0        0
..................................................................


WIND (MPH)
  HIGHEST WIND SPEED    35   HIGHEST WIND DIRECTION    NW (320)
  HIGHEST GUST SPEED    41   HIGHEST GUST DIRECTION    NW (310)
  AVERAGE WIND SPEED     9.1


SKY COVER
  POSSIBLE SUNSHINE  MM
  AVERAGE SKY COVER 0.3


WEATHER CONDITIONS
 THE FOLLOWING WEATHER WAS RECORDED TODAY.
  FOG


RELATIVE HUMIDITY (PERCENT)
 HIGHEST   100           400 AM
 LOWEST     20           300 PM
 AVERAGE    60

..........................................................


THE ABERDEEN SD CLIMATE NORMALS FOR TOMORROW
                         NORMAL    RECORD    YEAR
 MAXIMUM TEMPERATURE (F)   62        97      1962
 MINIMUM TEMPERATURE (F)   36        19      2013
                                             1958


SUNRISE AND SUNSET
APRIL 24 2014.........SUNRISE   633 AM CDT   SUNSET   832 PM CDT
APRIL 25 2014.........SUNRISE   631 AM CDT   SUNSET   833 PM CDT


-  INDICATES NEGATIVE NUMBERS.
R  INDICATES RECORD WAS SET OR TIED.
MM INDICATES DATA IS MISSING.
T  INDICATES TRACE AMOUNT.

&&

PEAK WIND WAS 41 MPH FROM THE NORTHWEST AT 420 PM CDT

$$
