000
CDUS43 KABR 191042
CLIABR


CLIMATE REPORT
NATIONAL WEATHER SERVICE ABERDEEN SD
542 AM CDT SAT APR 19 2014


...................................

...THE ABERDEEN SD CLIMATE SUMMARY FOR APRIL 18 2014...

CLIMATE NORMAL PERIOD 1981 TO 2010
CLIMATE RECORD PERIOD 1896 TO 2014


WEATHER ITEM   OBSERVED TIME   RECORD YEAR NORMAL DEPARTURE LAST
                VALUE   (LST)  VALUE       VALUE  FROM      YEAR
                                                  NORMAL
..................................................................
TEMPERATURE (F)
 YESTERDAY
  MAXIMUM         68    501 PM  89    1985  59      9       34
  MINIMUM         33    243 AM  13    1953  33      0       26
  AVERAGE         51                        46      5       30

PRECIPITATION (IN)
  YESTERDAY        T             1.41 1986   0.06  -0.06      T
  MONTH TO DATE    0.11                      0.92  -0.81     1.97
  SINCE MAR 1      0.88                      2.08  -1.20     2.21
  SINCE JAN 1      1.32                      3.10  -1.78     4.05

SNOWFALL (IN)
  YESTERDAY        0.0
  MONTH TO DATE    0.2
  SINCE OCT 1     32.7
  SINCE JUL 1     32.7
  SNOW DEPTH       0

DEGREE DAYS
 HEATING
  YESTERDAY       14                        19     -5       35
  MONTH TO DATE  505                       423     82      601
  SINCE MAR 1   1727                      1511    216     1996
  SINCE JUL 1   8886                      7974    912     8410

 COOLING
  YESTERDAY        0                         0      0        0
  MONTH TO DATE    0                         0      0        0
  SINCE MAR 1      0                         0      0        0
  SINCE JAN 1      0                         0      0        0
..................................................................


WIND (MPH)
  HIGHEST WIND SPEED    38   HIGHEST WIND DIRECTION    SE (150)
  HIGHEST GUST SPEED    48   HIGHEST GUST DIRECTION    SE (140)
  AVERAGE WIND SPEED    21.5


SKY COVER
  POSSIBLE SUNSHINE  MM
  AVERAGE SKY COVER 0.4


WEATHER CONDITIONS
 THE FOLLOWING WEATHER WAS RECORDED YESTERDAY.
  LIGHT RAIN


RELATIVE HUMIDITY (PERCENT)
 HIGHEST    64           700 AM
 LOWEST     32           500 PM
 AVERAGE    48

..........................................................


THE ABERDEEN SD CLIMATE NORMALS FOR TODAY
                         NORMAL    RECORD    YEAR
 MAXIMUM TEMPERATURE (F)   59        91      1915
 MINIMUM TEMPERATURE (F)   33        12      1988


SUNRISE AND SUNSET
APRIL 19 2014.........SUNRISE   641 AM CDT   SUNSET   825 PM CDT
APRIL 20 2014.........SUNRISE   640 AM CDT   SUNSET   826 PM CDT


-  INDICATES NEGATIVE NUMBERS.
R  INDICATES RECORD WAS SET OR TIED.
MM INDICATES DATA IS MISSING.
T  INDICATES TRACE AMOUNT.




$$
