000
CDUS43 KABR 291032
CLIABR


CLIMATE REPORT
NATIONAL WEATHER SERVICE ABERDEEN SD
531 AM CDT SUN MAY 29 2016


...................................

...THE ABERDEEN SD CLIMATE SUMMARY FOR MAY 28 2016...

CLIMATE NORMAL PERIOD 1981 TO 2010
CLIMATE RECORD PERIOD 1893 TO 2016


WEATHER ITEM   OBSERVED TIME   RECORD YEAR NORMAL DEPARTURE LAST
                VALUE   (LST)  VALUE       VALUE  FROM      YEAR
                                                  NORMAL
..................................................................
TEMPERATURE (F)
 YESTERDAY
  MAXIMUM         71    651 PM 102    1934  72     -1       87
  MINIMUM         57   1000 PM  30    1965  48      9       61
  AVERAGE         64                        60      4       74

PRECIPITATION (IN)
  YESTERDAY        0.05          1.00 1899   0.10  -0.05     0.43
  MONTH TO DATE    1.67                      2.81  -1.14     6.30
  SINCE MAR 1      5.79                      5.82  -0.03     7.08
  SINCE JAN 1      6.48                      6.84  -0.36     8.13

DEGREE DAYS
 HEATING
  YESTERDAY        1                         6     -5        0
  MONTH TO DATE  205                       269    -64      268
  SINCE MAR 1   1527                      1977   -450     1681
  SINCE JUL 1   6764                      8440  -1676     7949

 COOLING
  YESTERDAY        0                         1     -1        9
  MONTH TO DATE   26                        18      8       14
  SINCE MAR 1     27                        20      7       14
  SINCE JAN 1     27                        20      7       14
..................................................................


WIND (MPH)
  HIGHEST WIND SPEED    16   HIGHEST WIND DIRECTION    NW (330)
  HIGHEST GUST SPEED    19   HIGHEST GUST DIRECTION    NW (330)
  AVERAGE WIND SPEED     6.2


SKY COVER
  POSSIBLE SUNSHINE  MM
  AVERAGE SKY COVER 0.6


WEATHER CONDITIONS
 THE FOLLOWING WEATHER WAS RECORDED YESTERDAY.
  THUNDERSTORM
  LIGHT RAIN
  FOG


RELATIVE HUMIDITY (PERCENT)
 HIGHEST    93          1000 PM
 LOWEST     61           500 PM
 AVERAGE    77

..........................................................


THE ABERDEEN SD CLIMATE NORMALS FOR TODAY
                         NORMAL    RECORD    YEAR
 MAXIMUM TEMPERATURE (F)   72        99      1934
 MINIMUM TEMPERATURE (F)   49        23      1947


SUNRISE AND SUNSET
MAY 29 2016...........SUNRISE   550 AM CDT   SUNSET   913 PM CDT
MAY 30 2016...........SUNRISE   549 AM CDT   SUNSET   914 PM CDT


-  INDICATES NEGATIVE NUMBERS.
R  INDICATES RECORD WAS SET OR TIED.
MM INDICATES DATA IS MISSING.
T  INDICATES TRACE AMOUNT.




$$
