000
CDUS42 KTAE 120633
CLIABY


CLIMATE REPORT
NATIONAL WEATHER SERVICE TALLAHASSEE FL
131 AM EST TUE DEC 12 2017

...................................

...THE ALBANY CLIMATE SUMMARY FOR DECEMBER 11 2017...

CLIMATE NORMAL PERIOD 1981 TO 2010
CLIMATE RECORD PERIOD 1930 TO 2017


WEATHER ITEM   OBSERVED TIME   RECORD YEAR NORMAL DEPARTURE LAST
                VALUE   (LST)  VALUE       VALUE  FROM      YEAR
                                                  NORMAL
..................................................................
TEMPERATURE (F)
 YESTERDAY
  MAXIMUM         65    321 PM  82    2007  63      2       68
  MINIMUM         28    641 AM  20    1968  40    -12       38
  AVERAGE         47                        52     -5       53

PRECIPITATION (IN)
  YESTERDAY        0.00                      0.15  -0.15      T
  MONTH TO DATE    1.96                      1.60   0.36     7.78
  SINCE DEC 1      1.96                      1.60   0.36     7.78
  SINCE JAN 1     40.09                     46.42  -6.33    46.14

SNOWFALL (IN)
  YESTERDAY        0.0

DEGREE DAYS
 HEATING
  YESTERDAY       18                        14      4       12
  MONTH TO DATE  126                       139    -13      116
  SINCE DEC 1    126                       139    -13      116
  SINCE JUL 1    341                       409    -68      257

 COOLING
  YESTERDAY        0                         0      0        0
  MONTH TO DATE    5                         0      5        4
  SINCE DEC 1      5                         0      5        4
  SINCE JAN 1   2926                      2533    393     3019
..................................................................


WIND (MPH)
  HIGHEST WIND SPEED    14   HIGHEST WIND DIRECTION     W (250)
  HIGHEST GUST SPEED    17   HIGHEST GUST DIRECTION     W (250)
  AVERAGE WIND SPEED     4.5




RELATIVE HUMIDITY (PERCENT)
 HIGHEST    92
 LOWEST     31
 AVERAGE    62

..........................................................


THE ALBANY CLIMATE NORMALS FOR TODAY
                         NORMAL    RECORD    YEAR
 MAXIMUM TEMPERATURE (F)   63        82      2007
                                             1940
 MINIMUM TEMPERATURE (F)   40        18      1957


SUNRISE AND SUNSET
DECEMBER 12 2017......SUNRISE   727 AM EST   SUNSET   534 PM EST
DECEMBER 13 2017......SUNRISE   727 AM EST   SUNSET   535 PM EST


-  INDICATES NEGATIVE NUMBERS.
R  INDICATES RECORD WAS SET OR TIED.
MM INDICATES DATA IS MISSING.
T  INDICATES TRACE AMOUNT.

$$
