000
CDUS42 KTAE 302126
CLIABY


CLIMATE REPORT
NATIONAL WEATHER SERVICE TALLAHASSEE FL
522 PM EDT WED JUL 30 2014

...................................

...THE ALBANY CLIMATE SUMMARY FOR JULY 30 2014...
VALID TODAY AS OF 0500 PM LOCAL TIME.

CLIMATE NORMAL PERIOD 1981 TO 2010
CLIMATE RECORD PERIOD 1930 TO 2014


WEATHER ITEM   OBSERVED TIME   RECORD YEAR NORMAL DEPARTURE LAST
                VALUE   (LST)  VALUE       VALUE  FROM      YEAR
                                                  NORMAL
..................................................................
TEMPERATURE (F)
 TODAY
  MAXIMUM         89    335 PM 103    2010  93     -4       93
  MINIMUM         63R   625 AM  65    1980  72     -9       74
  AVERAGE         76                        82     -6       84

PRECIPITATION (IN)
  TODAY            0.00                      0.18  -0.18     0.00
  MONTH TO DATE    0.53                      5.28  -4.75     6.61
  SINCE JUN 1      5.29                     10.22  -4.93    15.39
  SINCE JAN 1     24.35                     30.58  -6.23    31.91

..................................................................

THE ALBANY CLIMATE NORMALS FOR TOMORROW
                         NORMAL    RECORD    YEAR
 MAXIMUM TEMPERATURE (F)   93       103      2010
 MINIMUM TEMPERATURE (F)   72        65      1980



-  INDICATES NEGATIVE NUMBERS.
R  INDICATES RECORD WAS SET OR TIED.
MM INDICATES DATA IS MISSING.
T  INDICATES TRACE AMOUNT.

$$
