000
CDUS42 KTAE 252121
CLIABY


CLIMATE REPORT
NATIONAL WEATHER SERVICE TALLAHASSEE FL
519 PM EDT MON MAY 25 2015

...................................

...THE ALBANY CLIMATE SUMMARY FOR MAY 25 2015...
VALID TODAY AS OF 0500 PM LOCAL TIME.

CLIMATE NORMAL PERIOD 1981 TO 2010
CLIMATE RECORD PERIOD 1930 TO 2015


WEATHER ITEM   OBSERVED TIME   RECORD YEAR NORMAL DEPARTURE LAST
                VALUE   (LST)  VALUE       VALUE  FROM      YEAR
                                                  NORMAL
..................................................................
TEMPERATURE (F)
 TODAY
  MAXIMUM         91    220 PM  99    2012  89      2       94
                                      1962
  MINIMUM         70    600 AM  48    1979  65      5       68
  AVERAGE         81                        77      4       81

PRECIPITATION (IN)
  TODAY            0.00                      0.11  -0.11     0.00
  MONTH TO DATE    0.11                      1.90  -1.79     2.08
  SINCE MAR 1      7.46                     10.59  -3.13    12.81
  SINCE JAN 1     14.79                     19.57  -4.78    18.05

..................................................................

THE ALBANY CLIMATE NORMALS FOR TOMORROW
                         NORMAL    RECORD    YEAR
 MAXIMUM TEMPERATURE (F)   89       101      1962
 MINIMUM TEMPERATURE (F)   65        42      1979



-  INDICATES NEGATIVE NUMBERS.
R  INDICATES RECORD WAS SET OR TIED.
MM INDICATES DATA IS MISSING.
T  INDICATES TRACE AMOUNT.


$$
