000
CDUS42 KTAE 270633
CLIABY


CLIMATE REPORT
NATIONAL WEATHER SERVICE TALLAHASSEE FL
231 AM EDT MON MAR 27 2017


...................................

...THE ALBANY CLIMATE SUMMARY FOR MARCH 26 2017...

CLIMATE NORMAL PERIOD 1981 TO 2010
CLIMATE RECORD PERIOD 1930 TO 2017


WEATHER ITEM   OBSERVED TIME   RECORD YEAR NORMAL DEPARTURE LAST
                VALUE   (LST)  VALUE       VALUE  FROM      YEAR
                                                  NORMAL
..................................................................
TEMPERATURE (F)
 YESTERDAY
  MAXIMUM         85    435 PM  90    1936  74     11       70
  MINIMUM         61    643 AM  29    1979  49     12       62
  AVERAGE         73                        62     11       66

PRECIPITATION (IN)
  YESTERDAY        T                         0.20  -0.20     0.16
  MONTH TO DATE    1.21                      4.12  -2.91     3.88
  SINCE MAR 1      1.21                      4.12  -2.91     3.88
  SINCE JAN 1     13.03                     13.10  -0.07    14.19

SNOWFALL (IN)
  YESTERDAY        0.0

DEGREE DAYS
 HEATING
  YESTERDAY        0                         5     -5        0
  MONTH TO DATE  163                       187    -24      110
  SINCE MAR 1    163                       187    -24      110
  SINCE JUL 1    966                      1747   -781     1245

 COOLING
  YESTERDAY        8                         1      7        1
  MONTH TO DATE   41                        26     15       71
  SINCE MAR 1     41                        26     15       71
  SINCE JAN 1     79                        35     44       74
..................................................................


WIND (MPH)
  HIGHEST WIND SPEED    16   HIGHEST WIND DIRECTION    SW (220)
  HIGHEST GUST SPEED    23   HIGHEST GUST DIRECTION    SW (220)
  AVERAGE WIND SPEED     6.7




RELATIVE HUMIDITY (PERCENT)
 HIGHEST    84
 LOWEST     37
 AVERAGE    61

..........................................................


THE ALBANY CLIMATE NORMALS FOR TODAY
                         NORMAL    RECORD    YEAR
 MAXIMUM TEMPERATURE (F)   75        87      2012
                                             1945
 MINIMUM TEMPERATURE (F)   49        23      1955


SUNRISE AND SUNSET
MARCH 27 2017.........SUNRISE   731 AM EDT   SUNSET   753 PM EDT
MARCH 28 2017.........SUNRISE   730 AM EDT   SUNSET   754 PM EDT


-  INDICATES NEGATIVE NUMBERS.
R  INDICATES RECORD WAS SET OR TIED.
MM INDICATES DATA IS MISSING.
T  INDICATES TRACE AMOUNT.


$$
