000
CDUS42 KTAE 272233
CLIABY


CLIMATE REPORT
NATIONAL WEATHER SERVICE TALLAHASSEE FL
532 PM EST SAT DEC 27 2014


...................................

...THE ALBANY CLIMATE SUMMARY FOR DECEMBER 27 2014...
VALID TODAY AS OF 0500 PM LOCAL TIME.

CLIMATE NORMAL PERIOD 1981 TO 2010
CLIMATE RECORD PERIOD 1930 TO 2014


WEATHER ITEM   OBSERVED TIME   RECORD YEAR NORMAL DEPARTURE LAST
                VALUE   (LST)  VALUE       VALUE  FROM      YEAR
                                                  NORMAL
..................................................................
TEMPERATURE (F)
 TODAY
  MAXIMUM         72    409 PM  80    1942  61     11       58
  MINIMUM         40    450 AM  10    1983  38      2       42
  AVERAGE         56                        49      7       50

PRECIPITATION (IN)
  TODAY            0.00                      0.08  -0.08     0.00
  MONTH TO DATE    6.30                      3.46   2.84     2.32
  SINCE DEC 1      6.30                      3.46   2.84     2.32
  SINCE JAN 1     50.22                     48.28   1.94    48.05

..................................................................







THE ALBANY CLIMATE NORMALS FOR TOMORROW
                         NORMAL    RECORD    YEAR
 MAXIMUM TEMPERATURE (F)   61        80      2007
                                             1982
 MINIMUM TEMPERATURE (F)   38        19      2010
                                             1970



-  INDICATES NEGATIVE NUMBERS.
R  INDICATES RECORD WAS SET OR TIED.
MM INDICATES DATA IS MISSING.
T  INDICATES TRACE AMOUNT.




$$
