000
CDUS42 KTAE 010634
CLIABY


CLIMATE REPORT
NATIONAL WEATHER SERVICE TALLAHASSEE FL
233 AM EDT TUE SEP 1 2015


...................................

...THE ALBANY CLIMATE SUMMARY FOR AUGUST 31 2015...

CLIMATE NORMAL PERIOD 1981 TO 2010
CLIMATE RECORD PERIOD 1930 TO 2015


WEATHER ITEM   OBSERVED TIME   RECORD YEAR NORMAL DEPARTURE LAST
                VALUE   (LST)  VALUE       VALUE  FROM      YEAR
                                                  NORMAL
..................................................................
TEMPERATURE (F)
 YESTERDAY
  MAXIMUM         92    404 PM  99    1948  91      1       94
  MINIMUM         74    319 AM  56    1986  71      3       73
  AVERAGE         83                        81      2       84

PRECIPITATION (IN)
  YESTERDAY        0.00                      0.13  -0.13    MM
  MONTH TO DATE    5.42                      4.84   0.58     0.78
  SINCE JUN 1     15.32                     15.24   0.08     6.07
  SINCE JAN 1     31.18                     35.60  -4.42    25.13

SNOWFALL (IN)
  YESTERDAY        0.0

DEGREE DAYS
 HEATING
  YESTERDAY        0                         0      0        0
  MONTH TO DATE    0                         0      0        0
  SINCE JUN 1      0                         0      0        0
  SINCE JUL 1      0                         0      0        0

 COOLING
  YESTERDAY       18                        16      2       19
  MONTH TO DATE  558                       527     31      548
  SINCE JUN 1   1649                      1533    116     1539
  SINCE JAN 1   2253                      1973    280     1933
..................................................................


WIND (MPH)
  HIGHEST WIND SPEED    10   HIGHEST WIND DIRECTION    NE (50)
  HIGHEST GUST SPEED    14   HIGHEST GUST DIRECTION    NE (50)
  AVERAGE WIND SPEED     3.6




RELATIVE HUMIDITY (PERCENT)
 HIGHEST    94
 LOWEST     44
 AVERAGE    69

..........................................................


THE ALBANY CLIMATE NORMALS FOR TODAY
                         NORMAL    RECORD    YEAR
 MAXIMUM TEMPERATURE (F)   91        99      1957
 MINIMUM TEMPERATURE (F)   71        60      1986


SUNRISE AND SUNSET
SEPTEMBER  1 2015.....SUNRISE   712 AM EDT   SUNSET   801 PM EDT
SEPTEMBER  2 2015.....SUNRISE   713 AM EDT   SUNSET   759 PM EDT


-  INDICATES NEGATIVE NUMBERS.
R  INDICATES RECORD WAS SET OR TIED.
MM INDICATES DATA IS MISSING.
T  INDICATES TRACE AMOUNT.




$$
