925
CDUS41 KPHI 070629
CLIACY


CLIMATE REPORT
NATIONAL WEATHER SERVICE MOUNT HOLLY NJ
128 AM EST SUN FEB 7 2016


...................................

...THE ATLANTIC CITY NJ CLIMATE SUMMARY FOR FEBRUARY 6 2016...

CLIMATE NORMAL PERIOD 1981 TO 2010
CLIMATE RECORD PERIOD 1874 TO 2016


WEATHER ITEM   OBSERVED TIME   RECORD YEAR NORMAL DEPARTURE LAST
                VALUE   (LST)  VALUE       VALUE  FROM      YEAR
                                                  NORMAL
..................................................................
TEMPERATURE (F)
 YESTERDAY
  MAXIMUM         42    234 PM  72    2008  43     -1       35
  MINIMUM         19    650 AM  -3    1996  25     -6       12
                                      1895
  AVERAGE         31                        34     -3       24

PRECIPITATION (IN)
  YESTERDAY        0.00          1.85 1896   0.10  -0.10     0.00
  MONTH TO DATE    1.52                      0.59   0.93     1.10
  SINCE DEC 1      9.80                      7.50   2.30    11.91
  SINCE JAN 1      4.36                      3.81   0.55     6.38

SNOWFALL (IN)
  YESTERDAY        0.0          14.6  2010   0.2   -0.2      0.0
  MONTH TO DATE    2.1                       1.5    0.6       T
  SINCE DEC 1     18.8                       9.7    9.1      5.2
  SINCE JUL 1     18.8                       9.9    8.9      5.2
  SNOW DEPTH       0

DEGREE DAYS
 HEATING
  YESTERDAY       34                        31      3       41
  MONTH TO DATE  131                       188    -57      216
  SINCE DEC 1   1542                      2042   -500     2056
  SINCE JUL 1   2237                      2949   -712     2963

 COOLING
  YESTERDAY        0                         0      0        0
  MONTH TO DATE    0                         0      0        0
  SINCE DEC 1      3                         0      3        0
  SINCE JAN 1      0                         0      0        0
..................................................................


WIND (MPH)
  HIGHEST WIND SPEED    13   HIGHEST WIND DIRECTION    SW (220)
  HIGHEST GUST SPEED    16   HIGHEST GUST DIRECTION    SW (210)
  AVERAGE WIND SPEED     3.7


SKY COVER
  POSSIBLE SUNSHINE  MM
  AVERAGE SKY COVER 0.0


WEATHER CONDITIONS
 THE FOLLOWING WEATHER WAS RECORDED YESTERDAY.
  NO SIGNIFICANT WEATHER WAS OBSERVED.


RELATIVE HUMIDITY (PERCENT)
 HIGHEST    88           300 AM
 LOWEST     41           300 PM
 AVERAGE    65

..........................................................


THE ATLANTIC CITY NJ CLIMATE NORMALS FOR TODAY
                         NORMAL    RECORD    YEAR
 MAXIMUM TEMPERATURE (F)   43        64      2008
 MINIMUM TEMPERATURE (F)   25         2      1996


SUNRISE AND SUNSET
FEBRUARY  7 2016......SUNRISE   700 AM EST   SUNSET   525 PM EST
FEBRUARY  8 2016......SUNRISE   659 AM EST   SUNSET   526 PM EST


-  INDICATES NEGATIVE NUMBERS.
R  INDICATES RECORD WAS SET OR TIED.
MM INDICATES DATA IS MISSING.
T  INDICATES TRACE AMOUNT.




$$
