000
CDUS41 KPHI 232129
CLIACY


CLIMATE REPORT
NATIONAL WEATHER SERVICE MOUNT HOLLY NJ
527 PM EDT WED APR 23 2014


...................................

...THE ATLANTIC CITY NJ CLIMATE SUMMARY FOR APRIL 23 2014...
VALID TODAY AS OF 0500 PM LOCAL TIME.

CLIMATE NORMAL PERIOD 1981 TO 2010
CLIMATE RECORD PERIOD 1874 TO 2014


WEATHER ITEM   OBSERVED TIME   RECORD YEAR NORMAL DEPARTURE LAST
                VALUE   (LST)  VALUE       VALUE  FROM      YEAR
                                                  NORMAL
..................................................................
TEMPERATURE (F)
 TODAY
  MAXIMUM         61    345 PM  85    2007  64     -3       48
                                      1952
  MINIMUM         48    609 AM  24    1989  44      4       43
  AVERAGE         55                        54      1       46

PRECIPITATION (IN)
  TODAY            0.00          1.09 1928   0.11  -0.11      T
  MONTH TO DATE    1.46                      2.88  -1.42     1.97
  SINCE MAR 1      6.46                      7.09  -0.63     6.63
  SINCE JAN 1     15.01                     13.18   1.83    14.09

SNOWFALL (IN)
  TODAY            0.0           T    1986   0.0    0.0      0.0
  MONTH TO DATE    T                         0.3   -0.3      0.0
  SINCE MAR 1     15.6                       1.4   14.2      3.2
  SINCE JUL 1     43.8                      16.5   27.3     14.6
  SNOW DEPTH       0

DEGREE DAYS
 HEATING
  TODAY           10                        11     -1       19
  MONTH TO DATE  351                       336     15      329
  SINCE MAR 1   1210                      1042    168     1133
  SINCE JUL 1   5073                      4633    440     4551

 COOLING
  TODAY            0                         0      0        0
  MONTH TO DATE    0                         0      0       15
  SINCE MAR 1      0                         0      0       15
  SINCE JAN 1      0                         0      0       15
..................................................................


WIND (MPH)
  HIGHEST WIND SPEED    32   HIGHEST WIND DIRECTION    NW (310)
  HIGHEST GUST SPEED    41   HIGHEST GUST DIRECTION    NW (310)
  AVERAGE WIND SPEED    21.5


SKY COVER
  POSSIBLE SUNSHINE  MM
  AVERAGE SKY COVER 0.5


WEATHER CONDITIONS
 THE FOLLOWING WEATHER WAS RECORDED TODAY.
  NO SIGNIFICANT WEATHER WAS OBSERVED.


RELATIVE HUMIDITY (PERCENT)
 HIGHEST    62          1200 AM
 LOWEST     37           400 PM
 AVERAGE    50

..........................................................


THE ATLANTIC CITY NJ CLIMATE NORMALS FOR TOMORROW
                         NORMAL    RECORD    YEAR
 MAXIMUM TEMPERATURE (F)   65        85      2001
 MINIMUM TEMPERATURE (F)   44        26      1989


SUNRISE AND SUNSET
APRIL 23 2014.........SUNRISE   610 AM EDT   SUNSET   744 PM EDT
APRIL 24 2014.........SUNRISE   608 AM EDT   SUNSET   745 PM EDT


-  INDICATES NEGATIVE NUMBERS.
R  INDICATES RECORD WAS SET OR TIED.
MM INDICATES DATA IS MISSING.
T  INDICATES TRACE AMOUNT.




$$
