000
CDUS41 KPHI 270629
CLIACY


CLIMATE REPORT
NATIONAL WEATHER SERVICE MOUNT HOLLY NJ
129 AM EST FRI FEB 27 2015


...................................

...THE ATLANTIC CITY NJ CLIMATE SUMMARY FOR FEBRUARY 26 2015...

CLIMATE NORMAL PERIOD 1981 TO 2010
CLIMATE RECORD PERIOD 1874 TO 2015


WEATHER ITEM   OBSERVED TIME   RECORD YEAR NORMAL DEPARTURE LAST
                VALUE   (LST)  VALUE       VALUE  FROM      YEAR
                                                  NORMAL
..................................................................
TEMPERATURE (F)
 YESTERDAY
  MAXIMUM         32    413 PM  71    1890  47    -15       35
  MINIMUM         16   1131 PM   9    1990  28    -12       13
  AVERAGE         24                        38    -14       24

PRECIPITATION (IN)
  YESTERDAY        0.17          1.53 1912   0.11   0.06     0.01
  MONTH TO DATE    2.78                      2.64   0.14     5.30
  SINCE DEC 1     13.59                      9.55   4.04    14.61
  SINCE JAN 1      8.06                      5.86   2.20     8.55

SNOWFALL (IN)
  YESTERDAY        2.6           4.1  2010   0.2    2.4      0.3
  MONTH TO DATE    9.8                       6.4    3.4      6.1
  SINCE DEC 1     15.0                      14.6    0.4     28.2
  SINCE JUL 1     15.0                      14.8    0.2     28.2
  SNOW DEPTH       2

DEGREE DAYS
 HEATING
  YESTERDAY       41                        28     13       41
  MONTH TO DATE 1043                       777    266      827
  SINCE DEC 1   2883                      2631    252     2772
  SINCE JUL 1   3790                      3538    252     3775

 COOLING
  YESTERDAY        0                         0      0        0
  MONTH TO DATE    0                         0      0        0
  SINCE DEC 1      0                         0      0        0
  SINCE JAN 1      0                         0      0        0
..................................................................


WIND (MPH)
  HIGHEST WIND SPEED    25   HIGHEST WIND DIRECTION    NE (30)
  HIGHEST GUST SPEED    32   HIGHEST GUST DIRECTION    NW (330)
  AVERAGE WIND SPEED     9.3


SKY COVER
  POSSIBLE SUNSHINE  MM
  AVERAGE SKY COVER 0.6


WEATHER CONDITIONS
 THE FOLLOWING WEATHER WAS RECORDED YESTERDAY.
  HEAVY SNOW
  SNOW
  LIGHT SNOW
  FOG
  FOG W/VISIBILITY <= 1/4 MILE


RELATIVE HUMIDITY (PERCENT)
 HIGHEST    92           700 AM
 LOWEST     45           400 PM
 AVERAGE    69

..........................................................


THE ATLANTIC CITY NJ CLIMATE NORMALS FOR TODAY
                         NORMAL    RECORD    YEAR
 MAXIMUM TEMPERATURE (F)   47        73      1997
 MINIMUM TEMPERATURE (F)   28         7      1934
                                             1900


SUNRISE AND SUNSET
FEBRUARY 27 2015......SUNRISE   634 AM EST   SUNSET   548 PM EST
FEBRUARY 28 2015......SUNRISE   633 AM EST   SUNSET   549 PM EST


-  INDICATES NEGATIVE NUMBERS.
R  INDICATES RECORD WAS SET OR TIED.
MM INDICATES DATA IS MISSING.
T  INDICATES TRACE AMOUNT.




$$
