000
CDUS41 KPHI 010628
CLIACY


CLIMATE REPORT
NATIONAL WEATHER SERVICE MOUNT HOLLY NJ
228 AM EDT WED OCT 1 2014


...................................

...THE ATLANTIC CITY NJ CLIMATE SUMMARY FOR SEPTEMBER 30 2014...

CLIMATE NORMAL PERIOD 1981 TO 2010
CLIMATE RECORD PERIOD 1874 TO 2014


WEATHER ITEM   OBSERVED TIME   RECORD YEAR NORMAL DEPARTURE LAST
                VALUE   (LST)  VALUE       VALUE  FROM      YEAR
                                                  NORMAL
..................................................................
TEMPERATURE (F)
 YESTERDAY
  MAXIMUM         75   1150 AM  88    1986  72      3       75
  MINIMUM         60    910 PM  32    1969  52      8       45
  AVERAGE         68                        62      6       60

PRECIPITATION (IN)
  YESTERDAY        0.05          1.76 1964   0.12  -0.07     0.00
  MONTH TO DATE    3.52                      3.15   0.37     1.18
  SINCE SEP 1      3.52                      3.15   0.37     1.18
  SINCE JAN 1     40.24                     31.37   8.87    32.60

SNOWFALL (IN)
  YESTERDAY        0.0           0.0  1903   0.0    0.0      0.0
  MONTH TO DATE    0.0                       0.0    0.0      0.0
  SINCE SEP 1      0.0                       0.0    0.0      0.0
  SINCE JUL 1      0.0                       0.0    0.0      0.0
  SNOW DEPTH       0

DEGREE DAYS
 HEATING
  YESTERDAY        0                         5     -5        5
  MONTH TO DATE   38                        60    -22      102
  SINCE SEP 1     38                        59    -21      102
  SINCE JUL 1     38                        62    -24      102

 COOLING
  YESTERDAY        3                         2      1        0
  MONTH TO DATE  130                       125      5       96
  SINCE SEP 1    130                       125      5       96
  SINCE JAN 1    842                      1034   -192     1052
..................................................................


WIND (MPH)
  HIGHEST WIND SPEED    17   HIGHEST WIND DIRECTION     E (90)
  HIGHEST GUST SPEED    20   HIGHEST GUST DIRECTION     E (100)
  AVERAGE WIND SPEED     5.9


SKY COVER
  POSSIBLE SUNSHINE  MM
  AVERAGE SKY COVER 0.3


WEATHER CONDITIONS
 THE FOLLOWING WEATHER WAS RECORDED YESTERDAY.
  LIGHT RAIN
  FOG


RELATIVE HUMIDITY (PERCENT)
 HIGHEST   100          1100 PM
 LOWEST     49          1100 AM
 AVERAGE    75

..........................................................


THE ATLANTIC CITY NJ CLIMATE NORMALS FOR TODAY
                         NORMAL    RECORD    YEAR
 MAXIMUM TEMPERATURE (F)   72        90      1941
 MINIMUM TEMPERATURE (F)   51        36      1993
                                             1992
                                             1972


SUNRISE AND SUNSET
OCTOBER  1 2014.......SUNRISE   654 AM EDT   SUNSET   641 PM EDT
OCTOBER  2 2014.......SUNRISE   655 AM EDT   SUNSET   639 PM EDT


-  INDICATES NEGATIVE NUMBERS.
R  INDICATES RECORD WAS SET OR TIED.
MM INDICATES DATA IS MISSING.
T  INDICATES TRACE AMOUNT.




$$
