000
CDUS41 KPHI 310639
CLIACY


CLIMATE REPORT
NATIONAL WEATHER SERVICE MOUNT HOLLY NJ
239 AM EDT FRI JUL 31 2015


...................................

...THE ATLANTIC CITY NJ CLIMATE SUMMARY FOR JULY 30 2015...

CLIMATE NORMAL PERIOD 1981 TO 2010
CLIMATE RECORD PERIOD 1874 TO 2015


WEATHER ITEM   OBSERVED TIME   RECORD YEAR NORMAL DEPARTURE LAST
                VALUE   (LST)  VALUE       VALUE  FROM      YEAR
                                                  NORMAL
..................................................................
TEMPERATURE (F)
 YESTERDAY
  MAXIMUM         89    111 PM  98    1917  85      4       80
  MINIMUM         76   1159 PM  53    1981  67      9       59
                                      1968
  AVERAGE         83                        76      7       70

PRECIPITATION (IN)
  YESTERDAY        0.01          2.45 1878   0.13  -0.12     0.00
  MONTH TO DATE    6.59                      3.59   3.00     5.09
  SINCE JUN 1     14.95                      6.70   8.25     6.63
  SINCE JAN 1     31.20                     23.98   7.22    26.81

SNOWFALL (IN)
  YESTERDAY        0.0           0.0  1903   0.0    0.0      0.0
  MONTH TO DATE    0.0                       0.0    0.0      0.0
  SINCE JUN 1      0.0                       0.0    0.0      0.0
  SINCE JUL 1      0.0                       0.0    0.0      0.0
  SNOW DEPTH       0

DEGREE DAYS
 HEATING
  YESTERDAY        0                         0      0        0
  MONTH TO DATE    0                         0      0        0
  SINCE JUN 1     26                        27     -1       10
  SINCE JUL 1      0                         0      0        0

 COOLING
  YESTERDAY       18                        11      7        5
  MONTH TO DATE  345                       335     10      286
  SINCE JUN 1    590                       538     52      482
  SINCE JAN 1    724                       602    122      518
..................................................................


WIND (MPH)
  HIGHEST WIND SPEED    18   HIGHEST WIND DIRECTION     S (190)
  HIGHEST GUST SPEED    24   HIGHEST GUST DIRECTION     S (190)
  AVERAGE WIND SPEED     8.7


SKY COVER
  POSSIBLE SUNSHINE  MM
  AVERAGE SKY COVER 0.3


WEATHER CONDITIONS
 THE FOLLOWING WEATHER WAS RECORDED YESTERDAY.
  RAIN
  FOG


RELATIVE HUMIDITY (PERCENT)
 HIGHEST    94          1100 PM
 LOWEST     63          1200 PM
 AVERAGE    79

..........................................................


THE ATLANTIC CITY NJ CLIMATE NORMALS FOR TODAY
                         NORMAL    RECORD    YEAR
 MAXIMUM TEMPERATURE (F)   85        99      1917
 MINIMUM TEMPERATURE (F)   67        54      2001


SUNRISE AND SUNSET
JULY 31 2015..........SUNRISE   557 AM EDT   SUNSET   812 PM EDT
AUGUST  1 2015........SUNRISE   558 AM EDT   SUNSET   811 PM EDT


-  INDICATES NEGATIVE NUMBERS.
R  INDICATES RECORD WAS SET OR TIED.
MM INDICATES DATA IS MISSING.
T  INDICATES TRACE AMOUNT.




$$
