000
CDUS41 KPHI 202132
CLIACY


CLIMATE REPORT
NATIONAL WEATHER SERVICE MOUNT HOLLY NJ
531 PM EDT SUN APR 20 2014


...................................

...THE ATLANTIC CITY NJ CLIMATE SUMMARY FOR APRIL 20 2014...
VALID TODAY AS OF 0500 PM LOCAL TIME.

CLIMATE NORMAL PERIOD 1981 TO 2010
CLIMATE RECORD PERIOD 1874 TO 2014


WEATHER ITEM   OBSERVED TIME   RECORD YEAR NORMAL DEPARTURE LAST
                VALUE   (LST)  VALUE       VALUE  FROM      YEAR
                                                  NORMAL
..................................................................
TEMPERATURE (F)
 TODAY
  MAXIMUM         53   1202 PM  86    2005  63    -10       61
  MINIMUM         40   1253 AM  27    1904  43     -3       43
  AVERAGE         47                        53     -6       52

PRECIPITATION (IN)
  TODAY            0.00          1.71 1940   0.11  -0.11     0.36
  MONTH TO DATE    1.46                      2.55  -1.09     1.97
  SINCE MAR 1      6.46                      6.76  -0.30     6.63
  SINCE JAN 1     15.01                     12.85   2.16    14.09

SNOWFALL (IN)
  TODAY            0.0           0.4  1983   0.0    0.0      0.0
  MONTH TO DATE    T                         0.3   -0.3      0.0
  SINCE MAR 1     15.6                       1.4   14.2      3.2
  SINCE JUL 1     43.8                      16.5   27.3     14.6
  SNOW DEPTH       0

DEGREE DAYS
 HEATING
  TODAY           18                        12      6       13
  MONTH TO DATE  309                       301      8      263
  SINCE MAR 1   1168                      1007    161     1067
  SINCE JUL 1   5031                      4598    433     4485

 COOLING
  TODAY            0                         0      0        0
  MONTH TO DATE    0                         0      0       15
  SINCE MAR 1      0                         0      0       15
  SINCE JAN 1      0                         0      0       15
..................................................................


WIND (MPH)
  HIGHEST WIND SPEED    24   HIGHEST WIND DIRECTION     E (70)
  HIGHEST GUST SPEED    33   HIGHEST GUST DIRECTION    NE (60)
  AVERAGE WIND SPEED    15.0


SKY COVER
  POSSIBLE SUNSHINE  MM
  AVERAGE SKY COVER 0.0


WEATHER CONDITIONS
 THE FOLLOWING WEATHER WAS RECORDED TODAY.
  NO SIGNIFICANT WEATHER WAS OBSERVED.


RELATIVE HUMIDITY (PERCENT)
 HIGHEST    82          1200 AM
 LOWEST     39           400 PM
 AVERAGE    61

..........................................................


THE ATLANTIC CITY NJ CLIMATE NORMALS FOR TOMORROW
                         NORMAL    RECORD    YEAR
 MAXIMUM TEMPERATURE (F)   64        84      1985
 MINIMUM TEMPERATURE (F)   44        25      1981


SUNRISE AND SUNSET
APRIL 20 2014.........SUNRISE   614 AM EDT   SUNSET   741 PM EDT
APRIL 21 2014.........SUNRISE   613 AM EDT   SUNSET   742 PM EDT


-  INDICATES NEGATIVE NUMBERS.
R  INDICATES RECORD WAS SET OR TIED.
MM INDICATES DATA IS MISSING.
T  INDICATES TRACE AMOUNT.




$$
