000
CDUS41 KPHI 232128
CLIACY


CLIMATE REPORT
NATIONAL WEATHER SERVICE MOUNT HOLLY NJ
527 PM EDT TUE AUG 23 2016


...................................

...THE ATLANTIC CITY NJ CLIMATE SUMMARY FOR AUGUST 23 2016...
VALID TODAY AS OF 0500 PM LOCAL TIME.

CLIMATE NORMAL PERIOD 1981 TO 2010
CLIMATE RECORD PERIOD 1874 TO 2016


WEATHER ITEM   OBSERVED TIME   RECORD YEAR NORMAL DEPARTURE LAST
                VALUE   (LST)  VALUE       VALUE  FROM      YEAR
                                                  NORMAL
..................................................................
TEMPERATURE (F)
 TODAY
  MAXIMUM         82   1253 PM  95    1966  83     -1       85
  MINIMUM         55    449 AM  50    1988  64     -9       59
  AVERAGE         69                        74     -5       72

PRECIPITATION (IN)
  TODAY            0.00          6.40 1966   0.13  -0.13     0.00
  MONTH TO DATE    1.10                      3.20  -2.10     1.25
  SINCE JUN 1     12.24                     10.03   2.21    16.20
  SINCE JAN 1     32.30                     27.31   4.99    32.45

SNOWFALL (IN)
  TODAY            0.0           0.0  1903   0.0    0.0      0.0
  MONTH TO DATE    0.0                       0.0    0.0      0.0
  SINCE JUN 1      0.0                       0.0    0.0      0.0
  SINCE JUL 1      0.0                       0.0    0.0      0.0
  SNOW DEPTH       0

DEGREE DAYS
 HEATING
  TODAY            0                         0      0        0
  MONTH TO DATE    0                         0      0        0
  SINCE JUN 1      4                        27    -23       26
  SINCE JUL 1      0                         0      0        0

 COOLING
  TODAY            4                         9     -5        7
  MONTH TO DATE  322                       232     90      268
  SINCE JUN 1    926                       782    144      873
  SINCE JAN 1   1005                       846    159     1007
..................................................................


WIND (MPH)
  HIGHEST WIND SPEED    12   HIGHEST WIND DIRECTION     S (160)
  HIGHEST GUST SPEED    17   HIGHEST GUST DIRECTION     S (160)
  AVERAGE WIND SPEED     4.2


SKY COVER
  POSSIBLE SUNSHINE  MM
  AVERAGE SKY COVER 0.1


WEATHER CONDITIONS
 THE FOLLOWING WEATHER WAS RECORDED TODAY.
  NO SIGNIFICANT WEATHER WAS OBSERVED.


RELATIVE HUMIDITY (PERCENT)
 HIGHEST    80           200 AM
 LOWEST     39          1100 AM
 AVERAGE    60

..........................................................


THE ATLANTIC CITY NJ CLIMATE NORMALS FOR TOMORROW
                         NORMAL    RECORD    YEAR
 MAXIMUM TEMPERATURE (F)   83        93      1998
                                             1936
 MINIMUM TEMPERATURE (F)   64        46      1971


SUNRISE AND SUNSET
AUGUST 23 2016........SUNRISE   619 AM EDT   SUNSET   742 PM EDT
AUGUST 24 2016........SUNRISE   620 AM EDT   SUNSET   741 PM EDT


-  INDICATES NEGATIVE NUMBERS.
R  INDICATES RECORD WAS SET OR TIED.
MM INDICATES DATA IS MISSING.
T  INDICATES TRACE AMOUNT.




$$
