000
CDUS41 KPHI 300628
CLIACY


CLIMATE REPORT
NATIONAL WEATHER SERVICE MOUNT HOLLY NJ
227 AM EDT SAT MAY 30 2015


...................................

...THE ATLANTIC CITY NJ CLIMATE SUMMARY FOR MAY 29 2015...

CLIMATE NORMAL PERIOD 1981 TO 2010
CLIMATE RECORD PERIOD 1874 TO 2015


WEATHER ITEM   OBSERVED TIME   RECORD YEAR NORMAL DEPARTURE LAST
                VALUE   (LST)  VALUE       VALUE  FROM      YEAR
                                                  NORMAL
..................................................................
TEMPERATURE (F)
 YESTERDAY
  MAXIMUM         80   1248 PM  99    1969  75      5       57
  MINIMUM         62    453 AM  37    1997  55      7       53
  AVERAGE         71                        65      6       55

PRECIPITATION (IN)
  YESTERDAY        0.00          4.15 1959   0.11  -0.11     0.00
  MONTH TO DATE    0.71                      3.11  -2.40     2.26
  SINCE MAR 1      9.90                     10.95  -1.05    11.63
  SINCE JAN 1     17.96                     17.04   0.92    20.18

SNOWFALL (IN)
  YESTERDAY        0.0           0.0  1903   0.0    0.0      0.0
  MONTH TO DATE    0.0                       0.0    0.0      0.0
  SINCE MAR 1      7.4                       1.4    6.0     15.6
  SINCE JUL 1     22.4                      16.5    5.9     43.8
  SNOW DEPTH       0

DEGREE DAYS
 HEATING
  YESTERDAY        0                         3     -3       10
  MONTH TO DATE   80                       170    -90      116
  SINCE MAR 1   1279                      1283     -4     1429
  SINCE JUL 1   5154                      4874    280     5292

 COOLING
  YESTERDAY        6                         3      3        0
  MONTH TO DATE  112                        49     63       36
  SINCE MAR 1    112                        58     54       36
  SINCE JAN 1    112                        58     54       36
..................................................................


WIND (MPH)
  HIGHEST WIND SPEED    15   HIGHEST WIND DIRECTION     E (80)
  HIGHEST GUST SPEED    20   HIGHEST GUST DIRECTION    NE (50)
  AVERAGE WIND SPEED     7.6


SKY COVER
  POSSIBLE SUNSHINE  MM
  AVERAGE SKY COVER 0.0


WEATHER CONDITIONS
 THE FOLLOWING WEATHER WAS RECORDED YESTERDAY.
  NO SIGNIFICANT WEATHER WAS OBSERVED.


RELATIVE HUMIDITY (PERCENT)
 HIGHEST    93           200 AM
 LOWEST     48          1100 AM
 AVERAGE    71

..........................................................


THE ATLANTIC CITY NJ CLIMATE NORMALS FOR TODAY
                         NORMAL    RECORD    YEAR
 MAXIMUM TEMPERATURE (F)   76        96      1991
 MINIMUM TEMPERATURE (F)   56        39      1993


SUNRISE AND SUNSET
MAY 30 2015...........SUNRISE   534 AM EDT   SUNSET   818 PM EDT
MAY 31 2015...........SUNRISE   534 AM EDT   SUNSET   818 PM EDT


-  INDICATES NEGATIVE NUMBERS.
R  INDICATES RECORD WAS SET OR TIED.
MM INDICATES DATA IS MISSING.
T  INDICATES TRACE AMOUNT.




$$
