000
CDAK48 PADQ 280906
CLIADQ

CLIMATE REPORT
NATIONAL WEATHER SERVICE KODIAK, AK
1206 AM AKST SUN DEC 28 2014

...................................
...THE KODIAK AP CLIMATE SUMMARY FOR DECEMBER 27 2014...

CLIMATE NORMAL PERIOD  1981 TO  2010
CLIMATE RECORD PERIOD  1949 TO  2014

WEATHER ITEM   OBSERVED TIME    RECORD YEAR NORMAL DEPARTURE LAST
               VALUE    (LST)   VALUE       VALUE  FROM      YEAR
                                                   NORMAL
...................................................................
TEMPERATURE
YESTERDAY
 MAXIMUM            41  1159 PM    48  1951     36       5     41
 MINIMUM            23  0904 AM     4  2011     26      -3     23
 AVERAGE            32                          31       1     32

PRECIPITATION
(INCHES)
 YESTERDAY        0.00           1.65  1960   0.28   -0.28   0.62
 MONTH TO DATE    7.27                        7.62   -0.35   2.91
 SINCE DEC 1      7.27                        7.62   -0.35   2.91
 SINCE JAN 1     82.92                       76.89    6.03  63.92

SNOWFALL
(INCHES)
 YESTERDAY         0.0            5.8  2006    0.4    -0.4      T
 MONTH TO DATE     0.3                        12.3   -12.0   11.4
 SINCE DEC 1       0.3                        12.3   -12.0   11.4
 SINCE JUL 1       1.0                        19.8   -18.8   18.7
 SNOW DEPTH (IN)     0                                          1

DEGREE DAYS
 HEATING
  YESTERDAY         33                          34      -1     33
  MONTH TO DATE    728                         913    -185    924
  SINCE DEC 1      728                         913    -185    924
  SINCE JUL 1     3124                        3705    -581   3331

 COOLING
  YESTERDAY          0                           0       0      0
  MONTH TO DATE      0                           0       0      0
  SINCE DEC 1        0                           0       0      0
  SINCE JAN 1        4                           0       4      6
...................................................................

WIND (MPH)
 HIGHEST WIND SPEED    20     HIGHEST WIND DIRECTION    110
 HIGHEST GUST SPEED    24     HIGHEST GUST DIRECTION    130
 AVERAGE WIND SPEED   6.9

SKY COVER
  POSSIBLE SUNSHINE    MM          AVERAGE SKY COVER     MM

WEATHER CONDITIONS
 THE FOLLOWING WEATHER WAS RECORDED YESTERDAY.
  NO SIGNIFICANT WEATHER WAS OBSERVED.

RELATIVE HUMIDITY
 HIGHEST RH     MM PERCENT       MM
 LOWEST  RH     MM PERCENT       MM
 AVERAGE RH     MM PERCENT       MM
...................................................................

THE KODIAK CLIMATE NORMALS FOR TODAY
                           NORMAL    RECORD   YEAR
 MAXIMUM TEMPERATURE (F)     36        49     1990
 MINIMUM TEMPERATURE (F)     26         5     1979

SUNRISE AND SUNSET
 DEC 28 2014..........SUNRISE  9:55 AM      SUNSET  4:30 PM
 DEC 29 2014..........SUNRISE  9:55 AM      SUNSET  4:31 PM

-  INDICATES NEGATIVE NUMBERS.
R  INDICATES RECORD HAS BEEN SET OR TIED.
MM INDICATES DATA IS MISSING.
T  INDICATES TRACE OF PRECIPITATION.

&&
-------------------------------------------------------------------

AMOUNT OF DAYLIGHT TODAY  (HOUR:MIN)........6 HOURS 35 MINUTES
GAIN/LOSS SINCE YESTERDAY (HOUR:MIN:SEC)....+0:00:59

$$
*** DEC 14
