000
CDAK48 PADQ 011210
CLIADQ

CLIMATE REPORT
NATIONAL WEATHER SERVICE KODIAK, AK
410 AM AKDT TUE SEP 1 2015

...................................
...THE KODIAK AP CLIMATE SUMMARY FOR AUGUST 31 2015...

CLIMATE NORMAL PERIOD  1981 TO  2010
CLIMATE RECORD PERIOD  1913 TO  2015

WEATHER ITEM   OBSERVED TIME    RECORD YEAR NORMAL DEPARTURE LAST
               VALUE    (LST)   VALUE       VALUE  FROM      YEAR
                                                   NORMAL
...................................................................
TEMPERATURE
YESTERDAY
 MAXIMUM            59  0443 PM    75  1930     60      -1     63
 MINIMUM            50  1159 PM    36  1919     47       3     45
 AVERAGE            55                          54       1     54

PRECIPITATION
(INCHES)
 YESTERDAY        0.00           2.38  1998   0.18   -0.18   0.00
 MONTH TO DATE    2.01                        4.56   -2.55   6.90
 SINCE JUN 1      8.41                       15.40   -6.99  15.70
 SINCE JAN 1     47.53                       46.79    0.74  49.23

SNOWFALL
(INCHES)
 YESTERDAY         0.0            0.0  2015    0.0     0.0    0.0
 MONTH TO DATE     0.0                         0.0     0.0    0.0
 SINCE JUN 1       0.0                         0.0     0.0    0.0
 SINCE JUL 1       0.0                         0.0     0.0    0.0
 SNOW DEPTH (IN)     0                                          0

DEGREE DAYS
 HEATING
  YESTERDAY         10                          12      -2     11
  MONTH TO DATE    187                         304    -117    261
  SINCE JUN 1      725                        1091    -366    923
  SINCE JUL 1      414                         630    -216    501

 COOLING
  YESTERDAY          0                           0       0      0
  MONTH TO DATE      0                           0       0      0
  SINCE JUN 1        1                           0       1      0
  SINCE JAN 1        1                           0       1      4
...................................................................

WIND (MPH)
 HIGHEST WIND SPEED    40     HIGHEST WIND DIRECTION    280
 HIGHEST GUST SPEED    53     HIGHEST GUST DIRECTION    290
 AVERAGE WIND SPEED  18.9

SKY COVER
  POSSIBLE SUNSHINE    MM          AVERAGE SKY COVER     MM

WEATHER CONDITIONS
 THE FOLLOWING WEATHER WAS RECORDED YESTERDAY.
  NO SIGNIFICANT WEATHER WAS OBSERVED.

RELATIVE HUMIDITY
 HIGHEST RH     MM PERCENT       MM
 LOWEST  RH     MM PERCENT       MM
 AVERAGE RH     MM PERCENT       MM
...................................................................

THE KODIAK CLIMATE NORMALS FOR TODAY
                           NORMAL    RECORD   YEAR
 MAXIMUM TEMPERATURE (F)     60        76     1942
 MINIMUM TEMPERATURE (F)     47        37     1988

SUNRISE AND SUNSET
 SEP 1 2015..........SUNRISE  7:11 AM      SUNSET  9:09 PM
 SEP 2 2015..........SUNRISE  7:13 AM      SUNSET  9:06 PM

-  INDICATES NEGATIVE NUMBERS.
R  INDICATES RECORD HAS BEEN SET OR TIED.
MM INDICATES DATA IS MISSING.
T  INDICATES TRACE OF PRECIPITATION.

&&
-------------------------------------------------------------------

AMOUNT OF DAYLIGHT TODAY  (HOUR:MIN)........13 HOURS 58 MINUTES
GAIN/LOSS SINCE YESTERDAY (HOUR:MIN:SEC)....-0:04:52

$$
LRM SEP 15
