000
CDAK48 PADQ 300911
CLIADQ

CLIMATE REPORT
NATIONAL WEATHER SERVICE KODIAK, AK
1211 AM AKST FRI JAN 30 2015

...................................
...THE KODIAK AP CLIMATE SUMMARY FOR JANUARY 29 2015...

CLIMATE NORMAL PERIOD  1981 TO  2010
CLIMATE RECORD PERIOD  1949 TO  2015

WEATHER ITEM   OBSERVED TIME    RECORD YEAR NORMAL DEPARTURE LAST
               VALUE    (LST)   VALUE       VALUE  FROM      YEAR
                                                   NORMAL
...................................................................
TEMPERATURE
YESTERDAY
 MAXIMUM            34  0439 PM    48  1985     35      -1     42
 MINIMUM            31  0606 AM    -9  1989     26       5     35
 AVERAGE            33                          30       3     39

PRECIPITATION
(INCHES)
 YESTERDAY           T           3.40  2007   0.24   -0.24   0.20
 MONTH TO DATE   10.02                        7.83    2.19  14.30
 SINCE DEC 1     23.81                       16.56    7.25  18.75
 SINCE JAN 1     10.02                        7.83    2.19  14.30

SNOWFALL
(INCHES)
 YESTERDAY           T            9.0  1962    0.5    -0.5    0.0
 MONTH TO DATE     4.2                        12.1    -7.9    5.1
 SINCE DEC 1       4.5                        25.9   -21.4   16.7
 SINCE JUL 1       5.2                        33.4   -28.2   24.0
 SNOW DEPTH (IN)     0                                          0

DEGREE DAYS
 HEATING
  YESTERDAY         32                          35      -3     26
  MONTH TO DATE    828                        1003    -175    811
  SINCE DEC 1     1650                        2052    -402   1851
  SINCE JUL 1     4046                        4844    -798   4258

 COOLING
  YESTERDAY          0                           0       0      0
  MONTH TO DATE      0                           0       0      0
  SINCE DEC 1        0                           0       0      0
  SINCE JAN 1        0                           0       0      0
...................................................................

WIND (MPH)
 HIGHEST WIND SPEED    21     HIGHEST WIND DIRECTION    290
 HIGHEST GUST SPEED    28     HIGHEST GUST DIRECTION    290
 AVERAGE WIND SPEED  13.8

SKY COVER
  POSSIBLE SUNSHINE    MM          AVERAGE SKY COVER     MM

WEATHER CONDITIONS
 THE FOLLOWING WEATHER WAS RECORDED YESTERDAY.
  SNOW


RELATIVE HUMIDITY
 HIGHEST RH     MM PERCENT       MM
 LOWEST  RH     MM PERCENT       MM
 AVERAGE RH     MM PERCENT       MM
...................................................................

THE KODIAK CLIMATE NORMALS FOR TODAY
                           NORMAL    RECORD   YEAR
 MAXIMUM TEMPERATURE (F)     35        50     1963
 MINIMUM TEMPERATURE (F)     26        -5     1999

SUNRISE AND SUNSET
 JAN 30 2015..........SUNRISE  9:17 AM      SUNSET  5:31 PM
 JAN 31 2015..........SUNRISE  9:15 AM      SUNSET  5:34 PM

-  INDICATES NEGATIVE NUMBERS.
R  INDICATES RECORD HAS BEEN SET OR TIED.
MM INDICATES DATA IS MISSING.
T  INDICATES TRACE OF PRECIPITATION.

&&
-------------------------------------------------------------------

AMOUNT OF DAYLIGHT TODAY  (HOUR:MIN)........8 HOURS 14 MINUTES
GAIN/LOSS SINCE YESTERDAY (HOUR:MIN:SEC)....+0:04:19

$$
*** JAN 15
