000
CDAK48 PADQ 211121
CLIADQ

CLIMATE REPORT
NATIONAL WEATHER SERVICE KODIAK, AK
321 AM AKDT TUE OCT 21 2014

...................................
...THE KODIAK AP CLIMATE SUMMARY FOR OCTOBER 20 2014...

CLIMATE NORMAL PERIOD  1981 TO  2010
CLIMATE RECORD PERIOD  1949 TO  2014

WEATHER ITEM   OBSERVED TIME    RECORD YEAR NORMAL DEPARTURE LAST
               VALUE    (LST)   VALUE       VALUE  FROM      YEAR
                                                   NORMAL
...................................................................
TEMPERATURE
YESTERDAY
 MAXIMUM            40  0345 PM    52  1969     45      -5     50
 MINIMUM            26  1159 PM    16  1974     33      -7     34
 AVERAGE            33                          39      -6     42

PRECIPITATION
(INCHES)
 YESTERDAY        0.00           1.43  2009   0.27   -0.27      T
 MONTH TO DATE    4.76                        5.47   -0.71   5.02
 SINCE SEP 1     12.28                       12.82   -0.54  12.56
 SINCE JAN 1     61.51                       59.61    1.90  52.47

SNOWFALL
(INCHES)
 YESTERDAY         0.0            1.0  1974    0.0     0.0    0.0
 MONTH TO DATE     0.2                         0.4    -0.2    0.0
 SINCE SEP 1       0.2                         0.4    -0.2    0.0
 SINCE JUL 1       0.2                         0.4    -0.2    0.0
 SNOW DEPTH (IN)     0                                          0

DEGREE DAYS
 HEATING
  YESTERDAY         32                          26       6     23
  MONTH TO DATE    476                         462      14    378
  SINCE SEP 1      846                         930     -84    818
  SINCE JUL 1     1347                        1560    -213   1297

 COOLING
  YESTERDAY          0                           0       0      0
  MONTH TO DATE      0                           0       0      0
  SINCE SEP 1        0                           0       0      0
  SINCE JAN 1        4                           0       4      6
...................................................................

WIND (MPH)
 HIGHEST WIND SPEED    12     HIGHEST WIND DIRECTION    290
 HIGHEST GUST SPEED    13     HIGHEST GUST DIRECTION    300
 AVERAGE WIND SPEED   4.6

SKY COVER
  POSSIBLE SUNSHINE    MM          AVERAGE SKY COVER     MM

WEATHER CONDITIONS
 THE FOLLOWING WEATHER WAS RECORDED YESTERDAY.
  NO SIGNIFICANT WEATHER WAS OBSERVED.

RELATIVE HUMIDITY
 HIGHEST RH     MM PERCENT       MM
 LOWEST  RH     MM PERCENT       MM
 AVERAGE RH     MM PERCENT       MM
...................................................................

THE KODIAK CLIMATE NORMALS FOR TODAY
                           NORMAL    RECORD   YEAR
 MAXIMUM TEMPERATURE (F)     45        55     1981
 MINIMUM TEMPERATURE (F)     33        16     1966

SUNRISE AND SUNSET
 OCT 21 2014..........SUNRISE  8:59 AM      SUNSET  6:50 PM
 OCT 22 2014..........SUNRISE  9:01 AM      SUNSET  6:47 PM

-  INDICATES NEGATIVE NUMBERS.
R  INDICATES RECORD HAS BEEN SET OR TIED.
MM INDICATES DATA IS MISSING.
T  INDICATES TRACE OF PRECIPITATION.

&&
-------------------------------------------------------------------

AMOUNT OF DAYLIGHT TODAY  (HOUR:MIN)........9 HOURS 51 MINUTES
GAIN/LOSS SINCE YESTERDAY (HOUR:MIN:SEC)....-0:04:50

$$
*** OCT 14
