114
CDAK48 PAFC 231311
CLIADQ

CLIMATE REPORT
NATIONAL WEATHER SERVICE ANCHORAGE, AK
410 AM AKST MON JAN 23 2017


...................................

...THE KODIAK CLIMATE SUMMARY FOR JANUARY 22 2017...

CLIMATE NORMAL PERIOD 1981 TO 2010
CLIMATE RECORD PERIOD 1913 TO 2017


WEATHER ITEM   OBSERVED TIME   RECORD YEAR NORMAL DEPARTURE LAST
                VALUE   (LST)  VALUE       VALUE  FROM      YEAR
                                                  NORMAL
..................................................................
TEMPERATURE (F)
 YESTERDAY
  MAXIMUM         22    309 PM  46    1937  35    -13       35
  MINIMUM          7    633 PM  -4    1947  26    -19       32
  AVERAGE         15                        30    -15       34

PRECIPITATION (IN)
  YESTERDAY        0.00          2.50 1975   0.27  -0.27     0.43
  MONTH TO DATE    0.80                      6.07  -5.27     6.95
  SINCE DEC 1      4.91                     14.80  -9.89    19.22
  SINCE JAN 1      0.80                      6.07  -5.27     6.95

SNOWFALL (IN)
  YESTERDAY        0.0           6.5  2002   0.4   -0.4      0.1
  MONTH TO DATE    3.3                       8.8   -5.5      0.1
  SINCE DEC 1      6.9                      22.6  -15.7     15.0
  SINCE JUL 1      8.9                      30.1  -21.2     16.0
  SNOW DEPTH       3

DEGREE DAYS
 HEATING
  YESTERDAY       50                        35     15       31
  MONTH TO DATE  842                       758     84      547
  SINCE DEC 1   1875                      1806     69     1452
  SINCE JUL 1   4077                      4601   -524     3670

 COOLING
  YESTERDAY        0                         0      0        0
  MONTH TO DATE    0                         0      0        0
  SINCE DEC 1      0                         0      0        0
  SINCE JAN 1      0                         0      0        0
..................................................................


WIND (MPH)
  RESULTANT WIND SPEED  11   RESULTANT WIND DIRECTION  NW (300)
  HIGHEST WIND SPEED    22   HIGHEST WIND DIRECTION     W (270)
  HIGHEST GUST SPEED    30   HIGHEST GUST DIRECTION     W (280)
  AVERAGE WIND SPEED    10.1



WEATHER CONDITIONS
 THE FOLLOWING WEATHER WAS RECORDED YESTERDAY.
  NO SIGNIFICANT WEATHER WAS OBSERVED.


RELATIVE HUMIDITY (PERCENT)
 HIGHEST    84
 LOWEST     67
 AVERAGE    76

..........................................................


THE KODIAK CLIMATE NORMALS FOR TODAY
                         NORMAL    RECORD    YEAR
 MAXIMUM TEMPERATURE (F)   35        51      1950
 MINIMUM TEMPERATURE (F)   26        -5      2012
                                             1947


SUNRISE AND SUNSET
JANUARY 23 2017.......SUNRISE   929 AM AKST  SUNSET   516 PM AKST
JANUARY 24 2017.......SUNRISE   927 AM AKST  SUNSET   518 PM AKST

CIVIL TWILIGHT
JANUARY 23 2017         START    844 AM GMT     END    602 PM GMT
JANUARY 24 2017         START    842 AM GMT     END    604 PM GMT



-  INDICATES NEGATIVE NUMBERS.
R  INDICATES RECORD WAS SET OR TIED.
MM INDICATES DATA IS MISSING.
T  INDICATES TRACE AMOUNT.




$$
&&
------------------------------------------------------
AMOUNT OF DAYLIGHT TODAY  (HOUR:MIN)........ 7:47
GAIN/LOSS SINCE YESTERDAY (HOUR:MIN:SEC)....+0:03:57

$$
