000
CDAK48 PADQ 292312
CLIADQ

CLIMATE REPORT
NATIONAL WEATHER SERVICE KODIAK, AK
312 PM AKDT FRI JUL 29 2016

...................................
...THE KODIAK AP CLIMATE SUMMARY FOR JULY 29 2016...
VALID TODAY AS OF 2:00 PM LOCAL TIME

CLIMATE NORMAL PERIOD  1981 TO  2010
CLIMATE RECORD PERIOD  1913 TO  2016

WEATHER ITEM   OBSERVED TIME    RECORD YEAR NORMAL DEPARTURE LAST
               VALUE    (LST)   VALUE       VALUE  FROM      YEAR
                                                   NORMAL
...................................................................
TEMPERATURE
TODAY
 MAXIMUM            63  0139 PM    74  1999     61       2     63
 MINIMUM            50  0536 AM    43  1978     50       0     54
 AVERAGE            57                          56       1     59

PRECIPITATION
(INCHES)
 TODAY            0.00           1.44  1965   0.15   -0.15   0.00
 MONTH TO DATE    2.46                        4.64   -2.18   3.17
 SINCE JUN 1      5.94                       10.55   -4.61   6.25
 SINCE JAN 1     48.72                       41.94    6.78  45.37

SNOWFALL
(INCHES)
 TODAY             0.0            0.0  2016    0.0     0.0    0.0
 MONTH TO DATE     0.0                         0.0     0.0    0.0
 SINCE JUN 1       0.0                         0.0     0.0    0.0
 SINCE JUL 1       0.0                         0.0     0.0    0.0
 SNOW DEPTH (IN)     0                                          0

DEGREE DAYS
 HEATING
  TODAY              8                           9      -1      6
  MONTH TO DATE    156                         308    -152    210
  SINCE JUN 1      482                         769    -287    521
  SINCE JUL 1      156                         308    -152    210

 COOLING
  TODAY              0                           0       0      0
  MONTH TO DATE     20                           0      20      0
  SINCE JUN 1       20                           0      20      1
  SINCE JAN 1       20                           0      20      1
...................................................................

WIND (MPH)
 HIGHEST WIND SPEED     8     HIGHEST WIND DIRECTION    100
 HIGHEST GUST SPEED    10     HIGHEST GUST DIRECTION    100
 AVERAGE WIND SPEED    MM

SKY COVER
  POSSIBLE SUNSHINE  MM            AVERAGE SKY COVER MM

WEATHER CONDITIONS
 THE FOLLOWING WEATHER WAS RECORDED TODAY.
NO SIGNIFICANT WEATHER WAS OBSERVED.

RELATIVE HUMIDITY
 HIGHEST RH     MM PERCENT       MM
 LOWEST  RH     MM PERCENT       MM
 AVERAGE RH     MM PERCENT       MM
...................................................................

THE KODIAK CLIMATE NORMALS FOR TOMORROW
                        NORMAL    RECORD   YEAR
 MAXIMUM TEMPERATURE      62        78     1961
 MINIMUM TEMPERATURE      50        38     2000

SUNRISE AND SUNSET
 JUL 29 2016..........SUNRISE  6:01 AM      SUNSET 10:32 PM
 JUL 30 2016..........SUNRISE  6:03 AM      SUNSET 10:30 PM

-  INDICATES NEGATIVE NUMBERS.
R  INDICATES RECORD HAS BEEN SET OR TIED.
MM INDICATES DATA IS MISSING.
T  INDICATES TRACE OF PRECIPITATION.

&&
-------------------------------------------------------------------

AMOUNT OF DAYLIGHT TODAY  (HOUR:MIN)........16 HOURS 31 MINUTES
GAIN/LOSS SINCE YESTERDAY (HOUR:MIN:SEC)....-0:04:07

$$
LRM JUL 16
