000
CDAK48 PADQ 292327
CLIADQ

CLIMATE REPORT
NATIONAL WEATHER SERVICE KODIAK, AK
327 PM AKDT MON AUG 29 2016

...................................
...THE KODIAK AP CLIMATE SUMMARY FOR AUGUST 29 2016...
VALID TODAY AS OF 2:00 PM LOCAL TIME

CLIMATE NORMAL PERIOD  1981 TO  2010
CLIMATE RECORD PERIOD  1913 TO  2016

WEATHER ITEM   OBSERVED TIME    RECORD YEAR NORMAL DEPARTURE LAST
               VALUE    (LST)   VALUE       VALUE  FROM      YEAR
                                                   NORMAL
...................................................................
TEMPERATURE
TODAY
 MAXIMUM            77  0159 PM    81  1919     60      17     56
 MINIMUM            59  0420 AM    34  1998     48      11     48
 AVERAGE            68                          54      14     52

PRECIPITATION
(INCHES)
 TODAY            0.00           1.93  1963   0.17   -0.17   0.16
 MONTH TO DATE    3.28                        4.21   -0.93   2.01
 SINCE JUN 1      9.22                       15.05   -5.83   8.41
 SINCE JAN 1     52.00                       46.44    5.56  47.53

SNOWFALL
(INCHES)
 TODAY             0.0            0.0  2016    0.0     0.0    0.0
 MONTH TO DATE     0.0                         0.0     0.0    0.0
 SINCE JUN 1       0.0                         0.0     0.0    0.0
 SINCE JUL 1       0.0                         0.0     0.0    0.0
 SNOW DEPTH (IN)     0                                          0

DEGREE DAYS
 HEATING
  TODAY              0                          11     -11     13
  MONTH TO DATE    179                         281    -102    167
  SINCE JUN 1      676                        1068    -392    705
  SINCE JUL 1      350                         607    -257    394

 COOLING
  TODAY              3                           0       3      0
  MONTH TO DATE      8                           0       8      0
  SINCE JUN 1       28                           0      28      1
  SINCE JAN 1       28                           0      28      1
...................................................................

WIND (MPH)
 HIGHEST WIND SPEED    20     HIGHEST WIND DIRECTION    280
 HIGHEST GUST SPEED    25     HIGHEST GUST DIRECTION    270
 AVERAGE WIND SPEED    MM

SKY COVER
  POSSIBLE SUNSHINE  MM            AVERAGE SKY COVER MM

WEATHER CONDITIONS
 THE FOLLOWING WEATHER WAS RECORDED TODAY.
NO SIGNIFICANT WEATHER WAS OBSERVED.

RELATIVE HUMIDITY
 HIGHEST RH     MM PERCENT       MM
 LOWEST  RH     MM PERCENT       MM
 AVERAGE RH     MM PERCENT       MM
...................................................................

THE KODIAK CLIMATE NORMALS FOR TOMORROW
                        NORMAL    RECORD   YEAR
 MAXIMUM TEMPERATURE      60        75     1930
 MINIMUM TEMPERATURE      47        36     1973

SUNRISE AND SUNSET
 AUG 29 2016..........SUNRISE  7:06 AM      SUNSET  9:15 PM
 AUG 30 2016..........SUNRISE  7:08 AM      SUNSET  9:12 PM

-  INDICATES NEGATIVE NUMBERS.
R  INDICATES RECORD HAS BEEN SET OR TIED.
MM INDICATES DATA IS MISSING.
T  INDICATES TRACE OF PRECIPITATION.

&&
-------------------------------------------------------------------

AMOUNT OF DAYLIGHT TODAY  (HOUR:MIN)........14 HOURS 9 MINUTES
GAIN/LOSS SINCE YESTERDAY (HOUR:MIN:SEC)....-0:04:51

$$
JTS AUG 16
