744
CDAK48 PAFC 051249
CLIADQ

CLIMATE REPORT
NATIONAL WEATHER SERVICE ANCHORAGE, AK
348 AM AKST MON DEC 5 2016


...................................

...THE KODIAK CLIMATE SUMMARY FOR DECEMBER 4 2016...

CLIMATE NORMAL PERIOD 1981 TO 2010
CLIMATE RECORD PERIOD 1913 TO 2016


WEATHER ITEM   OBSERVED TIME   RECORD YEAR NORMAL DEPARTURE LAST
                VALUE   (LST)  VALUE       VALUE  FROM      YEAR
                                                  NORMAL
..................................................................
TEMPERATURE (F)
 YESTERDAY
  MAXIMUM         25    350 PM  48    1978  37    -12       35
  MINIMUM         15   1119 PM   4    2005  27    -12       20
                                      1988
  AVERAGE         20                        32    -12       28

PRECIPITATION (IN)
  YESTERDAY        T             1.27 2014   0.28  -0.28     0.03
  MONTH TO DATE    0.03                      1.10  -1.07     1.38
  SINCE DEC 1      0.03                      1.10  -1.07     1.38
  SINCE JAN 1     77.21                     70.37   6.84    71.60

SNOWFALL (IN)
  YESTERDAY        T             7.0  1970   0.5   -0.5      0.0
  MONTH TO DATE    0.5                       1.8   -1.3       T
  SINCE DEC 1      0.5                       1.8   -1.3       T
  SINCE JUL 1      2.5                       9.3   -6.8      1.0
  SNOW DEPTH       T

DEGREE DAYS
 HEATING
  YESTERDAY       45                        33     12       37
  MONTH TO DATE  158                       132     26      129
  SINCE DEC 1    158                       132     26      129
  SINCE JUL 1   2360                      2927   -567     2347

 COOLING
  YESTERDAY        0                         0      0        0
  MONTH TO DATE    0                         0      0        0
  SINCE DEC 1      0                         0      0        0
  SINCE JAN 1     29                         1     28        1
..................................................................


WIND (MPH)
  RESULTANT WIND SPEED   8   RESULTANT WIND DIRECTION   W (280)
  HIGHEST WIND SPEED    28   HIGHEST WIND DIRECTION     W (290)
  HIGHEST GUST SPEED    42   HIGHEST GUST DIRECTION    NW (300)
  AVERAGE WIND SPEED     8.4



WEATHER CONDITIONS
 THE FOLLOWING WEATHER WAS RECORDED YESTERDAY.
  LIGHT SNOW


RELATIVE HUMIDITY (PERCENT)
 HIGHEST    80
 LOWEST     54
 AVERAGE    67

..........................................................


THE KODIAK CLIMATE NORMALS FOR TODAY
                         NORMAL    RECORD    YEAR
 MAXIMUM TEMPERATURE (F)   37        46      2000
                                             1978
                                             1947
 MINIMUM TEMPERATURE (F)   27         0      1967


SUNRISE AND SUNSET
DECEMBER  5 2016......SUNRISE   936 AM AKST  SUNSET   426 PM AKST
DECEMBER  6 2016......SUNRISE   938 AM AKST  SUNSET   425 PM AKST

CIVIL TWILIGHT
DECEMBER 5 2016         START    847 AM GMT     END    516 PM GMT
DECEMBER 6 2016         START    848 AM GMT     END    515 PM GMT



-  INDICATES NEGATIVE NUMBERS.
R  INDICATES RECORD WAS SET OR TIED.
MM INDICATES DATA IS MISSING.
T  INDICATES TRACE AMOUNT.




$$
&&
------------------------------------------------------
AMOUNT OF DAYLIGHT TODAY  (HOUR:MIN)........ 6:50
GAIN/LOSS SINCE YESTERDAY (HOUR:MIN:SEC)....-0:02:18

$$
