000
CDUS42 KCAE 230647
CLIAGS


CLIMATE REPORT
NATIONAL WEATHER SERVICE COLUMBIA SC
147 AM EST THU NOV 23 2017


...................................

...THE AUGUSTA REGIONAL BUSH FIELD GA CLIMATE SUMMARY FOR NOVEMBER 22 2017...

CLIMATE NORMAL PERIOD 1981 TO 2010
CLIMATE RECORD PERIOD 1873 TO 2017


WEATHER ITEM   OBSERVED TIME   RECORD YEAR NORMAL DEPARTURE LAST
                VALUE   (LST)  VALUE       VALUE  FROM      YEAR
                                                  NORMAL
..................................................................
TEMPERATURE (F)
 YESTERDAY
  MAXIMUM         70    311 PM  82    2011  67      3       67
  MINIMUM         48    310 AM  18    2008  40      8       28
  AVERAGE         59                        53      6       48

PRECIPITATION (IN)
  YESTERDAY        0.00          3.43 1985   0.10  -0.10     0.00
  MONTH TO DATE    1.36                      2.00  -0.64     0.01
  SINCE SEP 1      6.47                      8.49  -2.02     6.68
  SINCE JAN 1     40.85                     39.36   1.49    33.25

SNOWFALL (IN)
  YESTERDAY        0.0          MM      MM   0.0             0.0
  MONTH TO DATE    0.0                       0.0             0.0
  SINCE SEP 1      0.0                       0.0             0.0
  SINCE JUL 1      0.0                       0.0             0.0

DEGREE DAYS
 HEATING
  YESTERDAY        6                        12     -6       17
  MONTH TO DATE  185                       203    -18      187
  SINCE SEP 1    258                       317    -59      215
  SINCE JUL 1    258                       317    -59      215

 COOLING
  YESTERDAY        0                         0      0        0
  MONTH TO DATE   25                        15     10        9
  SINCE SEP 1    575                       397    178      527
  SINCE JAN 1   2703                      2085    618     2498
..................................................................


WIND (MPH)
  HIGHEST WIND SPEED     9   HIGHEST WIND DIRECTION    NW (330)
  HIGHEST GUST SPEED    13   HIGHEST GUST DIRECTION     N (350)
  AVERAGE WIND SPEED     2.5


SKY COVER
  AVERAGE SKY COVER 0.6


WEATHER CONDITIONS
 THE FOLLOWING WEATHER WAS RECORDED YESTERDAY.
  FOG
  FOG W/VISIBILITY <= 1/4 MILE
  HAZE


RELATIVE HUMIDITY (PERCENT)
 HIGHEST   100          1200 AM
 LOWEST     55           400 PM
 AVERAGE    78

..........................................................


THE AUGUSTA REGIONAL BUSH FIELD GA CLIMATE NORMALS FOR TODAY
                         NORMAL    RECORD    YEAR
 MAXIMUM TEMPERATURE (F)   67        80      2010
                                             1979
                                             1900
 MINIMUM TEMPERATURE (F)   39        21      1956


SUNRISE AND SUNSET
NOVEMBER 23 2017......SUNRISE   707 AM EST   SUNSET   522 PM EST
NOVEMBER 24 2017......SUNRISE   708 AM EST   SUNSET   521 PM EST


-  INDICATES NEGATIVE NUMBERS.
R  INDICATES RECORD WAS SET OR TIED.
MM INDICATES DATA IS MISSING.
T  INDICATES TRACE AMOUNT.




$$
