000
CDUS42 KCAE 260541
CLIAGS


CLIMATE REPORT
NATIONAL WEATHER SERVICE COLUMBIA SC
1241 AM EST WED NOV 26 2014


...................................

...THE AUGUSTA REGIONAL BUSH FIELD GA CLIMATE SUMMARY FOR NOVEMBER 25 2014...

CLIMATE NORMAL PERIOD 1981 TO 2010
CLIMATE RECORD PERIOD 1873 TO 2014


WEATHER ITEM   OBSERVED TIME   RECORD YEAR NORMAL DEPARTURE LAST
                VALUE   (LST)  VALUE       VALUE  FROM      YEAR
                                                  NORMAL
..................................................................
TEMPERATURE (F)
 YESTERDAY
  MAXIMUM         64    438 AM  81    1931  66     -2       53
  MINIMUM         49   1159 PM  11    1950  39     10       26
  AVERAGE         57                        52      5       40

PRECIPITATION (IN)
  YESTERDAY        0.14          2.63 1955   0.11   0.03     0.00
  MONTH TO DATE    2.55                      2.31   0.24     1.02
  SINCE SEP 1      5.42                      8.80  -3.38     2.50
  SINCE JAN 1     33.84                     39.67  -5.83    47.82

SNOWFALL (IN)
  YESTERDAY        0.0          MM      MM   0.0             0.0
  MONTH TO DATE    0.0                       0.0             0.0
  SINCE SEP 1      0.0                       0.0             0.0
  SINCE JUL 1      0.0                       0.0             0.0

DEGREE DAYS
 HEATING
  YESTERDAY        8                        13     -5       25
  MONTH TO DATE  374                       241    133      272
  SINCE SEP 1    465                       355    110      348
  SINCE JUL 1    465                       355    110      348

 COOLING
  YESTERDAY        0                         0      0        0
  MONTH TO DATE    7                        15     -8       10
  SINCE SEP 1    448                       397     51      390
  SINCE JAN 1   2099                      2085     14     1865
..................................................................


WIND (MPH)
  HIGHEST WIND SPEED    18   HIGHEST WIND DIRECTION    NW (330)
  HIGHEST GUST SPEED    23   HIGHEST GUST DIRECTION    NW (330)
  AVERAGE WIND SPEED     5.1


SKY COVER
  AVERAGE SKY COVER 0.9


WEATHER CONDITIONS
 THE FOLLOWING WEATHER WAS RECORDED YESTERDAY.
  LIGHT RAIN
  FOG


RELATIVE HUMIDITY (PERCENT)
 HIGHEST   100          1200 AM
 LOWEST     67           900 AM
 AVERAGE    84

..........................................................


THE AUGUSTA REGIONAL BUSH FIELD GA CLIMATE NORMALS FOR TODAY
                         NORMAL    RECORD    YEAR
 MAXIMUM TEMPERATURE (F)   66        82      1973
 MINIMUM TEMPERATURE (F)   39        17      1950


SUNRISE AND SUNSET
NOVEMBER 26 2014......SUNRISE   709 AM EST   SUNSET   521 PM EST
NOVEMBER 27 2014......SUNRISE   710 AM EST   SUNSET   521 PM EST


-  INDICATES NEGATIVE NUMBERS.
R  INDICATES RECORD WAS SET OR TIED.
MM INDICATES DATA IS MISSING.
T  INDICATES TRACE AMOUNT.




$$
