313
CDUS42 KCAE 140536
CLIAGS


CLIMATE REPORT
NATIONAL WEATHER SERVICE COLUMBIA SC
1235 AM EST SUN FEB 14 2016


...................................

...THE AUGUSTA REGIONAL BUSH FIELD GA CLIMATE SUMMARY FOR FEBRUARY 13 2016...

CLIMATE NORMAL PERIOD 1981 TO 2010
CLIMATE RECORD PERIOD 1873 TO 2016


WEATHER ITEM   OBSERVED TIME   RECORD YEAR NORMAL DEPARTURE LAST
                VALUE   (LST)  VALUE       VALUE  FROM      YEAR
                                                  NORMAL
..................................................................
TEMPERATURE (F)
 YESTERDAY
  MAXIMUM         51    441 PM  81    1880  62    -11       47
  MINIMUM         28   1120 PM   4    1899  36     -8       24
  AVERAGE         40                        49     -9       36

PRECIPITATION (IN)
  YESTERDAY        0.00          1.99 1960   0.14  -0.14     0.00
  MONTH TO DATE    2.14                      1.72   0.42     0.56
  SINCE DEC 1     10.72                      9.02   1.70     6.87
  SINCE JAN 1      3.80                      5.63  -1.83     2.66

SNOWFALL (IN)
  YESTERDAY        0.0           1.3  1958   0.0             0.0
  MONTH TO DATE    0.0                       0.2             0.0
  SINCE DEC 1      0.5                       0.7             0.0
  SINCE JUL 1      0.5                       0.7             0.0

DEGREE DAYS
 HEATING
  YESTERDAY       25                        16      9       29
  MONTH TO DATE  227                       226      1      258
  SINCE DEC 1   1081                      1389   -308     1365
  SINCE JUL 1   1368                      1811   -443     1929

 COOLING
  YESTERDAY        0                         0      0        0
  MONTH TO DATE    3                         0      3        0
  SINCE DEC 1     50                         4     46        0
  SINCE JAN 1      3                         1      2        0
..................................................................


WIND (MPH)
  HIGHEST WIND SPEED    18   HIGHEST WIND DIRECTION    NW (320)
  HIGHEST GUST SPEED    23   HIGHEST GUST DIRECTION    NW (330)
  AVERAGE WIND SPEED     7.5


SKY COVER
  AVERAGE SKY COVER 0.0


WEATHER CONDITIONS
 THE FOLLOWING WEATHER WAS RECORDED YESTERDAY.
  NO SIGNIFICANT WEATHER WAS OBSERVED.


RELATIVE HUMIDITY (PERCENT)
 HIGHEST    75          1100 PM
 LOWEST     21           500 PM
 AVERAGE    48

..........................................................


THE AUGUSTA REGIONAL BUSH FIELD GA CLIMATE NORMALS FOR TODAY
                         NORMAL    RECORD    YEAR
 MAXIMUM TEMPERATURE (F)   62        80      1962
 MINIMUM TEMPERATURE (F)   36         3      1899


SUNRISE AND SUNSET
FEBRUARY 14 2016......SUNRISE   713 AM EST   SUNSET   611 PM EST
FEBRUARY 15 2016......SUNRISE   712 AM EST   SUNSET   612 PM EST


-  INDICATES NEGATIVE NUMBERS.
R  INDICATES RECORD WAS SET OR TIED.
MM INDICATES DATA IS MISSING.
T  INDICATES TRACE AMOUNT.




$$
