000
CDUS42 KCAE 280604
CLIAGS


CLIMATE REPORT
NATIONAL WEATHER SERVICE COLUMBIA SC
204 AM EDT MON JUL 28 2014


...................................

...THE AUGUSTA REGIONAL BUSH FIELD GA CLIMATE SUMMARY FOR JULY 27 2014...

CLIMATE NORMAL PERIOD 1981 TO 2010
CLIMATE RECORD PERIOD 1873 TO 2014


WEATHER ITEM   OBSERVED TIME   RECORD YEAR NORMAL DEPARTURE LAST
                VALUE   (LST)  VALUE       VALUE  FROM      YEAR
                                                  NORMAL
..................................................................
TEMPERATURE (F)
 YESTERDAY
  MAXIMUM         96    231 PM 102    1936  93      3       88
  MINIMUM         70    624 AM  62    1911  70      0       71
  AVERAGE         83                        82      1       80

PRECIPITATION (IN)
  YESTERDAY        0.00          2.27 2001   0.14  -0.14     0.15
  MONTH TO DATE    5.24                      3.73   1.51     8.00
  SINCE JUN 1      7.51                      8.45  -0.94    18.83
  SINCE JAN 1     26.37                     25.95   0.42    38.43

SNOWFALL (IN)
  YESTERDAY        0.0          MM      MM   0.0             0.0
  MONTH TO DATE    0.0                       0.0             0.0
  SINCE JUN 1      0.0                       0.0             0.0
  SINCE JUL 1      0.0                       0.0             0.0

DEGREE DAYS
 HEATING
  YESTERDAY        0                         0      0        0
  MONTH TO DATE    0                         0      0        0
  SINCE JUN 1      0                         0      0        0
  SINCE JUL 1      0                         0      0        0

 COOLING
  YESTERDAY       18                        17      1       15
  MONTH TO DATE  427                       451    -24      398
  SINCE JUN 1    851                       859     -8      790
  SINCE JAN 1   1135                      1142     -7      999
..................................................................


WIND (MPH)
  HIGHEST WIND SPEED    17   HIGHEST WIND DIRECTION     W (260)
  HIGHEST GUST SPEED    23   HIGHEST GUST DIRECTION    SW (230)
  AVERAGE WIND SPEED     6.6


SKY COVER
  AVERAGE SKY COVER 0.0


WEATHER CONDITIONS
 THE FOLLOWING WEATHER WAS RECORDED YESTERDAY.
  FOG


RELATIVE HUMIDITY (PERCENT)
 HIGHEST   100           600 AM
 LOWEST     46           300 PM
 AVERAGE    73

..........................................................


THE AUGUSTA REGIONAL BUSH FIELD GA CLIMATE NORMALS FOR TODAY
                         NORMAL    RECORD    YEAR
 MAXIMUM TEMPERATURE (F)   93       104      1993
 MINIMUM TEMPERATURE (F)   70        60      1962


SUNRISE AND SUNSET
JULY 28 2014..........SUNRISE   638 AM EDT   SUNSET   831 PM EDT
JULY 29 2014..........SUNRISE   638 AM EDT   SUNSET   830 PM EDT


-  INDICATES NEGATIVE NUMBERS.
R  INDICATES RECORD WAS SET OR TIED.
MM INDICATES DATA IS MISSING.
T  INDICATES TRACE AMOUNT.




$$
