000
CDUS42 KCAE 232127
CLIAGS


CLIMATE REPORT
NATIONAL WEATHER SERVICE COLUMBIA SC
527 PM EDT WED APR 23 2014


...................................

...THE AUGUSTA BUSH FIELD GA CLIMATE SUMMARY FOR APRIL 23 2014...
VALID TODAY AS OF 0500 PM LOCAL TIME.

CLIMATE NORMAL PERIOD 1981 TO 2010
CLIMATE RECORD PERIOD 1873 TO 2014


WEATHER ITEM   OBSERVED TIME   RECORD YEAR NORMAL DEPARTURE LAST
                VALUE   (LST)  VALUE       VALUE  FROM      YEAR
                                                  NORMAL
..................................................................
TEMPERATURE (F)
 TODAY
  MAXIMUM         84    324 PM  93    1980  79      5       76
  MINIMUM         49    606 AM  30    1986  50     -1       44
  AVERAGE         67                        64      3       60

PRECIPITATION (IN)
  TODAY            0.00          2.53 1928   0.09  -0.09     0.00
                                      1883
  MONTH TO DATE    4.24                      2.27   1.97     1.63
  SINCE MAR 1      6.80                      6.45   0.35     4.74
  SINCE JAN 1     13.01                     14.28  -1.27    14.74

SNOWFALL (IN)
  TODAY            0.0          MM      MM   0.0             0.0
  MONTH TO DATE    0.0                       0.0             0.0
  SINCE MAR 1      0.0                       0.0             0.0
  SINCE JUL 1      3.3                       0.9             0.0

DEGREE DAYS
 HEATING
  TODAY            0                         3     -3        5
  MONTH TO DATE   99                       107     -8      106
  SINCE MAR 1    499                       403     96      541
  SINCE JUL 1   2661                      2435    226     2345

 COOLING
  TODAY            2                         2      0        0
  MONTH TO DATE   20                        34    -14       37
  SINCE MAR 1     20                        49    -29       43
  SINCE JAN 1     22                        52    -30       58
..................................................................


WIND (MPH)
  HIGHEST WIND SPEED    14   HIGHEST WIND DIRECTION     N (360)
  HIGHEST GUST SPEED    18   HIGHEST GUST DIRECTION     N (20)
  AVERAGE WIND SPEED     4.5


SKY COVER
  AVERAGE SKY COVER 0.2


WEATHER CONDITIONS
 THE FOLLOWING WEATHER WAS RECORDED TODAY.
  FOG
  FOG W/VISIBILITY <= 1/4 MILE
  HAZE


RELATIVE HUMIDITY (PERCENT)
 HIGHEST   100           300 AM
 LOWEST     24           400 PM
 AVERAGE    62

..........................................................


THE AUGUSTA BUSH FIELD GA CLIMATE NORMALS FOR TOMORROW
                         NORMAL    RECORD    YEAR
 MAXIMUM TEMPERATURE (F)   79        93      1925
 MINIMUM TEMPERATURE (F)   50        32      1986


SUNRISE AND SUNSET
APRIL 23 2014.........SUNRISE   648 AM EDT   SUNSET   805 PM EDT
APRIL 24 2014.........SUNRISE   647 AM EDT   SUNSET   805 PM EDT


-  INDICATES NEGATIVE NUMBERS.
R  INDICATES RECORD WAS SET OR TIED.
MM INDICATES DATA IS MISSING.
T  INDICATES TRACE AMOUNT.




$$
