000
CDUS42 KFFC 200819
CLIAHN


CLIMATE REPORT
NATIONAL WEATHER SERVICE PEACHTREE CITY GA
419 AM EDT WED AUG 20 2014


...................................

...THE ATHENS CLIMATE SUMMARY FOR AUGUST 19 2014...

CLIMATE NORMAL PERIOD 1981 TO 2010
CLIMATE RECORD PERIOD 1898 TO 2014


WEATHER ITEM   OBSERVED TIME   RECORD YEAR NORMAL DEPARTURE LAST
                VALUE   (LST)  VALUE       VALUE  FROM      YEAR
                                                  NORMAL
..................................................................
TEMPERATURE (F)
 YESTERDAY
  MAXIMUM         89    440 PM 105    1925  90     -1       78
  MINIMUM         69    500 AM  61    1976  69      0       69
  AVERAGE         79                        80     -1       74

PRECIPITATION (IN)
  YESTERDAY        0.09          1.36 1873   0.11  -0.02     0.68
  MONTH TO DATE    1.42                      2.26  -0.84     4.30
  SINCE JUN 1      9.38                     10.91  -1.53    21.70
  SINCE JAN 1     29.02                     30.02  -1.00    44.78

DEGREE DAYS
 COOLING
  YESTERDAY       14                        15     -1        9
  MONTH TO DATE  261                       287    -26      233
  SINCE JUN 1   1128                      1149    -21     1003
  SINCE JAN 1   1398                      1389      9     1182
..................................................................


WIND (MPH)
  RESULTANT WIND SPEED   3   RESULTANT WIND DIRECTION   W (260)
  HIGHEST WIND SPEED    13   HIGHEST WIND DIRECTION     W (270)
  HIGHEST GUST SPEED    20   HIGHEST GUST DIRECTION     W (270)
  AVERAGE WIND SPEED     5.0


SKY COVER
  POSSIBLE SUNSHINE  MM
  AVERAGE SKY COVER 0.4


WEATHER CONDITIONS
 THE FOLLOWING WEATHER WAS RECORDED YESTERDAY.
  RAIN
  LIGHT RAIN
  FOG


RELATIVE HUMIDITY (PERCENT)
 HIGHEST   100          1200 AM
 LOWEST     52           300 PM
 AVERAGE    76

..........................................................


THE ATHENS CLIMATE NORMALS FOR TODAY
                         NORMAL    RECORD    YEAR
 MAXIMUM TEMPERATURE (F)   90       107      1925
 MINIMUM TEMPERATURE (F)   69        59      1943


SUNRISE AND SUNSET
AUGUST 20 2014........SUNRISE   658 AM EDT   SUNSET   814 PM EDT
AUGUST 21 2014........SUNRISE   659 AM EDT   SUNSET   813 PM EDT


-  INDICATES NEGATIVE NUMBERS.
R  INDICATES RECORD WAS SET OR TIED.
MM INDICATES DATA IS MISSING.
T  INDICATES TRACE AMOUNT.




$$
