000
CDUS42 KFFC 180022
CLIAHN


CLIMATE REPORT
NATIONAL WEATHER SERVICE PEACHTREE CITY GA
822 PM EDT THU APR 17 2014


...................................

...THE ATHENS CLIMATE SUMMARY FOR APRIL 17 2014...
VALID AS OF 0800 PM LOCAL TIME.

CLIMATE NORMAL PERIOD 1981 TO 2010
CLIMATE RECORD PERIOD 1898 TO 2014


WEATHER ITEM   OBSERVED TIME   RECORD YEAR NORMAL DEPARTURE LAST
                VALUE   (LST)  VALUE       VALUE  FROM      YEAR
                                                  NORMAL
..................................................................
TEMPERATURE (F)
 TODAY
  MAXIMUM         66    437 PM  90    1955  74     -8       86
  MINIMUM         36    608 AM  30    1949  50    -14       59
  AVERAGE         51                        62    -11       73

PRECIPITATION (IN)
  TODAY            0.00          2.59 1910   0.10  -0.10      T
  MONTH TO DATE    3.04                      1.82   1.22     1.57
  SINCE MAR 1      6.41                      6.25   0.16     5.92
  SINCE JAN 1     15.05                     14.78   0.27    17.25

SNOWFALL (IN)
  TODAY            0.0           0.0  2002   0.0    0.0      0.0
                                      2001
                                      2000
  MONTH TO DATE    0.0                       0.1   -0.1      0.0
  SINCE MAR 1      0.0                       0.9   -0.9      0.0
  SINCE JUL 1      2.8                       3.0   -0.2      0.0
  SNOW DEPTH       0

DEGREE DAYS
 HEATING
  TODAY           14                         5      9        0
  MONTH TO DATE   91                       103    -12       80
  SINCE MAR 1    500                       443     57      572
  SINCE JUL 1   2962                      2698    264     2587

 COOLING
  TODAY            0                         2     -2        8
  MONTH TO DATE   21                        18      3       32
  SINCE MAR 1     21                        28     -7       34
  SINCE JAN 1     22                        29     -7       37
..................................................................


WIND (MPH)
  HIGHEST WIND SPEED    18   HIGHEST WIND DIRECTION     E (70)
  HIGHEST GUST SPEED    26   HIGHEST GUST DIRECTION    NE (60)
  AVERAGE WIND SPEED     7.8


SKY COVER
  AVERAGE SKY COVER 0.1


WEATHER CONDITIONS
 THE FOLLOWING WEATHER WAS RECORDED TODAY.
  NO SIGNIFICANT WEATHER WAS OBSERVED.


RELATIVE HUMIDITY (PERCENT)
 HIGHEST    85           700 AM
 LOWEST     29           400 PM

..........................................................


THE ATHENS CLIMATE NORMALS FOR TOMORROW
                         NORMAL    RECORD    YEAR
 MAXIMUM TEMPERATURE (F)   75        90      1942
                                             1927
 MINIMUM TEMPERATURE (F)   50        32      1936


SUNRISE AND SUNSET
APRIL 17 2014.........SUNRISE   700 AM EDT   SUNSET   806 PM EDT
APRIL 18 2014.........SUNRISE   659 AM EDT   SUNSET   807 PM EDT


-  INDICATES NEGATIVE NUMBERS.
R  INDICATES RECORD WAS SET OR TIED.
MM INDICATES DATA IS MISSING.
T  INDICATES TRACE AMOUNT.




$$
