000
CDUS42 KFFC 270927
CLIAHN


CLIMATE REPORT
NATIONAL WEATHER SERVICE PEACHTREE CITY GA
427 AM EST TUE JAN 27 2015


...................................

...THE ATHENS CLIMATE SUMMARY FOR JANUARY 26 2015...

CLIMATE NORMAL PERIOD 1981 TO 2010
CLIMATE RECORD PERIOD 1898 TO 2015


WEATHER ITEM   OBSERVED TIME   RECORD YEAR NORMAL DEPARTURE LAST
                VALUE   (LST)  VALUE       VALUE  FROM      YEAR
                                                  NORMAL
..................................................................
TEMPERATURE (F)
 YESTERDAY
  MAXIMUM         51   1051 AM  77    1950  55     -4       57
  MINIMUM         33   1159 PM   3    1940  33      0       27
  AVERAGE         42                        44     -2       42

PRECIPITATION (IN)
  YESTERDAY        T             1.55 1859   0.14  -0.14     0.00
  MONTH TO DATE    2.98                      3.33  -0.35     4.56
  SINCE DEC 1      7.67                      7.06   0.61    12.18
  SINCE JAN 1      2.98                      3.33  -0.35     4.56

SNOWFALL (IN)
  YESTERDAY        0.0           0.0  2002   0.0    0.0      0.0
  MONTH TO DATE    0.0                       1.2   -1.2      0.0
  SINCE DEC 1      0.0                       1.3   -1.3      0.0
  SINCE JUL 1      0.0                       1.3   -1.3      0.0
  SNOW DEPTH       0

DEGREE DAYS
 HEATING
  YESTERDAY       23                        21      2       23
  MONTH TO DATE  590                       565     25      712
  SINCE DEC 1   1093                      1175    -82     1251
  SINCE JUL 1   1706                      1655     51     1813
..................................................................


WIND (MPH)
  RESULTANT WIND SPEED  10   RESULTANT WIND DIRECTION   W (280)
  HIGHEST WIND SPEED    23   HIGHEST WIND DIRECTION    NW (300)
  HIGHEST GUST SPEED    34   HIGHEST GUST DIRECTION    NW (300)
  AVERAGE WIND SPEED    10.4


SKY COVER
  POSSIBLE SUNSHINE  MM
  AVERAGE SKY COVER 0.5


WEATHER CONDITIONS
 THE FOLLOWING WEATHER WAS RECORDED YESTERDAY.
  LIGHT RAIN


RELATIVE HUMIDITY (PERCENT)
 HIGHEST    89           400 AM
 LOWEST     54          1100 AM
 AVERAGE    72

..........................................................


THE ATHENS CLIMATE NORMALS FOR TODAY
                         NORMAL    RECORD    YEAR
 MAXIMUM TEMPERATURE (F)   55        75      1950
 MINIMUM TEMPERATURE (F)   34         4      1940


SUNRISE AND SUNSET
JANUARY 27 2015.......SUNRISE   734 AM EST   SUNSET   559 PM EST
JANUARY 28 2015.......SUNRISE   733 AM EST   SUNSET   600 PM EST


-  INDICATES NEGATIVE NUMBERS.
R  INDICATES RECORD WAS SET OR TIED.
MM INDICATES DATA IS MISSING.
T  INDICATES TRACE AMOUNT.




$$
