000
CDUS42 KFFC 240824
CLIAHN


CLIMATE REPORT
NATIONAL WEATHER SERVICE PEACHTREE CITY GA
424 AM EDT THU APR 24 2014


...................................

...THE ATHENS CLIMATE SUMMARY FOR APRIL 23 2014...

CLIMATE NORMAL PERIOD 1981 TO 2010
CLIMATE RECORD PERIOD 1898 TO 2014


WEATHER ITEM   OBSERVED TIME   RECORD YEAR NORMAL DEPARTURE LAST
                VALUE   (LST)  VALUE       VALUE  FROM      YEAR
                                                  NORMAL
..................................................................
TEMPERATURE (F)
 YESTERDAY
  MAXIMUM         82    411 PM  94    1925  76      6       75
  MINIMUM         55   1155 PM  33    1986  51      4       43
  AVERAGE         69                        64      5       59

PRECIPITATION (IN)
  YESTERDAY        0.00          2.48 1971   0.11  -0.11     0.00
  MONTH TO DATE    3.99                      2.44   1.55     2.28
  SINCE MAR 1      7.36                      6.87   0.49     6.63
  SINCE JAN 1     16.00                     15.40   0.60    17.96

SNOWFALL (IN)
  YESTERDAY        0.0           0.0  2002   0.0    0.0      0.0
                                      2001
                                      2000
  MONTH TO DATE    0.0                       0.1   -0.1      0.0
  SINCE MAR 1      0.0                       0.9   -0.9      0.0
  SINCE JUL 1      2.8                       3.0   -0.2      0.0
  SNOW DEPTH       0

DEGREE DAYS
 HEATING
  YESTERDAY        0                         4     -4        6
  MONTH TO DATE  123                       127     -4      121
  SINCE MAR 1    532                       467     65      613
  SINCE JUL 1   2994                      2722    272     2628

 COOLING
  YESTERDAY        4                         2      2        0
  MONTH TO DATE   25                        30     -5       37
  SINCE MAR 1     25                        40    -15       39
  SINCE JAN 1     26                        41    -15       42
..................................................................


WIND (MPH)
  RESULTANT WIND SPEED   3   RESULTANT WIND DIRECTION  NW (300)
  HIGHEST WIND SPEED    13   HIGHEST WIND DIRECTION    NW (300)
  HIGHEST GUST SPEED    16   HIGHEST GUST DIRECTION    NW (320)
  AVERAGE WIND SPEED     4.0


SKY COVER
  POSSIBLE SUNSHINE  MM
  AVERAGE SKY COVER 0.0


WEATHER CONDITIONS
 THE FOLLOWING WEATHER WAS RECORDED YESTERDAY.
  FOG


RELATIVE HUMIDITY (PERCENT)
 HIGHEST   100           500 AM
 LOWEST     16           500 PM
 AVERAGE    58

..........................................................


THE ATHENS CLIMATE NORMALS FOR TODAY
                         NORMAL    RECORD    YEAR
 MAXIMUM TEMPERATURE (F)   76        97      1925
 MINIMUM TEMPERATURE (F)   52        36      2005
                                             1986


SUNRISE AND SUNSET
APRIL 24 2014.........SUNRISE   652 AM EDT   SUNSET   812 PM EDT
APRIL 25 2014.........SUNRISE   651 AM EDT   SUNSET   812 PM EDT


-  INDICATES NEGATIVE NUMBERS.
R  INDICATES RECORD WAS SET OR TIED.
MM INDICATES DATA IS MISSING.
T  INDICATES TRACE AMOUNT.




$$
