000
CDUS42 KFFC 280818
CLIAHN


CLIMATE REPORT
NATIONAL WEATHER SERVICE PEACHTREE CITY GA
418 AM EDT THU MAY 28 2015


...................................

...THE ATHENS CLIMATE SUMMARY FOR MAY 27 2015...

CLIMATE NORMAL PERIOD 1981 TO 2010
CLIMATE RECORD PERIOD 1898 TO 2015


WEATHER ITEM   OBSERVED TIME   RECORD YEAR NORMAL DEPARTURE LAST
                VALUE   (LST)  VALUE       VALUE  FROM      YEAR
                                                  NORMAL
..................................................................
TEMPERATURE (F)
 YESTERDAY
  MAXIMUM         85    431 PM  97    1916  85      0       87
  MINIMUM         66    606 AM  40    1961  62      4       64
  AVERAGE         76                        73      3       76

PRECIPITATION (IN)
  YESTERDAY        0.00          2.24 1963   0.10  -0.10     0.00
  MONTH TO DATE    0.85                      2.60  -1.75     3.23
  SINCE MAR 1     11.65                     10.18   1.47    10.77
  SINCE JAN 1     18.62                     18.71  -0.09    19.41

DEGREE DAYS
 COOLING
  YESTERDAY       11                         8      3       11
  MONTH TO DATE  203                       146     57      172
  SINCE MAR 1    282                       203     79      223
  SINCE JAN 1    282                       204     78      224
..................................................................


WIND (MPH)
  RESULTANT WIND SPEED   1   RESULTANT WIND DIRECTION  SE (140)
  HIGHEST WIND SPEED     5   HIGHEST WIND DIRECTION     E (110)
  HIGHEST GUST SPEED     9   HIGHEST GUST DIRECTION    SW (220)
  AVERAGE WIND SPEED     1.3


SKY COVER
  POSSIBLE SUNSHINE  MM
  AVERAGE SKY COVER 0.7


WEATHER CONDITIONS
 THE FOLLOWING WEATHER WAS RECORDED YESTERDAY.
  FOG


RELATIVE HUMIDITY (PERCENT)
 HIGHEST    93          1200 AM
 LOWEST     51           600 PM
 AVERAGE    72

..........................................................


THE ATHENS CLIMATE NORMALS FOR TODAY
                         NORMAL    RECORD    YEAR
 MAXIMUM TEMPERATURE (F)   85        97      1914
 MINIMUM TEMPERATURE (F)   62        43      1925


SUNRISE AND SUNSET
MAY 28 2015...........SUNRISE   625 AM EDT   SUNSET   837 PM EDT
MAY 29 2015...........SUNRISE   624 AM EDT   SUNSET   837 PM EDT


-  INDICATES NEGATIVE NUMBERS.
R  INDICATES RECORD WAS SET OR TIED.
MM INDICATES DATA IS MISSING.
T  INDICATES TRACE AMOUNT.




$$
