000
CDUS42 KFFC 170817
CLIAHN


CLIMATE REPORT
NATIONAL WEATHER SERVICE PEACHTREE CITY GA
417 AM EDT TUE OCT 17 2017


...................................

...THE ATHENS CLIMATE SUMMARY FOR OCTOBER 16 2017...

CLIMATE NORMAL PERIOD 1981 TO 2010
CLIMATE RECORD PERIOD 1898 TO 2017


WEATHER ITEM   OBSERVED TIME   RECORD YEAR NORMAL DEPARTURE LAST
                VALUE   (LST)  VALUE       VALUE  FROM      YEAR
                                                  NORMAL
..................................................................
TEMPERATURE (F)
 YESTERDAY
  MAXIMUM         77    320 PM  89    1920  74      3       84
                                      1919
  MINIMUM         52   1143 PM  35    1939  51      1       59
  AVERAGE         65                        63      2       72

PRECIPITATION (IN)
  YESTERDAY        T             2.00 1890   0.11  -0.11     0.00
  MONTH TO DATE    2.90                      2.00   0.90     0.03
  SINCE SEP 1      7.09                      5.94   1.15     1.25
  SINCE JAN 1     49.08                     37.23  11.85    32.22

SNOWFALL (IN)
  YESTERDAY        0.0           0.0  2001   0.0    0.0      0.0
                                      2000
  MONTH TO DATE    0.0                       0.0    0.0      0.0
  SINCE SEP 1      0.0                       0.0    0.0      0.0
  SINCE JUL 1      0.0                       0.0    0.0      0.0
  SNOW DEPTH       0

DEGREE DAYS
 HEATING
  YESTERDAY        0                         4     -4        0
  MONTH TO DATE    1                        42    -41       11
  SINCE SEP 1     10                        52    -42       11
  SINCE JUL 1     10                        52    -42       11

 COOLING
  YESTERDAY        0                         2     -2        7
  MONTH TO DATE  111                        46     65       70
  SINCE SEP 1    354                       306     48      456
  SINCE JAN 1   1993                      1861    132     2370
..................................................................


WIND (MPH)
  RESULTANT WIND SPEED   4   RESULTANT WIND DIRECTION   N (360)
  HIGHEST WIND SPEED    15   HIGHEST WIND DIRECTION    NE (60)
  HIGHEST GUST SPEED    21   HIGHEST GUST DIRECTION    NE (60)
  AVERAGE WIND SPEED     7.2


SKY COVER
  POSSIBLE SUNSHINE  MM
  AVERAGE SKY COVER 0.4


WEATHER CONDITIONS
 THE FOLLOWING WEATHER WAS RECORDED YESTERDAY.
  LIGHT RAIN
  FOG


RELATIVE HUMIDITY (PERCENT)
 HIGHEST   100          1200 AM
 LOWEST     46           400 PM
 AVERAGE    73

..........................................................


THE ATHENS CLIMATE NORMALS FOR TODAY
                         NORMAL    RECORD    YEAR
 MAXIMUM TEMPERATURE (F)   74        88      1920
 MINIMUM TEMPERATURE (F)   51        34      1954
                                             1927


SUNRISE AND SUNSET
OCTOBER 17 2017.......SUNRISE   740 AM EDT   SUNSET   656 PM EDT
OCTOBER 18 2017.......SUNRISE   741 AM EDT   SUNSET   655 PM EDT


-  INDICATES NEGATIVE NUMBERS.
R  INDICATES RECORD WAS SET OR TIED.
MM INDICATES DATA IS MISSING.
T  INDICATES TRACE AMOUNT.




$$
