000
CDUS42 KFFC 200023
CLIAHN


CLIMATE REPORT
NATIONAL WEATHER SERVICE PEACHTREE CITY GA
723 PM EST FRI DEC 19 2014


...................................

...THE ATHENS CLIMATE SUMMARY FOR DECEMBER 19 2014...
VALID AS OF 0700 PM LOCAL TIME.

CLIMATE NORMAL PERIOD 1981 TO 2010
CLIMATE RECORD PERIOD 1898 TO 2014


WEATHER ITEM   OBSERVED TIME   RECORD YEAR NORMAL DEPARTURE LAST
                VALUE   (LST)  VALUE       VALUE  FROM      YEAR
                                                  NORMAL
..................................................................
TEMPERATURE (F)
 TODAY
  MAXIMUM         59    245 PM  78    1984  55      4       62
  MINIMUM         35    738 AM  12    1963  34      1       28
                                      1953
  AVERAGE         47                        44      3       45

PRECIPITATION (IN)
  TODAY            0.00          2.00 1872   0.11  -0.11     0.00
  MONTH TO DATE    0.51                      2.31  -1.80     2.53
  SINCE DEC 1      0.51                      2.31  -1.80     2.53
  SINCE JAN 1     41.27                     44.91  -3.64    54.80

SNOWFALL (IN)
  TODAY            0.0           0.0  2001   0.0    0.0      0.0
  MONTH TO DATE    0.0                       0.0    0.0      0.0
  SINCE DEC 1      0.0                       0.0    0.0      0.0
  SINCE JUL 1      0.0                       0.0    0.0      0.0
  SNOW DEPTH       0

DEGREE DAYS
 HEATING
  TODAY           18                        21     -3       20
  MONTH TO DATE  296                       354    -58      314
  SINCE DEC 1    296                       354    -58      314
  SINCE JUL 1    909                       834     75      876

 COOLING
  TODAY            0                         0      0        0
  MONTH TO DATE    0                         0      0        6
  SINCE DEC 1      0                         0      0        6
  SINCE JAN 1   1985                      1886     99     1652
..................................................................


WIND (MPH)
  HIGHEST WIND SPEED    13   HIGHEST WIND DIRECTION     E (80)
  HIGHEST GUST SPEED    16   HIGHEST GUST DIRECTION     E (80)
  AVERAGE WIND SPEED     3.5


SKY COVER
  AVERAGE SKY COVER 0.0


WEATHER CONDITIONS
 THE FOLLOWING WEATHER WAS RECORDED TODAY.
  NO SIGNIFICANT WEATHER WAS OBSERVED.


RELATIVE HUMIDITY (PERCENT)
 HIGHEST    89           700 AM
 LOWEST     40           200 PM

..........................................................


THE ATHENS CLIMATE NORMALS FOR TOMORROW
                         NORMAL    RECORD    YEAR
 MAXIMUM TEMPERATURE (F)   55        76      1967
 MINIMUM TEMPERATURE (F)   34        13      1981


SUNRISE AND SUNSET
DECEMBER 19 2014......SUNRISE   734 AM EST   SUNSET   527 PM EST
DECEMBER 20 2014......SUNRISE   734 AM EST   SUNSET   528 PM EST


-  INDICATES NEGATIVE NUMBERS.
R  INDICATES RECORD WAS SET OR TIED.
MM INDICATES DATA IS MISSING.
T  INDICATES TRACE AMOUNT.




$$
