000
CDUS42 KFFC 280816
CLIAHN


CLIMATE REPORT
NATIONAL WEATHER SERVICE PEACHTREE CITY GA
416 AM EDT SAT MAR 28 2015


...................................

...THE ATHENS CLIMATE SUMMARY FOR MARCH 27 2015...

CLIMATE NORMAL PERIOD 1981 TO 2010
CLIMATE RECORD PERIOD 1898 TO 2015


WEATHER ITEM   OBSERVED TIME   RECORD YEAR NORMAL DEPARTURE LAST
                VALUE   (LST)  VALUE       VALUE  FROM      YEAR
                                                  NORMAL
..................................................................
TEMPERATURE (F)
 YESTERDAY
  MAXIMUM         64    129 AM  87    1921  69     -5       67
  MINIMUM         43   1159 PM  18    1955  45     -2       30
  AVERAGE         54                        57     -3       49

PRECIPITATION (IN)
  YESTERDAY        T             3.02 1888   0.13  -0.13     0.00
  MONTH TO DATE    2.65                      3.89  -1.24     3.02
  SINCE MAR 1      2.65                      3.89  -1.24     3.02
  SINCE JAN 1      9.62                     12.42  -2.80    11.66

SNOWFALL (IN)
  YESTERDAY       MM             0.0  2002   0.0   MM        0.0
                                      2001
                                      2000
  MONTH TO DATE    0.0                       0.7   -0.7      0.0
  SINCE MAR 1      0.0                       0.7   -0.7      0.0
  SINCE JUL 1      T                         2.8   -2.8      2.8
  SNOW DEPTH       0

DEGREE DAYS
 HEATING
  YESTERDAY       11                         8      3       16
  MONTH TO DATE  200                       308   -108      378
  SINCE MAR 1    200                       308   -108      378
  SINCE JUL 1   2706                      2563    143     2840

 COOLING
  YESTERDAY        0                         0      0        0
  MONTH TO DATE    7                         0      7        0
  SINCE MAR 1      7                         0      7        0
  SINCE JAN 1      7                         1      6        1
..................................................................


WIND (MPH)
  RESULTANT WIND SPEED  10   RESULTANT WIND DIRECTION  NW (300)
  HIGHEST WIND SPEED    22   HIGHEST WIND DIRECTION    NW (320)
  HIGHEST GUST SPEED    32   HIGHEST GUST DIRECTION    NW (330)
  AVERAGE WIND SPEED    10.5


SKY COVER
  POSSIBLE SUNSHINE  MM
  AVERAGE SKY COVER 0.5


WEATHER CONDITIONS
 THE FOLLOWING WEATHER WAS RECORDED YESTERDAY.
  LIGHT RAIN
  HAZE


RELATIVE HUMIDITY (PERCENT)
 HIGHEST    84           200 AM
 LOWEST     24           500 PM
 AVERAGE    54

..........................................................


THE ATHENS CLIMATE NORMALS FOR TODAY
                         NORMAL    RECORD    YEAR
 MAXIMUM TEMPERATURE (F)   70        85      2007
                                             1921
 MINIMUM TEMPERATURE (F)   45        27      2013


SUNRISE AND SUNSET
MARCH 28 2015.........SUNRISE   726 AM EDT   SUNSET   751 PM EDT
MARCH 29 2015.........SUNRISE   725 AM EDT   SUNSET   752 PM EDT


-  INDICATES NEGATIVE NUMBERS.
R  INDICATES RECORD WAS SET OR TIED.
MM INDICATES DATA IS MISSING.
T  INDICATES TRACE AMOUNT.




$$
