000
CDUS42 KFFC 230943
CLIAHN


CLIMATE REPORT
NATIONAL WEATHER SERVICE PEACHTREE CITY GA
443 AM EST THU FEB 23 2017


...................................

...THE ATHENS CLIMATE SUMMARY FOR FEBRUARY 22 2017...

CLIMATE NORMAL PERIOD 1981 TO 2010
CLIMATE RECORD PERIOD 1898 TO 2017


WEATHER ITEM   OBSERVED TIME   RECORD YEAR NORMAL DEPARTURE LAST
                VALUE   (LST)  VALUE       VALUE  FROM      YEAR
                                                  NORMAL
..................................................................
TEMPERATURE (F)
 YESTERDAY
  MAXIMUM         67    332 PM  78    1922  60      7       64
  MINIMUM         57   1135 PM  11    1963  38     19       56
  AVERAGE         62                        49     13       60

PRECIPITATION (IN)
  YESTERDAY        0.00          2.35 1962   0.16  -0.16     0.91
  MONTH TO DATE    1.15                      3.52  -2.37     3.29
  SINCE DEC 1     10.08                     11.30  -1.22    19.34
  SINCE JAN 1      7.66                      7.57   0.09     6.97

SNOWFALL (IN)
  YESTERDAY        0.0           0.0  2002   0.0    0.0      0.0
  MONTH TO DATE    0.0                       0.5   -0.5       T
  SINCE DEC 1      0.0                       2.0   -2.0      0.1
  SINCE JUL 1      0.0                       2.0   -2.0      0.1
  SNOW DEPTH       0

DEGREE DAYS
 HEATING
  YESTERDAY        3                        16    -13        5
  MONTH TO DATE  237                       405   -168      401
  SINCE DEC 1   1198                      1682   -484     1386
  SINCE JUL 1   1484                      2162   -678     1746
..................................................................


WIND (MPH)
  RESULTANT WIND SPEED   7   RESULTANT WIND DIRECTION   E (70)
  HIGHEST WIND SPEED    13   HIGHEST WIND DIRECTION    NE (60)
  HIGHEST GUST SPEED    15   HIGHEST GUST DIRECTION    NE (60)
  AVERAGE WIND SPEED     7.3


SKY COVER
  POSSIBLE SUNSHINE  MM
  AVERAGE SKY COVER 0.7


WEATHER CONDITIONS
 THE FOLLOWING WEATHER WAS RECORDED YESTERDAY.
  FOG


RELATIVE HUMIDITY (PERCENT)
 HIGHEST   100           700 AM
 LOWEST     73           100 PM
 AVERAGE    87

..........................................................


THE ATHENS CLIMATE NORMALS FOR TODAY
                         NORMAL    RECORD    YEAR
 MAXIMUM TEMPERATURE (F)   60        79      2012
                                             1980
 MINIMUM TEMPERATURE (F)   38        18      1939


SUNRISE AND SUNSET
FEBRUARY 23 2017......SUNRISE   709 AM EST   SUNSET   625 PM EST
FEBRUARY 24 2017......SUNRISE   708 AM EST   SUNSET   626 PM EST


-  INDICATES NEGATIVE NUMBERS.
R  INDICATES RECORD WAS SET OR TIED.
MM INDICATES DATA IS MISSING.
T  INDICATES TRACE AMOUNT.




$$
