000
CDUS42 KFFC 220821
CLIAHN


CLIMATE REPORT
NATIONAL WEATHER SERVICE PEACHTREE CITY GA
421 AM EDT WED OCT 22 2014


...................................

...THE ATHENS CLIMATE SUMMARY FOR OCTOBER 21 2014...

CLIMATE NORMAL PERIOD 1981 TO 2010
CLIMATE RECORD PERIOD 1898 TO 2014


WEATHER ITEM   OBSERVED TIME   RECORD YEAR NORMAL DEPARTURE LAST
                VALUE   (LST)  VALUE       VALUE  FROM      YEAR
                                                  NORMAL
..................................................................
TEMPERATURE (F)
 YESTERDAY
  MAXIMUM         76    319 PM  88    1910  73      3       69
  MINIMUM         48    548 AM  30    1989  50     -2       45
                                      1952
  AVERAGE         62                        61      1       57

PRECIPITATION (IN)
  YESTERDAY        0.00          2.25 1942   0.11  -0.11     0.00
  MONTH TO DATE    3.41                      2.53   0.88     1.25
  SINCE SEP 1      8.23                      6.47   1.76     3.67
  SINCE JAN 1     37.72                     37.76  -0.04    49.83

SNOWFALL (IN)
  YESTERDAY        0.0           0.0  2002   0.0    0.0      0.0
                                      2001
                                      2000
  MONTH TO DATE    0.0                       0.0    0.0      0.0
  SINCE SEP 1      0.0                       0.0    0.0      0.0
  SINCE JUL 1      0.0                       0.0    0.0      0.0
  SNOW DEPTH       0

DEGREE DAYS
 HEATING
  YESTERDAY        3                         5     -2        8
  MONTH TO DATE   55                        64     -9       24
  SINCE SEP 1     57                        74    -17       26
  SINCE JUL 1     57                        74    -17       29

 COOLING
  YESTERDAY        0                         1     -1        0
  MONTH TO DATE   79                        52     27       61
  SINCE SEP 1    389                       312     77      316
  SINCE JAN 1   1974                      1867    107     1643
..................................................................


WIND (MPH)
  RESULTANT WIND SPEED   5   RESULTANT WIND DIRECTION  NW (300)
  HIGHEST WIND SPEED    17   HIGHEST WIND DIRECTION     W (290)
  HIGHEST GUST SPEED    26   HIGHEST GUST DIRECTION     W (280)
  AVERAGE WIND SPEED     5.8


SKY COVER
  POSSIBLE SUNSHINE  MM
  AVERAGE SKY COVER 0.0


WEATHER CONDITIONS
 THE FOLLOWING WEATHER WAS RECORDED YESTERDAY.
  NO SIGNIFICANT WEATHER WAS OBSERVED.


RELATIVE HUMIDITY (PERCENT)
 HIGHEST   100           500 AM
 LOWEST     36           300 PM
 AVERAGE    68

..........................................................


THE ATHENS CLIMATE NORMALS FOR TODAY
                         NORMAL    RECORD    YEAR
 MAXIMUM TEMPERATURE (F)   73        87      1931
 MINIMUM TEMPERATURE (F)   50        30      1987


SUNRISE AND SUNSET
OCTOBER 22 2014.......SUNRISE   744 AM EDT   SUNSET   651 PM EDT
OCTOBER 23 2014.......SUNRISE   745 AM EDT   SUNSET   650 PM EDT


-  INDICATES NEGATIVE NUMBERS.
R  INDICATES RECORD WAS SET OR TIED.
MM INDICATES DATA IS MISSING.
T  INDICATES TRACE AMOUNT.




$$
