000
CDUS42 KFFC 270818
CLIAHN


CLIMATE REPORT
NATIONAL WEATHER SERVICE PEACHTREE CITY GA
418 AM EDT TUE JUN 27 2017


...................................

...THE ATHENS CLIMATE SUMMARY FOR JUNE 26 2017...

CLIMATE NORMAL PERIOD 1981 TO 2010
CLIMATE RECORD PERIOD 1898 TO 2017


WEATHER ITEM   OBSERVED TIME   RECORD YEAR NORMAL DEPARTURE LAST
                VALUE   (LST)  VALUE       VALUE  FROM      YEAR
                                                  NORMAL
..................................................................
TEMPERATURE (F)
 YESTERDAY
  MAXIMUM         86    337 PM 102    1914  91     -5       95
  MINIMUM         62    558 AM  57    1974  69     -7       74
  AVERAGE         74                        80     -6       85

PRECIPITATION (IN)
  YESTERDAY        0.00          5.16 1963   0.15  -0.15     0.00
  MONTH TO DATE    6.66                      3.58   3.08     1.66
  SINCE JUN 1      6.66                      3.58   3.08     1.66
  SINCE JAN 1     31.77                     22.69   9.08    16.84

DEGREE DAYS
 COOLING
  YESTERDAY        9                        14     -5       20
  MONTH TO DATE  302                       318    -16      413
  SINCE JUN 1    302                       318    -16      413
  SINCE JAN 1    667                       558    109      714
..................................................................


WIND (MPH)
  RESULTANT WIND SPEED   1   RESULTANT WIND DIRECTION   E (70)
  HIGHEST WIND SPEED     9   HIGHEST WIND DIRECTION    NE (60)
  HIGHEST GUST SPEED    14   HIGHEST GUST DIRECTION     E (70)
  AVERAGE WIND SPEED     2.0


SKY COVER
  POSSIBLE SUNSHINE  MM
  AVERAGE SKY COVER 0.1


WEATHER CONDITIONS
 THE FOLLOWING WEATHER WAS RECORDED YESTERDAY.
  NO SIGNIFICANT WEATHER WAS OBSERVED.


RELATIVE HUMIDITY (PERCENT)
 HIGHEST   100           100 AM
 LOWEST     40           200 PM
 AVERAGE    70

..........................................................


THE ATHENS CLIMATE NORMALS FOR TODAY
                         NORMAL    RECORD    YEAR
 MAXIMUM TEMPERATURE (F)   91       104      1954
 MINIMUM TEMPERATURE (F)   69        58      1974


SUNRISE AND SUNSET
JUNE 27 2017..........SUNRISE   624 AM EDT   SUNSET   848 PM EDT
JUNE 28 2017..........SUNRISE   625 AM EDT   SUNSET   848 PM EDT


-  INDICATES NEGATIVE NUMBERS.
R  INDICATES RECORD WAS SET OR TIED.
MM INDICATES DATA IS MISSING.
T  INDICATES TRACE AMOUNT.




$$
