679
CDUS45 KCYS 080734
CLIAIA


CLIMATE REPORT
NATIONAL WEATHER SERVICE CHEYENNE WY
1234 AM MST MON FEB 8 2016


...................................

...THE ALLIANCE NE AIRPORT CLIMATE SUMMARY FOR FEBRUARY 7 2016...

CLIMATE NORMAL PERIOD 1981 TO 2010
CLIMATE RECORD PERIOD 1896 TO 2016


WEATHER ITEM   OBSERVED TIME   RECORD YEAR NORMAL DEPARTURE LAST
                VALUE   (LST)  VALUE       VALUE  FROM      YEAR
                                                  NORMAL
..................................................................
TEMPERATURE (F)
 YESTERDAY
  MAXIMUM         33    305 PM  65    2015  39     -6       65
  MINIMUM         19    958 PM -24    1914  12      7       32
  AVERAGE         26                        25      1       49

PRECIPITATION (IN)
  YESTERDAY        0.00          0.19 1980   0.02  -0.02     0.00
                                      1940
  MONTH TO DATE    0.05                      0.09  -0.04     0.40
  SINCE JAN 1      0.07                      0.27  -0.20     0.85

DEGREE DAYS
 HEATING
  YESTERDAY       39                        40     -1       16
  MONTH TO DATE  306                       280     26      258
  SINCE DEC 1   2970                      2826    144     2769
  SINCE JUL 1   4457                      4625   -168     4477

 COOLING
  YESTERDAY        0                         0      0        0
  MONTH TO DATE    0                         0      0        0
  SINCE DEC 1      0                         0      0        0
  SINCE JAN 1      0                         0      0        0
..................................................................


WIND (MPH)
  HIGHEST WIND SPEED    35   HIGHEST WIND DIRECTION    NW (320)
  HIGHEST GUST SPEED    46   HIGHEST GUST DIRECTION    NW (330)
  AVERAGE WIND SPEED    21.5


SKY COVER
  AVERAGE SKY COVER 0.4


WEATHER CONDITIONS
 THE FOLLOWING WEATHER WAS RECORDED YESTERDAY.
  NO SIGNIFICANT WEATHER WAS OBSERVED.


RELATIVE HUMIDITY (PERCENT)
 HIGHEST    77           100 AM
 LOWEST     47          1200 PM
 AVERAGE    62

..........................................................


THE ALLIANCE NE AIRPORT CLIMATE NORMALS FOR TODAY
                         NORMAL    RECORD    YEAR
 MAXIMUM TEMPERATURE (F)   40        73      1954
 MINIMUM TEMPERATURE (F)   12       -30      1936


SUNRISE AND SUNSET
FEBRUARY  8 2016......SUNRISE   657 AM MST   SUNSET   514 PM MST
FEBRUARY  9 2016......SUNRISE   656 AM MST   SUNSET   516 PM MST


-  INDICATES NEGATIVE NUMBERS.
R  INDICATES RECORD WAS SET OR TIED.
MM INDICATES DATA IS MISSING.
T  INDICATES TRACE AMOUNT.




$$
