000
CDUS45 KCYS 040345
CLIAIA


CLIMATE REPORT
NATIONAL WEATHER SERVICE CHEYENNE WY
945 PM MDT FRI JUL 3 2015


...................................

...THE ALLIANCE NE AIRPORT CLIMATE SUMMARY FOR JULY 3 2015...
VALID TODAY AS OF 0900 PM LOCAL TIME.

CLIMATE NORMAL PERIOD 1981 TO 2010
CLIMATE RECORD PERIOD 1896 TO 2015


WEATHER ITEM   OBSERVED TIME   RECORD YEAR NORMAL DEPARTURE LAST
                VALUE   (LST)  VALUE       VALUE  FROM      YEAR
                                                  NORMAL
..................................................................
TEMPERATURE (F)
 TODAY
  MAXIMUM         83    302 PM 106    1990  86     -3       85
                                      1999
                                      1996
  MINIMUM         56    307 AM  33    1941  54      2       53
  AVERAGE         70                        70      0       69

PRECIPITATION (IN)
  TODAY            0.00          0.55 1919   0.08  -0.08     0.00
                                      1917
  MONTH TO DATE    0.71                      0.24   0.47     0.00
  SINCE JAN 1     15.91                      8.63   7.28    12.18

DEGREE DAYS
 HEATING
  TODAY            0                         1     -1        0
  MONTH TO DATE    0                         3     -3       10
  SINCE JUN 1      9                        96    -87      109
  SINCE JUL 1      0                         3     -3       10

 COOLING
  TODAY            5                         6     -1        4
  MONTH TO DATE   18                        18      0        4
  SINCE JUN 1    122                       106     16       40
  SINCE JAN 1    122                       116      6       54
..................................................................


WIND (MPH)
  HIGHEST WIND SPEED    12   HIGHEST WIND DIRECTION     E (110)
  HIGHEST GUST SPEED    16   HIGHEST GUST DIRECTION     S (170)
  AVERAGE WIND SPEED     4.3


SKY COVER
  AVERAGE SKY COVER 0.2


WEATHER CONDITIONS
 THE FOLLOWING WEATHER WAS RECORDED TODAY.
  FOG


RELATIVE HUMIDITY (PERCENT)
 HIGHEST    97           600 AM
 LOWEST     43           300 PM
 AVERAGE    70

..........................................................


THE ALLIANCE NE AIRPORT CLIMATE NORMALS FOR TOMORROW
                         NORMAL    RECORD    YEAR
 MAXIMUM TEMPERATURE (F)   86       105      1936
 MINIMUM TEMPERATURE (F)   55        36      1997


SUNRISE AND SUNSET
JULY  3 2015..........SUNRISE   520 AM MDT   SUNSET   830 PM MDT
JULY  4 2015..........SUNRISE   521 AM MDT   SUNSET   830 PM MDT


-  INDICATES NEGATIVE NUMBERS.
R  INDICATES RECORD WAS SET OR TIED.
MM INDICATES DATA IS MISSING.
T  INDICATES TRACE AMOUNT.




$$
