000
CDUS45 KCYS 240727
CLIAIA


CLIMATE REPORT
NATIONAL WEATHER SERVICE CHEYENNE WY
126 AM MDT THU APR 24 2014


...................................

...THE ALLIANCE NE AIRPORT CLIMATE SUMMARY FOR APRIL 23 2014...

CLIMATE NORMAL PERIOD 1981 TO 2010
CLIMATE RECORD PERIOD 1896 TO 2014


WEATHER ITEM   OBSERVED TIME   RECORD YEAR NORMAL DEPARTURE LAST
                VALUE   (LST)  VALUE       VALUE  FROM      YEAR
                                                  NORMAL
..................................................................
TEMPERATURE (F)
 YESTERDAY
  MAXIMUM         70   1255 PM  90    1989  62      8       39
  MINIMUM         44   1159 PM  13    1988  32     12       16
  AVERAGE         57                        47     10       28

PRECIPITATION (IN)
  YESTERDAY        0.00          1.20 1914   0.05  -0.05     0.00
                                      2007
  MONTH TO DATE    0.03                      1.09  -1.06     1.96
  SINCE JAN 1      1.77                      2.50  -0.73     2.53

DEGREE DAYS
 HEATING
  YESTERDAY        8                        18    -10       37
  MONTH TO DATE  467                       484    -17      684
  SINCE MAR 1   1384                      1366     18     1603
  SINCE JUL 1   6948                      6770    178     6716

 COOLING
  YESTERDAY        0                         0      0        0
  MONTH TO DATE    0                         0      0        0
  SINCE MAR 1      0                         0      0        0
  SINCE JAN 1      0                         0      0        0
..................................................................


WIND (MPH)
  HIGHEST WIND SPEED    33   HIGHEST WIND DIRECTION     W (290)
  HIGHEST GUST SPEED    44   HIGHEST GUST DIRECTION    NW (300)
  AVERAGE WIND SPEED    15.0


SKY COVER
  AVERAGE SKY COVER 0.2


WEATHER CONDITIONS
 THE FOLLOWING WEATHER WAS RECORDED YESTERDAY.
  HAZE


RELATIVE HUMIDITY (PERCENT)
 HIGHEST    77           500 AM
 LOWEST     15           200 PM
 AVERAGE    46

..........................................................


THE ALLIANCE NE AIRPORT CLIMATE NORMALS FOR TODAY
                         NORMAL    RECORD    YEAR
 MAXIMUM TEMPERATURE (F)   63        90      2012
 MINIMUM TEMPERATURE (F)   32        13      1988


SUNRISE AND SUNSET
APRIL 24 2014.........SUNRISE   557 AM MDT   SUNSET   742 PM MDT
APRIL 25 2014.........SUNRISE   555 AM MDT   SUNSET   744 PM MDT


-  INDICATES NEGATIVE NUMBERS.
R  INDICATES RECORD WAS SET OR TIED.
MM INDICATES DATA IS MISSING.
T  INDICATES TRACE AMOUNT.




$$
