000
CDUS45 KCYS 010726
CLIAIA


CLIMATE REPORT
NATIONAL WEATHER SERVICE CHEYENNE WY
126 AM MDT TUE SEP 1 2015


...................................

...THE ALLIANCE NE AIRPORT CLIMATE SUMMARY FOR AUGUST 31 2015...

CLIMATE NORMAL PERIOD 1981 TO 2010
CLIMATE RECORD PERIOD 1896 TO 2015


WEATHER ITEM   OBSERVED TIME   RECORD YEAR NORMAL DEPARTURE LAST
                VALUE   (LST)  VALUE       VALUE  FROM      YEAR
                                                  NORMAL
..................................................................
TEMPERATURE (F)
 YESTERDAY
  MAXIMUM         85    355 PM 101    1990  83      2       77
  MINIMUM         60    501 AM  36    1908  50     10       47
  AVERAGE         73                        66      7       62

PRECIPITATION (IN)
  YESTERDAY        0.00          0.98 1935   0.06  -0.06     0.41
  MONTH TO DATE    0.83                      1.70  -0.87     2.59
  SINCE JAN 1     18.57                     12.41   6.16    14.94

DEGREE DAYS
 HEATING
  YESTERDAY        0                         2     -2        3
  MONTH TO DATE   37                        24     13       10
  SINCE JUN 1     61                       130    -69      136
  SINCE JUL 1     52                        37     15       37

 COOLING
  YESTERDAY        8                         3      5        0
  MONTH TO DATE  200                       191      9      190
  SINCE JUN 1    478                       513    -35      448
  SINCE JAN 1    478                       523    -45      462
..................................................................


WIND (MPH)
  HIGHEST WIND SPEED    13   HIGHEST WIND DIRECTION     S (200)
  HIGHEST GUST SPEED    17   HIGHEST GUST DIRECTION     S (200)
  AVERAGE WIND SPEED     6.7


SKY COVER
  AVERAGE SKY COVER 0.2


WEATHER CONDITIONS
 THE FOLLOWING WEATHER WAS RECORDED YESTERDAY.
  NO SIGNIFICANT WEATHER WAS OBSERVED.


RELATIVE HUMIDITY (PERCENT)
 HIGHEST    69           500 AM
 LOWEST     29           400 PM
 AVERAGE    49

..........................................................


THE ALLIANCE NE AIRPORT CLIMATE NORMALS FOR TODAY
                         NORMAL    RECORD    YEAR
 MAXIMUM TEMPERATURE (F)   82        99      2012
                                             1929
 MINIMUM TEMPERATURE (F)   50        34      1956


SUNRISE AND SUNSET
SEPTEMBER  1 2015.....SUNRISE   616 AM MDT   SUNSET   725 PM MDT
SEPTEMBER  2 2015.....SUNRISE   618 AM MDT   SUNSET   723 PM MDT


-  INDICATES NEGATIVE NUMBERS.
R  INDICATES RECORD WAS SET OR TIED.
MM INDICATES DATA IS MISSING.
T  INDICATES TRACE AMOUNT.




$$
