000
CDUS45 KCYS 210340
CLIAIA


CLIMATE REPORT
NATIONAL WEATHER SERVICE CHEYENNE WY
940 PM MDT SUN APR 20 2014


...................................

...THE ALLIANCE NE AIRPORT CLIMATE SUMMARY FOR APRIL 20 2014...
VALID TODAY AS OF 0900 PM LOCAL TIME.

CLIMATE NORMAL PERIOD 1981 TO 2010
CLIMATE RECORD PERIOD 1896 TO 2014


WEATHER ITEM   OBSERVED TIME   RECORD YEAR NORMAL DEPARTURE LAST
                VALUE   (LST)  VALUE       VALUE  FROM      YEAR
                                                  NORMAL
..................................................................
TEMPERATURE (F)
 TODAY
  MAXIMUM         78    317 PM  86    1910  61     17       57
                                      1902
  MINIMUM         36    506 AM  -4    1966  31      5       33
  AVERAGE         57                        46     11       45

PRECIPITATION (IN)
  TODAY            0.00          1.00 1933   0.06  -0.06     0.44
                                      1912
  MONTH TO DATE    0.02                      0.94  -0.92     1.88
  SINCE JAN 1      1.76                      2.35  -0.59     2.45

DEGREE DAYS
 HEATING
  TODAY            8                        19    -11       20
  MONTH TO DATE  441                       429     12      592
  SINCE MAR 1   1358                      1311     47     1511
  SINCE JUL 1   6922                      6715    207     6624

 COOLING
  TODAY            0                         0      0        0
  MONTH TO DATE    0                         0      0        0
  SINCE MAR 1      0                         0      0        0
  SINCE JAN 1      0                         0      0        0
..................................................................


WIND (MPH)
  HIGHEST WIND SPEED    23   HIGHEST WIND DIRECTION     N (350)
  HIGHEST GUST SPEED    27   HIGHEST GUST DIRECTION     N (350)
  AVERAGE WIND SPEED    10.5


SKY COVER
  AVERAGE SKY COVER 0.0


WEATHER CONDITIONS
 THE FOLLOWING WEATHER WAS RECORDED TODAY.
  NO SIGNIFICANT WEATHER WAS OBSERVED.


RELATIVE HUMIDITY (PERCENT)
 HIGHEST    92           400 AM
 LOWEST     17           300 PM
 AVERAGE    55

..........................................................


THE ALLIANCE NE AIRPORT CLIMATE NORMALS FOR TOMORROW
                         NORMAL    RECORD    YEAR
 MAXIMUM TEMPERATURE (F)   61        85      1980
 MINIMUM TEMPERATURE (F)   31        12      1927


SUNRISE AND SUNSET
APRIL 20 2014.........SUNRISE   603 AM MDT   SUNSET   738 PM MDT
APRIL 21 2014.........SUNRISE   601 AM MDT   SUNSET   739 PM MDT


-  INDICATES NEGATIVE NUMBERS.
R  INDICATES RECORD WAS SET OR TIED.
MM INDICATES DATA IS MISSING.
T  INDICATES TRACE AMOUNT.




$$
