000
CDAK48 PAKN 020005
CLIAKN

CLIMATE REPORT
NATIONAL WEATHER SERVICE KING SALMON, AK
405 PM AKDT SAT AUG 1 2015

...................................
...THE KING SALMON AP CLIMATE SUMMARY FOR AUGUST 1 2015...
VALID TODAY AS OF 2:00 PM LOCAL TIME

CLIMATE NORMAL PERIOD  1981 TO  2010
CLIMATE RECORD PERIOD  1917 TO  2015

WEATHER ITEM   OBSERVED TIME    RECORD YEAR NORMAL DEPARTURE LAST
               VALUE    (LST)   VALUE       VALUE  FROM      YEAR
                                                   NORMAL
...................................................................
TEMPERATURE
TODAY
 MAXIMUM            75  0159 PM    79  2002     64      11     73
 MINIMUM            51  0629 AM    36  1932     48       3     50
 AVERAGE            63                          56       7     62

PRECIPITATION
(INCHES)
 TODAY            0.00           0.60  1953   0.09   -0.09   0.00
 MONTH TO DATE    0.00                        0.09   -0.09   0.00
 SINCE JUN 1      3.95                        4.04   -0.09   5.63
 SINCE JAN 1     11.19                        8.74    2.45  10.76

SNOWFALL
(INCHES)
 TODAY             0.0            0.0  2015    0.0     0.0    0.0
 MONTH TO DATE     0.0                         0.0     0.0    0.0
 SINCE JUN 1       0.0                         0.0     0.0    0.0
 SINCE JUL 1       0.0                         0.0     0.0    0.0
 SNOW DEPTH (IN)     0                                          0

DEGREE DAYS
 HEATING
  TODAY              2                           9      -7      3
  MONTH TO DATE      2                           9      -7      3
  SINCE JUN 1      481                         706    -225    672
  SINCE JUL 1      232                         299     -67    241

 COOLING
  TODAY              0                           0       0      0
  MONTH TO DATE      0                           0       0      0
  SINCE JUN 1        2                           0       2      0
  SINCE JAN 1        2                           0       2      0
...................................................................

WIND (MPH)
 HIGHEST WIND SPEED    14     HIGHEST WIND DIRECTION    290
 HIGHEST GUST SPEED    18     HIGHEST GUST DIRECTION    280
 AVERAGE WIND SPEED    MM

SKY COVER
  POSSIBLE SUNSHINE  MM            AVERAGE SKY COVER MM

WEATHER CONDITIONS
 THE FOLLOWING WEATHER WAS RECORDED TODAY.
 FOG


RELATIVE HUMIDITY
 HIGHEST RH     MM PERCENT       MM
 LOWEST  RH     MM PERCENT       MM
 AVERAGE RH     MM PERCENT       MM
...................................................................

THE KING SALMON CLIMATE NORMALS FOR TOMORROW
                        NORMAL    RECORD   YEAR
 MAXIMUM TEMPERATURE      64        77     1978
 MINIMUM TEMPERATURE      48        38     1992

SUNRISE AND SUNSET
 AUG 1 2015..........SUNRISE  6:16 AM      SUNSET 10:49 PM
 AUG 2 2015..........SUNRISE  6:18 AM      SUNSET 10:47 PM

-  INDICATES NEGATIVE NUMBERS.
R  INDICATES RECORD HAS BEEN SET OR TIED.
MM INDICATES DATA IS MISSING.
T  INDICATES TRACE OF PRECIPITATION.

&&
-------------------------------------------------------------------

AMOUNT OF DAYLIGHT TODAY  (HOUR:MIN)........16 HOURS 33 MINUTES
LOSS SINCE YESTERDAY (HOUR:MIN:SEC)....-0:04:27

$$
JML AUG 15
