000
CDAK48 PAKN 271303
CLIAKN


CLIMATE REPORT
NATIONAL WEATHER SERVICE ANCHORAGE, AK
503 AM AKDT MON MAR 27 2017


...................................

...THE KING SALMON CLIMATE SUMMARY FOR MARCH 26 2017...

CLIMATE NORMAL PERIOD 1981 TO 2010
CLIMATE RECORD PERIOD 1917 TO 2017


WEATHER ITEM   OBSERVED TIME   RECORD YEAR NORMAL DEPARTURE LAST
                VALUE   (LST)  VALUE       VALUE  FROM      YEAR
                                                  NORMAL
..................................................................
TEMPERATURE (F)
 YESTERDAY
  MAXIMUM         29    512 PM  59    1934  35     -6       40
  MINIMUM         -1    725 AM -18    2013  18    -19       27
  AVERAGE         14                        26    -12       34

PRECIPITATION (IN)
  YESTERDAY        0.00          0.36 1967   0.02  -0.02     0.01
  MONTH TO DATE    0.00                      0.58  -0.58     0.84
  SINCE MAR 1      0.00                      0.58  -0.58     0.84
  SINCE JAN 1      1.20                      2.36  -1.16     2.28

SNOWFALL (IN)
  YESTERDAY        0.0          MM      MM   0.2   -0.2     MM
  MONTH TO DATE    0.0                       5.5   -5.5      0.0
  SINCE MAR 1      0.0                       5.5   -5.5      0.0
  SINCE JUL 1     22.7                      41.0  -18.3     13.1
  SNOW DEPTH       0

DEGREE DAYS
 HEATING
  YESTERDAY       51                        39     12       31
  MONTH TO DATE 1414                      1077    337      825
  SINCE MAR 1   1414                      1077    337      825
  SINCE JUL 1   8547                      8697   -150     6516

 COOLING
  YESTERDAY        0                         0      0        0
  MONTH TO DATE    0                         0      0        0
  SINCE MAR 1      0                         0      0        0
  SINCE JAN 1      0                         0      0        0
..................................................................


WIND (MPH)
  RESULTANT WIND SPEED   9   RESULTANT WIND DIRECTION   N (10)
  HIGHEST WIND SPEED    17   HIGHEST WIND DIRECTION    NE (30)
  HIGHEST GUST SPEED    21   HIGHEST GUST DIRECTION     N (20)
  AVERAGE WIND SPEED     9.1



WEATHER CONDITIONS
 THE FOLLOWING WEATHER WAS RECORDED YESTERDAY.
  NO SIGNIFICANT WEATHER WAS OBSERVED.


RELATIVE HUMIDITY (PERCENT)
 HIGHEST    91
 LOWEST     46
 AVERAGE    69

..........................................................


THE KING SALMON CLIMATE NORMALS FOR TODAY
                         NORMAL    RECORD    YEAR
 MAXIMUM TEMPERATURE (F)   35        57      1934
 MINIMUM TEMPERATURE (F)   18       -12      1925


SUNRISE AND SUNSET
MARCH 27 2017.........SUNRISE   807 AM AKDT  SUNSET   858 PM AKDT
MARCH 28 2017.........SUNRISE   804 AM AKDT  SUNSET   901 PM AKDT


-  INDICATES NEGATIVE NUMBERS.
R  INDICATES RECORD WAS SET OR TIED.
MM INDICATES DATA IS MISSING.
T  INDICATES TRACE AMOUNT.




$$
