000
CDAK48 PAKN 150005
CLIAKN

CLIMATE REPORT
NATIONAL WEATHER SERVICE KING SALMON, AK
405 PM AKDT SUN SEP 14 2014

...................................
...THE KING SALMON AP CLIMATE SUMMARY FOR SEPTEMBER 14 2014...
VALID TODAY AS OF 2:00 PM LOCAL TIME

CLIMATE NORMAL PERIOD  1981 TO  2010
CLIMATE RECORD PERIOD  1917 TO  2014

WEATHER ITEM   OBSERVED TIME    RECORD YEAR NORMAL DEPARTURE LAST
               VALUE    (LST)   VALUE       VALUE  FROM      YEAR
                                                   NORMAL
...................................................................
TEMPERATURE
TODAY
 MAXIMUM            60  0145 PM    67  1939     56       4     65
 MINIMUM            50  0844 AM    22  1987     41       9     40
 AVERAGE            55                          49       6     53

PRECIPITATION
(INCHES)
 TODAY            0.22           0.89  1986   0.11    0.11   0.00
 MONTH TO DATE    1.97                        1.53    0.44   1.02
 SINCE SEP 1      1.97                        1.53    0.44   1.02
 SINCE JAN 1     16.24                       13.13    3.11  15.11

SNOWFALL
(INCHES)
 TODAY             0.0            0.0  2014    0.0     0.0    0.0
 MONTH TO DATE     0.0                         0.0     0.0    0.0
 SINCE SEP 1       0.0                         0.0     0.0    0.0
 SINCE JUL 1       0.0                         0.0     0.0    0.0
 SNOW DEPTH (IN)     0                                          0

DEGREE DAYS
 HEATING
  TODAY             10                          16      -6     12
  MONTH TO DATE    117                         201     -84    158
  SINCE SEP 1      117                         201     -84    158
  SINCE JUL 1      591                         813    -222    661

 COOLING
  TODAY              0                           0       0      0
  MONTH TO DATE      0                           0       0      0
  SINCE SEP 1        0                           0       0      0
  SINCE JAN 1        0                           0       0      4
...................................................................

WIND (MPH)
 HIGHEST WIND SPEED    23     HIGHEST WIND DIRECTION    150
 HIGHEST GUST SPEED    27     HIGHEST GUST DIRECTION    160
 AVERAGE WIND SPEED    MM

SKY COVER
  POSSIBLE SUNSHINE  MM            AVERAGE SKY COVER MM

WEATHER CONDITIONS
 THE FOLLOWING WEATHER WAS RECORDED TODAY.
FOG
RAIN


RELATIVE HUMIDITY
 HIGHEST RH     MM PERCENT       MM
 LOWEST  RH     MM PERCENT       MM
 AVERAGE RH     MM PERCENT       MM
...................................................................

THE KING SALMON CLIMATE NORMALS FOR TOMORROW
                        NORMAL    RECORD   YEAR
 MAXIMUM TEMPERATURE      56        68     1934
 MINIMUM TEMPERATURE      40        24     1996

SUNRISE AND SUNSET
 SEP 14 2014..........SUNRISE  7:55 AM      SUNSET  8:49 PM
 SEP 15 2014..........SUNRISE  7:57 AM      SUNSET  8:46 PM

-  INDICATES NEGATIVE NUMBERS.
R  INDICATES RECORD HAS BEEN SET OR TIED.
MM INDICATES DATA IS MISSING.
T  INDICATES TRACE OF PRECIPITATION.

&&
-------------------------------------------------------------------

AMOUNT OF DAYLIGHT TODAY  (HOUR:MIN)........12 HOURS 54 MINUTES
GAIN/LOSS SINCE YESTERDAY (HOUR:MIN:SEC)....-0:05:06

$$
FS SEP 14
