000
CDAK48 PAKN 271027
CLIAKN

CLIMATE REPORT
NATIONAL WEATHER SERVICE KING SALMON, AK
127 AM AKST THU NOV 27 2014

...................................
...THE KING SALMON AP CLIMATE SUMMARY FOR NOVEMBER 26 2014...

CLIMATE NORMAL PERIOD  1981 TO  2010
CLIMATE RECORD PERIOD  1917 TO  2014

WEATHER ITEM   OBSERVED TIME    RECORD YEAR NORMAL DEPARTURE LAST
               VALUE    (LST)   VALUE       VALUE  FROM      YEAR
                                                   NORMAL
...................................................................
TEMPERATURE
YESTERDAY
 MAXIMUM            36  1019 PM    47  1976     29       7     23
 MINIMUM            24  0118 AM   -25  2011     13      11     12
 AVERAGE            30                          21       9     18

PRECIPITATION
(INCHES)
 YESTERDAY        0.00           0.43  1981   0.05   -0.05   0.00
 MONTH TO DATE    1.95                        1.22    0.73   2.61
 SINCE SEP 1      5.70                        6.49   -0.79   9.32
 SINCE JAN 1     19.97                       18.09    1.88  23.41

SNOWFALL
(INCHES)
 YESTERDAY         0.0            4.0  1997    0.3    -0.3    0.0
 MONTH TO DATE       T                         5.7    -5.7   11.6
 SINCE SEP 1       3.5                         8.6    -5.1   11.6
 SINCE JUL 1       3.5                         8.6    -5.1   11.6
 SNOW DEPTH (IN)     0                                          2

DEGREE DAYS
 HEATING
  YESTERDAY         35                          44      -9     47
  MONTH TO DATE    722                        1085    -363    950
  SINCE SEP 1     2152                        2585    -433   2160
  SINCE JUL 1     2626                        3197    -571   2663

 COOLING
  YESTERDAY          0                           0       0      0
  MONTH TO DATE      0                           0       0      0
  SINCE SEP 1        0                           0       0      0
  SINCE JAN 1        0                           0       0      4
...................................................................

WIND (MPH)
 HIGHEST WIND SPEED    12     HIGHEST WIND DIRECTION     80
 HIGHEST GUST SPEED    14     HIGHEST GUST DIRECTION     90
 AVERAGE WIND SPEED   6.7

SKY COVER
  POSSIBLE SUNSHINE    MM          AVERAGE SKY COVER     MM

WEATHER CONDITIONS
 THE FOLLOWING WEATHER WAS RECORDED YESTERDAY.


RELATIVE HUMIDITY
 HIGHEST RH     MM PERCENT       MM
 LOWEST  RH     MM PERCENT       MM
 AVERAGE RH     MM PERCENT       MM
...................................................................

THE KING SALMON CLIMATE NORMALS FOR TODAY
                           NORMAL    RECORD   YEAR
 MAXIMUM TEMPERATURE (F)     28        47     2004
 MINIMUM TEMPERATURE (F)     13       -23     2005

SUNRISE AND SUNSET
 NOV 27 2014..........SUNRISE  9:45 AM      SUNSET  4:45 PM
 NOV 28 2014..........SUNRISE  9:47 AM      SUNSET  4:43 PM

-  INDICATES NEGATIVE NUMBERS.
R  INDICATES RECORD HAS BEEN SET OR TIED.
MM INDICATES DATA IS MISSING.
T  INDICATES TRACE OF PRECIPITATION.

&&
-------------------------------------------------------------------

AMOUNT OF DAYLIGHT TODAY  (HOUR:MIN)........7 HOURS 0 MINUTES
GAIN/LOSS SINCE YESTERDAY (HOUR:MIN:SEC)....-0:03:25

$$
FS NOV 14
