000
CDAK48 PAKN 010000
CLIAKN

CLIMATE REPORT
NATIONAL WEATHER SERVICE KING SALMON, AK
400 PM AKDT WED AUG 31 2016

...................................
...THE KING SALMON AP CLIMATE SUMMARY FOR AUGUST 31 2016...
VALID TODAY AS OF 2:00 PM LOCAL TIME

CLIMATE NORMAL PERIOD  1981 TO  2010
CLIMATE RECORD PERIOD  1917 TO  2016

WEATHER ITEM   OBSERVED TIME    RECORD YEAR NORMAL DEPARTURE LAST
               VALUE    (LST)   VALUE       VALUE  FROM      YEAR
                                                   NORMAL
...................................................................
TEMPERATURE
TODAY
 MAXIMUM            75  0255 PM    75  2016     61      14     59
 MINIMUM            40  0657 AM    25  1984     45      -5     33
 AVERAGE            58                          53       5     46

PRECIPITATION
(INCHES)
 TODAY            0.00           1.04  1918   0.10   -0.10   0.00
 MONTH TO DATE    4.84                        2.95    1.89   1.76
 SINCE JUN 1     10.64                        6.90    3.74   5.71
 SINCE JAN 1     18.05                       11.60    6.45  12.95

SNOWFALL
(INCHES)
 TODAY             0.0            0.0  2016    0.0     0.0    0.0
 MONTH TO DATE     0.0                         0.0     0.0    0.0
 SINCE JUN 1       0.0                         0.0     0.0    0.0
 SINCE JUL 1       0.0                         0.0     0.0    0.0
 SNOW DEPTH (IN)     0                                          0

DEGREE DAYS
 HEATING
  TODAY              7                          12      -5     19
  MONTH TO DATE    163                         322    -159    294
  SINCE JUN 1      610                        1019    -409    773
  SINCE JUL 1      339                         612    -273    524

 COOLING
  TODAY              0                           0       0      0
  MONTH TO DATE      0                           0       0      0
  SINCE JUN 1        0                           0       0      2
  SINCE JAN 1        0                           0       0      2
...................................................................

WIND (MPH)
 HIGHEST WIND SPEED    10     HIGHEST WIND DIRECTION    290
 HIGHEST GUST SPEED    13     HIGHEST GUST DIRECTION    300
 AVERAGE WIND SPEED    MM

SKY COVER
  POSSIBLE SUNSHINE  MM            AVERAGE SKY COVER MM

WEATHER CONDITIONS
 THE FOLLOWING WEATHER WAS RECORDED TODAY.
 FOG


RELATIVE HUMIDITY
 HIGHEST RH     MM PERCENT       MM
 LOWEST  RH     MM PERCENT       MM
 AVERAGE RH     MM PERCENT       MM
...................................................................

THE KING SALMON CLIMATE NORMALS FOR TOMORROW
                        NORMAL    RECORD   YEAR
 MAXIMUM TEMPERATURE      60        72     1942
 MINIMUM TEMPERATURE      45        26     2015

SUNRISE AND SUNSET
 AUG 31 2016..........SUNRISE  7:25 AM      SUNSET  9:28 PM
 SEP 01 2016..........SUNRISE  7:27 AM      SUNSET  9:25 PM

-  INDICATES NEGATIVE NUMBERS.
R  INDICATES RECORD HAS BEEN SET OR TIED.
MM INDICATES DATA IS MISSING.
T  INDICATES TRACE OF PRECIPITATION.

&&
-------------------------------------------------------------------

AMOUNT OF DAYLIGHT TODAY  (HOUR:MIN)........14 HOURS 3 MINUTES
LOSS SINCE YESTERDAY (HOUR:MIN:SEC).........-0:05:03

$$

DT AUG 16
