354
CDAK48 PAFC 261256
CLIAKN

CLIMATE REPORT
NATIONAL WEATHER SERVICE ANCHORAGE, AK
349 AM AKST SUN FEB 26 2017


...................................

...THE KING SALMON CLIMATE SUMMARY FOR FEBRUARY 25 2017...

CLIMATE NORMAL PERIOD 1981 TO 2010
CLIMATE RECORD PERIOD 1917 TO 2017


WEATHER ITEM   OBSERVED TIME   RECORD YEAR NORMAL DEPARTURE LAST
                VALUE   (LST)  VALUE       VALUE  FROM      YEAR
                                                  NORMAL
..................................................................
TEMPERATURE (F)
 YESTERDAY
  MAXIMUM         37    513 PM  46    1997  29      8       48
                                      1970
                                      1943
  MINIMUM         30    616 AM -35    1954  12     18       29
  AVERAGE         34                        21     13       39

PRECIPITATION (IN)
  YESTERDAY        T             0.32 1955   0.03  -0.03     0.00
  MONTH TO DATE    0.92                      0.69   0.23     0.94
  SINCE DEC 1      2.16                      2.94  -0.78     2.92
  SINCE JAN 1      1.07                      1.71  -0.64     1.42

SNOWFALL (IN)
  YESTERDAY        T            MM      MM   0.3   -0.3      0.0
  MONTH TO DATE    8.8                       5.4    3.4      0.0
  SINCE DEC 1     17.3                      25.1   -7.8      0.0
  SINCE JUL 1     21.9                      34.9  -13.0     13.1
  SNOW DEPTH       T

DEGREE DAYS
 HEATING
  YESTERDAY       31                        44    -13       26
  MONTH TO DATE 1249                      1160     89      762
  SINCE DEC 1   4287                      4111    176     2990
  SINCE JUL 1   7013                      7488   -475     5587

 COOLING
  YESTERDAY        0                         0      0        0
  MONTH TO DATE    0                         0      0        0
  SINCE DEC 1      0                         0      0        0
  SINCE JAN 1      0                         0      0        0
..................................................................


WIND (MPH)
  RESULTANT WIND SPEED   8   RESULTANT WIND DIRECTION   S (200)
  HIGHEST WIND SPEED    13   HIGHEST WIND DIRECTION    SW (210)
  HIGHEST GUST SPEED    17   HIGHEST GUST DIRECTION     S (200)
  AVERAGE WIND SPEED     8.4



WEATHER CONDITIONS
 THE FOLLOWING WEATHER WAS RECORDED YESTERDAY.
  LIGHT SNOW
  FOG


RELATIVE HUMIDITY (PERCENT)
 HIGHEST   100
 LOWEST     82
 AVERAGE    91

..........................................................


THE KING SALMON CLIMATE NORMALS FOR TODAY
                         NORMAL    RECORD    YEAR
 MAXIMUM TEMPERATURE (F)   29        48      1991
 MINIMUM TEMPERATURE (F)   13       -36      1954


SUNRISE AND SUNSET
FEBRUARY 26 2017......SUNRISE   829 AM AKST  SUNSET   651 PM AKST
FEBRUARY 27 2017......SUNRISE   827 AM AKST  SUNSET   653 PM AKST

CIVIL TWILIGHT
FEBRUARY 26 2017        START    749 AM GMT     END    732 PM GMT
FEBRUARY 27 2017        START    747 AM GMT     END    734 PM GMT



-  INDICATES NEGATIVE NUMBERS.
R  INDICATES RECORD WAS SET OR TIED.
MM INDICATES DATA IS MISSING.
T  INDICATES TRACE AMOUNT.




$$
&&
------------------------------------------------------
AMOUNT OF DAYLIGHT TODAY  (HOUR:MIN)........10:22
GAIN/LOSS SINCE YESTERDAY (HOUR:MIN:SEC)....+0:05:08

$$
