000
CDAK48 PAKN 251026
CLIAKN

CLIMATE REPORT
NATIONAL WEATHER SERVICE KING SALMON, AK
126 AM AKST SUN JAN 25 2015

...................................
...THE KING SALMON AP CLIMATE SUMMARY FOR JANUARY 24 2015...

CLIMATE NORMAL PERIOD  1981 TO  2010
CLIMATE RECORD PERIOD  1917 TO  2015

WEATHER ITEM   OBSERVED TIME    RECORD YEAR NORMAL DEPARTURE LAST
               VALUE    (LST)   VALUE       VALUE  FROM      YEAR
                                                   NORMAL
...................................................................
TEMPERATURE
YESTERDAY
 MAXIMUM             1  0413 PM    50  1963     23     -22     44
 MINIMUM           -10  1156 PM   -36  2006      9     -19     32
 AVERAGE            -5                          16     -21     38

PRECIPITATION
(INCHES)
 YESTERDAY        0.00           0.24  1943   0.03   -0.03   0.00
 MONTH TO DATE    0.52                        0.78   -0.26   1.70
 SINCE DEC 1      2.48                        2.01    0.47   2.83
 SINCE JAN 1      0.52                        0.78   -0.26   1.70

SNOWFALL
(INCHES)
 YESTERDAY         0.0            3.0  1972    0.4    -0.4    0.0
 MONTH TO DATE     0.7                         7.9    -7.2   10.6
 SINCE DEC 1       8.2                        17.4    -9.2   13.8
 SINCE JUL 1      11.7                        27.2   -15.5   25.4
 SNOW DEPTH (IN)     T                                          0

DEGREE DAYS
 HEATING
  YESTERDAY         70                          49      21     27
  MONTH TO DATE    981                        1172    -191    770
  SINCE DEC 1     2008                        2610    -602   2112
  SINCE JUL 1     4759                        5985   -1226   5016

 COOLING
  YESTERDAY          0                           0       0      0
  MONTH TO DATE      0                           0       0      0
  SINCE DEC 1        0                           0       0      0
  SINCE JAN 1        0                           0       0      0
...................................................................

WIND (MPH)
 HIGHEST WIND SPEED    18     HIGHEST WIND DIRECTION    350
 HIGHEST GUST SPEED    22     HIGHEST GUST DIRECTION     10
 AVERAGE WIND SPEED   9.9

SKY COVER
  POSSIBLE SUNSHINE    MM          AVERAGE SKY COVER     MM

WEATHER CONDITIONS
 THE FOLLOWING WEATHER WAS RECORDED YESTERDAY.
  NO SIGNIFICANT WEATHER WAS OBSERVED.

RELATIVE HUMIDITY
 HIGHEST RH     MM PERCENT       MM
 LOWEST  RH     MM PERCENT       MM
 AVERAGE RH     MM PERCENT       MM
...................................................................

THE KING SALMON CLIMATE NORMALS FOR TODAY
                           NORMAL    RECORD   YEAR
 MAXIMUM TEMPERATURE (F)     24        48     2014
 MINIMUM TEMPERATURE (F)      9       -39     1919

SUNRISE AND SUNSET
 JAN 25 2015..........SUNRISE  9:48 AM      SUNSET  5:31 PM
 JAN 26 2015..........SUNRISE  9:46 AM      SUNSET  5:34 PM

-  INDICATES NEGATIVE NUMBERS.
R  INDICATES RECORD HAS BEEN SET OR TIED.
MM INDICATES DATA IS MISSING.
T  INDICATES TRACE OF PRECIPITATION.

&&
-------------------------------------------------------------------

AMOUNT OF DAYLIGHT TODAY  (HOUR:MIN)........7 HOURS 43 MINUTES
GAIN/LOSS SINCE YESTERDAY (HOUR:MIN:SEC)....+0:04:15

$$
FS JAN 15
