000
CDAK48 PAKN 220908
CLIAKN

CLIMATE REPORT
NATIONAL WEATHER SERVICE KING SALMON, AK
108 AM AKDT TUE JUL 22 2014

...................................
...THE KING SALMON AP CLIMATE SUMMARY FOR JULY 21 2014...

CLIMATE NORMAL PERIOD  1981 TO  2010
CLIMATE RECORD PERIOD  1949 TO  2014

WEATHER ITEM   OBSERVED TIME    RECORD YEAR NORMAL DEPARTURE LAST
               VALUE    (LST)   VALUE       VALUE  FROM      YEAR
                                                   NORMAL
...................................................................
TEMPERATURE
YESTERDAY
 MAXIMUM            69  0316 PM    82  1952     64       5     72
 MINIMUM            46  0250 AM    36  1956     48      -2     52
 AVERAGE            58                          56       2     62

PRECIPITATION
(INCHES)
 YESTERDAY        0.00           0.63  1983   0.08   -0.08      T
 MONTH TO DATE    1.78                        1.46    0.32   1.30
 SINCE JUN 1      5.03                        3.11    1.92   2.35
 SINCE JAN 1     10.16                        7.81    2.35   8.71

SNOWFALL
(INCHES)
 YESTERDAY         0.0            0.0  2014    0.0     0.0    0.0
 MONTH TO DATE     0.0                         0.0     0.0    0.0
 SINCE JUN 1       0.0                         0.0     0.0    0.0
 SINCE JUL 1       0.0                         0.0     0.0    0.0
 SNOW DEPTH (IN)     0                                          0

DEGREE DAYS
 HEATING
  YESTERDAY          7                           9      -2      3
  MONTH TO DATE    160                         200     -40    210
  SINCE JUN 1      591                         607     -16    492
  SINCE JUL 1      160                         200     -40    210

 COOLING
  YESTERDAY          0                           0       0      0
  MONTH TO DATE      0                           0       0      0
  SINCE JUN 1        0                           0       0      0
  SINCE JAN 1        0                           0       0      0
...................................................................

WIND (MPH)
 HIGHEST WIND SPEED    14     HIGHEST WIND DIRECTION    280
 HIGHEST GUST SPEED    17     HIGHEST GUST DIRECTION    270
 AVERAGE WIND SPEED   5.2

SKY COVER
  POSSIBLE SUNSHINE    MM          AVERAGE SKY COVER     MM

WEATHER CONDITIONS
 THE FOLLOWING WEATHER WAS RECORDED YESTERDAY.
  FOG
DUST OR SAND


RELATIVE HUMIDITY
 HIGHEST RH     MM PERCENT       MM
 LOWEST  RH     MM PERCENT       MM
 AVERAGE RH     MM PERCENT       MM
...................................................................

THE KING SALMON CLIMATE NORMALS FOR TODAY
                           NORMAL    RECORD   YEAR
 MAXIMUM TEMPERATURE (F)     64        79     2013
 MINIMUM TEMPERATURE (F)     48        38     1965

SUNRISE AND SUNSET
 JUL 22 2014..........SUNRISE  5:56 AM      SUNSET 11:10 PM
 JUL 23 2014..........SUNRISE  5:58 AM      SUNSET 11:08 PM

-  INDICATES NEGATIVE NUMBERS.
R  INDICATES RECORD HAS BEEN SET OR TIED.
MM INDICATES DATA IS MISSING.
T  INDICATES TRACE OF PRECIPITATION.

&&
-------------------------------------------------------------------

AMOUNT OF DAYLIGHT TODAY  (HOUR:MIN)........17 HOURS 14 MINUTES
GAIN/LOSS SINCE YESTERDAY (HOUR:MIN:SEC)....-0:03:53

$$
DJH JUL 14
