000
CDAK48 PAKN 241117
CLIAKN

CLIMATE REPORT
NATIONAL WEATHER SERVICE KING SALMON, AK
317 AM AKDT SUN MAY 24 2015

...................................
...THE KING SALMON AP CLIMATE SUMMARY FOR MAY 23 2015...

CLIMATE NORMAL PERIOD  1981 TO  2010
CLIMATE RECORD PERIOD  1917 TO  2015

WEATHER ITEM   OBSERVED TIME    RECORD YEAR NORMAL DEPARTURE LAST
               VALUE    (LST)   VALUE       VALUE  FROM      YEAR
                                                   NORMAL
...................................................................
TEMPERATURE
YESTERDAY
 MAXIMUM            54  0528 PM    74  2006     56      -2     68
 MINIMUM            43  0522 AM    25  1964     36       7     33
 AVERAGE            49                          46       3     51

PRECIPITATION
(INCHES)
 YESTERDAY        0.00           0.40  1987   0.05   -0.05   0.00
 MONTH TO DATE    2.78                        0.89    1.89   0.41
 SINCE MAR 1      5.91                        2.56    3.35   1.69
 SINCE JAN 1      6.70                        4.34    2.36   3.50

SNOWFALL
(INCHES)
 YESTERDAY         0.0              T  2000    0.0     0.0    0.0
 MONTH TO DATE     0.0                         0.7    -0.7    0.0
 SINCE MAR 1      12.4                        11.0     1.4    9.3
 SINCE JUL 1      26.1                        46.5   -20.4   36.0
 SNOW DEPTH (IN)     0                                          0

DEGREE DAYS
 HEATING
  YESTERDAY         16                          19      -3     14
  MONTH TO DATE    419                         503     -84    353
  SINCE MAR 1     2344                        2708    -364   2400
  SINCE JUL 1     8541                       10326   -1785   8760

 COOLING
  YESTERDAY          0                           0       0      0
  MONTH TO DATE      0                           0       0      0
  SINCE MAR 1        0                           0       0      0
  SINCE JAN 1        0                           0       0      0
...................................................................

WIND (MPH)
 HIGHEST WIND SPEED    32     HIGHEST WIND DIRECTION    150
 HIGHEST GUST SPEED    42     HIGHEST GUST DIRECTION    140
 AVERAGE WIND SPEED  20.6

SKY COVER
  POSSIBLE SUNSHINE    MM          AVERAGE SKY COVER     MM

WEATHER CONDITIONS
 THE FOLLOWING WEATHER WAS RECORDED YESTERDAY.
  NO SIGNIFICANT WEATHER WAS OBSERVED.

RELATIVE HUMIDITY
 HIGHEST RH     MM PERCENT       MM
 LOWEST  RH     MM PERCENT       MM
 AVERAGE RH     MM PERCENT       MM
...................................................................

THE KING SALMON CLIMATE NORMALS FOR TODAY
                           NORMAL    RECORD   YEAR
 MAXIMUM TEMPERATURE (F)     56        78     2006
 MINIMUM TEMPERATURE (F)     36        22     1938

SUNRISE AND SUNSET
 MAY 24 2015..........SUNRISE  5:41 AM      SUNSET 11:09 PM
 MAY 25 2015..........SUNRISE  5:39 AM      SUNSET 11:10 PM

-  INDICATES NEGATIVE NUMBERS.
R  INDICATES RECORD HAS BEEN SET OR TIED.
MM INDICATES DATA IS MISSING.
T  INDICATES TRACE OF PRECIPITATION.

&&
-------------------------------------------------------------------

AMOUNT OF DAYLIGHT TODAY  (HOUR:MIN)........17 HOURS 28 MINUTES
GAIN SINCE YESTERDAY (HOUR:MIN:SEC).........+0:03:42

$$
AM MAY 15
