000
CDAK48 PAKN 120921
CLIAKN

CLIMATE REPORT
NATIONAL WEATHER SERVICE KING SALMON, AK
121 AM AKDT SAT JUL 12 2014

...................................
...THE KING SALMON AP CLIMATE SUMMARY FOR JULY 11 2014...

CLIMATE NORMAL PERIOD  1981 TO  2010
CLIMATE RECORD PERIOD  1949 TO  2014

WEATHER ITEM   OBSERVED TIME    RECORD YEAR NORMAL DEPARTURE LAST
               VALUE    (LST)   VALUE       VALUE  FROM      YEAR
                                                   NORMAL
...................................................................
TEMPERATURE
YESTERDAY
 MAXIMUM            61  0208 PM    85  1971     64      -3     78
 MINIMUM            49  1159 PM    40  1973     47       2     43
 AVERAGE            55                          56      -1     61

PRECIPITATION
(INCHES)
 YESTERDAY        0.38           0.67  2003   0.07    0.31   0.00
 MONTH TO DATE    1.34                        0.71    0.63   0.79
 SINCE JUN 1      4.59                        2.36    2.23   1.84
 SINCE JAN 1      9.72                        7.06    2.66   8.20

SNOWFALL
(INCHES)
 YESTERDAY         0.0            0.0  2014    0.0     0.0    0.0
 MONTH TO DATE     0.0                         0.0     0.0    0.0
 SINCE JUN 1       0.0                         0.0     0.0    0.0
 SINCE JUL 1       0.0                         0.0     0.0    0.0
 SNOW DEPTH (IN)     0                                          0

DEGREE DAYS
 HEATING
  YESTERDAY         10                           9       1      4
  MONTH TO DATE     83                         110     -27    151
  SINCE JUN 1      514                         517      -3    433
  SINCE JUL 1       83                         110     -27    151

 COOLING
  YESTERDAY          0                           0       0      0
  MONTH TO DATE      0                           0       0      0
  SINCE JUN 1        0                           0       0      0
  SINCE JAN 1        0                           0       0      0
...................................................................

WIND (MPH)
 HIGHEST WIND SPEED    18     HIGHEST WIND DIRECTION    200
 HIGHEST GUST SPEED    23     HIGHEST GUST DIRECTION    210
 AVERAGE WIND SPEED   8.7

SKY COVER
  POSSIBLE SUNSHINE    MM          AVERAGE SKY COVER     MM

WEATHER CONDITIONS
 THE FOLLOWING WEATHER WAS RECORDED YESTERDAY.
  FOG
RAIN


RELATIVE HUMIDITY
 HIGHEST RH     MM PERCENT       MM
 LOWEST  RH     MM PERCENT       MM
 AVERAGE RH     MM PERCENT       MM
...................................................................

THE KING SALMON CLIMATE NORMALS FOR TODAY
                           NORMAL    RECORD   YEAR
 MAXIMUM TEMPERATURE (F)     64        83     1960
 MINIMUM TEMPERATURE (F)     47        35     1959

SUNRISE AND SUNSET
 JUL 12 2014..........SUNRISE  5:38 AM      SUNSET 11:27 PM
 JUL 13 2014..........SUNRISE  5:39 AM      SUNSET 11:25 PM

-  INDICATES NEGATIVE NUMBERS.
R  INDICATES RECORD HAS BEEN SET OR TIED.
MM INDICATES DATA IS MISSING.
T  INDICATES TRACE OF PRECIPITATION.

&&
-------------------------------------------------------------------

AMOUNT OF DAYLIGHT TODAY  (HOUR:MIN)........17 HOURS 49 MINUTES
GAIN/LOSS SINCE YESTERDAY (HOUR:MIN:SEC)....-0:02:59

$$
DJH JUL 14
