000
CDAK48 PAKN 220941
CLIAKN


CLIMATE REPORT
NATIONAL WEATHER SERVICE ANCHORAGE, AK
141 AM AKDT SAT JUL 22 2017


...................................

...THE KING SALMON CLIMATE SUMMARY FOR JULY 21 2017...

CLIMATE NORMAL PERIOD 1981 TO 2010
CLIMATE RECORD PERIOD 1917 TO 2017


WEATHER ITEM   OBSERVED TIME   RECORD YEAR NORMAL DEPARTURE LAST
                VALUE   (LST)  VALUE       VALUE  FROM      YEAR
                                                  NORMAL
..................................................................
TEMPERATURE (F)
 YESTERDAY
  MAXIMUM         78        MM  82    1952  64     14       66
  MINIMUM         45        MM  36    1956  48     -3       56
  AVERAGE         62                        56      6       61

PRECIPITATION (IN)
  YESTERDAY        T             1.25 1935   0.08  -0.08      T
  MONTH TO DATE    1.52                      1.46   0.06     1.82
  SINCE JUN 1      3.92                      3.11   0.81     4.10
  SINCE JAN 1      6.99                      7.81  -0.82    11.51

SNOWFALL (IN)
  YESTERDAY        0.0          MM      MM   0.0    0.0      0.0
  MONTH TO DATE    0.0                       0.0    0.0      0.0
  SINCE JUN 1      0.0                       T      0.0      0.0
  SINCE JUL 1      0.0                       0.0    0.0      0.0
  SNOW DEPTH       0

DEGREE DAYS
 HEATING
  YESTERDAY        3                         9     -6        4
  MONTH TO DATE  154                       200    -46      121
  SINCE JUN 1    484                       607   -123      380
  SINCE JUL 1    154                       200    -46      121

 COOLING
  YESTERDAY        0                         0      0        0
  MONTH TO DATE    0                         0      0        0
  SINCE JUN 1      0                         0      0        0
  SINCE JAN 1      0                         0      0        0
..................................................................


WIND (MPH)
  RESULTANT WIND SPEED   4   RESULTANT WIND DIRECTION   N (0)
  HIGHEST WIND SPEED    14   HIGHEST WIND DIRECTION     W (280)
  HIGHEST GUST SPEED    MM   HIGHEST GUST DIRECTION    MM
  AVERAGE WIND SPEED     7.6



WEATHER CONDITIONS
 THE FOLLOWING WEATHER WAS RECORDED YESTERDAY.
  LIGHT RAIN


RELATIVE HUMIDITY (PERCENT)
 HIGHEST   100
 LOWEST     46
 AVERAGE    73

..........................................................


THE KING SALMON CLIMATE NORMALS FOR TODAY
                         NORMAL    RECORD    YEAR
 MAXIMUM TEMPERATURE (F)   64        79      2013
 MINIMUM TEMPERATURE (F)   48        38      1965


SUNRISE AND SUNSET
JULY 22 2017..........SUNRISE   556 AM AKDT  SUNSET  1109 PM AKDT
JULY 23 2017..........SUNRISE   558 AM AKDT  SUNSET  1107 PM AKDT


-  INDICATES NEGATIVE NUMBERS.
R  INDICATES RECORD WAS SET OR TIED.
MM INDICATES DATA IS MISSING.
T  INDICATES TRACE AMOUNT.




$$
