755
CDAK48 PAFC 101300 RRA
CLIAKN

CLIMATE REPORT
NATIONAL WEATHER SERVICE ANCHORAGE, AK
357 AM AKST SAT DEC 10 2016


...................................

...THE KING SALMON CLIMATE SUMMARY FOR DECEMBER 9 2016...

CLIMATE NORMAL PERIOD 1981 TO 2010
CLIMATE RECORD PERIOD 1917 TO 2016


WEATHER ITEM   OBSERVED TIME   RECORD YEAR NORMAL DEPARTURE LAST
                VALUE   (LST)  VALUE       VALUE  FROM      YEAR
                                                  NORMAL
..................................................................
TEMPERATURE (F)
 YESTERDAY
  MAXIMUM         20    528 PM  48    1961  27     -7       10
  MINIMUM          5   1209 AM -27    1975  12     -7        2
                                      1964
  AVERAGE         13                        19     -6        6

PRECIPITATION (IN)
  YESTERDAY        0.05          0.60 1932   0.05   0.00    MM
  MONTH TO DATE    0.35                      0.41  -0.06     0.06
  SINCE DEC 1      0.35                      0.41  -0.06     0.06
  SINCE JAN 1     25.21                     18.67   6.54    22.40

SNOWFALL (IN)
  YESTERDAY        0.4           6.0  1993   0.3    0.1     MM
  MONTH TO DATE    3.5                       3.2    0.3     MM
  SINCE DEC 1      3.5                       3.2    0.3     MM
  SINCE JUL 1      8.1                      13.0   -4.9     13.1
  SNOW DEPTH       5

DEGREE DAYS
 HEATING
  YESTERDAY       52                        46      6       59
  MONTH TO DATE  556                       407    149      421
  SINCE DEC 1    556                       407    149      421
  SINCE JUL 1   3282                      3784   -502     3018

 COOLING
  YESTERDAY        0                         0      0        0
  MONTH TO DATE    0                         0      0        0
  SINCE DEC 1      0                         0      0        0
  SINCE JAN 1      0                         1     -1        2
..................................................................


WIND (MPH)
  RESULTANT WIND SPEED  13   RESULTANT WIND DIRECTION   N (360)
  HIGHEST WIND SPEED    21   HIGHEST WIND DIRECTION     N (350)
  HIGHEST GUST SPEED    27   HIGHEST GUST DIRECTION     N (10)
  AVERAGE WIND SPEED    13.6



WEATHER CONDITIONS
 THE FOLLOWING WEATHER WAS RECORDED YESTERDAY.
  LIGHT SNOW
  FOG


RELATIVE HUMIDITY (PERCENT)
 HIGHEST    96
 LOWEST     76
 AVERAGE    86

..........................................................


THE KING SALMON CLIMATE NORMALS FOR TODAY
                         NORMAL    RECORD    YEAR
 MAXIMUM TEMPERATURE (F)   27        47      1985
                                             1961
 MINIMUM TEMPERATURE (F)   11       -27      1968


SUNRISE AND SUNSET
DECEMBER 10 2016......SUNRISE  1007 AM AKST  SUNSET   432 PM AKST
DECEMBER 11 2016......SUNRISE  1008 AM AKST  SUNSET   432 PM AKST

CIVIL TWILIGHT
DECEMBER 10 2016        START    915 AM GMT     END    526 PM GMT
DECEMBER 11 2016        START    916 AM GMT     END    525 PM GMT



-  INDICATES NEGATIVE NUMBERS.
R  INDICATES RECORD WAS SET OR TIED.
MM INDICATES DATA IS MISSING.
T  INDICATES TRACE AMOUNT.




$$
&&
------------------------------------------------------
AMOUNT OF DAYLIGHT TODAY  (HOUR:MIN)........ 6:25
GAIN/LOSS SINCE YESTERDAY (HOUR:MIN:SEC)....-0:01:45

$$
