000
CDUS45 KBOU 290725
CLIAKO


CLIMATE REPORT
NATIONAL WEATHER SERVICE BOULDER, CO
125 AM MDT MON JUN 29 2015


...................................

...THE AKRON CO CLIMATE SUMMARY FOR JUNE 28 2015...

CLIMATE NORMAL PERIOD 1981 TO 2010
CLIMATE RECORD PERIOD 9999 TO 9999


WEATHER ITEM   OBSERVED TIME   RECORD YEAR NORMAL DEPARTURE LAST
                VALUE   (LST)  VALUE       VALUE  FROM      YEAR
                                                  NORMAL
..................................................................
TEMPERATURE (F)
 YESTERDAY
  MAXIMUM         90    407 PM 101    1963  86      4
  MINIMUM         58    403 AM  46    1999  57      1
  AVERAGE         74                        72      2

PRECIPITATION (IN)
  YESTERDAY        0.00          1.83 1967   0.07  -0.07     0.00
  MONTH TO DATE    1.01                      2.33  -1.32     3.82
  SINCE JUN 1      1.01                      2.33  -1.32     3.82
  SINCE JAN 1      9.02                      8.51   0.51     8.52

DEGREE DAYS
 HEATING
  YESTERDAY        0
  MONTH TO DATE    4

 COOLING
  YESTERDAY        9
  MONTH TO DATE   91
..................................................................


WIND (MPH)
  HIGHEST WIND SPEED    14   HIGHEST WIND DIRECTION     S (190)
  HIGHEST GUST SPEED    20   HIGHEST GUST DIRECTION     S (190)




RELATIVE HUMIDITY (PERCENT)
 HIGHEST    93
 LOWEST     26
 AVERAGE    60

..........................................................


THE AKRON CO CLIMATE NORMALS FOR TODAY
                         NORMAL    RECORD    YEAR
 MAXIMUM TEMPERATURE (F)   86       103      1953
 MINIMUM TEMPERATURE (F)   57        44      1945


SUNRISE AND SUNSET
JUNE 29 2015..........SUNRISE   526 AM MDT   SUNSET   826 PM MDT
JUNE 30 2015..........SUNRISE   527 AM MDT   SUNSET   826 PM MDT


-  INDICATES NEGATIVE NUMBERS.
R  INDICATES RECORD WAS SET OR TIED.
MM INDICATES DATA IS MISSING.
T  INDICATES TRACE AMOUNT.




$$
