000
CDUS45 KBOU 271252
CLIAKO


CLIMATE REPORT
NATIONAL WEATHER SERVICE DENVER/BOULDER CO
650 AM MDT TUE SEP 27 2016


...................................

...THE AKRON CO CLIMATE SUMMARY FOR SEPTEMBER 26 2016...

CLIMATE NORMAL PERIOD 1981 TO 2010
CLIMATE RECORD PERIOD 9999 TO 9999


WEATHER ITEM   OBSERVED TIME   RECORD YEAR NORMAL DEPARTURE LAST
                VALUE   (LST)  VALUE       VALUE  FROM      YEAR
                                                  NORMAL
..................................................................
TEMPERATURE (F)
 YESTERDAY
  MAXIMUM         76    351 PM  90    2008  72      4
  MINIMUM         42    501 AM  17    1942  44     -2
  AVERAGE         59                        58      1

PRECIPITATION (IN)
  YESTERDAY        0.00          0.45 1973   0.04  -0.04     0.00
  MONTH TO DATE    1.37                      1.01   0.36     0.02
  SINCE SEP 1      1.37                      1.01   0.36     0.02
  SINCE JAN 1     16.10                     14.50   1.60    11.58

DEGREE DAYS
 HEATING
  YESTERDAY        6
  MONTH TO DATE   70

 COOLING
  YESTERDAY        0
  MONTH TO DATE   83
..................................................................


WIND (MPH)
  HIGHEST WIND SPEED    18   HIGHEST WIND DIRECTION     W (270)
  HIGHEST GUST SPEED    22   HIGHEST GUST DIRECTION     W (270)




RELATIVE HUMIDITY (PERCENT)
 HIGHEST    62
 LOWEST     21
 AVERAGE    42

..........................................................


THE AKRON CO CLIMATE NORMALS FOR TODAY
                         NORMAL    RECORD    YEAR
 MAXIMUM TEMPERATURE (F)   72        91      2015
                                             1953
 MINIMUM TEMPERATURE (F)   44        26      1945


SUNRISE AND SUNSET
SEPTEMBER 27 2016.....SUNRISE   646 AM MDT   SUNSET   641 PM MDT
SEPTEMBER 28 2016.....SUNRISE   647 AM MDT   SUNSET   639 PM MDT


-  INDICATES NEGATIVE NUMBERS.
R  INDICATES RECORD WAS SET OR TIED.
MM INDICATES DATA IS MISSING.
T  INDICATES TRACE AMOUNT.




$$
