000
CDUS45 KBOU 230734
CLIAKO


CLIMATE REPORT
NATIONAL WEATHER SERVICE DENVER/BOULDER CO
1232 AM MST THU NOV 23 2017


...................................

...THE AKRON CO CLIMATE SUMMARY FOR NOVEMBER 22 2017...

CLIMATE NORMAL PERIOD 1981 TO 2010
CLIMATE RECORD PERIOD 9999 TO 9999


WEATHER ITEM   OBSERVED TIME   RECORD YEAR NORMAL DEPARTURE LAST
                VALUE   (LST)  VALUE       VALUE  FROM      YEAR
                                                  NORMAL
..................................................................
TEMPERATURE (F)
 YESTERDAY
  MAXIMUM         68R   228 PM  66    1954  46     22
  MINIMUM         35    706 AM  -4    1941  23     12
  AVERAGE         52                        34     18

PRECIPITATION (IN)
  YESTERDAY        0.00          0.32 1952   0.02  -0.02     0.07
  MONTH TO DATE    0.07                      0.44  -0.37     0.07
  SINCE SEP 1      1.88                      2.71  -0.83     1.90
  SINCE JAN 1     13.67                     16.20  -2.53    16.63

SNOWFALL (IN)
  YESTERDAY        0.0
  SNOW DEPTH       0

DEGREE DAYS
 HEATING
  YESTERDAY       13
  MONTH TO DATE  504

 COOLING
  YESTERDAY        0
  MONTH TO DATE    0
..................................................................


WIND (MPH)
  HIGHEST WIND SPEED    20   HIGHEST WIND DIRECTION     W (280)
  HIGHEST GUST SPEED    25   HIGHEST GUST DIRECTION    SW (230)




RELATIVE HUMIDITY (PERCENT)
 HIGHEST    75
 LOWEST     29
 AVERAGE    52

..........................................................


THE AKRON CO CLIMATE NORMALS FOR TODAY
                         NORMAL    RECORD    YEAR
 MAXIMUM TEMPERATURE (F)   46        66      1988
 MINIMUM TEMPERATURE (F)   22         0      1952


SUNRISE AND SUNSET
NOVEMBER 23 2017......SUNRISE   648 AM MST   SUNSET   431 PM MST
NOVEMBER 24 2017......SUNRISE   649 AM MST   SUNSET   430 PM MST


-  INDICATES NEGATIVE NUMBERS.
R  INDICATES RECORD WAS SET OR TIED.
MM INDICATES DATA IS MISSING.
T  INDICATES TRACE AMOUNT.




$$
