000
CDUS45 KBOU 030725
CLIAKO


CLIMATE REPORT
NATIONAL WEATHER SERVICE BOULDER, CO
125 AM MDT MON AUG 3 2015


...................................

...THE AKRON CO CLIMATE SUMMARY FOR AUGUST 2 2015...

CLIMATE NORMAL PERIOD 1981 TO 2010
CLIMATE RECORD PERIOD 9999 TO 9999


WEATHER ITEM   OBSERVED TIME   RECORD YEAR NORMAL DEPARTURE LAST
                VALUE   (LST)  VALUE       VALUE  FROM      YEAR
                                                  NORMAL
..................................................................
TEMPERATURE (F)
 YESTERDAY
  MAXIMUM         93    310 PM 109    1938  88      5
  MINIMUM         59    518 AM  52    1976  60     -1
  AVERAGE         76                        74      2

PRECIPITATION (IN)
  YESTERDAY        0.00          0.65 1948   0.09  -0.09     0.00
  MONTH TO DATE    T                         0.19  -0.19      T
  SINCE JUN 1      2.87                      5.20  -2.33     6.09
  SINCE JAN 1     10.88                     11.38  -0.50    10.79

DEGREE DAYS
 HEATING
  YESTERDAY        0
  MONTH TO DATE    0

 COOLING
  YESTERDAY       11
  MONTH TO DATE   24
..................................................................


WIND (MPH)
  HIGHEST WIND SPEED    20   HIGHEST WIND DIRECTION    SE (140)
  HIGHEST GUST SPEED    24   HIGHEST GUST DIRECTION    SE (140)




RELATIVE HUMIDITY (PERCENT)
 HIGHEST    90
 LOWEST     18
 AVERAGE    54

..........................................................


THE AKRON CO CLIMATE NORMALS FOR TODAY
                         NORMAL    RECORD    YEAR
 MAXIMUM TEMPERATURE (F)   88       102      1954
 MINIMUM TEMPERATURE (F)   60        45      1978


SUNRISE AND SUNSET
AUGUST  3 2015........SUNRISE   553 AM MDT   SUNSET   805 PM MDT
AUGUST  4 2015........SUNRISE   553 AM MDT   SUNSET   804 PM MDT


-  INDICATES NEGATIVE NUMBERS.
R  INDICATES RECORD WAS SET OR TIED.
MM INDICATES DATA IS MISSING.
T  INDICATES TRACE AMOUNT.




$$
