000
CDUS45 KBOU 060725
CLIAKO


CLIMATE REPORT
NATIONAL WEATHER SERVICE DENVER/BOULDER CO
125 AM MDT FRI MAY 6 2016


...................................

...THE AKRON CO CLIMATE SUMMARY FOR MAY 5 2016...

CLIMATE NORMAL PERIOD 1981 TO 2010
CLIMATE RECORD PERIOD 9999 TO 9999


WEATHER ITEM   OBSERVED TIME   RECORD YEAR NORMAL DEPARTURE LAST
                VALUE   (LST)  VALUE       VALUE  FROM      YEAR
                                                  NORMAL
..................................................................
TEMPERATURE (F)
 YESTERDAY
  MAXIMUM         81    315 PM  90    2004  67     14
  MINIMUM         50    508 AM  23    1944  40     10
  AVERAGE         66                        54     12

PRECIPITATION (IN)
  YESTERDAY        0.00          1.02 1982   0.08  -0.08     0.57
  MONTH TO DATE    0.02                      0.40  -0.38     0.61
  SINCE MAR 1      3.30                      2.92   0.38     2.32
  SINCE JAN 1      3.41                      3.66  -0.25     2.60

DEGREE DAYS
 HEATING
  YESTERDAY        0
  MONTH TO DATE   73

 COOLING
  YESTERDAY        1
  MONTH TO DATE    1
..................................................................


WIND (MPH)
  HIGHEST WIND SPEED    23   HIGHEST WIND DIRECTION     S (170)
  HIGHEST GUST SPEED    30   HIGHEST GUST DIRECTION     S (170)




RELATIVE HUMIDITY (PERCENT)
 HIGHEST    66
 LOWEST     20
 AVERAGE    43

..........................................................


THE AKRON CO CLIMATE NORMALS FOR TODAY
                         NORMAL    RECORD    YEAR
 MAXIMUM TEMPERATURE (F)   68        89      2004
 MINIMUM TEMPERATURE (F)   40        25      1948


SUNRISE AND SUNSET
MAY  6 2016...........SUNRISE   546 AM MDT   SUNSET   754 PM MDT
MAY  7 2016...........SUNRISE   545 AM MDT   SUNSET   754 PM MDT


-  INDICATES NEGATIVE NUMBERS.
R  INDICATES RECORD WAS SET OR TIED.
MM INDICATES DATA IS MISSING.
T  INDICATES TRACE AMOUNT.




$$
