000
CDUS45 KBOU 010725
CLIAKO


CLIMATE REPORT
NATIONAL WEATHER SERVICE BOULDER, CO
125 AM MDT WED OCT 1 2014


...................................

...THE AKRON CO CLIMATE SUMMARY FOR SEPTEMBER 30 2014...

CLIMATE NORMAL PERIOD 1981 TO 2010
CLIMATE RECORD PERIOD 9999 TO 9999


WEATHER ITEM   OBSERVED TIME   RECORD YEAR NORMAL DEPARTURE LAST
                VALUE   (LST)  VALUE       VALUE  FROM      YEAR
                                                  NORMAL
..................................................................
TEMPERATURE (F)
 YESTERDAY
  MAXIMUM         70    241 PM  90    1942  70      0
  MINIMUM         47    321 AM  17    1985  43      4
  AVERAGE         59                        56      3

PRECIPITATION (IN)
  YESTERDAY        T             0.69 1945   0.04  -0.04     0.00
  MONTH TO DATE    1.94                      1.16   0.78     4.29
  SINCE SEP 1      1.94                      1.16   0.78     4.29
  SINCE JAN 1     17.54                     14.65   2.89    15.71

DEGREE DAYS
 HEATING
  YESTERDAY        6
  MONTH TO DATE  101

 COOLING
  YESTERDAY        0
  MONTH TO DATE   80
..................................................................


WIND (MPH)
  HIGHEST WIND SPEED    15   HIGHEST WIND DIRECTION     W (270)
  HIGHEST GUST SPEED    19   HIGHEST GUST DIRECTION     W (270)




RELATIVE HUMIDITY (PERCENT)
 HIGHEST   100
 LOWEST     28
 AVERAGE    64

..........................................................


THE AKRON CO CLIMATE NORMALS FOR TODAY
                         NORMAL    RECORD    YEAR
 MAXIMUM TEMPERATURE (F)   70        89      1938
 MINIMUM TEMPERATURE (F)   42        28      1985


SUNRISE AND SUNSET
OCTOBER  1 2014.......SUNRISE   649 AM MDT   SUNSET   635 PM MDT
OCTOBER  2 2014.......SUNRISE   650 AM MDT   SUNSET   633 PM MDT


-  INDICATES NEGATIVE NUMBERS.
R  INDICATES RECORD WAS SET OR TIED.
MM INDICATES DATA IS MISSING.
T  INDICATES TRACE AMOUNT.




$$
