000
CDUS45 KBOU 270725
CLIAKO


CLIMATE REPORT
NATIONAL WEATHER SERVICE BOULDER, CO
1225 AM MST SAT DEC 27 2014


...................................

...THE AKRON CO CLIMATE SUMMARY FOR DECEMBER 26 2014...

CLIMATE NORMAL PERIOD 1981 TO 2010
CLIMATE RECORD PERIOD 9999 TO 9999


WEATHER ITEM   OBSERVED TIME   RECORD YEAR NORMAL DEPARTURE LAST
                VALUE   (LST)  VALUE       VALUE  FROM      YEAR
                                                  NORMAL
..................................................................
TEMPERATURE (F)
 YESTERDAY
  MAXIMUM         20    126 AM  63    1980  40    -20
  MINIMUM          8   1126 PM  -8    1941  16     -8
  AVERAGE         14                        28    -14

PRECIPITATION (IN)
  YESTERDAY        0.01          0.33 1959   0.01   0.00     0.00
  MONTH TO DATE    0.24                      0.35  -0.11     0.02
  SINCE DEC 1      0.24                      0.35  -0.11     0.02
  SINCE JAN 1     18.35                     16.69   1.66    16.98

DEGREE DAYS
 HEATING
  YESTERDAY       51
  MONTH TO DATE  835

 COOLING
  YESTERDAY        0
  MONTH TO DATE    0
..................................................................


WIND (MPH)
  HIGHEST WIND SPEED    22   HIGHEST WIND DIRECTION     N (10)
  HIGHEST GUST SPEED    28   HIGHEST GUST DIRECTION    NW (330)




RELATIVE HUMIDITY (PERCENT)
 HIGHEST    92
 LOWEST     80
 AVERAGE    86

..........................................................


THE AKRON CO CLIMATE NORMALS FOR TODAY
                         NORMAL    RECORD    YEAR
 MAXIMUM TEMPERATURE (F)   40        73      1980
 MINIMUM TEMPERATURE (F)   16       -10      1941


SUNRISE AND SUNSET
DECEMBER 27 2014......SUNRISE   714 AM MST   SUNSET   434 PM MST
DECEMBER 28 2014......SUNRISE   714 AM MST   SUNSET   435 PM MST


-  INDICATES NEGATIVE NUMBERS.
R  INDICATES RECORD WAS SET OR TIED.
MM INDICATES DATA IS MISSING.
T  INDICATES TRACE AMOUNT.




$$
