000
CDUS41 KALY 030621
CLIALB


CLIMATE REPORT
NATIONAL WEATHER SERVICE ALBANY NY
221 AM EDT WED SEP 3 2014


...................................

...THE ALBANY NY CLIMATE SUMMARY FOR SEPTEMBER 2 2014...

CLIMATE NORMAL PERIOD 1981 TO 2010
CLIMATE RECORD PERIOD 1874 TO 2014


WEATHER ITEM   OBSERVED TIME   RECORD YEAR NORMAL DEPARTURE LAST
                VALUE   (LST)  VALUE       VALUE  FROM      YEAR
                                                  NORMAL
..................................................................
TEMPERATURE (F)
 YESTERDAY
  MAXIMUM         87   1249 PM 100    1953  77     10       81
  MINIMUM         70   1159 PM  39    1991  57     13       66
  AVERAGE         79                        67     12       74

PRECIPITATION (IN)
  YESTERDAY        0.15          2.19 1945   0.10   0.05     0.60
  MONTH TO DATE    0.15                      0.19  -0.04     0.61
  SINCE SEP 1      0.15                      0.19  -0.04     0.61
  SINCE JAN 1     26.93                     26.34   0.59    32.12

DEGREE DAYS
 HEATING
  YESTERDAY        0                         2     -2        0
  MONTH TO DATE    0                         3     -3        0
  SINCE SEP 1      0                         3     -3        0
  SINCE JUL 1      8                        26    -18        6

 COOLING
  YESTERDAY       14                         4     10        9
  MONTH TO DATE   28                         8     20       21
  SINCE SEP 1     28                         8     20       21
  SINCE JAN 1    595                       551     44      719
..................................................................


WIND (MPH)
  HIGHEST WIND SPEED    22   HIGHEST WIND DIRECTION     W (290)
  HIGHEST GUST SPEED    26   HIGHEST GUST DIRECTION     W (290)
  AVERAGE WIND SPEED     6.8


SKY COVER
  AVERAGE SKY COVER 0.6



RELATIVE HUMIDITY (PERCENT)
 HIGHEST    87
 LOWEST     55
 AVERAGE    71

..........................................................


THE ALBANY NY CLIMATE NORMALS FOR TODAY
                         NORMAL    RECORD    YEAR
 MAXIMUM TEMPERATURE (F)   77       100      1953
 MINIMUM TEMPERATURE (F)   56        39      1976


SUNRISE AND SUNSET
SEPTEMBER  3 2014.....SUNRISE   622 AM EDT   SUNSET   726 PM EDT
SEPTEMBER  4 2014.....SUNRISE   623 AM EDT   SUNSET   725 PM EDT


-  INDICATES NEGATIVE NUMBERS.
R  INDICATES RECORD WAS SET OR TIED.
MM INDICATES DATA IS MISSING.
T  INDICATES TRACE AMOUNT.




$$
