000
CDUS41 KALY 280626
CLIALB


CLIMATE REPORT
NATIONAL WEATHER SERVICE ALBANY NY
223 AM EDT FRI APR 28 2017


...................................

...THE ALBANY NY CLIMATE SUMMARY FOR APRIL 27 2017...

CLIMATE NORMAL PERIOD 1981 TO 2010
CLIMATE RECORD PERIOD 1874 TO 2017


WEATHER ITEM   OBSERVED TIME   RECORD YEAR NORMAL DEPARTURE LAST
                VALUE   (LST)  VALUE       VALUE  FROM      YEAR
                                                  NORMAL
..................................................................
TEMPERATURE (F)
 YESTERDAY
  MAXIMUM         73    427 PM  91    1962  63     10       58
  MINIMUM         57    117 AM  26    1963  41     16       34
  AVERAGE         65                        52     13       46

PRECIPITATION (IN)
  YESTERDAY        0.00          0.86 1979   0.10  -0.10     0.00
  MONTH TO DATE    2.87                      2.84   0.03     1.84
  SINCE MAR 1      6.94                      6.05   0.89     3.02
  SINCE JAN 1     12.92                     10.84   2.08     8.33

SNOWFALL (IN)
  YESTERDAY        0.0           T    1946   0.0    0.0      0.0
  MONTH TO DATE    0.2                       2.2   -2.0      6.4
  SINCE MAR 1     19.6                      13.2    6.4      6.6
  SINCE JUL 1     60.8                      60.1    0.7     16.9
  SNOW DEPTH       0

DEGREE DAYS
 HEATING
  YESTERDAY        0                        13    -13       19
  MONTH TO DATE  354                       483   -129      524
  SINCE MAR 1   1379                      1412    -33     1206
  SINCE JUL 1   5542                      6356   -814     5135

 COOLING
  YESTERDAY        0                         0      0        0
  MONTH TO DATE   16                         0     16        2
  SINCE MAR 1     16                         0     16        2
  SINCE JAN 1     16                         0     16        2
..................................................................


WIND (MPH)
  HIGHEST WIND SPEED    22   HIGHEST WIND DIRECTION     S (170)
  HIGHEST GUST SPEED    29   HIGHEST GUST DIRECTION     S (180)
  AVERAGE WIND SPEED     9.3


SKY COVER
  AVERAGE SKY COVER 0.9



RELATIVE HUMIDITY (PERCENT)
 HIGHEST    84
 LOWEST     57
 AVERAGE    71

..........................................................


THE ALBANY NY CLIMATE NORMALS FOR TODAY
                         NORMAL    RECORD    YEAR
 MAXIMUM TEMPERATURE (F)   64        92      1990
 MINIMUM TEMPERATURE (F)   42        25      1947


SUNRISE AND SUNSET
APRIL 28 2017.........SUNRISE   553 AM EDT   SUNSET   753 PM EDT
APRIL 29 2017.........SUNRISE   552 AM EDT   SUNSET   754 PM EDT


-  INDICATES NEGATIVE NUMBERS.
R  INDICATES RECORD WAS SET OR TIED.
MM INDICATES DATA IS MISSING.
T  INDICATES TRACE AMOUNT.




$$
