000
CDUS41 KALY 220623
CLIALB


CLIMATE REPORT
NATIONAL WEATHER SERVICE ALBANY NY
223 AM EDT WED OCT 22 2014


...................................

...THE ALBANY NY CLIMATE SUMMARY FOR OCTOBER 21 2014...

CLIMATE NORMAL PERIOD 1981 TO 2010
CLIMATE RECORD PERIOD 1874 TO 2014


WEATHER ITEM   OBSERVED TIME   RECORD YEAR NORMAL DEPARTURE LAST
                VALUE   (LST)  VALUE       VALUE  FROM      YEAR
                                                  NORMAL
..................................................................
TEMPERATURE (F)
 YESTERDAY
  MAXIMUM         56    327 PM  81    1979  58     -2       66
  MINIMUM         47    333 AM  17    1972  38      9       39
  AVERAGE         52                        48      4       53

PRECIPITATION (IN)
  YESTERDAY        0.50          2.65 1995   0.12   0.38     0.00
  MONTH TO DATE    2.07                      2.54  -0.47     1.99
  SINCE SEP 1      2.96                      5.84  -2.88     6.80
  SINCE JAN 1     29.74                     31.99  -2.25    38.31

SNOWFALL (IN)
  YESTERDAY        0.0           0.2  1926   0.0    0.0      0.0
  MONTH TO DATE    0.0                       0.0    0.0      0.0
  SINCE SEP 1      0.0                       0.0    0.0      0.0
  SINCE JUL 1      0.0                       0.0    0.0      0.0
  SNOW DEPTH       0

DEGREE DAYS
 HEATING
  YESTERDAY       13                        17     -4       12
  MONTH TO DATE  189                       289   -100      152
  SINCE SEP 1    311                       433   -122      318
  SINCE JUL 1    319                       456   -137      324

 COOLING
  YESTERDAY        0                         0      0        0
  MONTH TO DATE   18                         0     18        0
  SINCE SEP 1     92                        51     41       65
  SINCE JAN 1    659                       594     65      763
..................................................................


WIND (MPH)
  HIGHEST WIND SPEED    14   HIGHEST WIND DIRECTION     N (10)
  HIGHEST GUST SPEED    16   HIGHEST GUST DIRECTION     N (360)
  AVERAGE WIND SPEED     4.3


SKY COVER
  AVERAGE SKY COVER 1.0



RELATIVE HUMIDITY (PERCENT)
 HIGHEST    93
 LOWEST     59
 AVERAGE    76

..........................................................


THE ALBANY NY CLIMATE NORMALS FOR TODAY
                         NORMAL    RECORD    YEAR
 MAXIMUM TEMPERATURE (F)   57        86      1979
 MINIMUM TEMPERATURE (F)   38        20      1959


SUNRISE AND SUNSET
OCTOBER 22 2014.......SUNRISE   717 AM EDT   SUNSET   602 PM EDT
OCTOBER 23 2014.......SUNRISE   718 AM EDT   SUNSET   600 PM EDT


-  INDICATES NEGATIVE NUMBERS.
R  INDICATES RECORD WAS SET OR TIED.
MM INDICATES DATA IS MISSING.
T  INDICATES TRACE AMOUNT.




$$
