000
CDUS45 KPUB 270033
CLIALS


CLIMATE REPORT
NATIONAL WEATHER SERVICE PUEBLO
533 PM MST WED NOV 26 2014


...................................

...THE ALAMOSA CO CLIMATE SUMMARY FOR NOVEMBER 26 2014...
VALID TODAY AS OF 0500 PM LOCAL TIME.

CLIMATE NORMAL PERIOD 1981 TO 2010
CLIMATE RECORD PERIOD 1932 TO 2014


WEATHER ITEM   OBSERVED TIME   RECORD YEAR NORMAL DEPARTURE LAST
                VALUE   (LST)  VALUE       VALUE  FROM      YEAR
                                                  NORMAL
..................................................................
TEMPERATURE (F)
 TODAY
  MAXIMUM         50    328 PM  62    1977  41      9       22
  MINIMUM          8    138 AM -25    1952   7      1       -7
  AVERAGE         29                        24      5        8

PRECIPITATION (IN)
  TODAY            0.00          0.49 1943   0.01  -0.01     0.00
  MONTH TO DATE    0.34                      0.37  -0.03     1.63
  SINCE SEP 1      1.45                      1.96  -0.51     5.14
  SINCE JAN 1      5.33                      6.91  -1.58    10.01

SNOWFALL (IN)
  TODAY            0.0           5.0  1943   0.2   -0.2      0.0
  MONTH TO DATE    1.6                       3.2   -1.6     18.1
  SINCE SEP 1      1.6                       5.3   -3.7     21.6
  SINCE JUL 1      1.6                       5.3   -3.7     21.6
  SNOW DEPTH       0

DEGREE DAYS
 HEATING
  TODAY           36                        41     -5       57
  MONTH TO DATE  867                       897    -30      852
  SINCE SEP 1   1602                      1878   -276     1776
  SINCE JUL 1   1723                      2007   -284     1851

 COOLING
  TODAY            0                         0      0        0
  MONTH TO DATE    0                         0      0        0
  SINCE SEP 1      0                         0      0       14
  SINCE JAN 1     60                        51      9      113
..................................................................


WIND (MPH)
  HIGHEST WIND SPEED    13   HIGHEST WIND DIRECTION    SW (220)
  HIGHEST GUST SPEED    16   HIGHEST GUST DIRECTION    SW (230)
  AVERAGE WIND SPEED     5.9


SKY COVER
  POSSIBLE SUNSHINE  MM
  AVERAGE SKY COVER 0.1


WEATHER CONDITIONS
 THE FOLLOWING WEATHER WAS RECORDED TODAY.
  NO SIGNIFICANT WEATHER WAS OBSERVED.


RELATIVE HUMIDITY (PERCENT)
 HIGHEST    80           200 AM
 LOWEST     27           300 PM
 AVERAGE    54

..........................................................


THE ALAMOSA CO CLIMATE NORMALS FOR TOMORROW
                         NORMAL    RECORD    YEAR
 MAXIMUM TEMPERATURE (F)   41        62      1949
 MINIMUM TEMPERATURE (F)    7       -30      1952


SUNRISE AND SUNSET
NOVEMBER 26 2014......SUNRISE   654 AM MST   SUNSET   447 PM MST
NOVEMBER 27 2014......SUNRISE   655 AM MST   SUNSET   447 PM MST


-  INDICATES NEGATIVE NUMBERS.
R  INDICATES RECORD WAS SET OR TIED.
MM INDICATES DATA IS MISSING.
T  INDICATES TRACE AMOUNT.




$$
