879
CDUS45 KPUB 101125
CLIALS


CLIMATE REPORT
NATIONAL WEATHER SERVICE PUEBLO
425 AM MST WED FEB 10 2016


...................................

...THE ALAMOSA CO CLIMATE SUMMARY FOR FEBRUARY 9 2016...

CLIMATE NORMAL PERIOD 1981 TO 2010
CLIMATE RECORD PERIOD 1932 TO 2016


WEATHER ITEM   OBSERVED TIME   RECORD YEAR NORMAL DEPARTURE LAST
                VALUE   (LST)  VALUE       VALUE  FROM      YEAR
                                                  NORMAL
..................................................................
TEMPERATURE (F)
 YESTERDAY
  MAXIMUM         46    405 PM  58    2015  38      8       58
                                      1999
  MINIMUM          8    649 AM -24    2011   3      5       12
  AVERAGE         27                        21      6       35

PRECIPITATION (IN)
  YESTERDAY        0.00          0.28 1963   0.01  -0.01     0.00
  MONTH TO DATE    0.15                      0.08   0.07     0.00
  SINCE DEC 1      0.98                      0.69   0.29     0.54
  SINCE JAN 1      0.73                      0.34   0.39     0.33

SNOWFALL (IN)
  YESTERDAY        0.0           2.8  1963   0.2   -0.2      0.0
  MONTH TO DATE    2.0                       1.3    0.7      0.0
  SINCE DEC 1     12.4                       9.8    2.6      5.6
  SINCE JUL 1     16.7                      15.6    1.1      7.2
  SNOW DEPTH       0

DEGREE DAYS
 HEATING
  YESTERDAY       38                        44     -6       30
  MONTH TO DATE  446                       410     36      294
  SINCE DEC 1   3382                      3382      0     2911
  SINCE JUL 1   5160                      5557   -397     4754

 COOLING
  YESTERDAY        0                         0      0        0
  MONTH TO DATE    0                         0      0        0
  SINCE DEC 1      0                         0      0        0
  SINCE JAN 1      0                         0      0        0
..................................................................


WIND (MPH)
  HIGHEST WIND SPEED     9   HIGHEST WIND DIRECTION     E (70)
  HIGHEST GUST SPEED    11   HIGHEST GUST DIRECTION     E (70)
  AVERAGE WIND SPEED     3.2


SKY COVER
  POSSIBLE SUNSHINE  MM
  AVERAGE SKY COVER 0.0


WEATHER CONDITIONS
 THE FOLLOWING WEATHER WAS RECORDED YESTERDAY.
  NO SIGNIFICANT WEATHER WAS OBSERVED.


RELATIVE HUMIDITY (PERCENT)
 HIGHEST    88          1000 PM
 LOWEST     31           200 PM
 AVERAGE    60

..........................................................


THE ALAMOSA CO CLIMATE NORMALS FOR TODAY
                         NORMAL    RECORD    YEAR
 MAXIMUM TEMPERATURE (F)   38        60      1962
 MINIMUM TEMPERATURE (F)    4       -24      2011


SUNRISE AND SUNSET
FEBRUARY 10 2016......SUNRISE   659 AM MST   SUNSET   537 PM MST
FEBRUARY 11 2016......SUNRISE   658 AM MST   SUNSET   538 PM MST


-  INDICATES NEGATIVE NUMBERS.
R  INDICATES RECORD WAS SET OR TIED.
MM INDICATES DATA IS MISSING.
T  INDICATES TRACE AMOUNT.




$$
