000
CDUS45 KPUB 271053
CLIALS


CLIMATE REPORT
NATIONAL WEATHER SERVICE PUEBLO
449 AM MDT SAT AUG 27 2016


...................................

...THE ALAMOSA CO CLIMATE SUMMARY FOR AUGUST 26 2016...

CLIMATE NORMAL PERIOD 1981 TO 2010
CLIMATE RECORD PERIOD 1932 TO 2016


WEATHER ITEM   OBSERVED TIME   RECORD YEAR NORMAL DEPARTURE LAST
                VALUE   (LST)  VALUE       VALUE  FROM      YEAR
                                                  NORMAL
..................................................................
TEMPERATURE (F)
 YESTERDAY
  MAXIMUM         70    450 PM  88    2002  78     -8       74
                                      1985
                                      1907
  MINIMUM         41    459 AM  31    2002  44     -3       48
  AVERAGE         56                        61     -5       61

PRECIPITATION (IN)
  YESTERDAY        0.00          0.83 1967   0.05  -0.05     0.22
  MONTH TO DATE    2.09                      1.07   1.02     0.46
  SINCE JUN 1      2.91                      2.53   0.38     2.99
  SINCE JAN 1      7.28                      4.75   2.53     6.93

SNOWFALL (IN)
  YESTERDAY        0.0           0.0  2002   0.0    0.0      0.0
  MONTH TO DATE    0.0                       0.0    0.0      0.0
  SINCE JUN 1      0.0                       0.0    0.0      0.0
  SINCE JUL 1      0.0                       0.0    0.0      0.0
  SNOW DEPTH       0

DEGREE DAYS
 HEATING
  YESTERDAY        9                         4      5        4
  MONTH TO DATE   92                        62     30       41
  SINCE JUN 1    161                       275   -114      161
  SINCE JUL 1    105                       107     -2       85

 COOLING
  YESTERDAY        0                         0      0        0
  MONTH TO DATE    9                        12     -3       24
  SINCE JUN 1    115                        50     65       73
  SINCE JAN 1    115                        50     65       73
..................................................................


WIND (MPH)
  HIGHEST WIND SPEED    14   HIGHEST WIND DIRECTION    SW (210)
  HIGHEST GUST SPEED    16   HIGHEST GUST DIRECTION    SW (210)
  AVERAGE WIND SPEED     3.8


SKY COVER
  POSSIBLE SUNSHINE  MM
  AVERAGE SKY COVER 0.5


WEATHER CONDITIONS
 THE FOLLOWING WEATHER WAS RECORDED YESTERDAY.
  LIGHT RAIN


RELATIVE HUMIDITY (PERCENT)
 HIGHEST   100           600 AM
 LOWEST     28           500 PM
 AVERAGE    64

..........................................................


THE ALAMOSA CO CLIMATE NORMALS FOR TODAY
                         NORMAL    RECORD    YEAR
 MAXIMUM TEMPERATURE (F)   78        87      2002
 MINIMUM TEMPERATURE (F)   44        32      1992


SUNRISE AND SUNSET
AUGUST 27 2016........SUNRISE   630 AM MDT   SUNSET   739 PM MDT
AUGUST 28 2016........SUNRISE   631 AM MDT   SUNSET   737 PM MDT


-  INDICATES NEGATIVE NUMBERS.
R  INDICATES RECORD WAS SET OR TIED.
MM INDICATES DATA IS MISSING.
T  INDICATES TRACE AMOUNT.




$$
