000
CDUS45 KPUB 281035
CLIALS


CLIMATE REPORT
NATIONAL WEATHER SERVICE PUEBLO
435 AM MDT FRI JUL 28 2017


...................................

...THE ALAMOSA CO CLIMATE SUMMARY FOR JULY 27 2017...

CLIMATE NORMAL PERIOD 1981 TO 2010
CLIMATE RECORD PERIOD 1932 TO 2017


WEATHER ITEM   OBSERVED TIME   RECORD YEAR NORMAL DEPARTURE LAST
                VALUE   (LST)  VALUE       VALUE  FROM      YEAR
                                                  NORMAL
..................................................................
TEMPERATURE (F)
 YESTERDAY
  MAXIMUM         80    403 PM  90    1960  82     -2       89
  MINIMUM         55    603 AM  33    1993  48      7       45
  AVERAGE         68                        65      3       67

PRECIPITATION (IN)
  YESTERDAY        0.00          0.50 1952   0.03  -0.03     0.00
  MONTH TO DATE    2.87                      0.82   2.05     0.31
  SINCE JUN 1      3.06                      1.31   1.75     0.82
  SINCE JAN 1      7.31                      3.53   3.78     5.19

SNOWFALL (IN)
  YESTERDAY        0.0           0.0  2002   0.0    0.0      0.0
                                      2001
  MONTH TO DATE    T                         0.0    0.0      0.0
  SINCE JUN 1      T                         0.0    0.0      0.0
  SINCE JUL 1      T                         0.0    0.0      0.0
  SNOW DEPTH       0

DEGREE DAYS
 HEATING
  YESTERDAY        0                         1     -1        0
  MONTH TO DATE    8                        36    -28       13
  SINCE JUN 1     99                       204   -105       69
  SINCE JUL 1      8                        36    -28       13

 COOLING
  YESTERDAY        3                         1      2        2
  MONTH TO DATE   52                        27     25       54
  SINCE JUN 1     70                        33     37       83
  SINCE JAN 1     70                        33     37       83
..................................................................


WIND (MPH)
  HIGHEST WIND SPEED    20   HIGHEST WIND DIRECTION     W (260)
  HIGHEST GUST SPEED    30   HIGHEST GUST DIRECTION    NE (60)
  AVERAGE WIND SPEED     5.4


SKY COVER
  POSSIBLE SUNSHINE  MM
  AVERAGE SKY COVER 0.1


WEATHER CONDITIONS
 THE FOLLOWING WEATHER WAS RECORDED YESTERDAY.
  NO SIGNIFICANT WEATHER WAS OBSERVED.


RELATIVE HUMIDITY (PERCENT)
 HIGHEST   100           200 AM
 LOWEST     33           400 PM
 AVERAGE    67

..........................................................


THE ALAMOSA CO CLIMATE NORMALS FOR TODAY
                         NORMAL    RECORD    YEAR
 MAXIMUM TEMPERATURE (F)   82        90      2016
 MINIMUM TEMPERATURE (F)   48        35      1986


SUNRISE AND SUNSET
JULY 28 2017..........SUNRISE   605 AM MDT   SUNSET   815 PM MDT
JULY 29 2017..........SUNRISE   606 AM MDT   SUNSET   814 PM MDT


-  INDICATES NEGATIVE NUMBERS.
R  INDICATES RECORD WAS SET OR TIED.
MM INDICATES DATA IS MISSING.
T  INDICATES TRACE AMOUNT.




$$
