000
CDUS44 KAMA 202250
CLIAMA


CLIMATE REPORT
NATIONAL WEATHER SERVICE AMARILLO TX
450 PM CST SAT DEC 20 2014


...THE AMARILLO CLIMATE SUMMARY FOR DECEMBER 20 2014...
VALID TODAY AS OF 400 PM LOCAL TIME.

CLIMATE NORMAL PERIOD 1981 TO 2010
CLIMATE RECORD PERIOD 1892 TO 2014


WEATHER ITEM   OBSERVED TIME   RECORD YEAR NORMAL DEPARTURE LAST
                VALUE   (LST)  VALUE       VALUE  FROM      YEAR
                                                  NORMAL
..................................................................
TEMPERATURE (F)
 TODAY
  MAXIMUM         52    339 PM  75    1894  49      3       48
  MINIMUM         31    907 AM  -3    1924  23      8       24
  AVERAGE         42                        36      6       36

PRECIPITATION (IN)
  TODAY            0.00          0.48 1997   0.02  -0.02      T
  MONTH TO DATE    0.11                      0.45  -0.34     0.02
  SINCE DEC 1      0.11                      0.45  -0.34     0.02
  SINCE JAN 1     19.38                     20.10  -0.72    14.90

SNOWFALL (IN)
  TODAY            0.0           2.7  1911   0.1   -0.1      0.0
  MONTH TO DATE    T                         2.5   -2.5      0.2
  SINCE DEC 1      T                         2.5   -2.5      0.2
  SINCE JUL 1      2.5                       5.2   -2.7      4.5
  SNOW DEPTH       0

DEGREE DAYS
 HEATING
  TODAY           23                        29     -6       29
  MONTH TO DATE  419                       554   -135      557
  SINCE DEC 1    419                       554   -135      557
  SINCE JUL 1   1213                      1398   -185     1395

 COOLING
  TODAY            0                         0      0        0
  MONTH TO DATE    0                         0      0        0
  SINCE DEC 1      0                         0      0        0
  SINCE JAN 1   1534                      1399    135     1806
..................................................................


WIND (MPH)
  RESULTANT WIND SPEED  11   RESULTANT WIND DIRECTION   S (200)
  HIGHEST WIND SPEED    21   HIGHEST WIND DIRECTION     S (180)
  HIGHEST GUST SPEED    25   HIGHEST GUST DIRECTION     S (190)
  AVERAGE WIND SPEED   11.6


SKY COVER
  AVERAGE SKY COVER 0.7


WEATHER CONDITIONS
 THE FOLLOWING WEATHER WAS RECORDED TODAY.
  FOG
  FOG W/VISIBILITY <= 1/4 MILE


RELATIVE HUMIDITY (PERCENT)
 HIGHEST   100           500 AM
 LOWEST     41           300 PM
 AVERAGE    71

..................................................................


THE AMARILLO CLIMATE NORMALS FOR TOMORROW
                         NORMAL    RECORD    YEAR
 MAXIMUM TEMPERATURE (F)   49        77      2003
 MINIMUM TEMPERATURE (F)   23        -4      1983


SUNRISE AND SUNSET
DECEMBER 20 2014......SUNRISE   751 AM CST   SUNSET   538 PM CST
DECEMBER 21 2014......SUNRISE   751 AM CST   SUNSET   538 PM CST


-  INDICATES NEGATIVE NUMBERS.
R  INDICATES RECORD WAS SET OR TIED.
MM INDICATES DATA IS MISSING.
T  INDICATES TRACE AMOUNT.


$$
