000
CDUS44 KAMA 270632
CLIAMA


CLIMATE REPORT
NATIONAL WEATHER SERVICE AMARILLO TX
131 AM CDT FRI MAY 27 2016


...................................

...THE AMARILLO CLIMATE SUMMARY FOR MAY 26 2016...

CLIMATE NORMAL PERIOD 1981 TO 2010
CLIMATE RECORD PERIOD 1892 TO 2016


WEATHER ITEM   OBSERVED TIME   RECORD YEAR NORMAL DEPARTURE LAST
                VALUE   (LST)  VALUE       VALUE  FROM      YEAR
                                                  NORMAL
..................................................................
TEMPERATURE (F)
 YESTERDAY
  MAXIMUM         89    212 PM 100    1953  82      7       79
  MINIMUM         55    211 AM  39    1950  55      0       50
  AVERAGE         72                        69      3       65

PRECIPITATION (IN)
  YESTERDAY        0.00          3.86 1905   0.10  -0.10     0.00
  MONTH TO DATE    0.81                      1.77  -0.96     9.26
  SINCE MAR 1      4.41                      4.56  -0.15    12.44
  SINCE JAN 1      5.10                      5.84  -0.74    14.52

SNOWFALL (IN)
  YESTERDAY        0.0           0.0    MM   0.0    0.0      0.0
  MONTH TO DATE    T                         0.2   -0.2      0.0
  SINCE MAR 1      1.3                       3.8   -2.5      0.1
  SINCE JUL 1     13.4                      17.8   -4.4     23.9
  SNOW DEPTH       0

DEGREE DAYS
 HEATING
  YESTERDAY        0                         1     -1        0
  MONTH TO DATE  124                        78     46      103
  SINCE MAR 1    718                       889   -171      731
  SINCE JUL 1   3459                      4166   -707     3856

 COOLING
  YESTERDAY        7                         5      2        0
  MONTH TO DATE   71                        76     -5       18
  SINCE MAR 1     81                        97    -16       40
  SINCE JAN 1     82                        97    -15       40
..................................................................


WIND (MPH)
  RESULTANT WIND SPEED  13   RESULTANT WIND DIRECTION  SW (210)
  HIGHEST WIND SPEED    31   HIGHEST WIND DIRECTION    SW (220)
  HIGHEST GUST SPEED    39   HIGHEST GUST DIRECTION    SW (230)
  AVERAGE WIND SPEED    14.7


SKY COVER
  AVERAGE SKY COVER 0.0


WEATHER CONDITIONS
 THE FOLLOWING WEATHER WAS RECORDED YESTERDAY.
  NO SIGNIFICANT WEATHER WAS OBSERVED.


RELATIVE HUMIDITY (PERCENT)
 HIGHEST    78           600 AM
 LOWEST     10           700 PM
 AVERAGE    44

..........................................................


THE AMARILLO CLIMATE NORMALS FOR TODAY
                         NORMAL    RECORD    YEAR
 MAXIMUM TEMPERATURE (F)   82        99      1945
 MINIMUM TEMPERATURE (F)   55        38      1907


SUNRISE AND SUNSET
MAY 27 2016...........SUNRISE   635 AM CDT   SUNSET   853 PM CDT
MAY 28 2016...........SUNRISE   635 AM CDT   SUNSET   854 PM CDT


-  INDICATES NEGATIVE NUMBERS.
R  INDICATES RECORD WAS SET OR TIED.
MM INDICATES DATA IS MISSING.
T  INDICATES TRACE AMOUNT.




$$
