000
CDUS44 KAMA 051508
CLIAMA


CLIMATE REPORT
NATIONAL WEATHER SERVICE AMARILLO TX
907 AM CST MON DEC 5 2016


...................................

...THE AMARILLO CLIMATE SUMMARY FOR DECEMBER 5 2016...
VALID AS OF 0900 AM LOCAL TIME.

CLIMATE NORMAL PERIOD 1981 TO 2010
CLIMATE RECORD PERIOD 1892 TO 2016


WEATHER ITEM   OBSERVED TIME   RECORD YEAR NORMAL DEPARTURE LAST
                VALUE   (LST)  VALUE       VALUE  FROM      YEAR
                                                  NORMAL
..................................................................
TEMPERATURE (F)
 TODAY
  MINIMUM         28    336 AM   4    1972  25      3       34

PRECIPITATION (IN)
  TODAY            0.00          0.60 1936   0.02  -0.02     0.00
  MONTH TO DATE    0.15                      0.10   0.05     0.00
  SINCE DEC 1      0.15                      0.10   0.05     0.00
  SINCE JAN 1     17.08                     19.75  -2.67    33.85

SNOWFALL (IN)
  TODAY            0.0           5.0  1992   0.1   -0.1      0.0
  MONTH TO DATE    T                         0.6   -0.6      0.0
  SINCE DEC 1      T                         0.6   -0.6      0.0
  SINCE JUL 1      T                         3.3   -3.3      1.3
  SNOW DEPTH       0

..................................................................


WIND (MPH)
  RESULTANT WIND SPEED  15   RESULTANT WIND DIRECTION  SW (210)
  HIGHEST WIND SPEED    24   HIGHEST WIND DIRECTION    SW (230)
  HIGHEST GUST SPEED    31   HIGHEST GUST DIRECTION    SW (220)
  AVERAGE WIND SPEED    15.1


SKY COVER
  AVERAGE SKY COVER 0.0


WEATHER CONDITIONS
 THE FOLLOWING WEATHER WAS RECORDED TODAY.
  NO SIGNIFICANT WEATHER WAS OBSERVED.


RELATIVE HUMIDITY (PERCENT)
 HIGHEST    92           400 AM
 LOWEST     59           800 AM
 AVERAGE    76

..........................................................


THE AMARILLO CLIMATE NORMALS FOR TOMORROW
                         NORMAL    RECORD    YEAR
 MAXIMUM TEMPERATURE (F)   51        83      1939
 MINIMUM TEMPERATURE (F)   25        -1      1972


SUNRISE AND SUNSET
DECEMBER  5 2016......SUNRISE   741 AM CST   SUNSET   534 PM CST
DECEMBER  6 2016......SUNRISE   742 AM CST   SUNSET   534 PM CST


-  INDICATES NEGATIVE NUMBERS.
R  INDICATES RECORD WAS SET OR TIED.
MM INDICATES DATA IS MISSING.
T  INDICATES TRACE AMOUNT.




$$
