000
CDUS44 KAMA 270637
CLIAMA


CLIMATE REPORT
NATIONAL WEATHER SERVICE AMARILLO TX
135 AM CDT FRI MAR 27 2015


...THE AMARILLO CLIMATE SUMMARY FOR MARCH 26 2015...

CLIMATE NORMAL PERIOD 1981 TO 2010
CLIMATE RECORD PERIOD 1892 TO 2015


WEATHER ITEM   OBSERVED TIME   RECORD YEAR NORMAL DEPARTURE LAST
                VALUE   (LST)  VALUE       VALUE  FROM      YEAR
                                                  NORMAL
..................................................................
TEMPERATURE (F)
 YESTERDAY
  MAXIMUM         65    409 PM  86    1991  66     -1       69
                                      1956
  MINIMUM         32    704 AM   9    1955  36     -4       36
  AVERAGE         49                        51     -2       53

PRECIPITATION (IN)
  YESTERDAY        0.00          0.34 1931   0.05  -0.05     0.11
  MONTH TO DATE    0.21                      1.14  -0.93     0.20
  SINCE MAR 1      0.21                      1.14  -0.93     0.20
  SINCE JAN 1      2.29                      2.42  -0.13     0.59

SNOWFALL (IN)
  YESTERDAY        0.0           4.8  1913   0.1   -0.1      0.0
  MONTH TO DATE    0.1                       2.5   -2.4      0.3
  SINCE MAR 1      0.1                       2.5   -2.4      0.3
  SINCE JUL 1     23.9                      16.5    7.4     12.4
  SNOW DEPTH       0

DEGREE DAYS
 HEATING
  YESTERDAY       16                        15      1       12
  MONTH TO DATE  418                       464    -46      528
  SINCE MAR 1    418                       464    -46      528
  SINCE JUL 1   3543                      3741   -198     3881

 COOLING
  YESTERDAY        0                         0      0        0
  MONTH TO DATE    0                         0      0        0
  SINCE MAR 1      0                         0      0        0
  SINCE JAN 1      0                         0      0        0
..................................................................


WIND (MPH)
  RESULTANT WIND SPEED   9   RESULTANT WIND DIRECTION  NW (330)
  HIGHEST WIND SPEED    28   HIGHEST WIND DIRECTION     N (360)
  HIGHEST GUST SPEED    33   HIGHEST GUST DIRECTION     N (360)
  AVERAGE WIND SPEED   9.8


SKY COVER
  AVERAGE SKY COVER 0.1


WEATHER CONDITIONS
 THE FOLLOWING WEATHER WAS RECORDED YESTERDAY.
  NO SIGNIFICANT WEATHER WAS OBSERVED.


RELATIVE HUMIDITY (PERCENT)
 HIGHEST    96           300 AM
 LOWEST     15           500 PM
 AVERAGE    56

..................................................................


THE AMARILLO CLIMATE NORMALS FOR TODAY
                         NORMAL    RECORD    YEAR
 MAXIMUM TEMPERATURE (F)   66        94      1971
 MINIMUM TEMPERATURE (F)   36         7      1931


SUNRISE AND SUNSET
MARCH 27 2015.........SUNRISE   741 AM CDT   SUNSET   804 PM CDT
MARCH 28 2015.........SUNRISE   739 AM CDT   SUNSET   805 PM CDT


-  INDICATES NEGATIVE NUMBERS.
R  INDICATES RECORD WAS SET OR TIED.
MM INDICATES DATA IS MISSING.
T  INDICATES TRACE AMOUNT.


$$
