051
CDUS42 KJAX 260526
CLIAMG


CLIMATE REPORT
NATIONAL WEATHER SERVICE JACKSONVILLE FL
126 AM EDT SUN MAR 26 2017


...................................

...THE ALMA CLIMATE SUMMARY FOR MARCH 25 2017...

CLIMATE NORMAL PERIOD 1981 TO 2010
CLIMATE RECORD PERIOD 1948 TO 2017


WEATHER ITEM   OBSERVED TIME   RECORD YEAR NORMAL DEPARTURE LAST
                VALUE   (LST)  VALUE       VALUE  FROM      YEAR
                                                  NORMAL
..................................................................
TEMPERATURE (F)
 YESTERDAY
  MAXIMUM         79    257 PM  89    1954  74      5       69
  MINIMUM         52    648 AM  32    1968  50      2       58
  AVERAGE         66                        62      4       64

PRECIPITATION (IN)
  YESTERDAY        0.00          1.14 1994   0.14  -0.14     0.21
  MONTH TO DATE    0.54                      3.89  -3.35     1.41
  SINCE MAR 1      0.54                      3.89  -3.35     1.41
  SINCE JAN 1      8.67                     11.95  -3.28    10.66

SNOWFALL (IN)
  YESTERDAY        0.0           0.0    MM   0.0    0.0      0.0
  MONTH TO DATE    0.0                       0.0    0.0      0.0
  SINCE MAR 1      0.0                       0.0    0.0      0.0
  SINCE JUL 1      0.0                       0.1   -0.1      0.0
  SNOW DEPTH       0

DEGREE DAYS
 HEATING
  YESTERDAY        0                         4     -4        1
  MONTH TO DATE  197                       164     33      108
  SINCE MAR 1    197                       164     33      108
  SINCE JUL 1   1053                      1565   -512     1206

 COOLING
  YESTERDAY        1                         1      0        0
  MONTH TO DATE   20                        25     -5       58
  SINCE MAR 1     20                        25     -5       58
  SINCE JAN 1     75                        41     34       71
..................................................................


WIND (MPH)
  HIGHEST WIND SPEED    15   HIGHEST WIND DIRECTION     S (160)
  HIGHEST GUST SPEED    20   HIGHEST GUST DIRECTION     S (170)
  AVERAGE WIND SPEED     6.2


SKY COVER
  POSSIBLE SUNSHINE  MM
  AVERAGE SKY COVER 0.2


WEATHER CONDITIONS
 THE FOLLOWING WEATHER WAS RECORDED YESTERDAY.
  FOG


RELATIVE HUMIDITY (PERCENT)
 HIGHEST   100           500 AM
 LOWEST     42           300 PM
 AVERAGE    71

..........................................................


THE ALMA CLIMATE NORMALS FOR TODAY
                         NORMAL    RECORD    YEAR
 MAXIMUM TEMPERATURE (F)   74        86      1965
 MINIMUM TEMPERATURE (F)   50        31      2014


SUNRISE AND SUNSET
MARCH 26 2017.........SUNRISE   726 AM EDT   SUNSET   746 PM EDT
MARCH 27 2017.........SUNRISE   725 AM EDT   SUNSET   746 PM EDT


-  INDICATES NEGATIVE NUMBERS.
R  INDICATES RECORD WAS SET OR TIED.
MM INDICATES DATA IS MISSING.
T  INDICATES TRACE AMOUNT.




$$
