000
CDUS42 KJAX 222232
CLIAMG


CLIMATE REPORT
NATIONAL WEATHER SERVICE JACKSONVILLE FL
532 PM EST MON DEC 22 2014


...................................

...THE ALMA CLIMATE SUMMARY FOR DECEMBER 22 2014...
VALID TODAY AS OF 0500 PM LOCAL TIME.

CLIMATE NORMAL PERIOD 1981 TO 2010
CLIMATE RECORD PERIOD 1948 TO 2014


WEATHER ITEM   OBSERVED TIME   RECORD YEAR NORMAL DEPARTURE LAST
                VALUE   (LST)  VALUE       VALUE  FROM      YEAR
                                                  NORMAL
..................................................................
TEMPERATURE (F)
 TODAY
  MAXIMUM         54    459 PM  81    2011  62     -8       80
  MINIMUM         48    842 AM  20    1985  41      7       67
  AVERAGE         51                        51      0       74

PRECIPITATION (IN)
  TODAY            0.05          0.91 1953   0.11  -0.06     0.00
  MONTH TO DATE    0.21                      2.25  -2.04     1.79
  SINCE DEC 1      0.21                      2.25  -2.04     1.79
  SINCE JAN 1     38.06                     45.61  -7.55    51.43

SNOWFALL (IN)
  TODAY           MM             0.0    MM   0.0   MM        0.0
  MONTH TO DATE    0.0                       0.1   -0.1      0.0
  SINCE DEC 1      0.0                       0.1   -0.1      0.0
  SINCE JUL 1      0.0                       0.1   -0.1      0.0
  SNOW DEPTH       0

DEGREE DAYS
 HEATING
  TODAY           14                        14      0        0
  MONTH TO DATE  245                       265    -20      171
  SINCE DEC 1    245                       265    -20      171
  SINCE JUL 1    643                       509    134      446

 COOLING
  TODAY            0                         0      0        9
  MONTH TO DATE    0                         7     -7       30
  SINCE DEC 1      0                         7     -7       30
  SINCE JAN 1   2439                      2472    -33     2350
..................................................................


WIND (MPH)
  HIGHEST WIND SPEED    13   HIGHEST WIND DIRECTION    NW (330)
  HIGHEST GUST SPEED    17   HIGHEST GUST DIRECTION    NW (320)
  AVERAGE WIND SPEED     4.5


SKY COVER
  POSSIBLE SUNSHINE  MM
  AVERAGE SKY COVER 1.0


WEATHER CONDITIONS
 THE FOLLOWING WEATHER WAS RECORDED TODAY.
  LIGHT RAIN
  FOG
  FOG W/VISIBILITY <= 1/4 MILE


RELATIVE HUMIDITY (PERCENT)
 HIGHEST   100           600 AM
 LOWEST     93          1200 AM
 AVERAGE    97

..........................................................


THE ALMA CLIMATE NORMALS FOR TOMORROW
                         NORMAL    RECORD    YEAR
 MAXIMUM TEMPERATURE (F)   62        81      1956
 MINIMUM TEMPERATURE (F)   41        19      1989


SUNRISE AND SUNSET
DECEMBER 22 2014......SUNRISE   726 AM EST   SUNSET   531 PM EST
DECEMBER 23 2014......SUNRISE   726 AM EST   SUNSET   532 PM EST


-  INDICATES NEGATIVE NUMBERS.
R  INDICATES RECORD WAS SET OR TIED.
MM INDICATES DATA IS MISSING.
T  INDICATES TRACE AMOUNT.




$$
