000
CDUS42 KJAX 220528
CLIAMG


CLIMATE REPORT
NATIONAL WEATHER SERVICE JACKSONVILLE FL
128 AM EDT THU JUN 22 2017


...................................

...THE ALMA CLIMATE SUMMARY FOR JUNE 21 2017...

CLIMATE NORMAL PERIOD 1981 TO 2010
CLIMATE RECORD PERIOD 1948 TO 2017


WEATHER ITEM   OBSERVED TIME   RECORD YEAR NORMAL DEPARTURE LAST
                VALUE   (LST)  VALUE       VALUE  FROM      YEAR
                                                  NORMAL
..................................................................
TEMPERATURE (F)
 YESTERDAY
  MAXIMUM         87    421 PM 101    2011  91     -4       90
  MINIMUM         74   1238 AM  57    1965  70      4       62
  AVERAGE         81                        81      0       76

PRECIPITATION (IN)
  YESTERDAY        0.03          3.33 1974   0.19  -0.16     0.00
  MONTH TO DATE    2.61                      3.73  -1.12     3.96
  SINCE JUN 1      2.61                      3.73  -1.12     3.96
  SINCE JAN 1     17.26                     21.82  -4.56    22.74

SNOWFALL (IN)
  YESTERDAY        0.0           0.0    MM   0.0    0.0      0.0
  MONTH TO DATE    0.0                       0.0    0.0      0.0
  SINCE JUN 1      0.0                       0.0    0.0      0.0
  SINCE JUL 1      0.0                       0.1   -0.1      0.0
  SNOW DEPTH       0

DEGREE DAYS
 HEATING
  YESTERDAY        0                         0      0        0
  MONTH TO DATE    0                         0      0        0
  SINCE JUN 1      0                         0      0        0
  SINCE JUL 1   1083                      1659   -576     1274

 COOLING
  YESTERDAY       16                        16      0       11
  MONTH TO DATE  294                       298     -4      327
  SINCE JUN 1    294                       298     -4      327
  SINCE JAN 1    893                       728    165      778
..................................................................


WIND (MPH)
  HIGHEST WIND SPEED    10   HIGHEST WIND DIRECTION    SE (140)
  HIGHEST GUST SPEED    14   HIGHEST GUST DIRECTION    SE (150)
  AVERAGE WIND SPEED     3.4


SKY COVER
  POSSIBLE SUNSHINE  MM
  AVERAGE SKY COVER 0.5


WEATHER CONDITIONS
 THE FOLLOWING WEATHER WAS RECORDED YESTERDAY.
  LIGHT RAIN
  FOG


RELATIVE HUMIDITY (PERCENT)
 HIGHEST   100           600 AM
 LOWEST     70           400 PM
 AVERAGE    85

..........................................................


THE ALMA CLIMATE NORMALS FOR TODAY
                         NORMAL    RECORD    YEAR
 MAXIMUM TEMPERATURE (F)   91       100      1998
 MINIMUM TEMPERATURE (F)   70        60      1985


SUNRISE AND SUNSET
JUNE 22 2017..........SUNRISE   626 AM EDT   SUNSET   838 PM EDT
JUNE 23 2017..........SUNRISE   626 AM EDT   SUNSET   838 PM EDT


-  INDICATES NEGATIVE NUMBERS.
R  INDICATES RECORD WAS SET OR TIED.
MM INDICATES DATA IS MISSING.
T  INDICATES TRACE AMOUNT.




$$
