612
CDUS42 KJAX 270528
CLIAMG


CLIMATE REPORT
NATIONAL WEATHER SERVICE JACKSONVILLE FL
128 AM EDT THU APR 27 2017


...................................

...THE ALMA CLIMATE SUMMARY FOR APRIL 26 2017...

CLIMATE NORMAL PERIOD 1981 TO 2010
CLIMATE RECORD PERIOD 1948 TO 2017


WEATHER ITEM   OBSERVED TIME   RECORD YEAR NORMAL DEPARTURE LAST
                VALUE   (LST)  VALUE       VALUE  FROM      YEAR
                                                  NORMAL
..................................................................
TEMPERATURE (F)
 YESTERDAY
  MAXIMUM         85    436 PM  93    1986  81      4       84
  MINIMUM         55    617 AM  43    1983  56     -1       59
  AVERAGE         70                        68      2       72

PRECIPITATION (IN)
  YESTERDAY        T             3.76 1973   0.07  -0.07     0.00
  MONTH TO DATE    2.46                      2.51  -0.05     3.31
  SINCE MAR 1      3.00                      7.26  -4.26     6.18
  SINCE JAN 1     11.13                     15.32  -4.19    15.43

SNOWFALL (IN)
  YESTERDAY        0.0           0.0    MM   0.0    0.0      0.0
  MONTH TO DATE    0.0                       0.0    0.0      0.0
  SINCE MAR 1      0.0                       0.0    0.0      0.0
  SINCE JUL 1      0.0                       0.1   -0.1      0.0
  SNOW DEPTH       0

DEGREE DAYS
 HEATING
  YESTERDAY        0                         1     -1        0
  MONTH TO DATE   27                        59    -32       56
  SINCE MAR 1    224                       247    -23      169
  SINCE JUL 1   1080                      1648   -568     1267

 COOLING
  YESTERDAY        5                         5      0        7
  MONTH TO DATE  119                        80     39       44
  SINCE MAR 1    182                       118     64      124
  SINCE JAN 1    237                       134    103      137
..................................................................


WIND (MPH)
  HIGHEST WIND SPEED    13   HIGHEST WIND DIRECTION     S (180)
  HIGHEST GUST SPEED    17   HIGHEST GUST DIRECTION     S (200)
  AVERAGE WIND SPEED     3.5


SKY COVER
  POSSIBLE SUNSHINE  MM
  AVERAGE SKY COVER 0.3


WEATHER CONDITIONS
 THE FOLLOWING WEATHER WAS RECORDED YESTERDAY.
  LIGHT RAIN
  FOG
  FOG W/VISIBILITY <= 1/4 MILE


RELATIVE HUMIDITY (PERCENT)
 HIGHEST   100           600 AM
 LOWEST     43           300 PM
 AVERAGE    72

..........................................................


THE ALMA CLIMATE NORMALS FOR TODAY
                         NORMAL    RECORD    YEAR
 MAXIMUM TEMPERATURE (F)   81        96      1986
 MINIMUM TEMPERATURE (F)   56        41      1972


SUNRISE AND SUNSET
APRIL 27 2017.........SUNRISE   648 AM EDT   SUNSET   807 PM EDT
APRIL 28 2017.........SUNRISE   647 AM EDT   SUNSET   808 PM EDT


-  INDICATES NEGATIVE NUMBERS.
R  INDICATES RECORD WAS SET OR TIED.
MM INDICATES DATA IS MISSING.
T  INDICATES TRACE AMOUNT.




$$
