000
CDUS42 KJAX 210537
CLIAMG


CLIMATE REPORT
NATIONAL WEATHER SERVICE JACKSONVILLE FL
1236 AM EST SAT JAN 21 2017


...................................

...THE ALMA CLIMATE SUMMARY FOR JANUARY 20 2017...

CLIMATE NORMAL PERIOD 1981 TO 2010
CLIMATE RECORD PERIOD 1948 TO 2017


WEATHER ITEM   OBSERVED TIME   RECORD YEAR NORMAL DEPARTURE LAST
                VALUE   (LST)  VALUE       VALUE  FROM      YEAR
                                                  NORMAL
..................................................................
TEMPERATURE (F)
 YESTERDAY
  MAXIMUM         77    420 PM  78    1951  62     15       59
  MINIMUM         63    631 AM  18    1971  40     23       25
  AVERAGE         70                        51     19       42

PRECIPITATION (IN)
  YESTERDAY        0.05          1.93 1963   0.14  -0.09     0.00
  MONTH TO DATE    1.96                      2.65  -0.69     3.22
  SINCE DEC 1      6.68                      5.94   0.74     5.19
  SINCE JAN 1      1.96                      2.65  -0.69     3.22

SNOWFALL (IN)
  YESTERDAY        0.0           0.0    MM   0.0    0.0      0.0
  MONTH TO DATE    0.0                       0.0    0.0      0.0
  SINCE DEC 1      0.0                       0.1   -0.1      0.0
  SINCE JUL 1      0.0                       0.1   -0.1      0.0
  SNOW DEPTH       0

DEGREE DAYS
 HEATING
  YESTERDAY        0                        14    -14       23
  MONTH TO DATE  147                       298   -151      331
  SINCE DEC 1    415                       694   -279      472
  SINCE JUL 1    603                       938   -335      590

 COOLING
  YESTERDAY        5                         0      5        0
  MONTH TO DATE   22                         0     22        0
  SINCE DEC 1     35                        11     24       97
  SINCE JAN 1     22                         0     22        0
..................................................................


WIND (MPH)
  HIGHEST WIND SPEED    18   HIGHEST WIND DIRECTION    SW (220)
  HIGHEST GUST SPEED    26   HIGHEST GUST DIRECTION    SW (210)
  AVERAGE WIND SPEED     6.4


SKY COVER
  POSSIBLE SUNSHINE  MM
  AVERAGE SKY COVER 0.6


WEATHER CONDITIONS
 THE FOLLOWING WEATHER WAS RECORDED YESTERDAY.
  LIGHT RAIN
  FOG


RELATIVE HUMIDITY (PERCENT)
 HIGHEST   100          1200 AM
 LOWEST     60           300 PM
 AVERAGE    80

..........................................................


THE ALMA CLIMATE NORMALS FOR TODAY
                         NORMAL    RECORD    YEAR
 MAXIMUM TEMPERATURE (F)   62        81      1959
 MINIMUM TEMPERATURE (F)   40        -1      1985


SUNRISE AND SUNSET
JANUARY 21 2017.......SUNRISE   728 AM EST   SUNSET   555 PM EST
JANUARY 22 2017.......SUNRISE   728 AM EST   SUNSET   556 PM EST


-  INDICATES NEGATIVE NUMBERS.
R  INDICATES RECORD WAS SET OR TIED.
MM INDICATES DATA IS MISSING.
T  INDICATES TRACE AMOUNT.




$$
