000
CDUS44 KBMX 240944
CLIANB


CLIMATE REPORT
NATIONAL WEATHER SERVICE BIRMINGHAM, AL
443 AM CDT FRI OCT 24 2014


...................................

...THE ANNISTON CLIMATE SUMMARY FOR OCTOBER 23 2014...

CLIMATE NORMAL PERIOD 1981 TO 2010
CLIMATE RECORD PERIOD 1903 TO 2014


WEATHER ITEM   OBSERVED TIME   RECORD YEAR NORMAL DEPARTURE LAST
                VALUE   (LST)  VALUE       VALUE  FROM      YEAR
                                                  NORMAL
..................................................................
TEMPERATURE (F)
 YESTERDAY
  MAXIMUM         71    228 PM  86    1953  73     -2       63
  MINIMUM         39   1259 AM  25    1904  49    -10       40
  AVERAGE         55                        61     -6       52

PRECIPITATION (IN)
  YESTERDAY        0.00          1.59 1972   0.10  -0.10     0.00
  MONTH TO DATE    3.29                      2.26   1.03     2.61
  SINCE SEP 1      4.79                      5.19  -0.40     5.32
  SINCE JAN 1     37.43                     40.11  -2.68    63.10

SNOWFALL (IN)
  YESTERDAY        0.0                       0.0             0.0
  MONTH TO DATE    0.0                       0.0             0.0
  SINCE SEP 1      0.0                       0.0             0.0
  SINCE JUL 1      0.0                       0.0             0.0

DEGREE DAYS
 HEATING
  YESTERDAY       10
  MONTH TO DATE   65
  SINCE SEP 1     65
  SINCE JUL 1     65
..................................................................


WIND (MPH)
  HIGHEST WIND SPEED    13   HIGHEST WIND DIRECTION     E (70)
  HIGHEST GUST SPEED    15   HIGHEST GUST DIRECTION     E (70)
  AVERAGE WIND SPEED     3.1


SKY COVER
  AVERAGE SKY COVER 0.0


WEATHER CONDITIONS
 THE FOLLOWING WEATHER WAS RECORDED YESTERDAY.
  NO SIGNIFICANT WEATHER WAS OBSERVED.


RELATIVE HUMIDITY (PERCENT)
 HIGHEST    93
 LOWEST     31
 AVERAGE    62

..........................................................


THE ANNISTON CLIMATE NORMALS FOR TODAY
                         NORMAL    RECORD    YEAR
 MAXIMUM TEMPERATURE (F)   73        84      2010
 MINIMUM TEMPERATURE (F)   48        26      1904


SUNRISE AND SUNSET
OCTOBER 24 2014.......SUNRISE   655 AM CDT   SUNSET   559 PM CDT
OCTOBER 25 2014.......SUNRISE   656 AM CDT   SUNSET   558 PM CDT


-  INDICATES NEGATIVE NUMBERS.
R  INDICATES RECORD WAS SET OR TIED.
MM INDICATES DATA IS MISSING.
T  INDICATES TRACE AMOUNT.




$$
