000
CDUS44 KBMX 170751
CLIANB


CLIMATE REPORT
NATIONAL WEATHER SERVICE BIRMINGHAM, AL
250 AM CDT TUE OCT 17 2017


...................................

...THE ANNISTON CLIMATE SUMMARY FOR OCTOBER 16 2017...

CLIMATE NORMAL PERIOD 1981 TO 2010
CLIMATE RECORD PERIOD 1903 TO 2017


WEATHER ITEM   OBSERVED TIME   RECORD YEAR NORMAL DEPARTURE LAST
                VALUE   (LST)  VALUE       VALUE  FROM      YEAR
                                                  NORMAL
..................................................................
TEMPERATURE (F)
 YESTERDAY
  MAXIMUM         69    333 PM  87    1965  75     -6       82
  MINIMUM         52   1024 PM  34    1955  51      1       64
  AVERAGE         61                        63     -2       73

PRECIPITATION (IN)
  YESTERDAY        0.52          0.64 1975   0.10   0.42     0.00
  MONTH TO DATE    5.04                      1.55   3.49     0.00
  SINCE SEP 1      9.02                      4.48   4.54     0.61
  SINCE JAN 1     53.32                     39.40  13.92    26.47

SNOWFALL (IN)
  YESTERDAY        0.0                       0.0             0.0
  MONTH TO DATE    0.0                       0.0             0.0
  SINCE SEP 1      0.0                       0.0             0.0
  SINCE JUL 1      0.0                       0.0             0.0

DEGREE DAYS
 HEATING
  YESTERDAY        4
  MONTH TO DATE    4
  SINCE SEP 1     13
  SINCE JUL 1     13
..................................................................


WIND (MPH)
  HIGHEST WIND SPEED    17   HIGHEST WIND DIRECTION     N (360)
  HIGHEST GUST SPEED    24   HIGHEST GUST DIRECTION    NE (30)
  AVERAGE WIND SPEED     7.4


SKY COVER
  AVERAGE SKY COVER 0.4


WEATHER CONDITIONS
 THE FOLLOWING WEATHER WAS RECORDED YESTERDAY.
  HEAVY RAIN
  RAIN
  LIGHT RAIN
  FOG


RELATIVE HUMIDITY (PERCENT)
 HIGHEST    93
 LOWEST     45
 AVERAGE    69

..........................................................


THE ANNISTON CLIMATE NORMALS FOR TODAY
                         NORMAL    RECORD    YEAR
 MAXIMUM TEMPERATURE (F)   75        88      1965
 MINIMUM TEMPERATURE (F)   51        31      1954


SUNRISE AND SUNSET
OCTOBER 17 2017.......SUNRISE   650 AM CDT   SUNSET   607 PM CDT
OCTOBER 18 2017.......SUNRISE   651 AM CDT   SUNSET   606 PM CDT


-  INDICATES NEGATIVE NUMBERS.
R  INDICATES RECORD WAS SET OR TIED.
MM INDICATES DATA IS MISSING.
T  INDICATES TRACE AMOUNT.




$$
