000
CDUS44 KBMX 280855
CLIANB


CLIMATE REPORT
NATIONAL WEATHER SERVICE BIRMINGHAM, AL
353 AM CDT SAT MAR 28 2015


...................................

...THE ANNISTON CLIMATE SUMMARY FOR MARCH 27 2015...

CLIMATE NORMAL PERIOD 1981 TO 2010
CLIMATE RECORD PERIOD 1903 TO 2015


WEATHER ITEM   OBSERVED TIME   RECORD YEAR NORMAL DEPARTURE LAST
                VALUE   (LST)  VALUE       VALUE  FROM      YEAR
                                                  NORMAL
..................................................................
TEMPERATURE (F)
 YESTERDAY
  MAXIMUM         59    236 PM  84    1994  69    -10       70
  MINIMUM         39   1133 PM  18    1955  45     -6       37
  AVERAGE         49                        57     -8       54

PRECIPITATION (IN)
  YESTERDAY        0.08          1.48 1976   0.15  -0.07     0.05
  MONTH TO DATE    3.84                      4.36  -0.52     3.48
  SINCE MAR 1      3.84                      4.36  -0.52     3.48
  SINCE JAN 1     12.00                     13.96  -1.96    10.64

SNOWFALL (IN)
  YESTERDAY        0.0                       0.0             0.0
  MONTH TO DATE    T                         0.7             0.0
  SINCE MAR 1      T                         0.7             0.0
  SINCE JUL 1      T                         1.8             2.3

DEGREE DAYS
 HEATING
  YESTERDAY       16
  MONTH TO DATE  199
  SINCE MAR 1    199
  SINCE JUL 1   2720
..................................................................


WIND (MPH)
  HIGHEST WIND SPEED    20   HIGHEST WIND DIRECTION     W (270)
  HIGHEST GUST SPEED    31   HIGHEST GUST DIRECTION    NW (300)
  AVERAGE WIND SPEED     9.7


SKY COVER
  AVERAGE SKY COVER 0.4


WEATHER CONDITIONS
 THE FOLLOWING WEATHER WAS RECORDED YESTERDAY.
  LIGHT RAIN
  FOG


RELATIVE HUMIDITY (PERCENT)
 HIGHEST    82
 LOWEST     30
 AVERAGE    56

..........................................................


THE ANNISTON CLIMATE NORMALS FOR TODAY
                         NORMAL    RECORD    YEAR
 MAXIMUM TEMPERATURE (F)   70        84      1989
 MINIMUM TEMPERATURE (F)   45        30      1969
                                             1955


SUNRISE AND SUNSET
MARCH 28 2015.........SUNRISE   637 AM CDT   SUNSET   701 PM CDT
MARCH 29 2015.........SUNRISE   635 AM CDT   SUNSET   702 PM CDT


-  INDICATES NEGATIVE NUMBERS.
R  INDICATES RECORD WAS SET OR TIED.
MM INDICATES DATA IS MISSING.
T  INDICATES TRACE AMOUNT.




$$
