000
CDUS44 KBMX 110857
CLIANB


CLIMATE REPORT
NATIONAL WEATHER SERVICE BIRMINGHAM, AL
256 AM CST SUN DEC 11 2016


...................................

...THE ANNISTON CLIMATE SUMMARY FOR DECEMBER 10 2016...

CLIMATE NORMAL PERIOD 1981 TO 2010
CLIMATE RECORD PERIOD 1903 TO 2016


WEATHER ITEM   OBSERVED TIME   RECORD YEAR NORMAL DEPARTURE LAST
                VALUE   (LST)  VALUE       VALUE  FROM      YEAR
                                                  NORMAL
..................................................................
TEMPERATURE (F)
 YESTERDAY
  MAXIMUM         51    224 PM  79    2007  57     -6       71
  MINIMUM         21    444 AM  16    1995  36    -15       50
  AVERAGE         36                        46    -10       61

PRECIPITATION (IN)
  YESTERDAY        0.00          2.08 2008   0.14  -0.14      T
  MONTH TO DATE    1.41                      1.47  -0.06     1.81
  SINCE DEC 1      1.41                      1.47  -0.06     1.81
  SINCE JAN 1     30.90                     47.02 -16.12    52.11

SNOWFALL (IN)
  YESTERDAY        0.0                       0.0             0.0
  MONTH TO DATE    0.0                       0.0             0.0
  SINCE DEC 1      0.0                       0.0             0.0
  SINCE JUL 1      0.0                       0.0             0.0

DEGREE DAYS
 HEATING
  YESTERDAY       29
  MONTH TO DATE  193
  SINCE DEC 1    193
  SINCE JUL 1    466
..................................................................


WIND (MPH)
  HIGHEST WIND SPEED    12   HIGHEST WIND DIRECTION     N (360)
  HIGHEST GUST SPEED    16   HIGHEST GUST DIRECTION     N (10)
  AVERAGE WIND SPEED     2.6


SKY COVER
  AVERAGE SKY COVER 0.0


WEATHER CONDITIONS
 THE FOLLOWING WEATHER WAS RECORDED YESTERDAY.
  HAZE


RELATIVE HUMIDITY (PERCENT)
 HIGHEST    92
 LOWEST     18
 AVERAGE    55

..........................................................


THE ANNISTON CLIMATE NORMALS FOR TODAY
                         NORMAL    RECORD    YEAR
 MAXIMUM TEMPERATURE (F)   57        77      2007
 MINIMUM TEMPERATURE (F)   36        12      1962


SUNRISE AND SUNSET
DECEMBER 11 2016......SUNRISE   638 AM CST   SUNSET   436 PM CST
DECEMBER 12 2016......SUNRISE   639 AM CST   SUNSET   436 PM CST


-  INDICATES NEGATIVE NUMBERS.
R  INDICATES RECORD WAS SET OR TIED.
MM INDICATES DATA IS MISSING.
T  INDICATES TRACE AMOUNT.




$$
