000
CDUS44 KBMX 302116
CLIANB


CLIMATE REPORT
NATIONAL WEATHER SERVICE BIRMINGHAM, AL
413 PM CDT SAT AUG 30 2014


...................................

...THE ANNISTON CLIMATE SUMMARY FOR AUGUST 30 2014...
VALID AS OF 0400 PM LOCAL TIME.

CLIMATE NORMAL PERIOD 1981 TO 2010
CLIMATE RECORD PERIOD 1903 TO 2014


WEATHER ITEM   OBSERVED TIME   RECORD YEAR NORMAL DEPARTURE LAST
                VALUE   (LST)  VALUE       VALUE  FROM      YEAR
                                                  NORMAL
..................................................................
TEMPERATURE (F)
 TODAY
  MAXIMUM         90    128 PM  98    1948  88      2       94
  MINIMUM         71   1251 AM  51    1968  68      3       71
  AVERAGE         81

PRECIPITATION (IN)
  TODAY            T             2.36 1989   0.10  -0.10     0.02
  MONTH TO DATE    3.26                      3.19   0.07     4.92
  SINCE JUN 1      8.94                     11.89  -2.95    24.31
  SINCE JAN 1     32.46                     34.82  -2.36    57.24

..................................................................


WIND (MPH)
  HIGHEST WIND SPEED    14   HIGHEST WIND DIRECTION    SE (150)
  HIGHEST GUST SPEED    20   HIGHEST GUST DIRECTION    SE (150)
  AVERAGE WIND SPEED     3.8


SKY COVER
  AVERAGE SKY COVER 0.3


WEATHER CONDITIONS
 THE FOLLOWING WEATHER WAS RECORDED TODAY.
  NO SIGNIFICANT WEATHER WAS OBSERVED.


RELATIVE HUMIDITY (PERCENT)
 HIGHEST    84
 LOWEST     56
 AVERAGE    70

..........................................................


THE ANNISTON CLIMATE NORMALS FOR TOMORROW
                         NORMAL    RECORD    YEAR
 MAXIMUM TEMPERATURE (F)   88        97      1951
 MINIMUM TEMPERATURE (F)   68        54      1946


SUNRISE AND SUNSET
AUGUST 30 2014........SUNRISE   616 AM CDT   SUNSET   711 PM CDT
AUGUST 31 2014........SUNRISE   617 AM CDT   SUNSET   710 PM CDT


-  INDICATES NEGATIVE NUMBERS.
R  INDICATES RECORD WAS SET OR TIED.
MM INDICATES DATA IS MISSING.
T  INDICATES TRACE AMOUNT.




$$
