000
CDUS44 KBMX 300743
CLIANB


CLIMATE REPORT
NATIONAL WEATHER SERVICE BIRMINGHAM, AL
236 AM CDT SUN AUG 30 2015


...................................

...THE ANNISTON CLIMATE SUMMARY FOR AUGUST 29 2015...

CLIMATE NORMAL PERIOD 1981 TO 2010
CLIMATE RECORD PERIOD 1903 TO 2015


WEATHER ITEM   OBSERVED TIME   RECORD YEAR NORMAL DEPARTURE LAST
                VALUE   (LST)  VALUE       VALUE  FROM      YEAR
                                                  NORMAL
..................................................................
TEMPERATURE (F)
 YESTERDAY
  MAXIMUM         85    137 PM  99    1990  89     -4       93
                                      1951
  MINIMUM         71   1134 PM  52    1992  68      3       64
  AVERAGE         78                        78      0       79

PRECIPITATION (IN)
  YESTERDAY        0.51          3.95 1952   0.09   0.42     0.00
  MONTH TO DATE    4.30                      3.09   1.21     3.26
  SINCE JUN 1     11.78                     11.79  -0.01     8.94
  SINCE JAN 1     36.30                     34.72   1.58    32.46

..................................................................


WIND (MPH)
  HIGHEST WIND SPEED    21   HIGHEST WIND DIRECTION     N (10)
  HIGHEST GUST SPEED    28   HIGHEST GUST DIRECTION     N (10)
  AVERAGE WIND SPEED     4.8


SKY COVER
  AVERAGE SKY COVER 0.4


WEATHER CONDITIONS
 THE FOLLOWING WEATHER WAS RECORDED YESTERDAY.
  THUNDERSTORM
  HEAVY RAIN
  RAIN
  LIGHT RAIN
  FOG
  HAZE


RELATIVE HUMIDITY (PERCENT)
 HIGHEST    93
 LOWEST     65
 AVERAGE    79

..........................................................


THE ANNISTON CLIMATE NORMALS FOR TODAY
                         NORMAL    RECORD    YEAR
 MAXIMUM TEMPERATURE (F)   88        98      1948
 MINIMUM TEMPERATURE (F)   68        51      1968


SUNRISE AND SUNSET
AUGUST 30 2015........SUNRISE   616 AM CDT   SUNSET   712 PM CDT
AUGUST 31 2015........SUNRISE   616 AM CDT   SUNSET   710 PM CDT


-  INDICATES NEGATIVE NUMBERS.
R  INDICATES RECORD WAS SET OR TIED.
MM INDICATES DATA IS MISSING.
T  INDICATES TRACE AMOUNT.




$$
