000
CDUS44 KBMX 252149
CLIANB


CLIMATE REPORT
NATIONAL WEATHER SERVICE BIRMINGHAM, AL
447 PM CDT MON MAY 25 2015


...................................

...THE ANNISTON CLIMATE SUMMARY FOR MAY 25 2015...
VALID AS OF 0400 PM LOCAL TIME.

CLIMATE NORMAL PERIOD 1981 TO 2010
CLIMATE RECORD PERIOD 1903 TO 2015


WEATHER ITEM   OBSERVED TIME   RECORD YEAR NORMAL DEPARTURE LAST
                VALUE   (LST)  VALUE       VALUE  FROM      YEAR
                                                  NORMAL
..................................................................
TEMPERATURE (F)
 TODAY
  MAXIMUM         82    116 PM  96    1904  83     -1       89
  MINIMUM         69    555 AM  47    1979  62      7       66
  AVERAGE         76

PRECIPITATION (IN)
  TODAY            T             1.46 1991   0.13  -0.13     0.00
  MONTH TO DATE    0.89                      3.49  -2.60     2.41
  SINCE MAR 1     14.72                     12.56   2.16    15.67
  SINCE JAN 1     22.88                     22.16   0.72    22.83

..................................................................


WIND (MPH)
  HIGHEST WIND SPEED    18   HIGHEST WIND DIRECTION    SW (220)
  HIGHEST GUST SPEED    28   HIGHEST GUST DIRECTION    SW (220)
  AVERAGE WIND SPEED     7.3


SKY COVER
  AVERAGE SKY COVER 0.7


WEATHER CONDITIONS
 THE FOLLOWING WEATHER WAS RECORDED TODAY.
  THUNDERSTORM


RELATIVE HUMIDITY (PERCENT)
 HIGHEST    79
 LOWEST     57
 AVERAGE    68

..........................................................


THE ANNISTON CLIMATE NORMALS FOR TOMORROW
                         NORMAL    RECORD    YEAR
 MAXIMUM TEMPERATURE (F)   83        95      2012
 MINIMUM TEMPERATURE (F)   62        44      1979


SUNRISE AND SUNSET
MAY 25 2015...........SUNRISE   537 AM CDT   SUNSET   744 PM CDT
MAY 26 2015...........SUNRISE   537 AM CDT   SUNSET   745 PM CDT


-  INDICATES NEGATIVE NUMBERS.
R  INDICATES RECORD WAS SET OR TIED.
MM INDICATES DATA IS MISSING.
T  INDICATES TRACE AMOUNT.




$$
