000
CDUS44 KBMX 072108
CLIANB


CLIMATE REPORT
NATIONAL WEATHER SERVICE BIRMINGHAM, AL
408 PM CDT TUE JUL 7 2015


...................................

...THE ANNISTON CLIMATE SUMMARY FOR JULY 7 2015...
VALID AS OF 0400 PM LOCAL TIME.

CLIMATE NORMAL PERIOD 1981 TO 2010
CLIMATE RECORD PERIOD 1903 TO 2015


WEATHER ITEM   OBSERVED TIME   RECORD YEAR NORMAL DEPARTURE LAST
                VALUE   (LST)  VALUE       VALUE  FROM      YEAR
                                                  NORMAL
..................................................................
TEMPERATURE (F)
 TODAY
  MAXIMUM         90    255 PM 102    1977  90      0       90
  MINIMUM         70    533 AM  59    1970  70      0       68
  AVERAGE         80

PRECIPITATION (IN)
  TODAY            0.00          5.13 1975   0.15  -0.15     0.00
  MONTH TO DATE    3.14                      1.04   2.10     0.01
  SINCE JUN 1      5.77                      5.12   0.65     5.12
  SINCE JAN 1     30.29                     28.05   2.24    28.64

..................................................................


WIND (MPH)
  HIGHEST WIND SPEED    14   HIGHEST WIND DIRECTION    SW (230)
  HIGHEST GUST SPEED    21   HIGHEST GUST DIRECTION    SW (220)
  AVERAGE WIND SPEED     4.6


SKY COVER
  AVERAGE SKY COVER 0.1


WEATHER CONDITIONS
 THE FOLLOWING WEATHER WAS RECORDED TODAY.
  FOG


RELATIVE HUMIDITY (PERCENT)
 HIGHEST    97
 LOWEST     47
 AVERAGE    72

..........................................................


THE ANNISTON CLIMATE NORMALS FOR TOMORROW
                         NORMAL    RECORD    YEAR
 MAXIMUM TEMPERATURE (F)   90       100      2010
                                             1977
 MINIMUM TEMPERATURE (F)   70        60      1951


SUNRISE AND SUNSET
JULY  7 2015..........SUNRISE   540 AM CDT   SUNSET   757 PM CDT
JULY  8 2015..........SUNRISE   540 AM CDT   SUNSET   757 PM CDT


-  INDICATES NEGATIVE NUMBERS.
R  INDICATES RECORD WAS SET OR TIED.
MM INDICATES DATA IS MISSING.
T  INDICATES TRACE AMOUNT.




$$
