000
CDAK48 PAFC 200043
CLIANC

CLIMATE REPORT
NATIONAL WEATHER SERVICE ANCHORAGE, AK
441 PM AKDT SAT AUG 19 2017


...................................

...THE ANCHORAGE AK CLIMATE SUMMARY FOR AUGUST 19 2017...
VALID TODAY AS OF 0400 PM LOCAL TIME.

CLIMATE NORMAL PERIOD 1981 TO 2010
CLIMATE RECORD PERIOD 1952 TO 2017


WEATHER ITEM   OBSERVED TIME   RECORD YEAR NORMAL DEPARTURE LAST
                VALUE   (LST)  VALUE       VALUE  FROM      YEAR
                                                  NORMAL
..................................................................
TEMPERATURE (F)
 TODAY
  MAXIMUM         62    259 PM  71    2004  63     -1       63
                                      1991
                                      1978
  MINIMUM         49    434 AM  41    1969  50     -1       54
  AVERAGE         56                        56      0       59

PRECIPITATION (IN)
  TODAY            0.00          0.81 2006   0.11  -0.11     0.06
  MONTH TO DATE    2.82                      1.86   0.96     3.82
  SINCE JUN 1      5.82                      4.66   1.16     8.01
  SINCE JAN 1     10.65                      7.90   2.75    10.17

SNOWFALL (IN)
  TODAY            0.0           0.0    MM   0.0    0.0      0.0
  MONTH TO DATE    0.0                       0.0    0.0      0.0
  SINCE JUN 1      0.0                       0.0    0.0      0.0
  SINCE JUL 1      0.0                       0.0    0.0      0.0
  SNOW DEPTH       0

DEGREE DAYS
 HEATING
  TODAY            9                         9      0        6
  MONTH TO DATE  114                       135    -21       81
  SINCE JUN 1    544                       622    -78      329
  SINCE JUL 1    261                       329    -68      157

 COOLING
  TODAY            0                         0      0        0
  MONTH TO DATE    0                         0      0        0
  SINCE JUN 1      3                         2      1       13
  SINCE JAN 1      3                         2      1       13
..................................................................


WIND (MPH)
  RESULTANT WIND SPEED   1   RESULTANT WIND DIRECTION  NW (330)
  HIGHEST WIND SPEED     8   HIGHEST WIND DIRECTION    NW (330)
  HIGHEST GUST SPEED    10   HIGHEST GUST DIRECTION    NE (60)
  AVERAGE WIND SPEED     1.8


SKY COVER
  POSSIBLE SUNSHINE  MM
  AVERAGE SKY COVER 0.8


WEATHER CONDITIONS
 THE FOLLOWING WEATHER WAS RECORDED TODAY.
  NO SIGNIFICANT WEATHER WAS OBSERVED.


RELATIVE HUMIDITY (PERCENT)
 HIGHEST   100           200 AM
 LOWEST     60           300 PM
 AVERAGE    80

..........................................................


THE ANCHORAGE AK CLIMATE NORMALS FOR TOMORROW
                         NORMAL    RECORD    YEAR
 MAXIMUM TEMPERATURE (F)   63        77      1977
 MINIMUM TEMPERATURE (F)   49        44      2006
                                             2000


SUNRISE AND SUNSET
AUGUST 19 2017........SUNRISE   620 AM AKDT  SUNSET   945 PM AKDT
AUGUST 20 2017........SUNRISE   623 AM AKDT  SUNSET   942 PM AKDT

CIVIL TWILIGHT
AUGUST 19 2017          START    528 AM GMT     END   1037 PM GMT
AUGUST 20 2017          START    531 AM GMT     END   1034 PM GMT



-  INDICATES NEGATIVE NUMBERS.
R  INDICATES RECORD WAS SET OR TIED.
MM INDICATES DATA IS MISSING.
T  INDICATES TRACE AMOUNT.




$$
&&
------------------------------------------------------
AMOUNT OF DAYLIGHT TODAY  (HOUR:MIN)........15:25
GAIN/LOSS SINCE YESTERDAY (HOUR:MIN:SEC)....-0:05:35
