000
CDAK48 PAFC 301259
CLIANC

CLIMATE REPORT
NATIONAL WEATHER SERVICE ANCHORAGE, AK
457 AM AKDT TUE AUG 30 2016


...................................

...THE ANCHORAGE AK CLIMATE SUMMARY FOR AUGUST 29 2016...

CLIMATE NORMAL PERIOD 1981 TO 2010
CLIMATE RECORD PERIOD 1952 TO 2016


WEATHER ITEM   OBSERVED TIME   RECORD YEAR NORMAL DEPARTURE LAST
                VALUE   (LST)  VALUE       VALUE  FROM      YEAR
                                                  NORMAL
..................................................................
TEMPERATURE (F)
 YESTERDAY
  MAXIMUM         72R       MM  70    2007  61     11       56
  MINIMUM         54        MM  33    1984  47      7       40
  AVERAGE         63                        54      9       48

PRECIPITATION (IN)
  YESTERDAY        0.00          0.78 1993   0.12  -0.12
  MONTH TO DATE    5.45                      3.03   2.42
  SINCE JUN 1      9.64                      5.83   3.81
  SINCE JAN 1     11.80                      9.07   2.73

SNOWFALL (IN)
  YESTERDAY        0.0           0.0    MM   0.0    0.0      0.0
  MONTH TO DATE    0.0                       0.0    0.0      0.0
  SINCE JUN 1      0.0                       0.0    0.0      0.0
  SINCE JUL 1      0.0                       0.0    0.0      0.0
  SNOW DEPTH       0

DEGREE DAYS
 HEATING
  YESTERDAY        2                               -9
  MONTH TO DATE  119                             -114
  SINCE JUN 1    367                             -353
  SINCE JUL 1    195                             -232

 COOLING
  YESTERDAY        0                                0
  MONTH TO DATE    0                                0
  SINCE JUN 1     13                               11
  SINCE JAN 1     13                               11
..................................................................


WIND (MPH)
  HIGHEST WIND SPEED    16   HIGHEST WIND DIRECTION     N (360)
  HIGHEST GUST SPEED    23   HIGHEST GUST DIRECTION     N (360)
  AVERAGE WIND SPEED     7.7




RELATIVE HUMIDITY (PERCENT)
 HIGHEST    67
 LOWEST     39
 AVERAGE    53

..........................................................


THE ANCHORAGE AK CLIMATE NORMALS FOR TODAY
                         NORMAL    RECORD    YEAR
 MAXIMUM TEMPERATURE (F)   61        73      1974
 MINIMUM TEMPERATURE (F)   47        34      1955


SUNRISE AND SUNSET
AUGUST 30 2016........SUNRISE   649 AM AKDT  SUNSET   910 PM AKDT
AUGUST 31 2016........SUNRISE   651 AM AKDT  SUNSET   907 PM AKDT

CIVIL TWILIGHT
AUGUST 30 2016          START   602 AM AKDT     END   958 PM AKDT
AUGUST 31 2016          START   604 AM AKDT     END   954 PM AKDT



-  INDICATES NEGATIVE NUMBERS.
R  INDICATES RECORD WAS SET OR TIED.
MM INDICATES DATA IS MISSING.
T  INDICATES TRACE AMOUNT.




$$
&&
------------------------------------------------------
AMOUNT OF DAYLIGHT TODAY  (HOUR:MIN)........14:21
GAIN/LOSS SINCE YESTERDAY (HOUR:MIN:SEC)....-0:05:38

$$
