000
CDAK48 PAFC 080035
CLIANC

CLIMATE REPORT
NATIONAL WEATHER SERVICE ANCHORAGE, AK
434 PM AKDT TUE JUL 7 2015


...................................

...THE ANCHORAGE AK CLIMATE SUMMARY FOR JULY 7 2015...
VALID TODAY AS OF 0400 PM LOCAL TIME.

CLIMATE NORMAL PERIOD 1981 TO 2010
CLIMATE RECORD PERIOD 1952 TO 2015


WEATHER ITEM   OBSERVED RECORD YEAR NORMAL DEPARTURE LAST
                VALUE   VALUE       VALUE  FROM      YEAR
                                           NORMAL
...........................................................
TEMPERATURE (F)
 TODAY
  MAXIMUM         66     79    2009  65      1       65
  MINIMUM         63     43    1987  52     11       53
                               1964
  AVERAGE         65                 58              59

PRECIPITATION (IN)
  TODAY            0.01   0.29 1998   0.05  -0.04      T
  MONTH TO DATE    0.03               0.31  -0.28     0.13
  SINCE JUN 1      0.96               1.28  -0.32     3.46
  SINCE JAN 1      4.02               4.52  -0.50     6.69

SNOWFALL (IN)
  TODAY            0.0    0.0    MM   0.0    0.0      0.0
  MONTH TO DATE    0.0                0.0    0.0      0.0
  SINCE JUN 1      0.0                0.0    0.0      0.0
  SINCE JUL 1      0.0                0.0    0.0      0.0
  SNOW DEPTH       0

DEGREE DAYS
 HEATING
  TODAY            0                  7     -7        7
  MONTH TO DATE   18                 49    -31       23
  SINCE JUN 1    191                342   -151      351
  SINCE JUL 1     18                 49    -31       23

 COOLING
  TODAY            0                  0      0        0
  MONTH TO DATE    8                  0      8        3
  SINCE JUN 1     24                  0     24        3
  SINCE JAN 1     24                  0     24        3
...........................................................


WIND (MPH)
  RESULTANT WIND SPEED   9   RESULTANT WIND DIRECTION   S (160)
  HIGHEST WIND SPEED    18   HIGHEST WIND DIRECTION     S (160)
  HIGHEST GUST SPEED    35   HIGHEST GUST DIRECTION    SE (140)
  AVERAGE WIND SPEED    11.5


SKY COVER
  POSSIBLE SUNSHINE  MM
  AVERAGE SKY COVER 0.8


WEATHER CONDITIONS
 THE FOLLOWING WEATHER WAS RECORDED TODAY.
  LIGHT RAIN


RELATIVE HUMIDITY (PERCENT)
 HIGHEST    78           100 AM
 LOWEST     60           300 AM
 AVERAGE    69

..........................................................


THE ANCHORAGE AK CLIMATE NORMALS FOR TOMORROW
                         NORMAL    RECORD    YEAR
 MAXIMUM TEMPERATURE (F)   65        84      2003
 MINIMUM TEMPERATURE (F)   52        46      1952


SUNRISE AND SUNSET
JULY  7 2015..........SUNRISE   437 AM AKDT  SUNSET  1132 PM AKDT
JULY  8 2015..........SUNRISE   439 AM AKDT  SUNSET  1130 PM AKDT

CIVIL TWILIGHT
JULY 7 2015             START   237 AM AKDT     END   128 AM AKDT
JULY 8 2015             START   243 AM AKDT     END   122 AM AKDT



-  INDICATES NEGATIVE NUMBERS.
R  INDICATES RECORD WAS SET OR TIED.
MM INDICATES DATA IS MISSING.
T  INDICATES TRACE AMOUNT.




$$
&&
------------------------------------------------------
AMOUNT OF DAYLIGHT TODAY  (HOUR:MIN)........18:55
GAIN/LOSS SINCE YESTERDAY (HOUR:MIN:SEC)....-0:02:58
