000
CDAK48 PAFC 271256
CLIANC

CLIMATE REPORT
NATIONAL WEATHER SERVICE ANCHORAGE, AK
456 AM AKDT WED MAY 27 2015


...................................

...THE ANCHORAGE AK CLIMATE SUMMARY FOR MAY 26 2015...

CLIMATE NORMAL PERIOD 1981 TO 2010
CLIMATE RECORD PERIOD 1952 TO 2015


WEATHER ITEM   OBSERVED RECORD YEAR NORMAL DEPARTURE LAST
                VALUE   VALUE       VALUE  FROM      YEAR
                                           NORMAL
...........................................................
TEMPERATURE (F)
 YESTERDAY
  MAXIMUM         58     75    2006  59     -1       59
  MINIMUM         47     34    1967  43      4       43
  AVERAGE         53                 51      2       51

PRECIPITATION (IN)
  YESTERDAY        0.00   0.48 1999   0.02  -0.02
  MONTH TO DATE    0.55               0.58  -0.03
  SINCE MAR 1      1.98               1.65   0.33
  SINCE JAN 1      3.06               3.10  -0.04

SNOWFALL (IN)
  YESTERDAY        0.0    0.0    MM   0.0    0.0
  MONTH TO DATE    0.0                0.3   -0.3
  SINCE MAR 1      4.6               14.2   -9.6
  SINCE JUL 1     25.1               74.5  -49.4
  SNOW DEPTH       0

DEGREE DAYS
 HEATING
  YESTERDAY       12                        -2
  MONTH TO DATE  402                       -64
  SINCE MAR 1   2214                      -290
  SINCE JUL 1   8566                     -1267

 COOLING
  YESTERDAY        0                         0
  MONTH TO DATE    0                         0
  SINCE MAR 1      0                         0
  SINCE JAN 1      0                         0
...........................................................


WIND (MPH)
  HIGHEST WIND SPEED    14   HIGHEST WIND DIRECTION     W (250)
  HIGHEST GUST SPEED    MM   HIGHEST GUST DIRECTION    MM
  AVERAGE WIND SPEED     6.8




RELATIVE HUMIDITY (PERCENT)
 HIGHEST    86
 LOWEST     38
 AVERAGE    62

..........................................................


THE ANCHORAGE AK CLIMATE NORMALS FOR TODAY
                         NORMAL    RECORD    YEAR
 MAXIMUM TEMPERATURE (F)   59        76      2010
                                             2006
 MINIMUM TEMPERATURE (F)   43        33      1964


SUNRISE AND SUNSET
MAY 27 2015...........SUNRISE   446 AM AKDT  SUNSET  1110 PM AKDT
MAY 28 2015...........SUNRISE   444 AM AKDT  SUNSET  1112 PM AKDT

CIVIL TWILIGHT
MAY 27 2015             START   317 AM AKDT     END  1242 AM AKDT
MAY 28 2015             START   313 AM AKDT     END  1247 AM AKDT



-  INDICATES NEGATIVE NUMBERS.
R  INDICATES RECORD WAS SET OR TIED.
MM INDICATES DATA IS MISSING.
T  INDICATES TRACE AMOUNT.




$$
&&
