000
CDAK48 PAFC 061308
CLIANC

CLIMATE REPORT
NATIONAL WEATHER SERVICE ANCHORAGE, AK
407 AM AKST TUE DEC 6 2016


...................................

...THE ANCHORAGE AK CLIMATE SUMMARY FOR DECEMBER 5 2016...

CLIMATE NORMAL PERIOD 1981 TO 2010
CLIMATE RECORD PERIOD 1952 TO 2016


WEATHER ITEM   OBSERVED TIME   RECORD YEAR NORMAL DEPARTURE LAST
                VALUE   (LST)  VALUE       VALUE  FROM      YEAR
                                                  NORMAL
..................................................................
TEMPERATURE (F)
 YESTERDAY
  MAXIMUM         12   1159 PM  46    2002  25    -13       23
  MINIMUM         -8    807 AM -15    1975  14    -22       14
  AVERAGE          2                        20    -18       19

PRECIPITATION (IN)
  YESTERDAY        T             0.25 1978   0.04  -0.04
  MONTH TO DATE    0.50                      0.19   0.31
  SINCE DEC 1      0.50                      0.19   0.31
  SINCE JAN 1     15.49                     15.66  -0.17

SNOWFALL (IN)
  YESTERDAY        T             3.9  1986   0.6   -0.6      0.0
  MONTH TO DATE    8.4                       2.7    5.7      1.2
  SINCE DEC 1      8.4                       2.7    5.7      1.2
  SINCE JUL 1     12.3                      24.1  -11.8     20.9
  SNOW DEPTH       6

DEGREE DAYS
 HEATING
  YESTERDAY       63                               18
  MONTH TO DATE  263                               38
  SINCE DEC 1    263                               38
  SINCE JUL 1   2916                             -473

 COOLING
  YESTERDAY        0                                0
  MONTH TO DATE    0                                0
  SINCE DEC 1      0                                0
  SINCE JAN 1     13                               11
..................................................................


WIND (MPH)
  HIGHEST WIND SPEED    13   HIGHEST WIND DIRECTION     N (10)
  HIGHEST GUST SPEED    17   HIGHEST GUST DIRECTION     N (20)
  AVERAGE WIND SPEED     5.3




RELATIVE HUMIDITY (PERCENT)
 HIGHEST    91
 LOWEST     57
 AVERAGE    74

..........................................................


THE ANCHORAGE AK CLIMATE NORMALS FOR TODAY
                         NORMAL    RECORD    YEAR
 MAXIMUM TEMPERATURE (F)   25        41      1969
                                             1960
 MINIMUM TEMPERATURE (F)   14       -20      1975


SUNRISE AND SUNSET
DECEMBER  6 2016......SUNRISE   957 AM AKST  SUNSET   346 PM AKST
DECEMBER  7 2016......SUNRISE   959 AM AKST  SUNSET   345 PM AKST

CIVIL TWILIGHT
DECEMBER 6 2016         START    857 AM GMT     END    446 PM GMT
DECEMBER 7 2016         START    859 AM GMT     END    445 PM GMT



-  INDICATES NEGATIVE NUMBERS.
R  INDICATES RECORD WAS SET OR TIED.
MM INDICATES DATA IS MISSING.
T  INDICATES TRACE AMOUNT.




$$
&&
------------------------------------------------------
AMOUNT OF DAYLIGHT TODAY  (HOUR:MIN)........ 5:49
GAIN/LOSS SINCE YESTERDAY (HOUR:MIN:SEC)....-0:02:49

$$
