378
CDAK48 PAFC 310055
CLIANC

CLIMATE REPORT
NATIONAL WEATHER SERVICE ANCHORAGE, AK
451 PM AKDT SAT JUL 30 2016


...................................

...THE ANCHORAGE AK CLIMATE SUMMARY FOR JULY 30 2016...
VALID TODAY AS OF 0400 PM LOCAL TIME.

CLIMATE NORMAL PERIOD 1981 TO 2010
CLIMATE RECORD PERIOD 1952 TO 2016


WEATHER ITEM   OBSERVED TIME   RECORD YEAR NORMAL DEPARTURE LAST
                VALUE   (LST)  VALUE       VALUE  FROM      YEAR
                                                  NORMAL
..................................................................
TEMPERATURE (F)
 TODAY
  MAXIMUM         66        MM  77    2002  66      0       68
                                      1993
                                      1965
  MINIMUM         60        MM  47    1998  53      7       54
                                      1962
  AVERAGE         63                        59      4       61

PRECIPITATION (IN)
  TODAY            0.00          0.64 1987   0.08  -0.08     0.01
  MONTH TO DATE    2.48                      1.75   0.73     2.34
  SINCE JUN 1      4.19                      2.72   1.47     3.27
  SINCE JAN 1      6.35                      5.96   0.39     6.33

SNOWFALL (IN)
  TODAY            0.0           0.0    MM   0.0    0.0      0.0
  MONTH TO DATE    0.0                       0.0    0.0      0.0
  SINCE JUN 1      0.0                       0.0    0.0      0.0
  SINCE JUL 1      0.0                       0.0    0.0      0.0
  SNOW DEPTH       0

DEGREE DAYS
 HEATING
  TODAY            2                         6     -4        4
  MONTH TO DATE   71                       189   -118       92
  SINCE JUN 1    243                       482   -239      265
  SINCE JUL 1     71                       189   -118       92

 COOLING
  TODAY            0                         0      0        0
  MONTH TO DATE   13                         0     13       10
  SINCE JUN 1     13                         0     13       26
  SINCE JAN 1     13                         0     13       26
..................................................................


WIND (MPH)
  RESULTANT WIND SPEED  10   RESULTANT WIND DIRECTION  SE (150)
  HIGHEST WIND SPEED    14   HIGHEST WIND DIRECTION    SE (140)
  HIGHEST GUST SPEED    27   HIGHEST GUST DIRECTION    SE (150)
  AVERAGE WIND SPEED     9.9


SKY COVER
  POSSIBLE SUNSHINE  MM
  AVERAGE SKY COVER 0.9


WEATHER CONDITIONS
 THE FOLLOWING WEATHER WAS RECORDED TODAY.
  NO SIGNIFICANT WEATHER WAS OBSERVED.


RELATIVE HUMIDITY (PERCENT)
 HIGHEST    72           200 AM
 LOWEST     56          1100 AM
 AVERAGE    64

..........................................................


THE ANCHORAGE AK CLIMATE NORMALS FOR TOMORROW
                         NORMAL    RECORD    YEAR
 MAXIMUM TEMPERATURE (F)   65        79      2002
 MINIMUM TEMPERATURE (F)   53        46      1996


SUNRISE AND SUNSET
JULY 30 2016..........SUNRISE   529 AM AKDT  SUNSET  1042 PM AKDT
JULY 31 2016..........SUNRISE   532 AM AKDT  SUNSET  1039 PM AKDT

CIVIL TWILIGHT
JULY 30 2016            START   422 AM AKDT     END  1148 PM AKDT
JULY 31 2016            START   426 AM AKDT     END  1145 PM AKDT



-  INDICATES NEGATIVE NUMBERS.
R  INDICATES RECORD WAS SET OR TIED.
MM INDICATES DATA IS MISSING.
T  INDICATES TRACE AMOUNT.




$$
&&
------------------------------------------------------
AMOUNT OF DAYLIGHT TODAY  (HOUR:MIN)........17:13
GAIN/LOSS SINCE YESTERDAY (HOUR:MIN:SEC)....-0:05:08

$$
