613
CDUS43 KAPX 060531
CLIANJ


CLIMATE REPORT
NATIONAL WEATHER SERVICE GAYLORD MI
1230 AM EST SAT FEB 6 2016


...................................

...THE SAULT STE MARIE MI CLIMATE SUMMARY FOR FEBRUARY 5 2016...

CLIMATE NORMAL PERIOD 1981 TO 2010
CLIMATE RECORD PERIOD 1888 TO 2016


WEATHER ITEM   OBSERVED TIME   RECORD YEAR NORMAL DEPARTURE LAST
                VALUE   (LST)  VALUE       VALUE  FROM      YEAR
                                                  NORMAL
..................................................................
TEMPERATURE (F)
 YESTERDAY
  MAXIMUM         29    135 PM  40    1991  24      5       17
  MINIMUM         18    722 AM -31    1918   8     10      -13
  AVERAGE         24                        16      8        2

PRECIPITATION (IN)
  YESTERDAY        0.02          0.67 1971   0.05  -0.03     0.04
  MONTH TO DATE    0.28                      0.26   0.02     0.13
  SINCE DEC 1      7.24                      5.24   2.00     5.47
  SINCE JAN 1      1.83                      2.45  -0.62     2.13

SNOWFALL (IN)
  YESTERDAY        0.9           5.8  1938   0.8    0.1      0.9
  MONTH TO DATE    4.5                       4.1    0.4      2.3
  SINCE OCT 1     43.5                      85.7  -42.2    131.3
  SINCE JUL 1     43.5                      85.7  -42.2    131.3
  SNOW DEPTH      13

DEGREE DAYS
 HEATING
  YESTERDAY       41                        49     -8       63
  MONTH TO DATE  204                       247    -43      303
  SINCE DEC 1   2569                      3115   -546     3190
  SINCE JUL 1   4060                      5047   -987     5352
..................................................................


WIND (MPH)
  HIGHEST WIND SPEED    16   HIGHEST WIND DIRECTION     W (280)
  HIGHEST GUST SPEED    21   HIGHEST GUST DIRECTION     W (260)
  AVERAGE WIND SPEED     5.5




RELATIVE HUMIDITY (PERCENT)
 HIGHEST    84
 LOWEST     55
 AVERAGE    70

..........................................................


THE SAULT STE MARIE MI CLIMATE NORMALS FOR TODAY
                         NORMAL    RECORD    YEAR
 MAXIMUM TEMPERATURE (F)   24        44      2005
 MINIMUM TEMPERATURE (F)    8       -28      1895


SUNRISE AND SUNSET
FEBRUARY  6 2016......SUNRISE   755 AM EST   SUNSET   548 PM EST
FEBRUARY  7 2016......SUNRISE   754 AM EST   SUNSET   550 PM EST


-  INDICATES NEGATIVE NUMBERS.
R  INDICATES RECORD WAS SET OR TIED.
MM INDICATES DATA IS MISSING.
T  INDICATES TRACE AMOUNT.




$$
