000
CDUS43 KAPX 300527
CLIANJ


CLIMATE REPORT
NATIONAL WEATHER SERVICE GAYLORD MI
127 AM EDT SAT APR 30 2016


...................................

...THE SAULT STE MARIE MI CLIMATE SUMMARY FOR APRIL 29 2016...

CLIMATE NORMAL PERIOD 1981 TO 2010
CLIMATE RECORD PERIOD 1888 TO 2016


WEATHER ITEM   OBSERVED TIME   RECORD YEAR NORMAL DEPARTURE LAST
                VALUE   (LST)  VALUE       VALUE  FROM      YEAR
                                                  NORMAL
..................................................................
TEMPERATURE (F)
 YESTERDAY
  MAXIMUM         59    237 PM  77    1952  57      2       51
                                      1941
  MINIMUM         36    250 AM  22    1958  36      0       35
  AVERAGE         48                        46      2       43

PRECIPITATION (IN)
  YESTERDAY        0.00          0.62 1889   0.07  -0.07     0.00
  MONTH TO DATE    2.43                      2.31   0.12     1.74
  SINCE MAR 1      5.08                      4.26   0.82     3.16
  SINCE JAN 1      8.79                      7.79   1.00     6.53

SNOWFALL (IN)
  YESTERDAY        0.0           1.5  1889   0.0    0.0      0.0
  MONTH TO DATE   17.6                       6.6   11.0      2.6
  SINCE OCT 1     91.9                     120.2  -28.3    168.4
  SINCE JUL 1     91.9                     120.2  -28.3    168.4
  SNOW DEPTH       0

DEGREE DAYS
 HEATING
  YESTERDAY       17                        19     -2       22
  MONTH TO DATE  829                       723    106      781
  SINCE MAR 1   1837                      1923    -86     2105
  SINCE JUL 1   6978                      8049  -1071     8884

 COOLING
  YESTERDAY        0                         0      0        0
  MONTH TO DATE    0                         0      0        0
  SINCE MAR 1      0                         0      0        0
  SINCE JAN 1      0                         0      0        0
..................................................................


WIND (MPH)
  HIGHEST WIND SPEED    13   HIGHEST WIND DIRECTION    NW (310)
  HIGHEST GUST SPEED    16   HIGHEST GUST DIRECTION    NW (310)
  AVERAGE WIND SPEED     5.4




RELATIVE HUMIDITY (PERCENT)
 HIGHEST    82
 LOWEST     36
 AVERAGE    59

..........................................................


THE SAULT STE MARIE MI CLIMATE NORMALS FOR TODAY
                         NORMAL    RECORD    YEAR
 MAXIMUM TEMPERATURE (F)   57        79      2001
                                             1949
 MINIMUM TEMPERATURE (F)   37        20      1958


SUNRISE AND SUNSET
APRIL 30 2016.........SUNRISE   624 AM EDT   SUNSET   846 PM EDT
MAY  1 2016...........SUNRISE   622 AM EDT   SUNSET   847 PM EDT


-  INDICATES NEGATIVE NUMBERS.
R  INDICATES RECORD WAS SET OR TIED.
MM INDICATES DATA IS MISSING.
T  INDICATES TRACE AMOUNT.




$$
