000
CDUS43 KAPX 230527
CLIANJ


CLIMATE REPORT
NATIONAL WEATHER SERVICE GAYLORD MI
1226 AM EST THU NOV 23 2017


...................................

...THE SAULT STE MARIE MI CLIMATE SUMMARY FOR NOVEMBER 22 2017...

CLIMATE NORMAL PERIOD 1981 TO 2010
CLIMATE RECORD PERIOD 1888 TO 2017


WEATHER ITEM   OBSERVED TIME   RECORD YEAR NORMAL DEPARTURE LAST
                VALUE   (LST)  VALUE       VALUE  FROM      YEAR
                                                  NORMAL
..................................................................
TEMPERATURE (F)
 YESTERDAY
  MAXIMUM         30    407 PM  65    2012  37     -7       31
  MINIMUM         21    826 AM  -3    1956  26     -5       19
  AVERAGE         26                        32     -6       25

PRECIPITATION (IN)
  YESTERDAY        0.06          1.79 1934   0.11  -0.05     0.00
  MONTH TO DATE    3.44                      2.49   0.95     0.58
  SINCE SEP 1     11.09                     10.11   0.98     8.69
  SINCE JAN 1     38.85                     29.28   9.57    28.77

SNOWFALL (IN)
  YESTERDAY        2.5           7.0  1994   0.6    1.9      0.0
  MONTH TO DATE   13.9                       9.2    4.7      2.4
  SINCE OCT 1     14.6                      10.8    3.8      2.4
  SINCE JUL 1     14.6                      10.8    3.8      2.4
  SNOW DEPTH       3

DEGREE DAYS
 HEATING
  YESTERDAY       39                        33      6       40
  MONTH TO DATE  717                       644     73      467
  SINCE SEP 1   1267                      1502   -235     1013
  SINCE JUL 1   1350                      1649   -299     1048
..................................................................


WIND (MPH)
  HIGHEST WIND SPEED    12   HIGHEST WIND DIRECTION    SW (230)
  HIGHEST GUST SPEED    14   HIGHEST GUST DIRECTION    SW (230)
  AVERAGE WIND SPEED     3.7




RELATIVE HUMIDITY (PERCENT)
 HIGHEST    92
 LOWEST     59
 AVERAGE    76

..........................................................


THE SAULT STE MARIE MI CLIMATE NORMALS FOR TODAY
                         NORMAL    RECORD    YEAR
 MAXIMUM TEMPERATURE (F)   37        59      1931
 MINIMUM TEMPERATURE (F)   26        -5      1956


SUNRISE AND SUNSET
NOVEMBER 23 2017......SUNRISE   751 AM EST   SUNSET   457 PM EST
NOVEMBER 24 2017......SUNRISE   752 AM EST   SUNSET   456 PM EST


-  INDICATES NEGATIVE NUMBERS.
R  INDICATES RECORD WAS SET OR TIED.
MM INDICATES DATA IS MISSING.
T  INDICATES TRACE AMOUNT.




$$
