000
CDUS43 KAPX 190547
CLIANJ


CLIMATE REPORT
NATIONAL WEATHER SERVICE GAYLORD MI
1247 AM EST THU JAN 19 2017


...................................

...THE SAULT STE MARIE MI CLIMATE SUMMARY FOR JANUARY 18 2017...

CLIMATE NORMAL PERIOD 1981 TO 2010
CLIMATE RECORD PERIOD 1888 TO 2017


WEATHER ITEM   OBSERVED TIME   RECORD YEAR NORMAL DEPARTURE LAST
                VALUE   (LST)  VALUE       VALUE  FROM      YEAR
                                                  NORMAL
..................................................................
TEMPERATURE (F)
 YESTERDAY
  MAXIMUM         37    343 PM  45    1973  23     14        7
  MINIMUM         27    417 AM -26    1997   7     20       -5
  AVERAGE         32                        15     17        1

PRECIPITATION (IN)
  YESTERDAY        0.00          0.68 1996   0.08  -0.08     0.01
  MONTH TO DATE    1.65                      1.36   0.29     1.12
  SINCE DEC 1      5.90                      4.15   1.75     6.53
  SINCE JAN 1      1.65                      1.36   0.29     1.12

SNOWFALL (IN)
  YESTERDAY        0.0           7.7  1992   1.1   -1.1      0.2
  MONTH TO DATE   20.7                      18.9    1.8     13.6
  SINCE OCT 1     78.4                      69.1    9.3     33.0
  SINCE JUL 1     78.4                      69.1    9.3     33.0
  SNOW DEPTH      18

DEGREE DAYS
 HEATING
  YESTERDAY       33                        50    -17       64
  MONTH TO DATE  782                       888   -106      849
  SINCE DEC 1   2039                      2215   -176     1812
  SINCE JUL 1   3309                      4147   -838     3303
..................................................................


WIND (MPH)
  HIGHEST WIND SPEED    16   HIGHEST WIND DIRECTION    SW (220)
  HIGHEST GUST SPEED    21   HIGHEST GUST DIRECTION    SW (210)
  AVERAGE WIND SPEED     6.6




RELATIVE HUMIDITY (PERCENT)
 HIGHEST   100
 LOWEST     75
 AVERAGE    88

..........................................................


THE SAULT STE MARIE MI CLIMATE NORMALS FOR TODAY
                         NORMAL    RECORD    YEAR
 MAXIMUM TEMPERATURE (F)   23        42      1996
 MINIMUM TEMPERATURE (F)    7       -27      1984


SUNRISE AND SUNSET
JANUARY 19 2017.......SUNRISE   814 AM EST   SUNSET   523 PM EST
JANUARY 20 2017.......SUNRISE   813 AM EST   SUNSET   524 PM EST


-  INDICATES NEGATIVE NUMBERS.
R  INDICATES RECORD WAS SET OR TIED.
MM INDICATES DATA IS MISSING.
T  INDICATES TRACE AMOUNT.




$$
