000
CDUS43 KAPX 280528
CLIANJ


CLIMATE REPORT
NATIONAL WEATHER SERVICE GAYLORD MI
127 AM EDT SUN MAY 28 2017


...................................

...THE SAULT STE MARIE MI CLIMATE SUMMARY FOR MAY 27 2017...

CLIMATE NORMAL PERIOD 1981 TO 2010
CLIMATE RECORD PERIOD 1888 TO 2017


WEATHER ITEM   OBSERVED TIME   RECORD YEAR NORMAL DEPARTURE LAST
                VALUE   (LST)  VALUE       VALUE  FROM      YEAR
                                                  NORMAL
..................................................................
TEMPERATURE (F)
 YESTERDAY
  MAXIMUM         77    245 PM  90    1911  66     11       78
  MINIMUM         53    258 AM  27    1983  44      9       54
  AVERAGE         65                        55     10       66

PRECIPITATION (IN)
  YESTERDAY        0.00          1.11 1912   0.09  -0.09     0.03
  MONTH TO DATE    2.61                      2.21   0.40     1.08
  SINCE MAR 1      7.23                      6.55   0.68     6.16
  SINCE JAN 1     13.19                     10.08   3.11     9.87

DEGREE DAYS
 HEATING
  YESTERDAY        0                        10    -10        0
  MONTH TO DATE  367                       374     -7      339
  SINCE MAR 1   2217                      2317   -100     2193
  SINCE JUL 1   7091                      8443  -1352     7334

 COOLING
  YESTERDAY        0                         0      0        1
  MONTH TO DATE    1                         0      1        3
  SINCE MAR 1      1                         0      1        3
  SINCE JAN 1      1                         0      1        3
..................................................................


WIND (MPH)
  HIGHEST WIND SPEED    16   HIGHEST WIND DIRECTION     S (190)
  HIGHEST GUST SPEED    22   HIGHEST GUST DIRECTION    SW (210)
  AVERAGE WIND SPEED     4.8




RELATIVE HUMIDITY (PERCENT)
 HIGHEST    93
 LOWEST     38
 AVERAGE    66

..........................................................


THE SAULT STE MARIE MI CLIMATE NORMALS FOR TODAY
                         NORMAL    RECORD    YEAR
 MAXIMUM TEMPERATURE (F)   66        89      1919
 MINIMUM TEMPERATURE (F)   44        30      1970
                                             1907


SUNRISE AND SUNSET
MAY 28 2017...........SUNRISE   551 AM EDT   SUNSET   919 PM EDT
MAY 29 2017...........SUNRISE   550 AM EDT   SUNSET   920 PM EDT


-  INDICATES NEGATIVE NUMBERS.
R  INDICATES RECORD WAS SET OR TIED.
MM INDICATES DATA IS MISSING.
T  INDICATES TRACE AMOUNT.




$$
