000
CDUS43 KAPX 200527
CLIANJ


CLIMATE REPORT
NATIONAL WEATHER SERVICE GAYLORD MI
127 AM EDT WED SEP 20 2017


...................................

...THE SAULT STE MARIE MI CLIMATE SUMMARY FOR SEPTEMBER 19 2017...

CLIMATE NORMAL PERIOD 1981 TO 2010
CLIMATE RECORD PERIOD 1888 TO 2017


WEATHER ITEM   OBSERVED TIME   RECORD YEAR NORMAL DEPARTURE LAST
                VALUE   (LST)  VALUE       VALUE  FROM      YEAR
                                                  NORMAL
..................................................................
TEMPERATURE (F)
 YESTERDAY
  MAXIMUM         73    413 PM  84    1985  65      8       78
  MINIMUM         53    558 AM  28    1979  47      6       56
  AVERAGE         63                        56      7       67

PRECIPITATION (IN)
  YESTERDAY        T             1.18 1912   0.13  -0.13     0.02
  MONTH TO DATE    0.60                      2.37  -1.77     3.42
  SINCE SEP 1      0.60                      2.37  -1.77     3.42
  SINCE JAN 1     28.36                     21.54   6.82    23.50

DEGREE DAYS
 HEATING
  YESTERDAY        2                         9     -7        0
  MONTH TO DATE   92                       127    -35       28
  SINCE SEP 1     92                       127    -35       28
  SINCE JUL 1    175                       274    -99       63

 COOLING
  YESTERDAY        0                         0      0        2
  MONTH TO DATE   17                        15      2       32
  SINCE SEP 1     17                        15      2       32
  SINCE JAN 1    145                       193    -48      358
..................................................................


WIND (MPH)
  HIGHEST WIND SPEED    14   HIGHEST WIND DIRECTION    SE (130)
  HIGHEST GUST SPEED    19   HIGHEST GUST DIRECTION    SE (120)
  AVERAGE WIND SPEED     4.6




RELATIVE HUMIDITY (PERCENT)
 HIGHEST    87
 LOWEST     38
 AVERAGE    63

..........................................................


THE SAULT STE MARIE MI CLIMATE NORMALS FOR TODAY
                         NORMAL    RECORD    YEAR
 MAXIMUM TEMPERATURE (F)   65        85      1914
                                             1895
 MINIMUM TEMPERATURE (F)   46        30      1981


SUNRISE AND SUNSET
SEPTEMBER 20 2017.....SUNRISE   722 AM EDT   SUNSET   739 PM EDT
SEPTEMBER 21 2017.....SUNRISE   723 AM EDT   SUNSET   737 PM EDT


-  INDICATES NEGATIVE NUMBERS.
R  INDICATES RECORD WAS SET OR TIED.
MM INDICATES DATA IS MISSING.
T  INDICATES TRACE AMOUNT.




$$
