000
CDUS43 KAPX 230527
CLIANJ


CLIMATE REPORT
NATIONAL WEATHER SERVICE GAYLORD MI
1226 AM EST FRI FEB 23 2018


...................................

...THE SAULT STE MARIE MI CLIMATE SUMMARY FOR FEBRUARY 22 2018...

CLIMATE NORMAL PERIOD 1981 TO 2010
CLIMATE RECORD PERIOD 1888 TO 2018


WEATHER ITEM   OBSERVED TIME   RECORD YEAR NORMAL DEPARTURE LAST
                VALUE   (LST)  VALUE       VALUE  FROM      YEAR
                                                  NORMAL
..................................................................
TEMPERATURE (F)
 YESTERDAY
  MAXIMUM         30    347 PM  47    2017  28      2       47
  MINIMUM          7    811 AM -23    1907  11     -4       35
  AVERAGE         19                        19      0       41

PRECIPITATION (IN)
  YESTERDAY        0.00          0.44 1928   0.04  -0.04     0.38
  MONTH TO DATE    0.73                      1.04  -0.31     2.74
  SINCE DEC 1      6.24                      6.02   0.22     9.65
  SINCE JAN 1      2.52                      3.23  -0.71     5.40

SNOWFALL (IN)
  YESTERDAY        0.0           5.8  1965   0.6   -0.6      0.0
  MONTH TO DATE   10.7                      15.3   -4.6     32.7
  SINCE OCT 1     85.6                      96.9  -11.3    117.7
  SINCE JUL 1     85.6                      96.9  -11.3    117.7
  SNOW DEPTH      17

DEGREE DAYS
 HEATING
  YESTERDAY       46                        46      0       24
  MONTH TO DATE 1092                      1056     36      884
  SINCE DEC 1   4053                      3924    129     3382
  SINCE JUL 1   5638                      5856   -218     4652
..................................................................


WIND (MPH)
  HIGHEST WIND SPEED     9   HIGHEST WIND DIRECTION    SE (140)
  HIGHEST GUST SPEED    13   HIGHEST GUST DIRECTION    SE (150)
  AVERAGE WIND SPEED     3.5




RELATIVE HUMIDITY (PERCENT)
 HIGHEST    92
 LOWEST     57
 AVERAGE    75

..........................................................


THE SAULT STE MARIE MI CLIMATE NORMALS FOR TODAY
                         NORMAL    RECORD    YEAR
 MAXIMUM TEMPERATURE (F)   28        47      1984
 MINIMUM TEMPERATURE (F)   11       -24      1934


SUNRISE AND SUNSET
FEBRUARY 23 2018......SUNRISE   727 AM EST   SUNSET   615 PM EST
FEBRUARY 24 2018......SUNRISE   726 AM EST   SUNSET   616 PM EST


-  INDICATES NEGATIVE NUMBERS.
R  INDICATES RECORD WAS SET OR TIED.
MM INDICATES DATA IS MISSING.
T  INDICATES TRACE AMOUNT.




$$
