000
CDUS43 KAPX 290526
CLIANJ


CLIMATE REPORT
NATIONAL WEATHER SERVICE GAYLORD MI
125 AM EDT WED MAR 29 2017


...................................

...THE SAULT STE MARIE MI CLIMATE SUMMARY FOR MARCH 28 2017...

CLIMATE NORMAL PERIOD 1981 TO 2010
CLIMATE RECORD PERIOD 1888 TO 2017


WEATHER ITEM   OBSERVED TIME   RECORD YEAR NORMAL DEPARTURE LAST
                VALUE   (LST)  VALUE       VALUE  FROM      YEAR
                                                  NORMAL
..................................................................
TEMPERATURE (F)
 YESTERDAY
  MAXIMUM         49    453 PM  75    1946  40      9       44
  MINIMUM         30   1159 PM -11    1923  23      7       32
  AVERAGE         40                        31      9       38

PRECIPITATION (IN)
  YESTERDAY        0.00          0.74 1898   0.07  -0.07     0.14
  MONTH TO DATE    1.95                      1.73   0.22     1.90
  SINCE MAR 1      1.95                      1.73   0.22     1.90
  SINCE JAN 1      7.91                      5.26   2.65     5.61

SNOWFALL (IN)
  YESTERDAY        0.0           7.1  1971   0.3   -0.3      0.0
  MONTH TO DATE   13.8                      12.4    1.4      8.2
  SINCE OCT 1    136.9                     112.6   24.3     72.4
  SINCE JUL 1    136.9                     112.6   24.3     72.4
  SNOW DEPTH      11

DEGREE DAYS
 HEATING
  YESTERDAY       25                        34     -9       27
  MONTH TO DATE 1121                      1102     19      922
  SINCE MAR 1   1121                      1102     19      922
  SINCE JUL 1   5995                      7228  -1233     6063

 COOLING
  YESTERDAY        0                         0      0        0
  MONTH TO DATE    0                         0      0        0
  SINCE MAR 1      0                         0      0        0
  SINCE JAN 1      0                         0      0        0
..................................................................


WIND (MPH)
  HIGHEST WIND SPEED    13   HIGHEST WIND DIRECTION    NW (310)
  HIGHEST GUST SPEED    16   HIGHEST GUST DIRECTION    NW (300)
  AVERAGE WIND SPEED     5.1




RELATIVE HUMIDITY (PERCENT)
 HIGHEST    92
 LOWEST     46
 AVERAGE    69

..........................................................


THE SAULT STE MARIE MI CLIMATE NORMALS FOR TODAY
                         NORMAL    RECORD    YEAR
 MAXIMUM TEMPERATURE (F)   40        60      1993
                                             1910
 MINIMUM TEMPERATURE (F)   23        -4      1923


SUNRISE AND SUNSET
MARCH 29 2017.........SUNRISE   722 AM EDT   SUNSET   803 PM EDT
MARCH 30 2017.........SUNRISE   720 AM EDT   SUNSET   804 PM EDT


-  INDICATES NEGATIVE NUMBERS.
R  INDICATES RECORD WAS SET OR TIED.
MM INDICATES DATA IS MISSING.
T  INDICATES TRACE AMOUNT.




$$
