000
CDUS43 KAPX 020529
CLIANJ


CLIMATE REPORT
NATIONAL WEATHER SERVICE GAYLORD MI
128 AM EDT SUN AUG 2 2015


...................................

...THE SAULT STE MARIE MI CLIMATE SUMMARY FOR AUGUST 1 2015...

CLIMATE NORMAL PERIOD 1981 TO 2010
CLIMATE RECORD PERIOD 1888 TO 2015


WEATHER ITEM   OBSERVED TIME   RECORD YEAR NORMAL DEPARTURE LAST
                VALUE   (LST)  VALUE       VALUE  FROM      YEAR
                                                  NORMAL
..................................................................
TEMPERATURE (F)
 YESTERDAY
  MAXIMUM         74    155 PM  96    1975  76     -2       74
  MINIMUM         54    223 AM  36    1947  56     -2       52
  AVERAGE         64                        66     -2       63

PRECIPITATION (IN)
  YESTERDAY        0.00          1.75 2002   0.10  -0.10     0.00
  MONTH TO DATE    0.00                      0.10  -0.10     0.00
  SINCE JUN 1      5.78                      5.66   0.12     4.40
  SINCE JAN 1     14.48                     16.10  -1.62    16.44

DEGREE DAYS
 HEATING
  YESTERDAY        1                         2     -1        2
  MONTH TO DATE    1                         2     -1        2
  SINCE JUN 1    243                       251     -8      222
  SINCE JUL 1     55                        71    -16      113

 COOLING
  YESTERDAY        0                         3     -3        0
  MONTH TO DATE    0                         3     -3        0
  SINCE JUN 1     99                       111    -12       58
  SINCE JAN 1    101                       116    -15       60
..................................................................


WIND (MPH)
  HIGHEST WIND SPEED    14   HIGHEST WIND DIRECTION    NW (320)
  HIGHEST GUST SPEED    19   HIGHEST GUST DIRECTION    NW (310)
  AVERAGE WIND SPEED     6.5




RELATIVE HUMIDITY (PERCENT)
 HIGHEST    93
 LOWEST     53
 AVERAGE    73

..........................................................


THE SAULT STE MARIE MI CLIMATE NORMALS FOR TODAY
                         NORMAL    RECORD    YEAR
 MAXIMUM TEMPERATURE (F)   76        93      1988
 MINIMUM TEMPERATURE (F)   56        38      1976


SUNRISE AND SUNSET
AUGUST  2 2015........SUNRISE   619 AM EDT   SUNSET   907 PM EDT
AUGUST  3 2015........SUNRISE   621 AM EDT   SUNSET   906 PM EDT


-  INDICATES NEGATIVE NUMBERS.
R  INDICATES RECORD WAS SET OR TIED.
MM INDICATES DATA IS MISSING.
T  INDICATES TRACE AMOUNT.




$$
