000
CDUS43 KAPX 250530
CLIANJ


CLIMATE REPORT
NATIONAL WEATHER SERVICE GAYLORD MI
1230 AM EST SAT FEB 25 2017


...................................

...THE SAULT STE MARIE MI CLIMATE SUMMARY FOR FEBRUARY 24 2017...

CLIMATE NORMAL PERIOD 1981 TO 2010
CLIMATE RECORD PERIOD 1888 TO 2017


WEATHER ITEM   OBSERVED TIME   RECORD YEAR NORMAL DEPARTURE LAST
                VALUE   (LST)  VALUE       VALUE  FROM      YEAR
                                                  NORMAL
..................................................................
TEMPERATURE (F)
 YESTERDAY
  MAXIMUM         32   1211 AM  49    2000  28      4       39
  MINIMUM         23   1159 PM -26    1894  11     12       28
  AVERAGE         28                        20      8       34

PRECIPITATION (IN)
  YESTERDAY        0.04          1.00 1977   0.05  -0.01     0.00
  MONTH TO DATE    3.04                      1.14   1.90     1.47
  SINCE DEC 1      9.95                      6.12   3.83     8.43
  SINCE JAN 1      5.70                      3.33   2.37     3.02

SNOWFALL (IN)
  YESTERDAY        0.3           4.6  1980   0.6   -0.3      0.0
  MONTH TO DATE   33.0                      16.4   16.6     16.6
  SINCE OCT 1    118.0                      98.0   20.0     55.6
  SINCE JUL 1    118.0                      98.0   20.0     55.6
  SNOW DEPTH      14

DEGREE DAYS
 HEATING
  YESTERDAY       37                        45     -8       31
  MONTH TO DATE  950                      1147   -197     1083
  SINCE DEC 1   3448                      4015   -567     3448
  SINCE JUL 1   4718                      5947  -1229     4939
..................................................................


WIND (MPH)
  HIGHEST WIND SPEED    18   HIGHEST WIND DIRECTION    NE (50)
  HIGHEST GUST SPEED    27   HIGHEST GUST DIRECTION    NE (40)
  AVERAGE WIND SPEED     8.5




RELATIVE HUMIDITY (PERCENT)
 HIGHEST    81
 LOWEST     63
 AVERAGE    72

..........................................................


THE SAULT STE MARIE MI CLIMATE NORMALS FOR TODAY
                         NORMAL    RECORD    YEAR
 MAXIMUM TEMPERATURE (F)   28        46      1911
 MINIMUM TEMPERATURE (F)   12       -30      1928


SUNRISE AND SUNSET
FEBRUARY 25 2017......SUNRISE   723 AM EST   SUNSET   618 PM EST
FEBRUARY 26 2017......SUNRISE   722 AM EST   SUNSET   619 PM EST


-  INDICATES NEGATIVE NUMBERS.
R  INDICATES RECORD WAS SET OR TIED.
MM INDICATES DATA IS MISSING.
T  INDICATES TRACE AMOUNT.




$$
