000
CDUS43 KAPX 190600
CLIANJ


CLIMATE REPORT
NATIONAL WEATHER SERVICE GAYLORD MI
1259 AM EST FRI DEC 19 2014


...................................

...THE SAULT STE MARIE MI CLIMATE SUMMARY FOR DECEMBER 18 2014...

CLIMATE NORMAL PERIOD 1981 TO 2010
CLIMATE RECORD PERIOD 1888 TO 2014


WEATHER ITEM   OBSERVED TIME   RECORD YEAR NORMAL DEPARTURE LAST
                VALUE   (LST)  VALUE       VALUE  FROM      YEAR
                                                  NORMAL
..................................................................
TEMPERATURE (F)
 YESTERDAY
  MAXIMUM         26    301 PM  44    1931  28     -2       22
  MINIMUM         10   1151 PM -20    1985  15     -5       17
  AVERAGE         18                        21     -3       20

PRECIPITATION (IN)
  YESTERDAY        0.00          0.84 1998   0.09  -0.09     0.08
  MONTH TO DATE    1.80                      1.72   0.08     1.83
  SINCE DEC 1      1.80                      1.72   0.08     1.83
  SINCE JAN 1     38.98                     31.88   7.10    47.81

SNOWFALL (IN)
  YESTERDAY        0.0           5.8  1979   1.1   -1.1      1.2
  MONTH TO DATE   18.2                      18.9   -0.7     19.7
  SINCE OCT 1     83.6                      35.6   48.0     41.4
  SINCE JUL 1     83.6                      35.6   48.0     41.4
  SNOW DEPTH      10

DEGREE DAYS
 HEATING
  YESTERDAY       47                        44      3       45
  MONTH TO DATE  709                       730    -21      919
  SINCE DEC 1    709                       730    -21      919
  SINCE JUL 1   2871                      2662    209     2812
..................................................................


WIND (MPH)
  HIGHEST WIND SPEED    12   HIGHEST WIND DIRECTION     N (340)
  HIGHEST GUST SPEED    16   HIGHEST GUST DIRECTION     N (340)
  AVERAGE WIND SPEED     4.5




RELATIVE HUMIDITY (PERCENT)
 HIGHEST    83
 LOWEST     39
 AVERAGE    61

..........................................................


THE SAULT STE MARIE MI CLIMATE NORMALS FOR TODAY
                         NORMAL    RECORD    YEAR
 MAXIMUM TEMPERATURE (F)   28        45      2002
                                             1923
 MINIMUM TEMPERATURE (F)   14       -20      2004
                                             1983


SUNRISE AND SUNSET
DECEMBER 19 2014......SUNRISE   817 AM EST   SUNSET   452 PM EST
DECEMBER 20 2014......SUNRISE   818 AM EST   SUNSET   452 PM EST


-  INDICATES NEGATIVE NUMBERS.
R  INDICATES RECORD WAS SET OR TIED.
MM INDICATES DATA IS MISSING.
T  INDICATES TRACE AMOUNT.




$$
