000
CDUS43 KAPX 300528
CLIANJ


CLIMATE REPORT
NATIONAL WEATHER SERVICE GAYLORD MI
127 AM EDT TUE SEP 30 2014


...................................

...THE SAULT STE MARIE MI CLIMATE SUMMARY FOR SEPTEMBER 29 2014...

CLIMATE NORMAL PERIOD 1981 TO 2010
CLIMATE RECORD PERIOD 1888 TO 2014


WEATHER ITEM   OBSERVED TIME   RECORD YEAR NORMAL DEPARTURE LAST
                VALUE   (LST)  VALUE       VALUE  FROM      YEAR
                                                  NORMAL
..................................................................
TEMPERATURE (F)
 YESTERDAY
  MAXIMUM         61    131 AM  80    1905  61      0       65
  MINIMUM         42   1159 PM  26    1993  43     -1       47
  AVERAGE         52                        52      0       56

PRECIPITATION (IN)
  YESTERDAY        0.61          1.17 1966   0.12   0.49     0.23
  MONTH TO DATE    3.97                      3.69   0.28     6.82
  SINCE SEP 1      3.97                      3.69   0.28     6.82
  SINCE JAN 1     22.89                     22.86   0.03    35.11

DEGREE DAYS
 HEATING
  YESTERDAY       13                        13      0        9
  MONTH TO DATE  235                       241     -6      243
  SINCE SEP 1    235                       241     -6      243
  SINCE JUL 1    416                       388     28      359

 COOLING
  YESTERDAY        0                         0      0        0
  MONTH TO DATE    5                        15    -10       14
  SINCE SEP 1      5                        15    -10       14
  SINCE JAN 1    113                       193    -80      266
..................................................................


WIND (MPH)
  HIGHEST WIND SPEED    14   HIGHEST WIND DIRECTION    NE (50)
  HIGHEST GUST SPEED    21   HIGHEST GUST DIRECTION    NE (50)
  AVERAGE WIND SPEED     6.5




RELATIVE HUMIDITY (PERCENT)
 HIGHEST    93
 LOWEST     76
 AVERAGE    85

..........................................................


THE SAULT STE MARIE MI CLIMATE NORMALS FOR TODAY
                         NORMAL    RECORD    YEAR
 MAXIMUM TEMPERATURE (F)   60        84      1897
 MINIMUM TEMPERATURE (F)   43        25      1993


SUNRISE AND SUNSET
SEPTEMBER 30 2014.....SUNRISE   735 AM EDT   SUNSET   719 PM EDT
OCTOBER  1 2014.......SUNRISE   736 AM EDT   SUNSET   717 PM EDT


-  INDICATES NEGATIVE NUMBERS.
R  INDICATES RECORD WAS SET OR TIED.
MM INDICATES DATA IS MISSING.
T  INDICATES TRACE AMOUNT.




$$
