000
CDAK47 PANT 300902
CLIANN

CLIMATE REPORT
NATIONAL WEATHER SERVICE ANNETTE, AK
102 AM AKDT MON MAY 30 2016

...................................
...THE ANNETTE WSO AP CLIMATE SUMMARY FOR MAY 29 2016...

CLIMATE NORMAL PERIOD  1981 TO  2010
CLIMATE RECORD PERIOD  1948 TO  2016

WEATHER ITEM   OBSERVED TIME    RECORD YEAR NORMAL DEPARTURE LAST
               VALUE    (LST)   VALUE       VALUE  FROM      YEAR
                                                   NORMAL
...................................................................
TEMPERATURE
YESTERDAY
 MAXIMUM            MM    MM       75  2015     59      MM     75
 MINIMUM            MM    MM       38  1999     47      MM     46
 AVERAGE            MM                          53      MM     61

PRECIPITATION
(INCHES)
 YESTERDAY          MM           0.79  1950   0.16      MM   0.00
 MONTH TO DATE      MM                        5.22      MM   0.50
 SINCE MAR 1     24.70                       20.04    4.66  22.42
 SINCE JAN 1        MM                       38.08      MM  43.48

SNOWFALL
(INCHES)
 YESTERDAY         0.0            0.0  2016    0.0     0.0    0.0
 MONTH TO DATE     0.0                         0.1    -0.1    0.0
 SINCE MAR 1       0.0                         8.4    -8.4    0.0
 SINCE JUL 1       5.0                        34.9   -29.9   10.2
 SNOW DEPTH (IN)     0                                          0

DEGREE DAYS
 HEATING
  YESTERDAY         MM                          12      MM      4
  MONTH TO DATE     MM                         437      MM    282
  SINCE MAR 1     1656                        1844    -188   1518
  SINCE JUL 1     5734                        6382    -648     MM

 COOLING
  YESTERDAY         MM                           0      MM      0
  MONTH TO DATE     MM                           0      MM      0
  SINCE MAR 1        2                           0       2      0
  SINCE JAN 1       MM                           0      MM      0
...................................................................

WIND (MPH)
 HIGHEST WIND SPEED    MM     HIGHEST WIND DIRECTION     MM
 HIGHEST GUST SPEED    MM     HIGHEST GUST DIRECTION     MM
 AVERAGE WIND SPEED    MM

SKY COVER
  POSSIBLE SUNSHINE    MM          AVERAGE SKY COVER     MM

WEATHER CONDITIONS
 THE FOLLOWING WEATHER WAS RECORDED YESTERDAY.
  NO SIGNIFICANT WEATHER WAS OBSERVED.

RELATIVE HUMIDITY
 HIGHEST RH     MM PERCENT       MM
 LOWEST  RH     MM PERCENT       MM
 AVERAGE RH     MM PERCENT       MM
...................................................................

THE ANNETTE CLIMATE NORMALS FOR TODAY
                           NORMAL    RECORD   YEAR
 MAXIMUM TEMPERATURE (F)     59        75     1957
 MINIMUM TEMPERATURE (F)     47        39     1978

SUNRISE AND SUNSET
 MAY 30 2016..........SUNRISE  4:16 AM      SUNSET  9:13 PM
 MAY 31 2016..........SUNRISE  4:15 AM      SUNSET  9:15 PM

-  INDICATES NEGATIVE NUMBERS.
R  INDICATES RECORD HAS BEEN SET OR TIED.
MM INDICATES DATA IS MISSING.
T  INDICATES TRACE OF PRECIPITATION.

&&
-------------------------------------------------------------------

AMOUNT OF DAYLIGHT TODAY  (HOUR:MIN)........16 HOURS 57 MINUTES
GAIN/LOSS SINCE YESTERDAY (HOUR:MIN:SEC)....+0:02:25

$$
MJM MAY 16
