000
CDAK47 PANT 200000
CLIANN

CLIMATE REPORT
NATIONAL WEATHER SERVICE ANNETTE, AK
306 PM AKST FRI DEC 19 2014

...................................
...THE ANNETTE WSO AP CLIMATE SUMMARY FOR DECEMBER 19 2014...
VALID TODAY AS OF 2:00 PM LOCAL TIME

CLIMATE NORMAL PERIOD  1981 TO  2010
CLIMATE RECORD PERIOD  1948 TO  2014

WEATHER ITEM   OBSERVED TIME    RECORD YEAR NORMAL DEPARTURE LAST
               VALUE    (LST)   VALUE       VALUE  FROM      YEAR
                                                   NORMAL
...................................................................
TEMPERATURE
TODAY
 MAXIMUM            44  1045 AM    57  1985     41       3     38
 MINIMUM            40  1214 AM    10  2008     33       7     25
 AVERAGE            42                          37       5     32

PRECIPITATION
(INCHES)
 TODAY            0.33           2.51  1954   0.34   -0.01   1.58
 MONTH TO DATE    7.57                        6.75    0.82   9.55
 SINCE DEC 1      7.57                        6.75    0.82   9.55
 SINCE JAN 1    103.55                       97.66    5.89  90.76

SNOWFALL
(INCHES)
 TODAY             0.0           12.1  1970    0.3    -0.3    3.3
 MONTH TO DATE     0.4                         4.6    -4.2    3.4
 SINCE DEC 1       0.4                         4.6    -4.2    3.4
 SINCE JUL 1       4.6                         8.2    -3.6    9.1
 SNOW DEPTH (IN)     0                                          0

DEGREE DAYS
 HEATING
  TODAY             23                          28      -5     33
  MONTH TO DATE    408                         525    -117    590
  SINCE DEC 1      408                         525    -117    590
  SINCE JUL 1     2413                        2575    -162   2404

 COOLING
  TODAY              0                           0       0      0
  MONTH TO DATE      0                           0       0      0
  SINCE DEC 1        0                           0       0      0
  SINCE JAN 1       MM                           0      MM     22
...................................................................

WIND (MPH)
 HIGHEST WIND SPEED    28     HIGHEST WIND DIRECTION    130
 HIGHEST GUST SPEED    37     HIGHEST GUST DIRECTION    130
 AVERAGE WIND SPEED    MM

SKY COVER
  POSSIBLE SUNSHINE  MM            AVERAGE SKY COVER MM

WEATHER CONDITIONS
 THE FOLLOWING WEATHER WAS RECORDED TODAY.
FOG
RAIN


RELATIVE HUMIDITY
 HIGHEST RH     MM PERCENT       MM
 LOWEST  RH     MM PERCENT       MM
 AVERAGE RH     MM PERCENT       MM
...................................................................

THE ANNETTE CLIMATE NORMALS FOR TOMORROW
                        NORMAL    RECORD   YEAR
 MAXIMUM TEMPERATURE      41        56     2005
 MINIMUM TEMPERATURE      33        13     2008

SUNRISE AND SUNSET
 DEC 19 2014..........SUNRISE  8:09 AM      SUNSET  3:19 PM
 DEC 20 2014..........SUNRISE  8:10 AM      SUNSET  3:19 PM

-  INDICATES NEGATIVE NUMBERS.
R  INDICATES RECORD HAS BEEN SET OR TIED.
MM INDICATES DATA IS MISSING.
T  INDICATES TRACE OF PRECIPITATION.

&&
-------------------------------------------------------------------

AMOUNT OF DAYLIGHT TODAY  (HOUR:MIN)........7 HOURS 10 MINUTES
GAIN/LOSS SINCE YESTERDAY (HOUR:MIN:SEC)....-0:00:20

$$
JZ DEC 14
