000
CDAK47 PANT 300906
CLIANN

CLIMATE REPORT
NATIONAL WEATHER SERVICE ANNETTE, AK
106 AM AKDT TUE JUN 30 2015

...................................
...THE ANNETTE WSO AP CLIMATE SUMMARY FOR JUNE 29 2015...

CLIMATE NORMAL PERIOD  1981 TO  2010
CLIMATE RECORD PERIOD  1948 TO  2015

WEATHER ITEM   OBSERVED TIME    RECORD YEAR NORMAL DEPARTURE LAST
               VALUE    (LST)   VALUE       VALUE  FROM      YEAR
                                                   NORMAL
...................................................................
TEMPERATURE
YESTERDAY
 MAXIMUM            74  0340 PM    86  1992     63      11     56
 MINIMUM            58  1159 PM    42  1984     51       7     50
 AVERAGE            66                          57       9     53

PRECIPITATION
(INCHES)
 YESTERDAY        0.02           1.67  1996   0.16   -0.14   0.41
 MONTH TO DATE    3.99                        4.72   -0.73   7.71
 SINCE JUN 1      3.99                        4.72   -0.73   7.71
 SINCE JAN 1     47.47                       43.14    4.33  48.51

SNOWFALL
(INCHES)
 YESTERDAY         0.0            0.0  2015    0.0     0.0    0.0
 MONTH TO DATE     0.0                         0.0     0.0    0.0
 SINCE JUN 1       0.0                         0.0     0.0    0.0
 SINCE JUL 1      10.2                        34.9   -24.7   25.4
 SNOW DEPTH (IN)     0                                          0

DEGREE DAYS
 HEATING
  YESTERDAY          0                           8      -8     12
  MONTH TO DATE    187                         290    -103    316
  SINCE JUN 1      187                         290    -103    316
  SINCE JUL 1     5806                        6696    -890   6719

 COOLING
  YESTERDAY          1                           0       1      0
  MONTH TO DATE      2                           0       2      0
  SINCE JUN 1        2                           0       2      0
  SINCE JAN 1        2                           0       2      0
...................................................................

WIND (MPH)
 HIGHEST WIND SPEED    14     HIGHEST WIND DIRECTION    330
 HIGHEST GUST SPEED    18     HIGHEST GUST DIRECTION    320
 AVERAGE WIND SPEED   4.5

SKY COVER
  POSSIBLE SUNSHINE    MM          AVERAGE SKY COVER     MM

WEATHER CONDITIONS
 THE FOLLOWING WEATHER WAS RECORDED YESTERDAY.
  RAIN


RELATIVE HUMIDITY
 HIGHEST RH     MM PERCENT       MM
 LOWEST  RH     MM PERCENT       MM
 AVERAGE RH     MM PERCENT       MM
...................................................................

THE ANNETTE CLIMATE NORMALS FOR TODAY
                           NORMAL    RECORD   YEAR
 MAXIMUM TEMPERATURE (F)     63        82     1987
 MINIMUM TEMPERATURE (F)     51        42     1955

SUNRISE AND SUNSET
 JUN 30 2015..........SUNRISE  4:11 AM      SUNSET  9:29 PM
 JUL 1 2015..........SUNRISE  4:12 AM      SUNSET  9:29 PM

-  INDICATES NEGATIVE NUMBERS.
R  INDICATES RECORD HAS BEEN SET OR TIED.
MM INDICATES DATA IS MISSING.
T  INDICATES TRACE OF PRECIPITATION.

&&
-------------------------------------------------------------------

AMOUNT OF DAYLIGHT TODAY  (HOUR:MIN)........17 HOURS 18 MINUTES
GAIN/LOSS SINCE YESTERDAY (HOUR:MIN:SEC)....-0:01:03

$$
JZ JUN 15
