138
CDAK47 PAJK 171232
CLIANN
CLIMATE REPORT
NATIONAL WEATHER SERVICE JUNEAU, AK
331 AM AKST FRI NOV 17 2017


...................................

...THE ANNETTE ISLAND CLIMATE SUMMARY FOR NOVEMBER 16 2017...

CLIMATE NORMAL PERIOD 1981 TO 2010
CLIMATE RECORD PERIOD 1941 TO 2017


WEATHER ITEM   OBSERVED RECORD YEAR NORMAL DEPARTURE LAST
                VALUE   VALUE       VALUE  FROM      YEAR
                                           NORMAL
...........................................................
TEMPERATURE (F)
 YESTERDAY
  MAXIMUM         37     54    1999  44     -7       47
  MINIMUM         26     19    1973  35     -9       36
  AVERAGE         32                 40     -8       42

PRECIPITATION (IN)
  YESTERDAY        T      2.16 1961   0.41  -0.41     0.00
  MONTH TO DATE    2.05               6.89  -4.84     7.34
  SINCE JAN 1     82.54              85.51  -2.97    83.71

SNOWFALL (IN)
  YESTERDAY       MM      5.6  1959   0.1   MM        0.0
  MONTH TO DATE    0.0                1.3   -1.3      0.0
  SINCE JUL 1      0.0                1.4   -1.4      0.0
  SNOW DEPTH      MM

DEGREE DAYS
 HEATING
  YESTERDAY       33                 25      8       23
  MONTH TO DATE  420                382     38      247
...........................................................


WIND (MPH)
  HIGHEST WIND SPEED    12   HIGHEST WIND DIRECTION    NW (320)
  HIGHEST GUST SPEED    15   HIGHEST GUST DIRECTION     N (350)
  AVERAGE WIND SPEED     4.7


SKY COVER
  AVERAGE SKY COVER 0.8


WEATHER CONDITIONS
 THE FOLLOWING WEATHER WAS RECORDED YESTERDAY.
  NO SIGNIFICANT WEATHER WAS OBSERVED.


..........................................................


THE ANNETTE ISLAND CLIMATE NORMALS FOR TODAY
                         NORMAL    RECORD    YEAR
 MAXIMUM TEMPERATURE (F)   44        54      1949
 MINIMUM TEMPERATURE (F)   35        19      1973
                                             1963


SUNRISE AND SUNSET
NOVEMBER 17 2017......SUNRISE   723 AM AKST  SUNSET   339 PM AKST
NOVEMBER 18 2017......SUNRISE   725 AM AKST  SUNSET   337 PM AKST


-  INDICATES NEGATIVE NUMBERS.
R  INDICATES RECORD WAS SET OR TIED.
MM INDICATES DATA IS MISSING.
T  INDICATES TRACE AMOUNT.




$$
--------------------------------------------------------------

AMOUNT OF DAYLIGHT TODAY (HOUR:MIN)......... 8 HOURS 15 MINUTES
GAIN/LOSS SINCE YESTERDAY (HOUR:MIN:SEC).... -0:03:29

$$
