000
CDAK47 PANT 041002
CLIANN

CLIMATE REPORT
NATIONAL WEATHER SERVICE ANNETTE, AK
102 AM AKST WED MAR 4 2015

...................................
...THE ANNETTE WSO AP CLIMATE SUMMARY FOR MARCH 3 2015...

CLIMATE NORMAL PERIOD  1981 TO  2010
CLIMATE RECORD PERIOD  1948 TO  2015

WEATHER ITEM   OBSERVED TIME    RECORD YEAR NORMAL DEPARTURE LAST
               VALUE    (LST)   VALUE       VALUE  FROM      YEAR
                                                   NORMAL
...................................................................
TEMPERATURE
YESTERDAY
 MAXIMUM            49  0230 PM    50  1994     43       6     26
 MINIMUM            31  1114 PM     1  1955     33      -2     16
 AVERAGE            40                          38       2     21

PRECIPITATION
(INCHES)
 YESTERDAY        0.00           1.59  1968   0.26   -0.26   0.00
 MONTH TO DATE    0.14                        0.76   -0.62   0.00
 SINCE MAR 1      0.14                        0.76   -0.62   0.00
 SINCE JAN 1     21.20                       18.80    2.40  12.10

SNOWFALL
(INCHES)
 YESTERDAY         0.0            3.8  1948    0.2    -0.2    0.0
 MONTH TO DATE     0.0                         0.8    -0.8    0.0
 SINCE MAR 1       0.0                         0.8    -0.8    0.0
 SINCE JUL 1      10.2                        27.3   -17.1   25.1
 SNOW DEPTH (IN)     0                                          0

DEGREE DAYS
 HEATING
  YESTERDAY         25                          27      -2     44
  MONTH TO DATE     69                          81     -12    120
  SINCE MAR 1       69                          81     -12    120
  SINCE JUL 1     4153                        4619    -466   4609

 COOLING
  YESTERDAY          0                           0       0      0
  MONTH TO DATE      0                           0       0      0
  SINCE MAR 1        0                           0       0      0
  SINCE JAN 1        0                           0       0      0
...................................................................

WIND (MPH)
 HIGHEST WIND SPEED     7     HIGHEST WIND DIRECTION    140
 HIGHEST GUST SPEED     9     HIGHEST GUST DIRECTION    150
 AVERAGE WIND SPEED   0.8

WEATHER CONDITIONS
 THE FOLLOWING WEATHER WAS RECORDED YESTERDAY.
  NO SIGNIFICANT WEATHER WAS OBSERVED.
...................................................................

THE ANNETTE CLIMATE NORMALS FOR TODAY
                           NORMAL    RECORD   YEAR
 MAXIMUM TEMPERATURE (F)     43        51     1968
 MINIMUM TEMPERATURE (F)     33        10     1951

SUNRISE AND SUNSET
 MAR 4 2015..........SUNRISE  6:29 AM      SUNSET  5:28 PM
 MAR 5 2015..........SUNRISE  6:27 AM      SUNSET  5:31 PM

-  INDICATES NEGATIVE NUMBERS.
R  INDICATES RECORD HAS BEEN SET OR TIED.
MM INDICATES DATA IS MISSING.
T  INDICATES TRACE OF PRECIPITATION.

&&
-------------------------------------------------------------------

AMOUNT OF DAYLIGHT TODAY  (HOUR:MIN)........10 HOURS 59 MINUTES
GAIN SINCE YESTERDAY (HOUR:MIN:SEC)....+0:04:29

$$
CRG MAR 15
