000
CDAK47 PANT 300903
CLIANN

CLIMATE REPORT
NATIONAL WEATHER SERVICE ANNETTE, AK
1203 AM AKST FRI JAN 30 2015

...................................
...THE ANNETTE WSO AP CLIMATE SUMMARY FOR JANUARY 29 2015...

CLIMATE NORMAL PERIOD  1981 TO  2010
CLIMATE RECORD PERIOD  1948 TO  2015

WEATHER ITEM   OBSERVED TIME    RECORD YEAR NORMAL DEPARTURE LAST
               VALUE    (LST)   VALUE       VALUE  FROM      YEAR
                                                   NORMAL
...................................................................
TEMPERATURE
YESTERDAY
 MAXIMUM            46  0605 AM    52  2010     42       4     40
 MINIMUM            38  0836 PM     4  1996     33       5     37
 AVERAGE            42                          37       5     39

PRECIPITATION
(INCHES)
 YESTERDAY        0.52           3.89  1962   0.31    0.21   0.00
 MONTH TO DATE   14.71                       10.09    4.62   8.13
 SINCE DEC 1     27.67                       20.81    6.86  26.51
 SINCE JAN 1     14.71                       10.09    4.62   8.13

SNOWFALL
(INCHES)
 YESTERDAY         0.0            5.6  1980    0.2    -0.2    0.0
 MONTH TO DATE     3.3                         7.1    -3.8    1.0
 SINCE DEC 1       3.7                        15.2   -11.5    4.4
 SINCE JUL 1       7.9                        18.8   -10.9   10.1
 SNOW DEPTH (IN)     0                                          0

DEGREE DAYS
 HEATING
  YESTERDAY         23                          28      -5     26
  MONTH TO DATE    649                         812    -163    750
  SINCE DEC 1     1365                        1673    -308   1649
  SINCE JUL 1     3370                        3723    -353   3463

 COOLING
  YESTERDAY          0                           0       0      0
  MONTH TO DATE      0                           0       0      0
  SINCE DEC 1        0                           0       0      0
  SINCE JAN 1        0                           0       0      0
...................................................................

WIND (MPH)
 HIGHEST WIND SPEED    26     HIGHEST WIND DIRECTION    140
 HIGHEST GUST SPEED    39     HIGHEST GUST DIRECTION    130
 AVERAGE WIND SPEED   6.8

SKY COVER
  POSSIBLE SUNSHINE    MM          AVERAGE SKY COVER     MM

WEATHER CONDITIONS
 THE FOLLOWING WEATHER WAS RECORDED YESTERDAY.
  FOG
RAIN


RELATIVE HUMIDITY
 HIGHEST RH     MM PERCENT       MM
 LOWEST  RH     MM PERCENT       MM
 AVERAGE RH     MM PERCENT       MM
...................................................................

THE ANNETTE CLIMATE NORMALS FOR TODAY
                           NORMAL    RECORD   YEAR
 MAXIMUM TEMPERATURE (F)     42        59     2000
 MINIMUM TEMPERATURE (F)     33         6     1996

SUNRISE AND SUNSET
 JAN 30 2015..........SUNRISE  7:41 AM      SUNSET  4:20 PM
 JAN 31 2015..........SUNRISE  7:39 AM      SUNSET  4:22 PM

-  INDICATES NEGATIVE NUMBERS.
R  INDICATES RECORD HAS BEEN SET OR TIED.
MM INDICATES DATA IS MISSING.
T  INDICATES TRACE OF PRECIPITATION.

&&
-------------------------------------------------------------------

AMOUNT OF DAYLIGHT TODAY  (HOUR:MIN)........8 HOURS 39 MINUTES
GAIN/LOSS SINCE YESTERDAY (HOUR:MIN:SEC)....+0:03:47

$$
JZ JAN 15
