000
CDUS41 KCTP 240611
CLIAOO


CLIMATE REPORT
NATIONAL WEATHER SERVICE STATE COLLEGE PA
210 AM EDT SUN JUL 24 2016


...................................

...THE ALTOONA CLIMATE SUMMARY FOR JULY 23 2016...

CLIMATE NORMAL PERIOD 1981 TO 2010
CLIMATE RECORD PERIOD 1948 TO 2016


WEATHER ITEM   OBSERVED TIME   RECORD YEAR NORMAL DEPARTURE LAST
                VALUE   (LST)  VALUE       VALUE  FROM      YEAR
                                                  NORMAL
..................................................................
TEMPERATURE (F)
 YESTERDAY
  MAXIMUM         94    219 PM  97    2011  82     12       79
  MINIMUM         67   1148 PM  50    1981  60      7       54
  AVERAGE         81                        71     10       67

PRECIPITATION (IN)
  YESTERDAY        T             1.47 1992   0.11  -0.11      T
  MONTH TO DATE    0.82                      2.45  -1.63     5.28
  SINCE JUN 1      3.33                      5.93  -2.60    12.89
  SINCE JAN 1     13.31                     20.11  -6.80    22.39

DEGREE DAYS
 HEATING
  YESTERDAY        0                         0      0        0
  MONTH TO DATE    4                         1      3        3
  SINCE JUN 1     27                        59    -32       42
  SINCE JUL 1      4                         1      3        3

 COOLING
  YESTERDAY       16                         6     10        2
  MONTH TO DATE  198                       137     61      124
  SINCE JUN 1    331                       246     85      272
  SINCE JAN 1    382                       279    103      376
..................................................................


WIND (MPH)
  HIGHEST WIND SPEED    16   HIGHEST WIND DIRECTION     W (290)
  HIGHEST GUST SPEED    22   HIGHEST GUST DIRECTION     W (290)
  AVERAGE WIND SPEED     7.4


SKY COVER
  POSSIBLE SUNSHINE  MM
  AVERAGE SKY COVER 0.1


WEATHER CONDITIONS
 THE FOLLOWING WEATHER WAS RECORDED YESTERDAY.
  THUNDERSTORM
  LIGHT RAIN


RELATIVE HUMIDITY (PERCENT)
 HIGHEST    84           100 AM
 LOWEST     34           500 PM
 AVERAGE    59

..........................................................


THE ALTOONA CLIMATE NORMALS FOR TODAY
                         NORMAL    RECORD    YEAR
 MAXIMUM TEMPERATURE (F)   82        94      2001
 MINIMUM TEMPERATURE (F)   60        50      1957


SUNRISE AND SUNSET
JULY 24 2016..........SUNRISE   604 AM EDT   SUNSET   835 PM EDT
JULY 25 2016..........SUNRISE   605 AM EDT   SUNSET   834 PM EDT


-  INDICATES NEGATIVE NUMBERS.
R  INDICATES RECORD WAS SET OR TIED.
MM INDICATES DATA IS MISSING.
T  INDICATES TRACE AMOUNT.




$$
