000
CDUS41 KCTP 160646
CLIAOO


CLIMATE REPORT
NATIONAL WEATHER SERVICE STATE COLLEGE PA
146 AM EST TUE JAN 16 2018


...................................

...THE ALTOONA CLIMATE SUMMARY FOR JANUARY 15 2018...

CLIMATE NORMAL PERIOD 1981 TO 2010
CLIMATE RECORD PERIOD 1948 TO 2018


WEATHER ITEM   OBSERVED TIME   RECORD YEAR NORMAL DEPARTURE LAST
                VALUE   (LST)  VALUE       VALUE  FROM      YEAR
                                                  NORMAL
..................................................................
TEMPERATURE (F)
 YESTERDAY
  MAXIMUM         23   1159 PM  65    1952  34    -11       36
  MINIMUM          8    805 AM  -5    1994  20    -12       25
  AVERAGE         16                        27    -11       31

PRECIPITATION (IN)
  YESTERDAY        T             0.75 1999   0.07  -0.07     0.00
  MONTH TO DATE    0.91                      1.03  -0.12     1.47
  SINCE DEC 1      1.86                      3.45  -1.59     3.79
  SINCE JAN 1      0.91                      1.03  -0.12     1.47

DEGREE DAYS
 HEATING
  YESTERDAY       49                        38     11       34
  MONTH TO DATE  653                       570     83      515
  SINCE DEC 1   1732                      1635     97     1514
  SINCE JUL 1   2797                      2954   -157     2505

 COOLING
  YESTERDAY        0                         0      0        0
  MONTH TO DATE    0                         0      0        0
  SINCE DEC 1      0                         0      0        0
  SINCE JAN 1      0                         0      0        0
..................................................................


WIND (MPH)
  HIGHEST WIND SPEED    13   HIGHEST WIND DIRECTION     S (160)
  HIGHEST GUST SPEED    16   HIGHEST GUST DIRECTION    SE (150)
  AVERAGE WIND SPEED     4.7


SKY COVER
  POSSIBLE SUNSHINE  MM
  AVERAGE SKY COVER 0.5


WEATHER CONDITIONS
 THE FOLLOWING WEATHER WAS RECORDED YESTERDAY.
  HAZE


RELATIVE HUMIDITY (PERCENT)
 HIGHEST    80           400 AM
 LOWEST     45           300 PM
 AVERAGE    63

..........................................................


THE ALTOONA CLIMATE NORMALS FOR TODAY
                         NORMAL    RECORD    YEAR
 MAXIMUM TEMPERATURE (F)   34        59      1949
 MINIMUM TEMPERATURE (F)   20       -12      1994


SUNRISE AND SUNSET
JANUARY 16 2018.......SUNRISE   734 AM EST   SUNSET   513 PM EST
JANUARY 17 2018.......SUNRISE   733 AM EST   SUNSET   514 PM EST


-  INDICATES NEGATIVE NUMBERS.
R  INDICATES RECORD WAS SET OR TIED.
MM INDICATES DATA IS MISSING.
T  INDICATES TRACE AMOUNT.




$$
