240
CDUS41 KCTP 280623
CLIAOO


CLIMATE REPORT
NATIONAL WEATHER SERVICE STATE COLLEGE PA
123 AM EST TUE FEB 28 2017


...................................

...THE ALTOONA CLIMATE SUMMARY FOR FEBRUARY 27 2017...

CLIMATE NORMAL PERIOD 1981 TO 2010
CLIMATE RECORD PERIOD 1948 TO 2017


WEATHER ITEM   OBSERVED TIME   RECORD YEAR NORMAL DEPARTURE LAST
                VALUE   (LST)  VALUE       VALUE  FROM      YEAR
                                                  NORMAL
..................................................................
TEMPERATURE (F)
 YESTERDAY
  MAXIMUM         47    126 PM  74    1997  40      7       38
  MINIMUM         28    211 AM   0    1963  23      5       20
  AVERAGE         38                        32      6       29

PRECIPITATION (IN)
  YESTERDAY        0.03          0.65 2000   0.08  -0.05     0.00
  MONTH TO DATE    1.44                      1.96  -0.52     2.18
  SINCE DEC 1      6.95                      6.55   0.40     7.56
  SINCE JAN 1      4.63                      4.13   0.50     3.82

DEGREE DAYS
 HEATING
  YESTERDAY       27                        33     -6       36
  MONTH TO DATE  688                       969   -281      942
  SINCE DEC 1   2656                      3216   -560     2797
  SINCE JUL 1   3647                      4522   -875     3790

 COOLING
  YESTERDAY        0                         0      0        0
  MONTH TO DATE    0                         0      0        0
  SINCE DEC 1      0                         0      0        0
  SINCE JAN 1      0                         0      0        0
..................................................................


WIND (MPH)
  HIGHEST WIND SPEED    16   HIGHEST WIND DIRECTION    SW (220)
  HIGHEST GUST SPEED    20   HIGHEST GUST DIRECTION    SW (210)
  AVERAGE WIND SPEED     4.9


SKY COVER
  POSSIBLE SUNSHINE  MM
  AVERAGE SKY COVER 0.8


WEATHER CONDITIONS
 THE FOLLOWING WEATHER WAS RECORDED YESTERDAY.
  LIGHT RAIN
  FOG


RELATIVE HUMIDITY (PERCENT)
 HIGHEST   100           800 PM
 LOWEST     37          1100 AM
 AVERAGE    69

..........................................................


THE ALTOONA CLIMATE NORMALS FOR TODAY
                         NORMAL    RECORD    YEAR
 MAXIMUM TEMPERATURE (F)   41        63      1955
 MINIMUM TEMPERATURE (F)   23        -2      2014


SUNRISE AND SUNSET
FEBRUARY 28 2017......SUNRISE   648 AM EST   SUNSET   604 PM EST
MARCH  1 2017.........SUNRISE   646 AM EST   SUNSET   605 PM EST


-  INDICATES NEGATIVE NUMBERS.
R  INDICATES RECORD WAS SET OR TIED.
MM INDICATES DATA IS MISSING.
T  INDICATES TRACE AMOUNT.




$$
