000
CDUS41 KCTP 280708
CLIAOO


CLIMATE REPORT
NATIONAL WEATHER SERVICE STATE COLLEGE PA
308 AM EDT SAT MAY 28 2016


...................................

...THE ALTOONA CLIMATE SUMMARY FOR MAY 27 2016...

CLIMATE NORMAL PERIOD 1981 TO 2010
CLIMATE RECORD PERIOD 1948 TO 2016


WEATHER ITEM   OBSERVED TIME   RECORD YEAR NORMAL DEPARTURE LAST
                VALUE   (LST)  VALUE       VALUE  FROM      YEAR
                                                  NORMAL
..................................................................
TEMPERATURE (F)
 YESTERDAY
  MAXIMUM         85    116 PM  89    1991  72     13       81
  MINIMUM         61    509 AM  36    1961  51     10       63
  AVERAGE         73                        61     12       72

PRECIPITATION (IN)
  YESTERDAY        0.15          1.56 2011   0.12   0.03     0.11
  MONTH TO DATE    3.23                      3.23   0.00     1.16
  SINCE MAR 1      6.14                      9.49  -3.35     6.98
  SINCE JAN 1      9.98                     13.70  -3.72     9.50

DEGREE DAYS
 HEATING
  YESTERDAY        0                         5     -5        0
  MONTH TO DATE  249                       223     26      105
  SINCE MAR 1   1344                      1571   -227     1462
  SINCE JUL 1   5168                      6127   -959     6255

 COOLING
  YESTERDAY        8                         2      6        7
  MONTH TO DATE   19                        18      1       73
  SINCE MAR 1     19                        24     -5       73
  SINCE JAN 1     19                        24     -5       73
..................................................................


WIND (MPH)
  HIGHEST WIND SPEED    22   HIGHEST WIND DIRECTION    NW (330)
  HIGHEST GUST SPEED    28   HIGHEST GUST DIRECTION    NW (330)
  AVERAGE WIND SPEED     4.6


SKY COVER
  POSSIBLE SUNSHINE  MM
  AVERAGE SKY COVER 0.3


WEATHER CONDITIONS
 THE FOLLOWING WEATHER WAS RECORDED YESTERDAY.
  THUNDERSTORM
  HEAVY RAIN
  LIGHT RAIN
  FOG


RELATIVE HUMIDITY (PERCENT)
 HIGHEST    93          1200 AM
 LOWEST     48           100 PM
 AVERAGE    71

..........................................................


THE ALTOONA CLIMATE NORMALS FOR TODAY
                         NORMAL    RECORD    YEAR
 MAXIMUM TEMPERATURE (F)   72        87      1977
 MINIMUM TEMPERATURE (F)   51        35      1992


SUNRISE AND SUNSET
MAY 28 2016...........SUNRISE   547 AM EDT   SUNSET   834 PM EDT
MAY 29 2016...........SUNRISE   547 AM EDT   SUNSET   835 PM EDT


-  INDICATES NEGATIVE NUMBERS.
R  INDICATES RECORD WAS SET OR TIED.
MM INDICATES DATA IS MISSING.
T  INDICATES TRACE AMOUNT.




$$
