000
CDUS41 KCTP 020701
CLIAOO


CLIMATE REPORT
NATIONAL WEATHER SERVICE STATE COLLEGE PA
200 AM EST FRI DEC 2 2016


...................................

...THE ALTOONA CLIMATE SUMMARY FOR DECEMBER 1 2016...

CLIMATE NORMAL PERIOD 1981 TO 2010
CLIMATE RECORD PERIOD 1948 TO 2016


WEATHER ITEM   OBSERVED TIME   RECORD YEAR NORMAL DEPARTURE LAST
                VALUE   (LST)  VALUE       VALUE  FROM      YEAR
                                                  NORMAL
..................................................................
TEMPERATURE (F)
 YESTERDAY
  MAXIMUM         53   1201 AM  68    2006  43     10       43
  MINIMUM         37   1134 PM  11    1952  28      9       34
  AVERAGE         45                        36      9       39

PRECIPITATION (IN)
  YESTERDAY        T             1.86 2010   0.09  -0.09     0.30
  MONTH TO DATE    T                         0.09  -0.09     0.30
  SINCE DEC 1      T                         0.09  -0.09     0.30
  SINCE JAN 1     24.14                     30.30  -6.16    31.38

DEGREE DAYS
 HEATING
  YESTERDAY       20                        30    -10       26
  MONTH TO DATE   20                        30    -10       26
  SINCE DEC 1     20                        30    -10       26
  SINCE JUL 1   1011                      1340   -329     1019

 COOLING
  YESTERDAY        0                         0      0        0
  MONTH TO DATE    0                         0      0        0
  SINCE DEC 1      0                         0      0        0
  SINCE JAN 1    873                       522    351      696
..................................................................


WIND (MPH)
  HIGHEST WIND SPEED    26   HIGHEST WIND DIRECTION     W (260)
  HIGHEST GUST SPEED    37   HIGHEST GUST DIRECTION     W (260)
  AVERAGE WIND SPEED    15.9


SKY COVER
  POSSIBLE SUNSHINE  MM
  AVERAGE SKY COVER 1.0


WEATHER CONDITIONS
 THE FOLLOWING WEATHER WAS RECORDED YESTERDAY.
  LIGHT RAIN


RELATIVE HUMIDITY (PERCENT)
 HIGHEST    83          1200 AM
 LOWEST     59           700 PM
 AVERAGE    71

..........................................................


THE ALTOONA CLIMATE NORMALS FOR TODAY
                         NORMAL    RECORD    YEAR
 MAXIMUM TEMPERATURE (F)   42        67      1998
 MINIMUM TEMPERATURE (F)   28         5      1976


SUNRISE AND SUNSET
DECEMBER  2 2016......SUNRISE   718 AM EST   SUNSET   447 PM EST
DECEMBER  3 2016......SUNRISE   719 AM EST   SUNSET   447 PM EST


-  INDICATES NEGATIVE NUMBERS.
R  INDICATES RECORD WAS SET OR TIED.
MM INDICATES DATA IS MISSING.
T  INDICATES TRACE AMOUNT.




$$
