000
CDUS41 KCTP 230610
CLIAOO


CLIMATE REPORT
NATIONAL WEATHER SERVICE STATE COLLEGE PA
210 AM EDT SUN APR 23 2017


...................................

...THE ALTOONA CLIMATE SUMMARY FOR APRIL 22 2017...

CLIMATE NORMAL PERIOD 1981 TO 2010
CLIMATE RECORD PERIOD 1948 TO 2017


WEATHER ITEM   OBSERVED TIME   RECORD YEAR NORMAL DEPARTURE LAST
                VALUE   (LST)  VALUE       VALUE  FROM      YEAR
                                                  NORMAL
..................................................................
TEMPERATURE (F)
 YESTERDAY
  MAXIMUM         55    629 PM  85    1954  62     -7       71
  MINIMUM         42   1127 PM  27    1988  40      2       55
  AVERAGE         49                        51     -2       63

PRECIPITATION (IN)
  YESTERDAY        0.03          0.78 1999   0.11  -0.08     0.09
  MONTH TO DATE    1.75                      2.34  -0.59     1.01
  SINCE MAR 1      6.08                      5.41   0.67     2.26
  SINCE JAN 1     10.71                      9.62   1.09     6.10

DEGREE DAYS
 HEATING
  YESTERDAY       16                        14      2        2
  MONTH TO DATE  213                       388   -175      397
  SINCE MAR 1   1049                      1247   -198      997
  SINCE JUL 1   4716                      5802  -1086     4821

 COOLING
  YESTERDAY        0                         0      0        0
  MONTH TO DATE    8                         0      8        0
  SINCE MAR 1      8                         1      7        0
  SINCE JAN 1      8                         1      7        0
..................................................................


WIND (MPH)
  HIGHEST WIND SPEED    15   HIGHEST WIND DIRECTION     N (340)
  HIGHEST GUST SPEED    19   HIGHEST GUST DIRECTION     N (340)
  AVERAGE WIND SPEED     6.7


SKY COVER
  POSSIBLE SUNSHINE  MM
  AVERAGE SKY COVER 0.7


WEATHER CONDITIONS
 THE FOLLOWING WEATHER WAS RECORDED YESTERDAY.
  LIGHT RAIN
  FOG


RELATIVE HUMIDITY (PERCENT)
 HIGHEST    86          1000 AM
 LOWEST     54           400 PM
 AVERAGE    70

..........................................................


THE ALTOONA CLIMATE NORMALS FOR TODAY
                         NORMAL    RECORD    YEAR
 MAXIMUM TEMPERATURE (F)   63        86      1960
 MINIMUM TEMPERATURE (F)   40        27      1982


SUNRISE AND SUNSET
APRIL 23 2017.........SUNRISE   623 AM EDT   SUNSET   801 PM EDT
APRIL 24 2017.........SUNRISE   622 AM EDT   SUNSET   802 PM EDT


-  INDICATES NEGATIVE NUMBERS.
R  INDICATES RECORD WAS SET OR TIED.
MM INDICATES DATA IS MISSING.
T  INDICATES TRACE AMOUNT.




$$
