000
CDUS45 KBOU 080725
CLIAPA


CLIMATE REPORT
NATIONAL WEATHER SERVICE DENVER/BOULDER CO
1225 AM MST MON FEB 8 2016


...................................

...THE CENTENNIAL CO CLIMATE SUMMARY FOR FEBRUARY 7 2016...

CLIMATE NORMAL PERIOD 1981 TO 2010
CLIMATE RECORD PERIOD 9999 TO 9999


WEATHER ITEM   OBSERVED RECORD YEAR NORMAL DEPARTURE LAST
                VALUE   VALUE       VALUE  FROM      YEAR
                                           NORMAL
...........................................................
TEMPERATURE (F)
 YESTERDAY
  MAXIMUM         46     MM      MM  44      2       72
  MINIMUM         19     MM      MM  20     -1       39
  AVERAGE         33                 32      1       56

PRECIPITATION (IN)
  YESTERDAY        0.00  MM      MM   0.02  -0.02     0.00
  MONTH TO DATE    0.17               0.12   0.05     0.10
  SINCE DEC 1      0.67               1.18  -0.51     0.96
  SINCE JAN 1      0.47               0.57  -0.10     0.48

DEGREE DAYS
 HEATING
  YESTERDAY       32
  MONTH TO DATE  291

 COOLING
  YESTERDAY        0
  MONTH TO DATE    0
...........................................................


WIND (MPH)
  RESULTANT WIND SPEED   2   RESULTANT WIND DIRECTION  NE (50)
  HIGHEST WIND SPEED    23   HIGHEST WIND DIRECTION    NW (330)
  HIGHEST GUST SPEED    32   HIGHEST GUST DIRECTION     N (10)


SKY COVER
  POSSIBLE SUNSHINE  MM
  AVERAGE SKY COVER 0.5


WEATHER CONDITIONS
 THE FOLLOWING WEATHER WAS RECORDED YESTERDAY.
  NO SIGNIFICANT WEATHER WAS OBSERVED.


RELATIVE HUMIDITY (PERCENT)
 HIGHEST    91
 LOWEST     17
 AVERAGE    54

..........................................................


THE CENTENNIAL CO CLIMATE NORMALS FOR TODAY
                         NORMAL    RECORD    YEAR
 MAXIMUM TEMPERATURE (F)   44        MM        MM
 MINIMUM TEMPERATURE (F)   20        MM        MM


SUNRISE AND SUNSET
FEBRUARY  8 2016......SUNRISE   700 AM MST   SUNSET   527 PM MST
FEBRUARY  9 2016......SUNRISE   659 AM MST   SUNSET   528 PM MST


-  INDICATES NEGATIVE NUMBERS.
R  INDICATES RECORD WAS SET OR TIED.
MM INDICATES DATA IS MISSING.
T  INDICATES TRACE AMOUNT.




$$
