000
CDUS45 KBOU 230725
CLIAPA


CLIMATE REPORT
NATIONAL WEATHER SERVICE DENVER/BOULDER CO
125 AM MDT SUN JUL 23 2017


...................................

...THE CENTENNIAL CO CLIMATE SUMMARY FOR JULY 22 2017...

CLIMATE NORMAL PERIOD 1981 TO 2010
CLIMATE RECORD PERIOD 9999 TO 9999


WEATHER ITEM   OBSERVED RECORD YEAR NORMAL DEPARTURE LAST
                VALUE   VALUE       VALUE  FROM      YEAR
                                           NORMAL
...........................................................
TEMPERATURE (F)
 YESTERDAY
  MAXIMUM         87     MM      MM  87      0       93
  MINIMUM         61     MM      MM  60      1       64
  AVERAGE         74                 73      1       79

PRECIPITATION (IN)
  YESTERDAY        0.00  MM      MM   0.07  -0.07      T
  MONTH TO DATE    0.79               1.30  -0.51     0.57
  SINCE JUN 1      1.74               3.42  -1.68     3.23
  SINCE JAN 1      8.45              10.00  -1.55     8.87

DEGREE DAYS
 HEATING
  YESTERDAY        0
  MONTH TO DATE    0

 COOLING
  YESTERDAY        9
  MONTH TO DATE  213
...........................................................


WIND (MPH)
  RESULTANT WIND SPEED   3   RESULTANT WIND DIRECTION   W (260)
  HIGHEST WIND SPEED    16   HIGHEST WIND DIRECTION     N (360)
  HIGHEST GUST SPEED    22   HIGHEST GUST DIRECTION     N (350)


SKY COVER
  POSSIBLE SUNSHINE  MM
  AVERAGE SKY COVER 0.7


WEATHER CONDITIONS
 THE FOLLOWING WEATHER WAS RECORDED YESTERDAY.
  NO SIGNIFICANT WEATHER WAS OBSERVED.


RELATIVE HUMIDITY (PERCENT)
 HIGHEST    97
 LOWEST     25
 AVERAGE    61

..........................................................


THE CENTENNIAL CO CLIMATE NORMALS FOR TODAY
                         NORMAL    RECORD    YEAR
 MAXIMUM TEMPERATURE (F)   87        MM        MM
 MINIMUM TEMPERATURE (F)   60        MM        MM


SUNRISE AND SUNSET
JULY 23 2017..........SUNRISE   551 AM MDT   SUNSET   820 PM MDT
JULY 24 2017..........SUNRISE   552 AM MDT   SUNSET   819 PM MDT


-  INDICATES NEGATIVE NUMBERS.
R  INDICATES RECORD WAS SET OR TIED.
MM INDICATES DATA IS MISSING.
T  INDICATES TRACE AMOUNT.




$$
