000
CDUS45 KBOU 200800
CLIAPA


CLIMATE REPORT
NATIONAL WEATHER SERVICE BOULDER, CO
1258 AM MST THU NOV 20 2014


...................................

...THE CENTENNIAL CO CLIMATE SUMMARY FOR NOVEMBER 19 2014...

CLIMATE NORMAL PERIOD 1981 TO 2010
CLIMATE RECORD PERIOD 9999 TO 9999


WEATHER ITEM   OBSERVED RECORD YEAR NORMAL DEPARTURE LAST
                VALUE   VALUE       VALUE  FROM      YEAR
                                           NORMAL
...........................................................
TEMPERATURE (F)
 YESTERDAY
  MAXIMUM         50     MM      MM  50      0       59
  MINIMUM         24     MM      MM  23      1       30
  AVERAGE         37                 36      1       45

PRECIPITATION (IN)
  YESTERDAY        0.00  MM      MM   0.03  -0.03     0.00
  MONTH TO DATE    0.44               0.69  -0.25      T
  SINCE SEP 1      4.23               3.12   1.11     7.39
  SINCE JAN 1     15.53              16.45  -0.92    17.20

DEGREE DAYS
 HEATING
  YESTERDAY       28
  MONTH TO DATE  600

 COOLING
  YESTERDAY        0
  MONTH TO DATE    0
...........................................................


WIND (MPH)
  RESULTANT WIND SPEED   1   RESULTANT WIND DIRECTION  SE (150)
  HIGHEST WIND SPEED    13   HIGHEST WIND DIRECTION     N (360)
  HIGHEST GUST SPEED    14   HIGHEST GUST DIRECTION     N (10)


SKY COVER
  POSSIBLE SUNSHINE  MM
  AVERAGE SKY COVER 0.6


WEATHER CONDITIONS
 THE FOLLOWING WEATHER WAS RECORDED YESTERDAY.
  NO SIGNIFICANT WEATHER WAS OBSERVED.


RELATIVE HUMIDITY (PERCENT)
 HIGHEST    69
 LOWEST     16
 AVERAGE    43

..........................................................


THE CENTENNIAL CO CLIMATE NORMALS FOR TODAY
                         NORMAL    RECORD    YEAR
 MAXIMUM TEMPERATURE (F)   50        MM        MM
 MINIMUM TEMPERATURE (F)   23        MM        MM


SUNRISE AND SUNSET
NOVEMBER 20 2014......SUNRISE   649 AM MST   SUNSET   441 PM MST
NOVEMBER 21 2014......SUNRISE   650 AM MST   SUNSET   440 PM MST


-  INDICATES NEGATIVE NUMBERS.
R  INDICATES RECORD WAS SET OR TIED.
MM INDICATES DATA IS MISSING.
T  INDICATES TRACE AMOUNT.




$$
