000
CDUS42 KMFL 262016
CLIAPF


CLIMATE REPORT
NATIONAL WEATHER SERVICE MIAMI, FL
415 PM EDT MON JUN 26 2017


...................................

...THE NAPLES CLIMATE SUMMARY FOR JUNE 26 2017...
VALID TODAY AS OF 0400 PM LOCAL TIME.

CLIMATE NORMAL PERIOD 1981 TO 2010
CLIMATE RECORD PERIOD 1942 TO 2017


WEATHER ITEM   OBSERVED TIME   RECORD YEAR NORMAL DEPARTURE LAST
                VALUE   (LST)  VALUE       VALUE  FROM      YEAR
                                                  NORMAL
..................................................................
TEMPERATURE (F)
 TODAY
  MAXIMUM         89   1125 AM  97    2007  90     -1       91
                                      1994
                                      1988
  MINIMUM         78    616 AM  67    1971  75      3       71
  AVERAGE         84                        83      1       81

PRECIPITATION (IN)
  TODAY            0.13          2.26 1985   0.34  -0.21     0.62
  MONTH TO DATE   14.19                      7.41   6.78     4.08
  SINCE JUN 1     14.19                      7.41   6.78     4.08
  SINCE JAN 1     19.82                     19.26   0.56    16.18

SNOWFALL (IN)
  TODAY            0.0
  MONTH TO DATE    0.0
  SINCE JUN 1      0.0
  SINCE JUL 1      0.0
  SNOW DEPTH       0

DEGREE DAYS
 HEATING
  TODAY            0                         0      0        0
  MONTH TO DATE    0                         0      0        0
  SINCE JUN 1      0                         0      0        0
  SINCE JUL 1     67                       260   -193      142

 COOLING
  TODAY           19                        18      1       16
  MONTH TO DATE  466                       436     30      468
  SINCE JUN 1    466                       436     30      468
  SINCE JAN 1   1810                      1464    346     1652
..................................................................


WIND (MPH)
  HIGHEST WIND SPEED    14   HIGHEST WIND DIRECTION    SW (230)
  HIGHEST GUST SPEED    18   HIGHEST GUST DIRECTION    SW (240)
  AVERAGE WIND SPEED     4.4


SKY COVER
  AVERAGE SKY COVER 0.4


WEATHER CONDITIONS
 THE FOLLOWING WEATHER WAS RECORDED TODAY.
  THUNDERSTORM
  RAIN
  LIGHT RAIN


RELATIVE HUMIDITY (PERCENT)
 HIGHEST    91
 LOWEST     63
 AVERAGE    77

..........................................................


THE NAPLES CLIMATE NORMALS FOR TOMORROW
                         NORMAL    RECORD    YEAR
 MAXIMUM TEMPERATURE (F)   91        96      1994
 MINIMUM TEMPERATURE (F)   75        69      1981
                                             1968


SUNRISE AND SUNSET
JUNE 26 2017..........SUNRISE   637 AM EDT   SUNSET   823 PM EDT
JUNE 27 2017..........SUNRISE   637 AM EDT   SUNSET   823 PM EDT


-  INDICATES NEGATIVE NUMBERS.
R  INDICATES RECORD WAS SET OR TIED.
MM INDICATES DATA IS MISSING.
T  INDICATES TRACE AMOUNT.




$$
