000
CDUS42 KMFL 262017
CLIAPF


CLIMATE REPORT
NATIONAL WEATHER SERVICE MIAMI, FL
416 PM EDT WED APR 26 2017


...................................

...THE NAPLES CLIMATE SUMMARY FOR APRIL 26 2017...
VALID TODAY AS OF 0400 PM LOCAL TIME.

CLIMATE NORMAL PERIOD 1981 TO 2010
CLIMATE RECORD PERIOD 1942 TO 2017


WEATHER ITEM   OBSERVED TIME   RECORD YEAR NORMAL DEPARTURE LAST
                VALUE   (LST)  VALUE       VALUE  FROM      YEAR
                                                  NORMAL
..................................................................
TEMPERATURE (F)
 TODAY
  MAXIMUM         88    252 PM  92    1958  85      3       84
  MINIMUM         64    512 AM  45    1983  65     -1       67
  AVERAGE         76                        75      1       76

PRECIPITATION (IN)
  TODAY            0.00          2.34 2003   0.06  -0.06     0.19
  MONTH TO DATE    0.89                      2.12  -1.23     0.47
  SINCE NOV 1      3.30                     11.94  -8.64    14.24
  SINCE JAN 1      2.95                      8.45  -5.50     9.62

SNOWFALL (IN)
  TODAY            0.0
  MONTH TO DATE    0.0
  SINCE MAR 1      0.0
  SINCE JUL 1      0.0
  SNOW DEPTH       0

DEGREE DAYS
 HEATING
  TODAY            0                         0      0        0
  MONTH TO DATE    0                         0      0        0
  SINCE MAR 1     11                        23    -12        4
  SINCE JUL 1     67                       256   -189      142

 COOLING
  TODAY           11                        10      1       11
  MONTH TO DATE  281                       211     70      265
  SINCE MAR 1    478                       387     91      525
  SINCE JAN 1    801                       578    223      687
..................................................................


WIND (MPH)
  HIGHEST WIND SPEED    15   HIGHEST WIND DIRECTION     S (190)
  HIGHEST GUST SPEED    19   HIGHEST GUST DIRECTION    SE (140)
  AVERAGE WIND SPEED     6.4


SKY COVER
  AVERAGE SKY COVER 0.2


WEATHER CONDITIONS
 THE FOLLOWING WEATHER WAS RECORDED TODAY.
  NO SIGNIFICANT WEATHER WAS OBSERVED.


RELATIVE HUMIDITY (PERCENT)
 HIGHEST    84
 LOWEST     48
 AVERAGE    66

..........................................................


THE NAPLES CLIMATE NORMALS FOR TOMORROW
                         NORMAL    RECORD    YEAR
 MAXIMUM TEMPERATURE (F)   85        93      2011
 MINIMUM TEMPERATURE (F)   65        51      1983


SUNRISE AND SUNSET
APRIL 26 2017.........SUNRISE   654 AM EDT   SUNSET   756 PM EDT
APRIL 27 2017.........SUNRISE   653 AM EDT   SUNSET   757 PM EDT


-  INDICATES NEGATIVE NUMBERS.
R  INDICATES RECORD WAS SET OR TIED.
MM INDICATES DATA IS MISSING.
T  INDICATES TRACE AMOUNT.




$$
