000
CDUS42 KMFL 280831
CLIAPF


CLIMATE REPORT
NATIONAL WEATHER SERVICE MIAMI, FL
431 AM EDT SAT MAY 28 2016


...................................

...THE NAPLES CLIMATE SUMMARY FOR MAY 27 2016...

CLIMATE NORMAL PERIOD 1981 TO 2010
CLIMATE RECORD PERIOD 1942 TO 2016


WEATHER ITEM   OBSERVED TIME   RECORD YEAR NORMAL DEPARTURE LAST
                VALUE   (LST)  VALUE       VALUE  FROM      YEAR
                                                  NORMAL
..................................................................
TEMPERATURE (F)
 YESTERDAY
  MAXIMUM         91    140 PM  94    1945  89      2       92
  MINIMUM         69    604 AM  58    1979  71     -2       73
  AVERAGE         80                        80      0       83

PRECIPITATION (IN)
  YESTERDAY        0.02          2.42 1960   0.14  -0.12     0.00
  MONTH TO DATE    1.34                      2.55  -1.21     2.57
  SINCE NOV 1     15.58                     14.73   0.85     8.71
  SINCE JAN 1     10.96                     11.24  -0.28     7.41

SNOWFALL (IN)
  YESTERDAY        0.0
  MONTH TO DATE    0.0
  SINCE MAR 1      0.0
  SINCE JUL 1      0.0
  SNOW DEPTH       0

DEGREE DAYS
 HEATING
  YESTERDAY        0                         0      0        0
  MONTH TO DATE    0                         0      0        0
  SINCE MAR 1      4                        27    -23        1
  SINCE JUL 1    142                       260   -118      198

 COOLING
  YESTERDAY       15                        15      0       18
  MONTH TO DATE  379                       348     31      402
  SINCE MAR 1    961                       777    184     1119
  SINCE JAN 1   1123                       968    155     1295
..................................................................


WIND (MPH)
  HIGHEST WIND SPEED    15   HIGHEST WIND DIRECTION     S (160)
  HIGHEST GUST SPEED    20   HIGHEST GUST DIRECTION    NE (60)
  AVERAGE WIND SPEED     7.4


SKY COVER
  AVERAGE SKY COVER 0.3


WEATHER CONDITIONS
 THE FOLLOWING WEATHER WAS RECORDED YESTERDAY.
  LIGHT RAIN
  FOG


RELATIVE HUMIDITY (PERCENT)
 HIGHEST   100
 LOWEST     38
 AVERAGE    69

..........................................................


THE NAPLES CLIMATE NORMALS FOR TODAY
                         NORMAL    RECORD    YEAR
 MAXIMUM TEMPERATURE (F)   89        94      1986
                                             1975
                                             1953
 MINIMUM TEMPERATURE (F)   71        62      1962
                                             1945


SUNRISE AND SUNSET
MAY 28 2016...........SUNRISE   636 AM EDT   SUNSET   813 PM EDT
MAY 29 2016...........SUNRISE   635 AM EDT   SUNSET   814 PM EDT


-  INDICATES NEGATIVE NUMBERS.
R  INDICATES RECORD WAS SET OR TIED.
MM INDICATES DATA IS MISSING.
T  INDICATES TRACE AMOUNT.




$$
