000
CDUS42 KMFL 200832
CLIAPF


CLIMATE REPORT
NATIONAL WEATHER SERVICE MIAMI, FL
431 AM EDT FRI OCT 20 2017


...................................

...THE NAPLES CLIMATE SUMMARY FOR OCTOBER 19 2017...

CLIMATE NORMAL PERIOD 1981 TO 2010
CLIMATE RECORD PERIOD 1942 TO 2017


WEATHER ITEM   OBSERVED TIME   RECORD YEAR NORMAL DEPARTURE LAST
                VALUE   (LST)  VALUE       VALUE  FROM      YEAR
                                                  NORMAL
..................................................................
TEMPERATURE (F)
 YESTERDAY
  MAXIMUM         88    319 PM  92    1985  87      1       89
  MINIMUM         73    708 AM  52    1977  69      4       69
  AVERAGE         81                        78      3       79

PRECIPITATION (IN)
  YESTERDAY        0.00          2.46 1944   0.10  -0.10     0.00
  MONTH TO DATE    1.47                      3.11  -1.64     4.60
  SINCE JUN 1     60.92                     35.47  25.45    32.10
  SINCE JAN 1     66.55                     47.32  19.23    44.20

SNOWFALL (IN)
  YESTERDAY        0.0
  MONTH TO DATE    0.0
  SINCE SEP 1      0.0
  SINCE JUL 1      0.0
  SNOW DEPTH       0

DEGREE DAYS
 HEATING
  YESTERDAY        0                         0      0        0
  MONTH TO DATE    0                         0      0        0
  SINCE SEP 1      0                         0      0        0
  SINCE JUL 1      0                         0      0        0

 COOLING
  YESTERDAY       16                        13      3       14
  MONTH TO DATE  326                       277     49      317
  SINCE SEP 1    786                       797    -11      868
  SINCE JAN 1   3826                      3454    372     3784
..................................................................


WIND (MPH)
  HIGHEST WIND SPEED    20   HIGHEST WIND DIRECTION    NE (60)
  HIGHEST GUST SPEED    24   HIGHEST GUST DIRECTION     E (70)
  AVERAGE WIND SPEED    10.0


SKY COVER
  AVERAGE SKY COVER 0.4


WEATHER CONDITIONS
 THE FOLLOWING WEATHER WAS RECORDED YESTERDAY.
  NO SIGNIFICANT WEATHER WAS OBSERVED.


RELATIVE HUMIDITY (PERCENT)
 HIGHEST    93
 LOWEST     65
 AVERAGE    79

..........................................................


THE NAPLES CLIMATE NORMALS FOR TODAY
                         NORMAL    RECORD    YEAR
 MAXIMUM TEMPERATURE (F)   86        92      1969
 MINIMUM TEMPERATURE (F)   69        54      1955


SUNRISE AND SUNSET
OCTOBER 20 2017.......SUNRISE   729 AM EDT   SUNSET   654 PM EDT
OCTOBER 21 2017.......SUNRISE   729 AM EDT   SUNSET   653 PM EDT


-  INDICATES NEGATIVE NUMBERS.
R  INDICATES RECORD WAS SET OR TIED.
MM INDICATES DATA IS MISSING.
T  INDICATES TRACE AMOUNT.




$$
