000
CDUS42 KMFL 252126
CLIAPF


CLIMATE REPORT
NATIONAL WEATHER SERVICE MIAMI, FL
425 PM EST THU DEC 25 2014


...................................

...THE NAPLES CLIMATE SUMMARY FOR DECEMBER 25 2014...
VALID TODAY AS OF 0400 PM LOCAL TIME.

CLIMATE NORMAL PERIOD 1981 TO 2010
CLIMATE RECORD PERIOD 1942 TO 2014


WEATHER ITEM   OBSERVED TIME   RECORD YEAR NORMAL DEPARTURE LAST
                VALUE   (LST)  VALUE       VALUE  FROM      YEAR
                                                  NORMAL
..................................................................
TEMPERATURE (F)
 TODAY
  MAXIMUM         74    159 PM  87    1987  76     -2       82
  MINIMUM         66    737 AM  28    1989  56     10       58
  AVERAGE         70                        66      4       70

PRECIPITATION (IN)
  TODAY            0.00          0.61 2002   0.04  -0.04     0.00
  MONTH TO DATE    0.25                      1.21  -0.96     0.09
  SINCE NOV 1      1.30                      3.25  -1.95     0.87
  SINCE JAN 1     50.66                     51.65  -0.99    49.09

SNOWFALL (IN)
  TODAY            0.0
  MONTH TO DATE    0.0
  SINCE DEC 1      0.0
  SINCE JUL 1      0.0
  SNOW DEPTH       0

DEGREE DAYS
 HEATING
  TODAY            0                         2     -2
  MONTH TO DATE   51                        45      6
  SINCE DEC 1     51                        45      6
  SINCE JUL 1     80                        59     21

 COOLING
  TODAY            5                         3      2
  MONTH TO DATE  104                       104      0
  SINCE DEC 1    104                       104      0
  SINCE JAN 1   4052                      3923    129
..................................................................


WIND (MPH)
  HIGHEST WIND SPEED    14   HIGHEST WIND DIRECTION    NE (50)
  HIGHEST GUST SPEED    18   HIGHEST GUST DIRECTION    NW (330)
  AVERAGE WIND SPEED     6.8


SKY COVER
  AVERAGE SKY COVER 0.5


WEATHER CONDITIONS
 THE FOLLOWING WEATHER WAS RECORDED TODAY.
  NO SIGNIFICANT WEATHER WAS OBSERVED.


RELATIVE HUMIDITY (PERCENT)
 HIGHEST    93
 LOWEST     53
 AVERAGE    73

..........................................................


THE NAPLES CLIMATE NORMALS FOR TOMORROW
                         NORMAL    RECORD    YEAR
 MAXIMUM TEMPERATURE (F)   76        87      1984
                                             1951
 MINIMUM TEMPERATURE (F)   55        27      1983


SUNRISE AND SUNSET
DECEMBER 25 2014......SUNRISE   712 AM EST   SUNSET   542 PM EST
DECEMBER 26 2014......SUNRISE   712 AM EST   SUNSET   543 PM EST


-  INDICATES NEGATIVE NUMBERS.
R  INDICATES RECORD WAS SET OR TIED.
MM INDICATES DATA IS MISSING.
T  INDICATES TRACE AMOUNT.




$$
