000
CDUS42 KMFL 250940
CLIAPF


CLIMATE REPORT
NATIONAL WEATHER SERVICE MIAMI, FL
440 AM EST SUN JAN 25 2015


...................................

...THE NAPLES CLIMATE SUMMARY FOR JANUARY 24 2015...

CLIMATE NORMAL PERIOD 1981 TO 2010
CLIMATE RECORD PERIOD 1942 TO 2015


WEATHER ITEM   OBSERVED TIME   RECORD YEAR NORMAL DEPARTURE LAST
                VALUE   (LST)  VALUE       VALUE  FROM      YEAR
                                                  NORMAL
..................................................................
TEMPERATURE (F)
 YESTERDAY
  MAXIMUM         74    459 AM  87    1975  75     -1       69
  MINIMUM         58   1159 PM  33    2003  54      4       49
  AVERAGE         66                        64      2       59

PRECIPITATION (IN)
  YESTERDAY        T             1.64 1958   0.07  -0.07     0.00
  MONTH TO DATE    0.10                      1.34  -1.24     0.54
  SINCE NOV 1      1.40                      4.83  -3.43     1.64
  SINCE JAN 1      0.10                      1.34  -1.24     0.54

SNOWFALL (IN)
  YESTERDAY        0.0
  MONTH TO DATE    0.0
  SINCE DEC 1      0.0
  SINCE JUL 1      0.0
  SNOW DEPTH       0

DEGREE DAYS
 HEATING
  YESTERDAY        0                         3     -3
  MONTH TO DATE   13                        85    -72
  SINCE DEC 1     64                       149    -85
  SINCE JUL 1     93                       163    -70

 COOLING
  YESTERDAY        1                         3     -2
  MONTH TO DATE  117                        72     45
  SINCE DEC 1    267                       192     75
  SINCE JAN 1    117                        72     45
..................................................................


WIND (MPH)
  HIGHEST WIND SPEED    24   HIGHEST WIND DIRECTION    NW (300)
  HIGHEST GUST SPEED    33   HIGHEST GUST DIRECTION    NW (300)
  AVERAGE WIND SPEED    13.3


SKY COVER
  AVERAGE SKY COVER 0.6


WEATHER CONDITIONS
 THE FOLLOWING WEATHER WAS RECORDED YESTERDAY.
  LIGHT RAIN
  FOG
  HAZE


RELATIVE HUMIDITY (PERCENT)
 HIGHEST    93
 LOWEST     57
 AVERAGE    75

..........................................................


THE NAPLES CLIMATE NORMALS FOR TODAY
                         NORMAL    RECORD    YEAR
 MAXIMUM TEMPERATURE (F)   75        88      1974
 MINIMUM TEMPERATURE (F)   54        37      2000


SUNRISE AND SUNSET
JANUARY 25 2015.......SUNRISE   714 AM EST   SUNSET   605 PM EST
JANUARY 26 2015.......SUNRISE   714 AM EST   SUNSET   606 PM EST


-  INDICATES NEGATIVE NUMBERS.
R  INDICATES RECORD WAS SET OR TIED.
MM INDICATES DATA IS MISSING.
T  INDICATES TRACE AMOUNT.




$$
