000
CDUS42 KMFL 302019
CLIAPF


CLIMATE REPORT
NATIONAL WEATHER SERVICE MIAMI, FL
419 PM EDT MON MAR 30 2015


...................................

...THE NAPLES CLIMATE SUMMARY FOR MARCH 30 2015...
VALID TODAY AS OF 0400 PM LOCAL TIME.

CLIMATE NORMAL PERIOD 1981 TO 2010
CLIMATE RECORD PERIOD 1942 TO 2015


WEATHER ITEM   OBSERVED TIME   RECORD YEAR NORMAL DEPARTURE LAST
                VALUE   (LST)  VALUE       VALUE  FROM      YEAR
                                                  NORMAL
..................................................................
TEMPERATURE (F)
 TODAY
  MAXIMUM         76    233 PM  89    2002  81     -5       74
  MINIMUM         52    648 AM  42    1955  61     -9       59
  AVERAGE         64                        71     -7       67

PRECIPITATION (IN)
  TODAY            0.00          1.48 1958   0.10  -0.10     0.00
  MONTH TO DATE    1.45                      2.28  -0.83     1.90
  SINCE NOV 1      4.39                      9.72  -5.33     6.16
  SINCE JAN 1      3.09                      6.23  -3.14     5.06

SNOWFALL (IN)
  TODAY            0.0
  MONTH TO DATE    0.0
  SINCE MAR 1      0.0
  SINCE JUL 1      0.0
  SNOW DEPTH       0

DEGREE DAYS
 HEATING
  TODAY            1                         0      1        0
  MONTH TO DATE    1                        19    -18        7
  SINCE MAR 1      1                        19    -18        7
  SINCE JUL 1    198                       252    -54      149

 COOLING
  TODAY            0                         7     -7        2
  MONTH TO DATE  299                       166    133      155
  SINCE MAR 1    299                       166    133      155
  SINCE JAN 1    475                       357    118      428
..................................................................


WIND (MPH)
  HIGHEST WIND SPEED    18   HIGHEST WIND DIRECTION     W (290)
  HIGHEST GUST SPEED    22   HIGHEST GUST DIRECTION     W (290)
  AVERAGE WIND SPEED     8.2


SKY COVER
  AVERAGE SKY COVER 0.0


WEATHER CONDITIONS
 THE FOLLOWING WEATHER WAS RECORDED TODAY.
  NO SIGNIFICANT WEATHER WAS OBSERVED.


RELATIVE HUMIDITY (PERCENT)
 HIGHEST    89
 LOWEST     35
 AVERAGE    62

..........................................................


THE NAPLES CLIMATE NORMALS FOR TOMORROW
                         NORMAL    RECORD    YEAR
 MAXIMUM TEMPERATURE (F)   81        91      2008
 MINIMUM TEMPERATURE (F)   61        39      1971


SUNRISE AND SUNSET
MARCH 30 2015.........SUNRISE   721 AM EDT   SUNSET   743 PM EDT
MARCH 31 2015.........SUNRISE   719 AM EDT   SUNSET   743 PM EDT


-  INDICATES NEGATIVE NUMBERS.
R  INDICATES RECORD WAS SET OR TIED.
MM INDICATES DATA IS MISSING.
T  INDICATES TRACE AMOUNT.




$$
