000
CDUS42 KMFL 252018
CLIAPF


CLIMATE REPORT
NATIONAL WEATHER SERVICE MIAMI, FL
418 PM EDT SAT OCT 25 2014


...................................

...THE NAPLES CLIMATE SUMMARY FOR OCTOBER 25 2014...
VALID TODAY AS OF 0400 PM LOCAL TIME.

CLIMATE NORMAL PERIOD 1981 TO 2010
CLIMATE RECORD PERIOD 1942 TO 2014


WEATHER ITEM   OBSERVED TIME   RECORD YEAR NORMAL DEPARTURE LAST
                VALUE   (LST)  VALUE       VALUE  FROM      YEAR
                                                  NORMAL
..................................................................
TEMPERATURE (F)
 TODAY
  MAXIMUM         83    251 PM  90    2010  86     -3       84
  MINIMUM         66    659 AM  51    1982  68     -2       65
  AVERAGE         75                        77     -2       75

PRECIPITATION (IN)
  TODAY            0.00          2.03 1968   0.10  -0.10     0.00
  MONTH TO DATE    1.43                      3.70  -2.27     1.24
  SINCE JUN 1     40.53                     36.06   4.47    37.88
  SINCE JAN 1     49.36                     47.91   1.45    48.22

SNOWFALL (IN)
  TODAY            0.0
  MONTH TO DATE    0.0
  SINCE SEP 1      0.0
  SINCE JUL 1      0.0
  SNOW DEPTH       0

DEGREE DAYS
 HEATING
  TODAY            0                         0      0
  MONTH TO DATE    0                         0      0
  SINCE SEP 1      0                         0      0
  SINCE JUL 1      0                         0      0

 COOLING
  TODAY           10                        12     -2
  MONTH TO DATE  357                       351      6
  SINCE SEP 1    876                       871      5
  SINCE JAN 1   3746                      3528    218
..................................................................


WIND (MPH)
  HIGHEST WIND SPEED    16   HIGHEST WIND DIRECTION     N (10)
  HIGHEST GUST SPEED    22   HIGHEST GUST DIRECTION     N (10)
  AVERAGE WIND SPEED     8.6


SKY COVER
  AVERAGE SKY COVER 0.0


WEATHER CONDITIONS
 THE FOLLOWING WEATHER WAS RECORDED TODAY.
  NO SIGNIFICANT WEATHER WAS OBSERVED.


RELATIVE HUMIDITY (PERCENT)
 HIGHEST    73
 LOWEST     40
 AVERAGE    57

..........................................................


THE NAPLES CLIMATE NORMALS FOR TOMORROW
                         NORMAL    RECORD    YEAR
 MAXIMUM TEMPERATURE (F)   85        91      2009
                                             1996
                                             1981
 MINIMUM TEMPERATURE (F)   68        51      1982


SUNRISE AND SUNSET
OCTOBER 25 2014.......SUNRISE   732 AM EDT   SUNSET   650 PM EDT
OCTOBER 26 2014.......SUNRISE   732 AM EDT   SUNSET   649 PM EDT


-  INDICATES NEGATIVE NUMBERS.
R  INDICATES RECORD WAS SET OR TIED.
MM INDICATES DATA IS MISSING.
T  INDICATES TRACE AMOUNT.

$$
