000
CDUS42 KMFL 230926
CLIAPF


CLIMATE REPORT
NATIONAL WEATHER SERVICE MIAMI, FL
426 AM EST FRI FEB 23 2018


...................................

...THE NAPLES CLIMATE SUMMARY FOR FEBRUARY 22 2018...

CLIMATE NORMAL PERIOD 1981 TO 2010
CLIMATE RECORD PERIOD 1942 TO 2018


WEATHER ITEM   OBSERVED TIME   RECORD YEAR NORMAL DEPARTURE LAST
                VALUE   (LST)  VALUE       VALUE  FROM      YEAR
                                                  NORMAL
..................................................................
TEMPERATURE (F)
 YESTERDAY
  MAXIMUM         87R   307 PM  86    1979  78      9       76
                                      1961
  MINIMUM         68    727 AM  34    1977  58     10       65
  AVERAGE         78                        68     10       71

PRECIPITATION (IN)
  YESTERDAY        T             2.23 1967   0.07  -0.07     1.03
  MONTH TO DATE    0.08                      1.65  -1.57     1.13
  SINCE NOV 1      1.76                      6.99  -5.23     2.27
  SINCE JAN 1      0.61                      3.50  -2.89     1.92

SNOWFALL (IN)
  YESTERDAY        0.0
  MONTH TO DATE    0.0
  SINCE DEC 1      0.0
  SINCE JUL 1      0.0
  SNOW DEPTH       0

DEGREE DAYS
 HEATING
  YESTERDAY        0                         1     -1        0
  MONTH TO DATE    0                        43    -43        3
  SINCE DEC 1    174                       209    -35       52
  SINCE JUL 1    178                       223    -45       56

 COOLING
  YESTERDAY       13                         4      9        6
  MONTH TO DATE  211                        78    133      115
  SINCE DEC 1    450                       284    166      536
  SINCE JAN 1    291                       164    127      269
..................................................................


WIND (MPH)
  HIGHEST WIND SPEED    17   HIGHEST WIND DIRECTION     E (80)
  HIGHEST GUST SPEED    22   HIGHEST GUST DIRECTION     E (110)
  AVERAGE WIND SPEED     8.5


SKY COVER
  AVERAGE SKY COVER 0.4


WEATHER CONDITIONS
 THE FOLLOWING WEATHER WAS RECORDED YESTERDAY.
  HAZE


RELATIVE HUMIDITY (PERCENT)
 HIGHEST    97
 LOWEST     55
 AVERAGE    76

..........................................................


THE NAPLES CLIMATE NORMALS FOR TODAY
                         NORMAL    RECORD    YEAR
 MAXIMUM TEMPERATURE (F)   78        87      1962
 MINIMUM TEMPERATURE (F)   58        34      1978


SUNRISE AND SUNSET
FEBRUARY 23 2018......SUNRISE   656 AM EST   SUNSET   625 PM EST
FEBRUARY 24 2018......SUNRISE   655 AM EST   SUNSET   626 PM EST


-  INDICATES NEGATIVE NUMBERS.
R  INDICATES RECORD WAS SET OR TIED.
MM INDICATES DATA IS MISSING.
T  INDICATES TRACE AMOUNT.




$$
