000
CDUS43 KAPX 222230
CLIAPN


CLIMATE REPORT
NATIONAL WEATHER SERVICE GAYLORD MI
530 PM EST MON DEC 22 2014


...................................

...THE ALPENA MI CLIMATE SUMMARY FOR DECEMBER 22 2014...
VALID TODAY AS OF 0500 PM LOCAL TIME.

CLIMATE NORMAL PERIOD 1981 TO 2010
CLIMATE RECORD PERIOD 1916 TO 2014


WEATHER ITEM   OBSERVED TIME   RECORD YEAR NORMAL DEPARTURE LAST
                VALUE   (LST)  VALUE       VALUE  FROM      YEAR
                                                  NORMAL
..................................................................
TEMPERATURE (F)
 TODAY
  MAXIMUM         35    151 PM  59    1918  30      5       25
  MINIMUM         28    752 AM -13    1935  16     12       14
  AVERAGE         32                        23      9       20

PRECIPITATION (IN)
  TODAY            0.00          0.70 2006   0.05  -0.05     0.36
  MONTH TO DATE    0.76                      1.27  -0.51     2.02
  SINCE DEC 1      0.76                      1.27  -0.51     2.02
  SINCE JAN 1     33.87                     27.68   6.19    31.49

SNOWFALL (IN)
  TODAY            0.0           6.9  1970   0.6             5.4
  MONTH TO DATE    0.5                      13.2            22.4
  SINCE OCT 1     16.1                      21.3            25.0
  SINCE JUL 1     16.1                      21.3            25.0

DEGREE DAYS
 HEATING
  TODAY           33                        42     -9       45
  MONTH TO DATE  814                       851    -37      997
  SINCE DEC 1    814                       851    -37      997
  SINCE JUL 1   2747                      2674     73     2865
..................................................................


WIND (MPH)
  RESULTANT WIND SPEED  10   RESULTANT WIND DIRECTION  SE (150)
  HIGHEST WIND SPEED    15   HIGHEST WIND DIRECTION    SE (150)
  HIGHEST GUST SPEED    20   HIGHEST GUST DIRECTION    SE (140)
  AVERAGE WIND SPEED    10.0


SKY COVER
  POSSIBLE SUNSHINE  MM
  AVERAGE SKY COVER 0.8


WEATHER CONDITIONS
 THE FOLLOWING WEATHER WAS RECORDED TODAY.
  NO SIGNIFICANT WEATHER WAS OBSERVED.


RELATIVE HUMIDITY (PERCENT)
 HIGHEST    85
 LOWEST     75
 AVERAGE    80

..........................................................


THE ALPENA MI CLIMATE NORMALS FOR TOMORROW
                         NORMAL    RECORD    YEAR
 MAXIMUM TEMPERATURE (F)   30        56      1957
 MINIMUM TEMPERATURE (F)   16       -17      1989


SUNRISE AND SUNSET
DECEMBER 22 2014......SUNRISE   810 AM EST   SUNSET   456 PM EST
DECEMBER 23 2014......SUNRISE   811 AM EST   SUNSET   456 PM EST


-  INDICATES NEGATIVE NUMBERS.
R  INDICATES RECORD WAS SET OR TIED.
MM INDICATES DATA IS MISSING.
T  INDICATES TRACE AMOUNT.




$$
