000
CDUS43 KAPX 210531
CLIAPN


CLIMATE REPORT
NATIONAL WEATHER SERVICE GAYLORD MI
1230 AM EST TUE FEB 21 2017


...................................

...THE ALPENA MI CLIMATE SUMMARY FOR FEBRUARY 20 2017...

CLIMATE NORMAL PERIOD 1981 TO 2010
CLIMATE RECORD PERIOD 1916 TO 2017


WEATHER ITEM   OBSERVED TIME   RECORD YEAR NORMAL DEPARTURE LAST
                VALUE   (LST)  VALUE       VALUE  FROM      YEAR
                                                  NORMAL
..................................................................
TEMPERATURE (F)
 YESTERDAY
  MAXIMUM         39    313 PM  54    1930  30      9       45
  MINIMUM         26    229 AM -31    1929  12     14       38
  AVERAGE         33                        21     12       42

PRECIPITATION (IN)
  YESTERDAY        0.00          1.21 2002   0.05  -0.05      T
  MONTH TO DATE    0.86                      0.89  -0.03     1.68
  SINCE DEC 1      5.54                      4.30   1.24     7.37
  SINCE JAN 1      3.50                      2.55   0.95     3.58

SNOWFALL (IN)
  YESTERDAY        0.0           4.9  1924   0.6   -0.6      0.0
  MONTH TO DATE    6.1                      12.7   -6.6     13.0
  SINCE OCT 1     49.8                      61.3  -11.5     37.6
  SINCE JUL 1     49.8                      61.3  -11.5     37.6
  SNOW DEPTH       T

DEGREE DAYS
 HEATING
  YESTERDAY       32                        44    -12       23
  MONTH TO DATE  796                       906   -110      876
  SINCE DEC 1   3187                      3565   -378     3064
  SINCE JUL 1   4396                      5388   -992     4437
..................................................................


WIND (MPH)
  HIGHEST WIND SPEED    20   HIGHEST WIND DIRECTION    SE (130)
  HIGHEST GUST SPEED    26   HIGHEST GUST DIRECTION    SE (130)
  AVERAGE WIND SPEED     9.8




RELATIVE HUMIDITY (PERCENT)
 HIGHEST   100
 LOWEST     64
 AVERAGE    82

..........................................................


THE ALPENA MI CLIMATE NORMALS FOR TODAY
                         NORMAL    RECORD    YEAR
 MAXIMUM TEMPERATURE (F)   31        50      2003
                                             1975
 MINIMUM TEMPERATURE (F)   12       -18      1936


SUNRISE AND SUNSET
FEBRUARY 21 2017......SUNRISE   725 AM EST   SUNSET   611 PM EST
FEBRUARY 22 2017......SUNRISE   724 AM EST   SUNSET   612 PM EST


-  INDICATES NEGATIVE NUMBERS.
R  INDICATES RECORD WAS SET OR TIED.
MM INDICATES DATA IS MISSING.
T  INDICATES TRACE AMOUNT.




$$
