000
CDUS43 KAPX 240536
CLIAPN


CLIMATE REPORT
NATIONAL WEATHER SERVICE GAYLORD MI
136 AM EDT SUN JUL 24 2016


...................................

...THE ALPENA MI CLIMATE SUMMARY FOR JULY 23 2016...

CLIMATE NORMAL PERIOD 1981 TO 2010
CLIMATE RECORD PERIOD 1916 TO 2016


WEATHER ITEM   OBSERVED TIME   RECORD YEAR NORMAL DEPARTURE LAST
                VALUE   (LST)  VALUE       VALUE  FROM      YEAR
                                                  NORMAL
..................................................................
TEMPERATURE (F)
 YESTERDAY
  MAXIMUM         92    336 PM  95    2012  80     12       81
                                      2001
  MINIMUM         59    521 AM  41    1923  56      3       47
  AVERAGE         76                        68      8       64

PRECIPITATION (IN)
  YESTERDAY        0.00          1.47 2009   0.09  -0.09     0.00
  MONTH TO DATE    1.99                      2.28  -0.29     1.62
  SINCE JUN 1      3.43                      4.90  -1.47     3.78
  SINCE JAN 1     18.16                     14.80   3.36    12.33

DEGREE DAYS
 HEATING
  YESTERDAY        0                         1     -1        1
  MONTH TO DATE   17                        33    -16       35
  SINCE JUN 1    125                       176    -51      178
  SINCE JUL 1     17                        33    -16       35

 COOLING
  YESTERDAY       11                         4      7        0
  MONTH TO DATE  136                        89     47       70
  SINCE JUN 1    201                       145     56       81
  SINCE JAN 1    233                       158     75      105
..................................................................


WIND (MPH)
  HIGHEST WIND SPEED    16   HIGHEST WIND DIRECTION     N (10)
  HIGHEST GUST SPEED    21   HIGHEST GUST DIRECTION     N (10)
  AVERAGE WIND SPEED     4.5




RELATIVE HUMIDITY (PERCENT)
 HIGHEST    93
 LOWEST     28
 AVERAGE    61

..........................................................


THE ALPENA MI CLIMATE NORMALS FOR TODAY
                         NORMAL    RECORD    YEAR
 MAXIMUM TEMPERATURE (F)   80        96      1941
 MINIMUM TEMPERATURE (F)   56        40      1932
                                             1925


SUNRISE AND SUNSET
JULY 24 2016..........SUNRISE   611 AM EDT   SUNSET   910 PM EDT
JULY 25 2016..........SUNRISE   612 AM EDT   SUNSET   909 PM EDT


-  INDICATES NEGATIVE NUMBERS.
R  INDICATES RECORD WAS SET OR TIED.
MM INDICATES DATA IS MISSING.
T  INDICATES TRACE AMOUNT.




$$
