000
CDUS43 KAPX 280540
CLIAPN


CLIMATE REPORT
NATIONAL WEATHER SERVICE GAYLORD MI
138 AM EDT FRI APR 28 2017


...................................

...THE ALPENA MI CLIMATE SUMMARY FOR APRIL 27 2017...

CLIMATE NORMAL PERIOD 1981 TO 2010
CLIMATE RECORD PERIOD 1916 TO 2017


WEATHER ITEM   OBSERVED TIME   RECORD YEAR NORMAL DEPARTURE LAST
                VALUE   (LST)  VALUE       VALUE  FROM      YEAR
                                                  NORMAL
..................................................................
TEMPERATURE (F)
 YESTERDAY
  MAXIMUM         77   1204 PM  88    1990  58     19       52
  MINIMUM         44   1159 PM  19    1958  35      9       30
  AVERAGE         61                        46     15       41

PRECIPITATION (IN)
  YESTERDAY        T             1.35 2011   0.07  -0.07     0.00
  MONTH TO DATE    4.00                      2.15   1.85     3.42
  SINCE MAR 1      6.83                      4.01   2.82     8.94
  SINCE JAN 1     12.32                      6.99   5.33    13.42

SNOWFALL (IN)
  YESTERDAY        0.0           2.8  1988   0.0    0.0      0.0
  MONTH TO DATE    T                         5.6   -5.6     21.8
  SINCE OCT 1     66.4                      83.9  -17.5     88.8
  SINCE JUL 1     66.4                      83.9  -17.5     88.8
  SNOW DEPTH       0

DEGREE DAYS
 HEATING
  YESTERDAY        4                        19    -15       24
  MONTH TO DATE  526                       648   -122      777
  SINCE MAR 1   1657                      1772   -115     1755
  SINCE JUL 1   6288                      7504  -1216     6537

 COOLING
  YESTERDAY        0                         0      0        0
  MONTH TO DATE    0                         0      0        0
  SINCE MAR 1      0                         0      0        0
  SINCE JAN 1      0                         0      0        0
..................................................................


WIND (MPH)
  HIGHEST WIND SPEED    35   HIGHEST WIND DIRECTION     S (170)
  HIGHEST GUST SPEED    42   HIGHEST GUST DIRECTION     S (180)
  AVERAGE WIND SPEED    14.0




RELATIVE HUMIDITY (PERCENT)
 HIGHEST   100
 LOWEST     40
 AVERAGE    70

..........................................................


THE ALPENA MI CLIMATE NORMALS FOR TODAY
                         NORMAL    RECORD    YEAR
 MAXIMUM TEMPERATURE (F)   58        85      1974
 MINIMUM TEMPERATURE (F)   35        20      1996


SUNRISE AND SUNSET
APRIL 28 2017.........SUNRISE   628 AM EDT   SUNSET   837 PM EDT
APRIL 29 2017.........SUNRISE   626 AM EDT   SUNSET   838 PM EDT


-  INDICATES NEGATIVE NUMBERS.
R  INDICATES RECORD WAS SET OR TIED.
MM INDICATES DATA IS MISSING.
T  INDICATES TRACE AMOUNT.




$$
