000
CDUS43 KAPX 280530
CLIAPN


CLIMATE REPORT
NATIONAL WEATHER SERVICE GAYLORD MI
128 AM EDT TUE JUL 28 2015


...................................

...THE ALPENA MI CLIMATE SUMMARY FOR JULY 27 2015...

CLIMATE NORMAL PERIOD 1981 TO 2010
CLIMATE RECORD PERIOD 1916 TO 2015


WEATHER ITEM   OBSERVED TIME   RECORD YEAR NORMAL DEPARTURE LAST
                VALUE   (LST)  VALUE       VALUE  FROM      YEAR
                                                  NORMAL
..................................................................
TEMPERATURE (F)
 YESTERDAY
  MAXIMUM         91    129 PM  96    1955  79     12       73
                                      1929
  MINIMUM         58    323 AM  39    1926  56      2       59
  AVERAGE         75                        68      7       66

PRECIPITATION (IN)
  YESTERDAY        0.00          1.61 2013   0.10  -0.10     0.33
  MONTH TO DATE    1.62                      2.65  -1.03     3.66
  SINCE JUN 1      3.78                      5.27  -1.49     4.84
  SINCE JAN 1     12.33                     15.17  -2.84    16.34

DEGREE DAYS
 HEATING
  YESTERDAY        0                         1     -1        0
  MONTH TO DATE   35                        37     -2       58
  SINCE JUN 1    178                       180     -2      170
  SINCE JUL 1     35                        37     -2       58

 COOLING
  YESTERDAY       10                         4      6        1
  MONTH TO DATE  104                       105     -1       50
  SINCE JUN 1    115                       161    -46      105
  SINCE JAN 1    139                       174    -35      110
..................................................................


WIND (MPH)
  HIGHEST WIND SPEED    12   HIGHEST WIND DIRECTION    SE (130)
  HIGHEST GUST SPEED    16   HIGHEST GUST DIRECTION     N (350)
  AVERAGE WIND SPEED     3.5




RELATIVE HUMIDITY (PERCENT)
 HIGHEST    93
 LOWEST     41
 AVERAGE    67

..........................................................


THE ALPENA MI CLIMATE NORMALS FOR TODAY
                         NORMAL    RECORD    YEAR
 MAXIMUM TEMPERATURE (F)   79        97      1931
 MINIMUM TEMPERATURE (F)   56        44      1978
                                             1925


SUNRISE AND SUNSET
JULY 28 2015..........SUNRISE   615 AM EDT   SUNSET   906 PM EDT
JULY 29 2015..........SUNRISE   616 AM EDT   SUNSET   905 PM EDT


-  INDICATES NEGATIVE NUMBERS.
R  INDICATES RECORD WAS SET OR TIED.
MM INDICATES DATA IS MISSING.
T  INDICATES TRACE AMOUNT.




$$
