000
CDUS43 KAPX 050533
CLIAPN


CLIMATE REPORT
NATIONAL WEATHER SERVICE GAYLORD MI
1231 AM EST MON DEC 5 2016


...................................

...THE ALPENA MI CLIMATE SUMMARY FOR DECEMBER 4 2016...

CLIMATE NORMAL PERIOD 1981 TO 2010
CLIMATE RECORD PERIOD 1916 TO 2016


WEATHER ITEM   OBSERVED TIME   RECORD YEAR NORMAL DEPARTURE LAST
                VALUE   (LST)  VALUE       VALUE  FROM      YEAR
                                                  NORMAL
..................................................................
TEMPERATURE (F)
 YESTERDAY
  MAXIMUM         40    249 PM  61    1961  35      5       48
  MINIMUM         32   1159 PM   0    1935  23      9       26
  AVERAGE         36                        29      7       37

PRECIPITATION (IN)
  YESTERDAY        0.29          0.61 1973   0.07   0.22     0.00
  MONTH TO DATE    0.36                      0.26   0.10     0.08
  SINCE DEC 1      0.36                      0.26   0.10     0.08
  SINCE JAN 1     28.20                     26.67   1.53    20.37

SNOWFALL (IN)
  YESTERDAY        4.0 R         4.0  1970   0.6    3.4      0.0
  MONTH TO DATE    4.0                       2.2    1.8      0.0
  SINCE OCT 1      5.8                      10.3   -4.5      1.7
  SINCE JUL 1      5.8                      10.3   -4.5      1.7
  SNOW DEPTH       0

DEGREE DAYS
 HEATING
  YESTERDAY       29                        36     -7       28
  MONTH TO DATE  109                       142    -33      114
  SINCE DEC 1    109                       142    -33      114
  SINCE JUL 1   1318                      1965   -647     1487
..................................................................


WIND (MPH)
  HIGHEST WIND SPEED    16   HIGHEST WIND DIRECTION     S (170)
  HIGHEST GUST SPEED    20   HIGHEST GUST DIRECTION     S (170)
  AVERAGE WIND SPEED     3.8




RELATIVE HUMIDITY (PERCENT)
 HIGHEST    96
 LOWEST     59
 AVERAGE    78

..........................................................


THE ALPENA MI CLIMATE NORMALS FOR TODAY
                         NORMAL    RECORD    YEAR
 MAXIMUM TEMPERATURE (F)   35        65      2001
 MINIMUM TEMPERATURE (F)   22        -3      1991


SUNRISE AND SUNSET
DECEMBER  5 2016......SUNRISE   757 AM EST   SUNSET   453 PM EST
DECEMBER  6 2016......SUNRISE   758 AM EST   SUNSET   453 PM EST


-  INDICATES NEGATIVE NUMBERS.
R  INDICATES RECORD WAS SET OR TIED.
MM INDICATES DATA IS MISSING.
T  INDICATES TRACE AMOUNT.




$$
