000
CDUS43 KAPX 280538
CLIAPN


CLIMATE REPORT
NATIONAL WEATHER SERVICE GAYLORD MI
1238 AM EST WED JAN 28 2015


...................................

...THE ALPENA MI CLIMATE SUMMARY FOR JANUARY 27 2015...

CLIMATE NORMAL PERIOD 1981 TO 2010
CLIMATE RECORD PERIOD 1916 TO 2015


WEATHER ITEM   OBSERVED TIME   RECORD YEAR NORMAL DEPARTURE LAST
                VALUE   (LST)  VALUE       VALUE  FROM      YEAR
                                                  NORMAL
..................................................................
TEMPERATURE (F)
 YESTERDAY
  MAXIMUM         21    323 PM  55    1944  27     -6        9
  MINIMUM         -2   1136 PM -26    1927  10    -12       -3
  AVERAGE         10                        18     -8        3

PRECIPITATION (IN)
  YESTERDAY        T             1.11 1967   0.04  -0.04     0.01
  MONTH TO DATE    0.71                      1.47  -0.76     1.43
  SINCE DEC 1      2.40                      3.22  -0.82     3.57
  SINCE JAN 1      0.71                      1.47  -0.76     1.43

SNOWFALL (IN)
  YESTERDAY        0.3          11.2  1967   0.6   -0.3      0.6
  MONTH TO DATE   10.3                      18.6   -8.3     14.5
  SINCE OCT 1     26.4                      45.9  -19.5     41.5
  SINCE JUL 1     26.4                      45.9  -19.5     41.5
  SNOW DEPTH       4

DEGREE DAYS
 HEATING
  YESTERDAY       55                        46      9       62
  MONTH TO DATE 1366                      1231    135     1416
  SINCE DEC 1   2504                      2469     35     2890
  SINCE JUL 1   4437                      4292    145     4758
..................................................................


WIND (MPH)
  HIGHEST WIND SPEED    14   HIGHEST WIND DIRECTION    NE (40)
  HIGHEST GUST SPEED    15   HIGHEST GUST DIRECTION    NE (40)
  AVERAGE WIND SPEED     6.0




RELATIVE HUMIDITY (PERCENT)
 HIGHEST    88
 LOWEST     56
 AVERAGE    72

..........................................................


THE ALPENA MI CLIMATE NORMALS FOR TODAY
                         NORMAL    RECORD    YEAR
 MAXIMUM TEMPERATURE (F)   27        48      2006
 MINIMUM TEMPERATURE (F)   10       -22      1938


SUNRISE AND SUNSET
JANUARY 28 2015.......SUNRISE   759 AM EST   SUNSET   536 PM EST
JANUARY 29 2015.......SUNRISE   758 AM EST   SUNSET   537 PM EST


-  INDICATES NEGATIVE NUMBERS.
R  INDICATES RECORD WAS SET OR TIED.
MM INDICATES DATA IS MISSING.
T  INDICATES TRACE AMOUNT.




$$
