000
CDUS43 KAPX 300540
CLIAPN


CLIMATE REPORT
NATIONAL WEATHER SERVICE GAYLORD MI
140 AM EDT MON MAR 30 2015


...................................

...THE ALPENA MI CLIMATE SUMMARY FOR MARCH 29 2015...

CLIMATE NORMAL PERIOD 1981 TO 2010
CLIMATE RECORD PERIOD 1916 TO 2015


WEATHER ITEM   OBSERVED TIME   RECORD YEAR NORMAL DEPARTURE LAST
                VALUE   (LST)  VALUE       VALUE  FROM      YEAR
                                                  NORMAL
..................................................................
TEMPERATURE (F)
 YESTERDAY
  MAXIMUM         44    101 PM  75    1946  44      0       34
  MINIMUM         16    249 AM  -8    1970  24     -8       22
  AVERAGE         30                        34     -4       28

PRECIPITATION (IN)
  YESTERDAY        T             0.77 2009   0.07  -0.07     0.00
  MONTH TO DATE    0.91                      1.73  -0.82     1.17
  SINCE MAR 1      0.91                      1.73  -0.82     1.17
  SINCE JAN 1      2.70                      4.71  -2.01     3.70

SNOWFALL (IN)
  YESTERDAY        T             3.2  1944   0.3   -0.3      0.0
  MONTH TO DATE    4.5                      11.6   -7.1      7.3
  SINCE OCT 1     46.6                      77.7  -31.1     62.8
  SINCE JUL 1     46.6                      77.7  -31.1     62.8
  SNOW DEPTH       0

DEGREE DAYS
 HEATING
  YESTERDAY       35                        31      4       37
  MONTH TO DATE 1112                      1062     50     1332
  SINCE MAR 1   1112                      1062     50     1332
  SINCE JUL 1   7375                      6794    581     7821

 COOLING
  YESTERDAY        0                         0      0        0
  MONTH TO DATE    0                         0      0        0
  SINCE MAR 1      0                         0      0        0
  SINCE JAN 1      0                         0      0        0
..................................................................


WIND (MPH)
  HIGHEST WIND SPEED    31   HIGHEST WIND DIRECTION     S (190)
  HIGHEST GUST SPEED    40   HIGHEST GUST DIRECTION     S (200)
  AVERAGE WIND SPEED    12.5




RELATIVE HUMIDITY (PERCENT)
 HIGHEST    89
 LOWEST     24
 AVERAGE    57

..........................................................


THE ALPENA MI CLIMATE NORMALS FOR TODAY
                         NORMAL    RECORD    YEAR
 MAXIMUM TEMPERATURE (F)   44        74      1998
 MINIMUM TEMPERATURE (F)   25         2      1941
                                             1926
                                             1923


SUNRISE AND SUNSET
MARCH 30 2015.........SUNRISE   719 AM EDT   SUNSET   759 PM EDT
MARCH 31 2015.........SUNRISE   717 AM EDT   SUNSET   801 PM EDT


-  INDICATES NEGATIVE NUMBERS.
R  INDICATES RECORD WAS SET OR TIED.
MM INDICATES DATA IS MISSING.
T  INDICATES TRACE AMOUNT.




$$
