000
CDUS43 KAPX 050527
CLIAPN


CLIMATE REPORT
NATIONAL WEATHER SERVICE GAYLORD MI
127 AM EDT SAT SEP 5 2015


...................................

...THE ALPENA MI CLIMATE SUMMARY FOR SEPTEMBER 4 2015...

CLIMATE NORMAL PERIOD 1981 TO 2010
CLIMATE RECORD PERIOD 1916 TO 2015


WEATHER ITEM   OBSERVED TIME   RECORD YEAR NORMAL DEPARTURE LAST
                VALUE   (LST)  VALUE       VALUE  FROM      YEAR
                                                  NORMAL
..................................................................
TEMPERATURE (F)
 YESTERDAY
  MAXIMUM         79    209 PM  94    1953  73      6       80
                                      1929
  MINIMUM         67    712 AM  32    1946  50     17       59
  AVERAGE         73                        62     11       70

PRECIPITATION (IN)
  YESTERDAY        T             1.02 2008   0.10  -0.10     0.04
  MONTH TO DATE    0.42                      0.40   0.02     1.37
  SINCE SEP 1      0.42                      0.40   0.02     1.37
  SINCE JAN 1     15.07                     19.18  -4.11    23.27

DEGREE DAYS
 HEATING
  YESTERDAY        0                         5     -5        0
  MONTH TO DATE    0                        17    -17        0
  SINCE SEP 1      0                        17    -17        0
  SINCE JUL 1     74                       132    -58      124

 COOLING
  YESTERDAY        8                         1      7        5
  MONTH TO DATE   30                         6     24       13
  SINCE SEP 1     30                         6     24       13
  SINCE JAN 1    326                       272     54      163
..................................................................


WIND (MPH)
  HIGHEST WIND SPEED    15   HIGHEST WIND DIRECTION    SE (130)
  HIGHEST GUST SPEED    20   HIGHEST GUST DIRECTION    SE (120)
  AVERAGE WIND SPEED     7.9




RELATIVE HUMIDITY (PERCENT)
 HIGHEST   100
 LOWEST     67
 AVERAGE    84

..........................................................


THE ALPENA MI CLIMATE NORMALS FOR TODAY
                         NORMAL    RECORD    YEAR
 MAXIMUM TEMPERATURE (F)   73        90      1922
 MINIMUM TEMPERATURE (F)   50        31      1963


SUNRISE AND SUNSET
SEPTEMBER  5 2015.....SUNRISE   701 AM EDT   SUNSET   804 PM EDT
SEPTEMBER  6 2015.....SUNRISE   702 AM EDT   SUNSET   803 PM EDT


-  INDICATES NEGATIVE NUMBERS.
R  INDICATES RECORD WAS SET OR TIED.
MM INDICATES DATA IS MISSING.
T  INDICATES TRACE AMOUNT.




$$
