306
CDUS43 KAPX 252125
CLIAPN


CLIMATE REPORT
NATIONAL WEATHER SERVICE GAYLORD MI
525 PM EDT SUN SEP 25 2016


...................................

...THE ALPENA MI CLIMATE SUMMARY FOR SEPTEMBER 25 2016...
VALID TODAY AS OF 0500 PM LOCAL TIME.

CLIMATE NORMAL PERIOD 1981 TO 2010
CLIMATE RECORD PERIOD 1916 TO 2016


WEATHER ITEM   OBSERVED TIME   RECORD YEAR NORMAL DEPARTURE LAST
                VALUE   (LST)  VALUE       VALUE  FROM      YEAR
                                                  NORMAL
..................................................................
TEMPERATURE (F)
 TODAY
  MAXIMUM         71    351 PM  85    1935  65      6       73
  MINIMUM         39    530 AM  25    1925  43     -4       50
  AVERAGE         55                        54      1       62

PRECIPITATION (IN)
  TODAY            0.00          1.44 2005   0.10  -0.10     0.00
  MONTH TO DATE    2.06                      2.45  -0.39     1.04
  SINCE SEP 1      2.06                      2.45  -0.39     1.04
  SINCE JAN 1     22.69                     21.23   1.46    15.69

DEGREE DAYS
 HEATING
  TODAY           10                        11     -1        3
  MONTH TO DATE   72                       180   -108       73
  SINCE SEP 1     72                       180   -108       73
  SINCE JUL 1     95                       295   -200      147

 COOLING
  TODAY            0                         0      0        0
  MONTH TO DATE   56                        21     35       80
  SINCE SEP 1     56                        21     35       80
  SINCE JAN 1    547                       287    260      376
..................................................................


WIND (MPH)
  RESULTANT WIND SPEED   5   RESULTANT WIND DIRECTION  SE (150)
  HIGHEST WIND SPEED    17   HIGHEST WIND DIRECTION    SE (150)
  HIGHEST GUST SPEED    21   HIGHEST GUST DIRECTION    SE (140)
  AVERAGE WIND SPEED     5.3


SKY COVER
  POSSIBLE SUNSHINE  MM
  AVERAGE SKY COVER 0.2


WEATHER CONDITIONS
 THE FOLLOWING WEATHER WAS RECORDED TODAY.
  NO SIGNIFICANT WEATHER WAS OBSERVED.


RELATIVE HUMIDITY (PERCENT)
 HIGHEST    92
 LOWEST     44
 AVERAGE    68

..........................................................


THE ALPENA MI CLIMATE NORMALS FOR TOMORROW
                         NORMAL    RECORD    YEAR
 MAXIMUM TEMPERATURE (F)   65        88      1920
 MINIMUM TEMPERATURE (F)   43        25      1926


SUNRISE AND SUNSET
SEPTEMBER 25 2016.....SUNRISE   726 AM EDT   SUNSET   725 PM EDT
SEPTEMBER 26 2016.....SUNRISE   727 AM EDT   SUNSET   723 PM EDT


-  INDICATES NEGATIVE NUMBERS.
R  INDICATES RECORD WAS SET OR TIED.
MM INDICATES DATA IS MISSING.
T  INDICATES TRACE AMOUNT.




$$
