000
CDUS44 KLCH 230823
CLIARA


CLIMATE REPORT
NATIONAL WEATHER SERVICE LAKE CHARLES, LA
223 AM CST THU NOV 23 2017


...................................

...THE NEW IBERIA CLIMATE SUMMARY FOR NOVEMBER 22 2017...

CLIMATE NORMAL PERIOD 1981 TO 2010
CLIMATE RECORD PERIOD 1948 TO 2017


WEATHER ITEM   OBSERVED TIME   RECORD YEAR NORMAL DEPARTURE LAST
                VALUE   (LST)  VALUE       VALUE  FROM      YEAR
                                                  NORMAL
..................................................................
TEMPERATURE (F)
 YESTERDAY
  MAXIMUM         66    132 PM  82    1996  70     -4       78
  MINIMUM         45   1159 PM  29    1952  49     -4       43
  AVERAGE         56                        59     -3       61

PRECIPITATION (IN)
  YESTERDAY        0.03          1.48 1977   0.14  -0.11     0.00
  MONTH TO DATE    0.31                      2.72  -2.41     0.55
  SINCE SEP 1      7.15                     12.31  -5.16     8.66
  SINCE JAN 1     59.53                     53.16   6.37    76.01

SNOWFALL (IN)
  YESTERDAY       MM             0.0    MM  MM               0.0
  MONTH TO DATE    0.0                      MM               0.0
  SINCE SEP 1      0.0                      MM               0.0
  SINCE JUL 1      0.0                      MM               0.0

DEGREE DAYS
 HEATING
  YESTERDAY        9                         7      2        4
  MONTH TO DATE   64                        97    -33       64
  SINCE SEP 1    115                       131    -16       71
  SINCE JUL 1    115                       131    -16       71

 COOLING
  YESTERDAY        0                         1     -1        0
  MONTH TO DATE   83                        35     48       62
  SINCE SEP 1    779                       637    142      842
  SINCE JAN 1   3082                      2780    302     3127
..................................................................


WIND (MPH)
  RESULTANT WIND SPEED  12   RESULTANT WIND DIRECTION   N (10)
  HIGHEST WIND SPEED    20   HIGHEST WIND DIRECTION     N (20)
  HIGHEST GUST SPEED    25   HIGHEST GUST DIRECTION    NE (30)
  AVERAGE WIND SPEED    12.1


SKY COVER
  POSSIBLE SUNSHINE  MM
  AVERAGE SKY COVER 0.2


WEATHER CONDITIONS
 THE FOLLOWING WEATHER WAS RECORDED YESTERDAY.
  LIGHT RAIN


RELATIVE HUMIDITY (PERCENT)
 HIGHEST    86          1200 AM
 LOWEST     48          1100 AM
 AVERAGE    67

..........................................................


THE NEW IBERIA CLIMATE NORMALS FOR TODAY
                         NORMAL    RECORD    YEAR
 MAXIMUM TEMPERATURE (F)   70        84      1955
 MINIMUM TEMPERATURE (F)   48        29      1975
                                             1956


SUNRISE AND SUNSET
NOVEMBER 23 2017......SUNRISE   640 AM CST   SUNSET   508 PM CST
NOVEMBER 24 2017......SUNRISE   640 AM CST   SUNSET   508 PM CST


-  INDICATES NEGATIVE NUMBERS.
R  INDICATES RECORD WAS SET OR TIED.
MM INDICATES DATA IS MISSING.
T  INDICATES TRACE AMOUNT.




$$
