000
CDUS44 KLCH 180820
CLIARA


CLIMATE REPORT
NATIONAL WEATHER SERVICE LAKE CHARLES, LA
219 AM CST THU DEC 18 2014


...................................

...THE NEW IBERIA CLIMATE SUMMARY FOR DECEMBER 17 2014...

CLIMATE NORMAL PERIOD 1981 TO 2010
CLIMATE RECORD PERIOD 1948 TO 2014


WEATHER ITEM   OBSERVED TIME   RECORD YEAR NORMAL DEPARTURE LAST
                VALUE   (LST)  VALUE       VALUE  FROM      YEAR
                                                  NORMAL
..................................................................
TEMPERATURE (F)
 YESTERDAY
  MAXIMUM         63    315 PM  81    1956  64     -1       67
  MINIMUM         39    503 AM  26    1963  44     -5       32
  AVERAGE         51                        54     -3       50

PRECIPITATION (IN)
  YESTERDAY        0.00          2.80 2009   0.17  -0.17     0.00
  MONTH TO DATE    0.07                      3.02  -2.95     1.88
  SINCE DEC 1      0.07                      3.02  -2.95     1.88
  SINCE JAN 1     48.63                     57.71  -9.08    64.96

SNOWFALL (IN)
  YESTERDAY        0.0           0.0    MM  MM               0.0
  MONTH TO DATE    0.0                      MM               0.0
  SINCE DEC 1      0.0                      MM               0.0
  SINCE JUL 1      0.0                      MM               0.0

DEGREE DAYS
 HEATING
  YESTERDAY       14                        12      2       15
  MONTH TO DATE   94                       179    -85      217
  SINCE DEC 1     94                       179    -85      217
  SINCE JUL 1    381                       374      7      450

 COOLING
  YESTERDAY        0                         1     -1        0
  MONTH TO DATE   19                        17      2       28
  SINCE DEC 1     19                        17      2       28
  SINCE JAN 1   2848                      2809     39     3219
..................................................................


WIND (MPH)
  RESULTANT WIND SPEED   4   RESULTANT WIND DIRECTION  NE (60)
  HIGHEST WIND SPEED    14   HIGHEST WIND DIRECTION     E (100)
  HIGHEST GUST SPEED    16   HIGHEST GUST DIRECTION     E (100)
  AVERAGE WIND SPEED     5.3


SKY COVER
  POSSIBLE SUNSHINE  MM
  AVERAGE SKY COVER 0.1


WEATHER CONDITIONS
 THE FOLLOWING WEATHER WAS RECORDED YESTERDAY.
  HAZE


RELATIVE HUMIDITY (PERCENT)
 HIGHEST    85           500 AM
 LOWEST     43           300 PM
 AVERAGE    64

..........................................................


THE NEW IBERIA CLIMATE NORMALS FOR TODAY
                         NORMAL    RECORD    YEAR
 MAXIMUM TEMPERATURE (F)   64        77      2008
                                             1990
 MINIMUM TEMPERATURE (F)   44        24      1979


SUNRISE AND SUNSET
DECEMBER 18 2014......SUNRISE   658 AM CST   SUNSET   511 PM CST
DECEMBER 19 2014......SUNRISE   658 AM CST   SUNSET   511 PM CST


-  INDICATES NEGATIVE NUMBERS.
R  INDICATES RECORD WAS SET OR TIED.
MM INDICATES DATA IS MISSING.
T  INDICATES TRACE AMOUNT.




$$
