203
CDUS44 KLCH 272205
CLIARA


CLIMATE REPORT
NATIONAL WEATHER SERVICE LAKE CHARLES, LA
505 PM CDT TUE SEP 27 2016


...................................

...THE NEW IBERIA CLIMATE SUMMARY FOR SEPTEMBER 27 2016...
VALID TODAY AS OF 0500 PM LOCAL TIME.

CLIMATE NORMAL PERIOD 1981 TO 2010
CLIMATE RECORD PERIOD 1948 TO 2016


WEATHER ITEM   OBSERVED TIME   RECORD YEAR NORMAL DEPARTURE LAST
                VALUE   (LST)  VALUE       VALUE  FROM      YEAR
                                                  NORMAL
..................................................................
TEMPERATURE (F)
 TODAY
  MAXIMUM         90    304 PM  96    2005  86      4       82
                                      1953
  MINIMUM         71    649 AM  52    2001  66      5       73
                                      2000
                                      1993
  AVERAGE         81                        76      5       78

PRECIPITATION (IN)
  TODAY            T             3.80 1966   0.18  -0.18     0.20
  MONTH TO DATE    7.75                      4.08   3.67     3.34
  SINCE SEP 1      7.75                      4.08   3.67     3.34
  SINCE JAN 1     75.10                     44.93  30.17    46.25

SNOWFALL (IN)
  TODAY            0.0           0.0    MM  MM               0.0
  MONTH TO DATE    0.0                      MM               0.0
  SINCE SEP 1      0.0                      MM               0.0
  SINCE JUL 1      0.0                      MM               0.0

DEGREE DAYS
 HEATING
  TODAY            0                         0      0        0
  MONTH TO DATE    0                         0      0        0
  SINCE SEP 1      0                         0      0        0
  SINCE JUL 1      0                         0      0        0

 COOLING
  TODAY           16                        11      5       13
  MONTH TO DATE  487                       383    104      413
  SINCE SEP 1    487                       383    104      413
  SINCE JAN 1   2772                      2526    246     2763
..................................................................


WIND (MPH)
  RESULTANT WIND SPEED   7   RESULTANT WIND DIRECTION   N (0)
  HIGHEST WIND SPEED    13   HIGHEST WIND DIRECTION     N (20)
  HIGHEST GUST SPEED    16   HIGHEST GUST DIRECTION    NE (30)
  AVERAGE WIND SPEED     7.1


SKY COVER
  POSSIBLE SUNSHINE  MM
  AVERAGE SKY COVER 0.1


WEATHER CONDITIONS
 THE FOLLOWING WEATHER WAS RECORDED TODAY.
  LIGHT RAIN


RELATIVE HUMIDITY (PERCENT)
 HIGHEST    87           200 AM
 LOWEST     50           300 PM
 AVERAGE    69

..........................................................


THE NEW IBERIA CLIMATE NORMALS FOR TOMORROW
                         NORMAL    RECORD    YEAR
 MAXIMUM TEMPERATURE (F)   86        98      1953
 MINIMUM TEMPERATURE (F)   65        48      1967


SUNRISE AND SUNSET
SEPTEMBER 27 2016.....SUNRISE   659 AM CDT   SUNSET   657 PM CDT
SEPTEMBER 28 2016.....SUNRISE   659 AM CDT   SUNSET   656 PM CDT


-  INDICATES NEGATIVE NUMBERS.
R  INDICATES RECORD WAS SET OR TIED.
MM INDICATES DATA IS MISSING.
T  INDICATES TRACE AMOUNT.




$$
