868
CDUS44 KLCH 282214
CLIARA


CLIMATE REPORT
NATIONAL WEATHER SERVICE LAKE CHARLES, LA
514 PM CDT WED JUN 28 2017


...................................

...THE NEW IBERIA CLIMATE SUMMARY FOR JUNE 28 2017...
VALID TODAY AS OF 0500 PM LOCAL TIME.

CLIMATE NORMAL PERIOD 1981 TO 2010
CLIMATE RECORD PERIOD 1948 TO 2017


WEATHER ITEM   OBSERVED TIME   RECORD YEAR NORMAL DEPARTURE LAST
                VALUE   (LST)  VALUE       VALUE  FROM      YEAR
                                                  NORMAL
..................................................................
TEMPERATURE (F)
 TODAY
  MAXIMUM         79   1140 AM  98    2009  91    -12       89
  MINIMUM         73    411 AM  59    1974  73      0       73
  AVERAGE         76                        82     -6       81

PRECIPITATION (IN)
  TODAY            0.09          2.05 1951   0.20  -0.11     0.37
  MONTH TO DATE    7.65                      6.50   1.15     7.70
  SINCE JUN 1      7.65                      6.50   1.15     7.70
  SINCE JAN 1     25.89                     28.73  -2.84    33.23

SNOWFALL (IN)
  TODAY            0.0           0.0    MM  MM               0.0
  MONTH TO DATE    0.0                      MM               0.0
  SINCE JUN 1      0.0                      MM               0.0
  SINCE JUL 1      0.0                      MM               0.0

DEGREE DAYS
 HEATING
  TODAY            0                         0      0        0
  MONTH TO DATE    0                         0      0        0
  SINCE JUN 1      0                         0      0        0
  SINCE JUL 1    716                      1409   -693      997

 COOLING
  TODAY           11                        17     -6       16
  MONTH TO DATE  424                       438    -14      479
  SINCE JUN 1    424                       438    -14      479
  SINCE JAN 1   1171                      1008    163     1105
..................................................................


WIND (MPH)
  RESULTANT WIND SPEED   4   RESULTANT WIND DIRECTION   E (100)
  HIGHEST WIND SPEED    15   HIGHEST WIND DIRECTION     S (160)
  HIGHEST GUST SPEED    17   HIGHEST GUST DIRECTION     S (160)
  AVERAGE WIND SPEED     5.8


SKY COVER
  POSSIBLE SUNSHINE  MM
  AVERAGE SKY COVER 0.4


WEATHER CONDITIONS
 THE FOLLOWING WEATHER WAS RECORDED TODAY.
  RAIN
  LIGHT RAIN
  FOG


RELATIVE HUMIDITY (PERCENT)
 HIGHEST    93           300 AM
 LOWEST     74          1100 AM
 AVERAGE    84

..........................................................


THE NEW IBERIA CLIMATE NORMALS FOR TOMORROW
                         NORMAL    RECORD    YEAR
 MAXIMUM TEMPERATURE (F)   91       100      2009
 MINIMUM TEMPERATURE (F)   73        63      1974


SUNRISE AND SUNSET
JUNE 28 2017..........SUNRISE   609 AM CDT   SUNSET   813 PM CDT
JUNE 29 2017..........SUNRISE   609 AM CDT   SUNSET   813 PM CDT


-  INDICATES NEGATIVE NUMBERS.
R  INDICATES RECORD WAS SET OR TIED.
MM INDICATES DATA IS MISSING.
T  INDICATES TRACE AMOUNT.




$$
