000
CDUS44 KLCH 290846
CLIARA


CLIMATE REPORT
NATIONAL WEATHER SERVICE LAKE CHARLES, LA
345 AM CDT FRI MAY 29 2015


...................................

...THE NEW IBERIA CLIMATE SUMMARY FOR MAY 28 2015...

CLIMATE NORMAL PERIOD 1981 TO 2010
CLIMATE RECORD PERIOD 1948 TO 2015


WEATHER ITEM   OBSERVED TIME   RECORD YEAR NORMAL DEPARTURE LAST
                VALUE   (LST)  VALUE       VALUE  FROM      YEAR
                                                  NORMAL
..................................................................
TEMPERATURE (F)
 YESTERDAY
  MAXIMUM         90    258 PM  95    1951  88      2       84
  MINIMUM         69    505 AM  52    1961  70     -1       70
  AVERAGE         80                        79      1       77

PRECIPITATION (IN)
  YESTERDAY        0.00          2.37 2014   0.25  -0.25     2.37
  MONTH TO DATE    5.09                      4.26   0.83     3.34
  SINCE MAR 1     19.07                     12.10   6.97     7.12
  SINCE JAN 1     25.53                     21.51   4.02    15.46

SNOWFALL (IN)
  YESTERDAY        0.0           0.0    MM  MM               0.0
  MONTH TO DATE    0.0                      MM               0.0
  SINCE MAR 1      T                        MM               0.0
  SINCE JUL 1      T                        MM               0.1

DEGREE DAYS
 HEATING
  YESTERDAY        0                         0      0        0
  MONTH TO DATE    0                         0      0        4
  SINCE MAR 1     73                       192   -119      260
  SINCE JUL 1   1416                      1408      8     1784

 COOLING
  YESTERDAY       15                        14      1       12
  MONTH TO DATE  237                       308    -71      246
  SINCE MAR 1    555                       497     58      424
  SINCE JAN 1    559                       528     31      442
..................................................................


WIND (MPH)
  RESULTANT WIND SPEED   2   RESULTANT WIND DIRECTION   S (160)
  HIGHEST WIND SPEED     9   HIGHEST WIND DIRECTION     S (200)
  HIGHEST GUST SPEED    11   HIGHEST GUST DIRECTION    SW (210)
  AVERAGE WIND SPEED     2.9


SKY COVER
  POSSIBLE SUNSHINE  MM
  AVERAGE SKY COVER 0.1


WEATHER CONDITIONS
 THE FOLLOWING WEATHER WAS RECORDED YESTERDAY.
  FOG


RELATIVE HUMIDITY (PERCENT)
 HIGHEST   100           100 AM
 LOWEST     52           300 PM
 AVERAGE    76

..........................................................


THE NEW IBERIA CLIMATE NORMALS FOR TODAY
                         NORMAL    RECORD    YEAR
 MAXIMUM TEMPERATURE (F)   88        94      1954
 MINIMUM TEMPERATURE (F)   70        58      1961


SUNRISE AND SUNSET
MAY 29 2015...........SUNRISE   608 AM CDT   SUNSET   802 PM CDT
MAY 30 2015...........SUNRISE   607 AM CDT   SUNSET   803 PM CDT


-  INDICATES NEGATIVE NUMBERS.
R  INDICATES RECORD WAS SET OR TIED.
MM INDICATES DATA IS MISSING.
T  INDICATES TRACE AMOUNT.




$$
