000
CDUS44 KLCH 250048
CLIARA


CLIMATE REPORT
NATIONAL WEATHER SERVICE LAKE CHARLES, LA
748 PM CDT FRI MAR 24 2017


...................................

...THE NEW IBERIA CLIMATE SUMMARY FOR MARCH 24 2017...
VALID TODAY AS OF 0500 PM LOCAL TIME.

CLIMATE NORMAL PERIOD 1981 TO 2010
CLIMATE RECORD PERIOD 1948 TO 2017


WEATHER ITEM   OBSERVED TIME   RECORD YEAR NORMAL DEPARTURE LAST
                VALUE   (LST)  VALUE       VALUE  FROM      YEAR
                                                  NORMAL
..................................................................
TEMPERATURE (F)
 TODAY
  MAXIMUM         80   1231 PM  84    1948  74      6       79
  MINIMUM         66    329 AM  34    1968  53     13       53
  AVERAGE         73                        64      9       66

PRECIPITATION (IN)
  TODAY            T             2.01 1973   0.11  -0.11     0.00
  MONTH TO DATE    0.69                      2.89  -2.20     3.55
  SINCE MAR 1      0.69                      2.89  -2.20     3.55
  SINCE JAN 1      3.49                     12.30  -8.81    13.78

SNOWFALL (IN)
  TODAY            0.0           0.0    MM  MM               0.0
  MONTH TO DATE    0.0                      MM               0.0
  SINCE MAR 1      0.0                      MM               0.0
  SINCE JUL 1      0.0                      MM               0.0

DEGREE DAYS
 HEATING
  TODAY            0                         4     -4        0
  MONTH TO DATE   71                       125    -54       58
  SINCE MAR 1     71                       125    -54       58
  SINCE JUL 1    700                      1341   -641      974

 COOLING
  TODAY            8                         2      6        1
  MONTH TO DATE   78                        33     45       73
  SINCE MAR 1     78                        33     45       73
  SINCE JAN 1    213                        64    149       83
..................................................................


WIND (MPH)
  RESULTANT WIND SPEED  16   RESULTANT WIND DIRECTION  SE (150)
  HIGHEST WIND SPEED    30   HIGHEST WIND DIRECTION    SE (150)
  HIGHEST GUST SPEED    38   HIGHEST GUST DIRECTION     S (170)
  AVERAGE WIND SPEED    16.7


SKY COVER
  POSSIBLE SUNSHINE  MM
  AVERAGE SKY COVER 0.6


WEATHER CONDITIONS
 THE FOLLOWING WEATHER WAS RECORDED TODAY.
  LIGHT RAIN
  FOG


RELATIVE HUMIDITY (PERCENT)
 HIGHEST    93           400 AM
 LOWEST     58          1200 PM
 AVERAGE    76

..........................................................


THE NEW IBERIA CLIMATE NORMALS FOR TOMORROW
                         NORMAL    RECORD    YEAR
 MAXIMUM TEMPERATURE (F)   75        85      1949
 MINIMUM TEMPERATURE (F)   53        33      2006


SUNRISE AND SUNSET
MARCH 24 2017.........SUNRISE   706 AM CDT   SUNSET   722 PM CDT
MARCH 25 2017.........SUNRISE   705 AM CDT   SUNSET   722 PM CDT


-  INDICATES NEGATIVE NUMBERS.
R  INDICATES RECORD WAS SET OR TIED.
MM INDICATES DATA IS MISSING.
T  INDICATES TRACE AMOUNT.




$$
