000
CDUS44 KLCH 220816
CLIARA


CLIMATE REPORT
NATIONAL WEATHER SERVICE LAKE CHARLES, LA
315 AM CDT WED OCT 22 2014


...................................

...THE NEW IBERIA CLIMATE SUMMARY FOR OCTOBER 21 2014...

CLIMATE NORMAL PERIOD 1981 TO 2010
CLIMATE RECORD PERIOD 1948 TO 2014


WEATHER ITEM   OBSERVED TIME   RECORD YEAR NORMAL DEPARTURE LAST
                VALUE   (LST)  VALUE       VALUE  FROM      YEAR
                                                  NORMAL
..................................................................
TEMPERATURE (F)
 YESTERDAY
  MAXIMUM         83    316 PM  90    2004  80      3       73
  MINIMUM         55    341 AM  34    1952  57     -2       59
  AVERAGE         69                        68      1       66

PRECIPITATION (IN)
  YESTERDAY        0.00          1.75 1993   0.17  -0.17      T
  MONTH TO DATE    2.10                      4.00  -1.90     3.40
  SINCE SEP 1      4.27                      8.63  -4.36     7.42
  SINCE JAN 1     43.34                     49.48  -6.14    60.49

SNOWFALL (IN)
  YESTERDAY        0.0           0.0    MM  MM               0.0
  MONTH TO DATE    0.0                      MM               0.0
  SINCE SEP 1      0.0                      MM               0.0
  SINCE JUL 1      0.0                      MM               0.0

DEGREE DAYS
 HEATING
  YESTERDAY        0                         1     -1        0
  MONTH TO DATE    0                        10    -10        0
  SINCE SEP 1      0                        11    -11        0
  SINCE JUL 1      0                        11    -11        0

 COOLING
  YESTERDAY        4                         5     -1        1
  MONTH TO DATE  186                       148     38      213
  SINCE SEP 1    666                       561    105      771
  SINCE JAN 1   2769                      2704     65     3091
..................................................................


WIND (MPH)
  RESULTANT WIND SPEED   7   RESULTANT WIND DIRECTION  NE (40)
  HIGHEST WIND SPEED    14   HIGHEST WIND DIRECTION     N (20)
  HIGHEST GUST SPEED    18   HIGHEST GUST DIRECTION    NE (40)
  AVERAGE WIND SPEED     6.9


SKY COVER
  POSSIBLE SUNSHINE  MM
  AVERAGE SKY COVER 0.0


WEATHER CONDITIONS
 THE FOLLOWING WEATHER WAS RECORDED YESTERDAY.
  NO SIGNIFICANT WEATHER WAS OBSERVED.


RELATIVE HUMIDITY (PERCENT)
 HIGHEST    93           400 AM
 LOWEST     36          1200 PM
 AVERAGE    65

..........................................................


THE NEW IBERIA CLIMATE NORMALS FOR TODAY
                         NORMAL    RECORD    YEAR
 MAXIMUM TEMPERATURE (F)   80        89      2004
 MINIMUM TEMPERATURE (F)   57        40      1976


SUNRISE AND SUNSET
OCTOBER 22 2014.......SUNRISE   714 AM CDT   SUNSET   629 PM CDT
OCTOBER 23 2014.......SUNRISE   715 AM CDT   SUNSET   628 PM CDT


-  INDICATES NEGATIVE NUMBERS.
R  INDICATES RECORD WAS SET OR TIED.
MM INDICATES DATA IS MISSING.
T  INDICATES TRACE AMOUNT.




$$
