000
CDUS43 KLOT 240635
CLIARR


CLIMATE REPORT
NATIONAL WEATHER SERVICE CHICAGO IL
132 AM CDT SUN SEP 24 2017


...................................

...THE AURORA MUNICIPAL AIRPORT CLIMATE SUMMARY FOR SEPTEMBER 23 2017...

CLIMATE NORMAL PERIOD 1981 TO 2010
CLIMATE RECORD PERIOD 1998 TO 2017


WEATHER ITEM   OBSERVED TIME   RECORD YEAR NORMAL DEPARTURE LAST
                VALUE   (LST)  VALUE       VALUE  FROM      YEAR
                                                  NORMAL
..................................................................
TEMPERATURE (F)
 YESTERDAY
  MAXIMUM         93R   327 PM  89    2010  72     21       77
  MINIMUM         64    600 AM  31    2012  47     17       66
  AVERAGE         79                        60     19       72

PRECIPITATION (IN)
  YESTERDAY        0.00          0.71 2001   0.13  -0.13     0.00
  MONTH TO DATE    1.64                      2.50  -0.86     1.57
  SINCE SEP 1      1.64                      2.50  -0.86     1.57
  SINCE JAN 1     30.02                     27.70   2.32    28.40

DEGREE DAYS
 HEATING
  YESTERDAY        0                         6     -6        0
  MONTH TO DATE   66                        72     -6        2
  SINCE SEP 1     66                        72     -6        2
  SINCE JUL 1     91                        96     -5        5

 COOLING
  YESTERDAY       14                         1     13        7
  MONTH TO DATE   87                        57     30      139
  SINCE SEP 1     87                        57     30      139
  SINCE JAN 1    656                       641     15      993
..................................................................


WIND (MPH)
  RESULTANT WIND SPEED   2   RESULTANT WIND DIRECTION  SE (120)
  HIGHEST WIND SPEED     9   HIGHEST WIND DIRECTION     E (110)
  HIGHEST GUST SPEED    11   HIGHEST GUST DIRECTION    SE (130)
  AVERAGE WIND SPEED     2.5


SKY COVER
  POSSIBLE SUNSHINE  MM
  AVERAGE SKY COVER 0.0


WEATHER CONDITIONS
 THE FOLLOWING WEATHER WAS RECORDED YESTERDAY.
  FOG
  HAZE


RELATIVE HUMIDITY (PERCENT)
 HIGHEST   100           600 AM
 LOWEST     39           100 PM
 AVERAGE    70

..........................................................


THE AURORA MUNICIPAL AIRPORT CLIMATE NORMALS FOR TODAY
                         NORMAL    RECORD    YEAR
 MAXIMUM TEMPERATURE (F)   72        92      2007
 MINIMUM TEMPERATURE (F)   47        29      2012


SUNRISE AND SUNSET
SEPTEMBER 24 2017.....SUNRISE   644 AM CDT   SUNSET   647 PM CDT
SEPTEMBER 25 2017.....SUNRISE   645 AM CDT   SUNSET   645 PM CDT


-  INDICATES NEGATIVE NUMBERS.
R  INDICATES RECORD WAS SET OR TIED.
MM INDICATES DATA IS MISSING.
T  INDICATES TRACE AMOUNT.




$$
