000
CDUS43 KLOT 280633
CLIARR


CLIMATE REPORT
NATIONAL WEATHER SERVICE CHICAGO IL
132 AM CDT SUN MAY 28 2017


...................................

...THE AURORA MUNICIPAL AIRPORT CLIMATE SUMMARY FOR MAY 27 2017...

CLIMATE NORMAL PERIOD 1981 TO 2010
CLIMATE RECORD PERIOD 1998 TO 2017


WEATHER ITEM   OBSERVED TIME   RECORD YEAR NORMAL DEPARTURE LAST
                VALUE   (LST)  VALUE       VALUE  FROM      YEAR
                                                  NORMAL
..................................................................
TEMPERATURE (F)
 YESTERDAY
  MAXIMUM         79    441 PM  97    2012  74      5       82
  MINIMUM         53    406 AM  42    2008  51      2       67
  AVERAGE         66                        63      3       75

PRECIPITATION (IN)
  YESTERDAY        0.00          0.37 2014   0.13  -0.13     0.06
  MONTH TO DATE    4.49                      3.71   0.78     6.04
  SINCE MAR 1     14.19                      9.24   4.95    11.37
  SINCE JAN 1     18.08                     12.33   5.75    12.86

DEGREE DAYS
 HEATING
  YESTERDAY        0                         5     -5        0
  MONTH TO DATE  211                       214     -3      204
  SINCE MAR 1   1348                      1582   -234     1332
  SINCE JUL 1   5409                      6720  -1311     5453

 COOLING
  YESTERDAY        1                         2     -1       10
  MONTH TO DATE   25                        28     -3       42
  SINCE MAR 1     31                        31      0       47
  SINCE JAN 1     31                        31      0       47
..................................................................


WIND (MPH)
  RESULTANT WIND SPEED   2   RESULTANT WIND DIRECTION  NE (60)
  HIGHEST WIND SPEED    10   HIGHEST WIND DIRECTION    NE (60)
  HIGHEST GUST SPEED    12   HIGHEST GUST DIRECTION    NE (60)
  AVERAGE WIND SPEED     2.8


SKY COVER
  POSSIBLE SUNSHINE  MM
  AVERAGE SKY COVER 0.3


WEATHER CONDITIONS
 THE FOLLOWING WEATHER WAS RECORDED YESTERDAY.
  FOG


RELATIVE HUMIDITY (PERCENT)
 HIGHEST   100           200 AM
 LOWEST     48           400 PM
 AVERAGE    74

..........................................................


THE AURORA MUNICIPAL AIRPORT CLIMATE NORMALS FOR TODAY
                         NORMAL    RECORD    YEAR
 MAXIMUM TEMPERATURE (F)   74        93      2006
 MINIMUM TEMPERATURE (F)   52        39      2008


SUNRISE AND SUNSET
MAY 28 2017...........SUNRISE   524 AM CDT   SUNSET   819 PM CDT
MAY 29 2017...........SUNRISE   523 AM CDT   SUNSET   820 PM CDT


-  INDICATES NEGATIVE NUMBERS.
R  INDICATES RECORD WAS SET OR TIED.
MM INDICATES DATA IS MISSING.
T  INDICATES TRACE AMOUNT.




$$
