000
CDUS43 KLOT 290633
CLIARR


CLIMATE REPORT
NATIONAL WEATHER SERVICE CHICAGO IL
131 AM CDT FRI APR 29 2016


...................................

...THE AURORA MUNICIPAL AIRPORT CLIMATE SUMMARY FOR APRIL 28 2016...

CLIMATE NORMAL PERIOD 1981 TO 2010
CLIMATE RECORD PERIOD 1998 TO 2016


WEATHER ITEM   OBSERVED TIME   RECORD YEAR NORMAL DEPARTURE LAST
                VALUE   (LST)  VALUE       VALUE  FROM      YEAR
                                                  NORMAL
..................................................................
TEMPERATURE (F)
 YESTERDAY
  MAXIMUM         54    332 PM  81    2004  65    -11       66
  MINIMUM         44   1159 PM  28    2010  41      3       30
  AVERAGE         49                        53     -4       48

PRECIPITATION (IN)
  YESTERDAY        0.11          0.52 2014   0.14  -0.03     0.00
  MONTH TO DATE    1.64                      2.98  -1.34     4.24
  SINCE MAR 1      4.64                      5.21  -0.57     4.62
  SINCE JAN 1      6.13                      8.30  -2.17     5.30

DEGREE DAYS
 HEATING
  YESTERDAY       16                        12      4       17
  MONTH TO DATE  446                       473    -27      415
  SINCE MAR 1   1091                      1343   -252     1360
  SINCE JUL 1   5212                      6481  -1269     6815

 COOLING
  YESTERDAY        0                         0      0        0
  MONTH TO DATE    5                         0      5        0
  SINCE MAR 1      5                         0      5        0
  SINCE JAN 1      5                         0      5        0
..................................................................


WIND (MPH)
  RESULTANT WIND SPEED  10   RESULTANT WIND DIRECTION  NE (60)
  HIGHEST WIND SPEED    22   HIGHEST WIND DIRECTION     E (70)
  HIGHEST GUST SPEED    26   HIGHEST GUST DIRECTION     E (70)
  AVERAGE WIND SPEED    10.6


SKY COVER
  POSSIBLE SUNSHINE  MM
  AVERAGE SKY COVER 1.0


WEATHER CONDITIONS
 THE FOLLOWING WEATHER WAS RECORDED YESTERDAY.
  THUNDERSTORM
  RAIN
  LIGHT RAIN
  FOG
  HAZE


RELATIVE HUMIDITY (PERCENT)
 HIGHEST    92           400 AM
 LOWEST     71           400 PM
 AVERAGE    82

..........................................................


THE AURORA MUNICIPAL AIRPORT CLIMATE NORMALS FOR TODAY
                         NORMAL    RECORD    YEAR
 MAXIMUM TEMPERATURE (F)   65        82      2007
 MINIMUM TEMPERATURE (F)   41        28      2008


SUNRISE AND SUNSET
APRIL 29 2016.........SUNRISE   552 AM CDT   SUNSET   751 PM CDT
APRIL 30 2016.........SUNRISE   551 AM CDT   SUNSET   752 PM CDT


-  INDICATES NEGATIVE NUMBERS.
R  INDICATES RECORD WAS SET OR TIED.
MM INDICATES DATA IS MISSING.
T  INDICATES TRACE AMOUNT.




$$
