000
CDUS43 KLOT 300632
CLIARR


CLIMATE REPORT
NATIONAL WEATHER SERVICE CHICAGO IL
132 AM CDT MON MAY 30 2016


...................................

...THE AURORA MUNICIPAL AIRPORT CLIMATE SUMMARY FOR MAY 29 2016...

CLIMATE NORMAL PERIOD 1981 TO 2010
CLIMATE RECORD PERIOD 1998 TO 2016


WEATHER ITEM   OBSERVED TIME   RECORD YEAR NORMAL DEPARTURE LAST
                VALUE   (LST)  VALUE       VALUE  FROM      YEAR
                                                  NORMAL
..................................................................
TEMPERATURE (F)
 YESTERDAY
  MAXIMUM         80    418 PM  92    2006  75      5       83
  MINIMUM         63    403 AM  40    2008  52     11       64
  AVERAGE         72                        63      9       74

PRECIPITATION (IN)
  YESTERDAY        0.00          1.23 2011   0.14  -0.14      T
  MONTH TO DATE    6.48                      3.98   2.50     3.74
  SINCE MAR 1     11.81                      9.51   2.30     8.37
  SINCE JAN 1     13.30                     12.60   0.70     9.05

DEGREE DAYS
 HEATING
  YESTERDAY        0                         4     -4        0
  MONTH TO DATE  204                       222    -18      138
  SINCE MAR 1   1332                      1590   -258     1532
  SINCE JUL 1   5453                      6728  -1275     6987

 COOLING
  YESTERDAY        7                         2      5        9
  MONTH TO DATE   59                        32     27       69
  SINCE MAR 1     64                        35     29       69
  SINCE JAN 1     64                        35     29       69
..................................................................


WIND (MPH)
  RESULTANT WIND SPEED   9   RESULTANT WIND DIRECTION  SW (240)
  HIGHEST WIND SPEED    22   HIGHEST WIND DIRECTION     W (280)
  HIGHEST GUST SPEED    26   HIGHEST GUST DIRECTION     W (260)
  AVERAGE WIND SPEED    10.0


SKY COVER
  POSSIBLE SUNSHINE  MM
  AVERAGE SKY COVER 0.2


WEATHER CONDITIONS
 THE FOLLOWING WEATHER WAS RECORDED YESTERDAY.
  NO SIGNIFICANT WEATHER WAS OBSERVED.


RELATIVE HUMIDITY (PERCENT)
 HIGHEST    93           100 AM
 LOWEST     51           400 PM
 AVERAGE    72

..........................................................


THE AURORA MUNICIPAL AIRPORT CLIMATE NORMALS FOR TODAY
                         NORMAL    RECORD    YEAR
 MAXIMUM TEMPERATURE (F)   75        91      2010
 MINIMUM TEMPERATURE (F)   52        42      2001


SUNRISE AND SUNSET
MAY 30 2016...........SUNRISE   522 AM CDT   SUNSET   821 PM CDT
MAY 31 2016...........SUNRISE   522 AM CDT   SUNSET   822 PM CDT


-  INDICATES NEGATIVE NUMBERS.
R  INDICATES RECORD WAS SET OR TIED.
MM INDICATES DATA IS MISSING.
T  INDICATES TRACE AMOUNT.




$$
