000
CDUS43 KLOT 170642
CLIARR


CLIMATE REPORT
NATIONAL WEATHER SERVICE CHICAGO IL
1240 AM CST TUE JAN 17 2017


...................................

...THE AURORA MUNICIPAL AIRPORT CLIMATE SUMMARY FOR JANUARY 16 2017...

CLIMATE NORMAL PERIOD 1981 TO 2010
CLIMATE RECORD PERIOD 1998 TO 2017


WEATHER ITEM   OBSERVED TIME   RECORD YEAR NORMAL DEPARTURE LAST
                VALUE   (LST)  VALUE       VALUE  FROM      YEAR
                                                  NORMAL
..................................................................
TEMPERATURE (F)
 YESTERDAY
  MAXIMUM         38   1159 PM  MM      MM  29      9       32
  MINIMUM         31   1248 AM  MM      MM  12     19        8
  AVERAGE         35                        21     14       20

PRECIPITATION (IN)
  YESTERDAY        0.81         MM      MM   0.04   0.77     0.00
  MONTH TO DATE    1.35                      0.65   0.70     0.34
  SINCE DEC 1      2.18                      2.61  -0.43     4.69
  SINCE JAN 1      1.35                      0.65   0.70     0.34

DEGREE DAYS
 HEATING
  YESTERDAY       30                        44    -14       45
  MONTH TO DATE  673                       702    -29      635
  SINCE DEC 1   1950                      1937     13     1428
  SINCE JUL 1   2848                      3351   -503     2508

 COOLING
  YESTERDAY        0                         0      0        0
  MONTH TO DATE    0                         0      0        0
  SINCE DEC 1      0                         0      0        0
  SINCE JAN 1      0                         0      0        0
..................................................................


WIND (MPH)
  RESULTANT WIND SPEED   6   RESULTANT WIND DIRECTION   E (90)
  HIGHEST WIND SPEED    15   HIGHEST WIND DIRECTION     E (90)
  HIGHEST GUST SPEED    17   HIGHEST GUST DIRECTION     E (100)
  AVERAGE WIND SPEED     6.7


SKY COVER
  POSSIBLE SUNSHINE  MM
  AVERAGE SKY COVER 1.0


WEATHER CONDITIONS
 THE FOLLOWING WEATHER WAS RECORDED YESTERDAY.
  HEAVY RAIN
  RAIN
  LIGHT RAIN
  FREEZING RAIN
  LIGHT SNOW
  FOG
  HAZE


RELATIVE HUMIDITY (PERCENT)
 HIGHEST   100           900 PM
 LOWEST     75           200 AM
 AVERAGE    88

..........................................................


THE AURORA MUNICIPAL AIRPORT CLIMATE NORMALS FOR TODAY
                         NORMAL    RECORD    YEAR
 MAXIMUM TEMPERATURE (F)   29        MM        MM
 MINIMUM TEMPERATURE (F)   12        MM        MM


SUNRISE AND SUNSET
JANUARY 17 2017.......SUNRISE   718 AM CST   SUNSET   451 PM CST
JANUARY 18 2017.......SUNRISE   717 AM CST   SUNSET   452 PM CST


-  INDICATES NEGATIVE NUMBERS.
R  INDICATES RECORD WAS SET OR TIED.
MM INDICATES DATA IS MISSING.
T  INDICATES TRACE AMOUNT.




$$
