000
CDUS41 KBUF 210705
CLIART


CLIMATE REPORT
NATIONAL WEATHER SERVICE BUFFALO NY
305 AM EDT THU AUG 21 2014


...................................

...THE WATERTOWN NY CLIMATE SUMMARY FOR AUGUST 20 2014...

CLIMATE NORMAL PERIOD 1981 TO 2010
CLIMATE RECORD PERIOD 1949 TO 2014


WEATHER ITEM   OBSERVED TIME   RECORD YEAR NORMAL DEPARTURE LAST
                VALUE   (LST)  VALUE       VALUE  FROM      YEAR
                                                  NORMAL
..................................................................
TEMPERATURE (F)
 YESTERDAY
  MAXIMUM         81   1245 PM  88    2009  78      3       80
                                      1955
  MINIMUM         56    415 AM  39    2000  56      0       62
  AVERAGE         69                        67      2       71

PRECIPITATION (IN)
  YESTERDAY        0.55          0.90 1958   0.10   0.45     0.00
  MONTH TO DATE    2.78                      2.05   0.73     1.70
  SINCE JUN 1     10.72                      7.55   3.17    10.79
  SINCE JAN 1     29.32                     20.70   8.62    21.41

DEGREE DAYS
 HEATING
  YESTERDAY        0                         2     -2        0
  MONTH TO DATE   21                        21      0       22
  SINCE JUN 1    102                       154    -52      136
  SINCE JUL 1     40                        47     -7       33

 COOLING
  YESTERDAY        4                         3      1        6
  MONTH TO DATE   52                        81    -29       48
  SINCE JUN 1    287                       282      5      346
  SINCE JAN 1    310                       293     17      378
..................................................................


WIND (MPH)
  HIGHEST WIND SPEED    13   HIGHEST WIND DIRECTION     W (270)
  HIGHEST GUST SPEED    15   HIGHEST GUST DIRECTION     W (260)
  AVERAGE WIND SPEED     4.1


SKY COVER
  AVERAGE SKY COVER 0.3


WEATHER CONDITIONS
 THE FOLLOWING WEATHER WAS RECORDED YESTERDAY.
  THUNDERSTORM
  HEAVY RAIN
  RAIN
  LIGHT RAIN
  FOG
  HAZE


RELATIVE HUMIDITY (PERCENT)
 HIGHEST    87           600 PM
 LOWEST     62          1100 AM
 AVERAGE    75

..........................................................


THE WATERTOWN NY CLIMATE NORMALS FOR TODAY
                         NORMAL    RECORD    YEAR
 MAXIMUM TEMPERATURE (F)   78        86      1976
 MINIMUM TEMPERATURE (F)   56        38      1969


SUNRISE AND SUNSET
AUGUST 21 2014........SUNRISE   615 AM EDT   SUNSET   759 PM EDT
AUGUST 22 2014........SUNRISE   616 AM EDT   SUNSET   757 PM EDT


-  INDICATES NEGATIVE NUMBERS.
R  INDICATES RECORD WAS SET OR TIED.
MM INDICATES DATA IS MISSING.
T  INDICATES TRACE AMOUNT.




$$
