000
CDUS41 KBUF 251025
CLIART


CLIMATE REPORT
NATIONAL WEATHER SERVICE BUFFALO NY
623 AM EDT SAT OCT 25 2014


...................................

...THE WATERTOWN NY CLIMATE SUMMARY FOR OCTOBER 24 2014...

CLIMATE NORMAL PERIOD 1981 TO 2010
CLIMATE RECORD PERIOD 1949 TO 2014


WEATHER ITEM   OBSERVED TIME   RECORD YEAR NORMAL DEPARTURE LAST
                VALUE   (LST)  VALUE       VALUE  FROM      YEAR
                                                  NORMAL
..................................................................
TEMPERATURE (F)
 YESTERDAY
  MAXIMUM         60   1224 PM  74    1991  55      5       49
  MINIMUM         44    751 AM  18    1974  36      8       28
  AVERAGE         52                        46      6       39

PRECIPITATION (IN)
  YESTERDAY        0.00          0.67 1992   0.11  -0.11     0.04
  MONTH TO DATE    2.72                      2.86  -0.14     3.06
  SINCE SEP 1      4.30                      6.58  -2.28     5.88
  SINCE JAN 1     36.56                     28.38   8.18    27.68

DEGREE DAYS
 HEATING
  YESTERDAY       13                        19     -6       26
  MONTH TO DATE  254                       379   -125      245
  SINCE SEP 1    430                       581   -151      476
  SINCE JUL 1    480                       653   -173      519

 COOLING
  YESTERDAY        0                         0      0        0
  MONTH TO DATE   17                         0     17        0
  SINCE SEP 1     73                        35     38       48
  SINCE JAN 1    433                       359     74      481
..................................................................


WIND (MPH)
  HIGHEST WIND SPEED    14   HIGHEST WIND DIRECTION    SW (220)
  HIGHEST GUST SPEED    18   HIGHEST GUST DIRECTION    SW (220)
  AVERAGE WIND SPEED     4.8


SKY COVER
  AVERAGE SKY COVER 0.3


WEATHER CONDITIONS
 THE FOLLOWING WEATHER WAS RECORDED YESTERDAY.
  NO SIGNIFICANT WEATHER WAS OBSERVED.


RELATIVE HUMIDITY (PERCENT)
 HIGHEST    83           500 AM
 LOWEST     51          1000 AM
 AVERAGE    67

..........................................................


THE WATERTOWN NY CLIMATE NORMALS FOR TODAY
                         NORMAL    RECORD    YEAR
 MAXIMUM TEMPERATURE (F)   55        79      1963
 MINIMUM TEMPERATURE (F)   36        18      2002


SUNRISE AND SUNSET
OCTOBER 25 2014.......SUNRISE   731 AM EDT   SUNSET   604 PM EDT
OCTOBER 26 2014.......SUNRISE   733 AM EDT   SUNSET   603 PM EDT


-  INDICATES NEGATIVE NUMBERS.
R  INDICATES RECORD WAS SET OR TIED.
MM INDICATES DATA IS MISSING.
T  INDICATES TRACE AMOUNT.




$$
