000
CDUS41 KBUF 250705
CLIART


CLIMATE REPORT
NATIONAL WEATHER SERVICE BUFFALO NY
305 AM EDT FRI APR 25 2014


...................................

...THE WATERTOWN NY CLIMATE SUMMARY FOR APRIL 24 2014...

CLIMATE NORMAL PERIOD 1981 TO 2010
CLIMATE RECORD PERIOD 1949 TO 2014


WEATHER ITEM   OBSERVED TIME   RECORD YEAR NORMAL DEPARTURE LAST
                VALUE   (LST)  VALUE       VALUE  FROM      YEAR
                                                  NORMAL
..................................................................
TEMPERATURE (F)
 YESTERDAY
  MAXIMUM         53    131 PM  78    1958  59     -6       69
  MINIMUM         29   1152 PM  18    1972  36     -7       40
  AVERAGE         41                        47     -6       55

PRECIPITATION (IN)
  YESTERDAY        0.00          0.76 1970   0.10  -0.10     0.35
  MONTH TO DATE    3.50                      2.32   1.18     3.52
  SINCE MAR 1      5.61                      4.62   0.99     4.51
  SINCE JAN 1     12.71                      9.50   3.21     8.81

DEGREE DAYS
 HEATING
  YESTERDAY       24                        18      6       10
  MONTH TO DATE  516                       537    -21      544
  SINCE MAR 1   1821                      1603    218     1552
  SINCE JUL 1   7492                      7044    448     6402

 COOLING
  YESTERDAY        0                         0      0        0
  MONTH TO DATE    0                         0      0        0
  SINCE MAR 1      0                         0      0        0
  SINCE JAN 1      0                         0      0        0
..................................................................


WIND (MPH)
  HIGHEST WIND SPEED    21   HIGHEST WIND DIRECTION     N (350)
  HIGHEST GUST SPEED    27   HIGHEST GUST DIRECTION    NW (320)
  AVERAGE WIND SPEED    10.0


SKY COVER
  AVERAGE SKY COVER 0.0


WEATHER CONDITIONS
 THE FOLLOWING WEATHER WAS RECORDED YESTERDAY.
  NO SIGNIFICANT WEATHER WAS OBSERVED.


RELATIVE HUMIDITY (PERCENT)
 HIGHEST    52           900 PM
 LOWEST     26           100 PM
 AVERAGE    39

..........................................................


THE WATERTOWN NY CLIMATE NORMALS FOR TODAY
                         NORMAL    RECORD    YEAR
 MAXIMUM TEMPERATURE (F)   59        79      2009
 MINIMUM TEMPERATURE (F)   37        18      1972


SUNRISE AND SUNSET
APRIL 25 2014.........SUNRISE   605 AM EDT   SUNSET   800 PM EDT
APRIL 26 2014.........SUNRISE   603 AM EDT   SUNSET   801 PM EDT


-  INDICATES NEGATIVE NUMBERS.
R  INDICATES RECORD WAS SET OR TIED.
MM INDICATES DATA IS MISSING.
T  INDICATES TRACE AMOUNT.




$$
