000
CDUS41 KBUF 051025
CLIART


CLIMATE REPORT
NATIONAL WEATHER SERVICE BUFFALO NY
622 AM EDT SAT SEP 5 2015


...................................

...THE WATERTOWN NY CLIMATE SUMMARY FOR SEPTEMBER 4 2015...

CLIMATE NORMAL PERIOD 1981 TO 2010
CLIMATE RECORD PERIOD 1949 TO 2015


WEATHER ITEM   OBSERVED TIME   RECORD YEAR NORMAL DEPARTURE LAST
                VALUE   (LST)  VALUE       VALUE  FROM      YEAR
                                                  NORMAL
..................................................................
TEMPERATURE (F)
 YESTERDAY
  MAXIMUM         85    304 PM  96    1953  75     10       84
  MINIMUM         54    553 AM  31    1997  52      2       57
  AVERAGE         70                        64      6       71

PRECIPITATION (IN)
  YESTERDAY        0.00          2.62 2012   0.11  -0.11     0.00
  MONTH TO DATE    0.00                      0.43  -0.43     0.18
  SINCE SEP 1      0.00                      0.43  -0.43     0.18
  SINCE JAN 1     17.35                     22.23  -4.88    32.44

DEGREE DAYS
 HEATING
  YESTERDAY        0                         3     -3        0
  MONTH TO DATE    0                        12    -12        0
  SINCE SEP 1      0                        12    -12        0
  SINCE JUL 1     55                        84    -29       50

 COOLING
  YESTERDAY        5                         2      3        6
  MONTH TO DATE   21                         8     13       32
  SINCE SEP 1     21                         8     13       32
  SINCE JAN 1    327                       332     -5      392
..................................................................


WIND (MPH)
  HIGHEST WIND SPEED    16   HIGHEST WIND DIRECTION    NE (40)
  HIGHEST GUST SPEED    20   HIGHEST GUST DIRECTION    NE (40)
  AVERAGE WIND SPEED     7.8


SKY COVER
  AVERAGE SKY COVER 0.0


WEATHER CONDITIONS
 THE FOLLOWING WEATHER WAS RECORDED YESTERDAY.
  FOG
  FOG W/VISIBILITY <= 1/4 MILE


RELATIVE HUMIDITY (PERCENT)
 HIGHEST   100          1200 AM
 LOWEST     32           300 PM
 AVERAGE    66

..........................................................


THE WATERTOWN NY CLIMATE NORMALS FOR TODAY
                         NORMAL    RECORD    YEAR
 MAXIMUM TEMPERATURE (F)   74        93      1973
 MINIMUM TEMPERATURE (F)   52        33      2000


SUNRISE AND SUNSET
SEPTEMBER  5 2015.....SUNRISE   632 AM EDT   SUNSET   733 PM EDT
SEPTEMBER  6 2015.....SUNRISE   633 AM EDT   SUNSET   731 PM EDT


-  INDICATES NEGATIVE NUMBERS.
R  INDICATES RECORD WAS SET OR TIED.
MM INDICATES DATA IS MISSING.
T  INDICATES TRACE AMOUNT.




$$
