000
CDUS45 KGJT 230739
CLIASE


CLIMATE REPORT
NATIONAL WEATHER SERVICE GRAND JUNCTION CO
136 AM MDT WED JUL 23 2014


...................................

...THE ASPEN CO CLIMATE SUMMARY FOR JULY 22 2014...

CLIMATE NORMAL PERIOD 1981 TO 2010
CLIMATE RECORD PERIOD 9999 TO 9999


WEATHER ITEM   OBSERVED TIME   RECORD YEAR NORMAL DEPARTURE LAST
                VALUE   (LST)  VALUE       VALUE  FROM      YEAR
                                                  NORMAL
..................................................................
TEMPERATURE (F)
 YESTERDAY
  MAXIMUM         90    204 PM  MM      MM  80     10       86
  MINIMUM         48    508 AM  MM      MM  48      0       49
  AVERAGE         69                        64      5       68

PRECIPITATION (IN)
  YESTERDAY        0.00         MM      MM   0.06  -0.06     0.00
  MONTH TO DATE    0.73                      1.12  -0.39     0.41
  SINCE JUN 1      0.77                      2.25  -1.48     0.50
  SINCE JAN 1      6.30                      9.19  -2.89     7.18

SNOWFALL (IN)
  YESTERDAY       MM            MM      MM  MM     MM       MM
  MONTH TO DATE   MM                        MM     MM       MM
  SINCE JUN 1     MM                        MM     MM       MM
  SINCE JUL 1     MM                        MM     MM       MM
  SNOW DEPTH      MM

DEGREE DAYS
 HEATING
  YESTERDAY        0                         2     -2        0
  MONTH TO DATE   13                        53    -40       10
  SINCE JUN 1    218                       282    -64      156
  SINCE JUL 1     13                        53    -40       10

 COOLING
  YESTERDAY        4                         1      3        3
  MONTH TO DATE   35                        20     15       37
  SINCE JUN 1     36                        24     12       53
  SINCE JAN 1     36                        24     12       53
..................................................................


WIND (MPH)
  HIGHEST WIND SPEED    14   HIGHEST WIND DIRECTION    SE (130)
  HIGHEST GUST SPEED    21   HIGHEST GUST DIRECTION    SE (130)
  AVERAGE WIND SPEED     5.8


SKY COVER
  POSSIBLE SUNSHINE  MM
  AVERAGE SKY COVER 0.0


WEATHER CONDITIONS
 THE FOLLOWING WEATHER WAS RECORDED YESTERDAY.
  NO SIGNIFICANT WEATHER WAS OBSERVED.


RELATIVE HUMIDITY (PERCENT)
 HIGHEST    50           100 AM
 LOWEST      8           200 PM
 AVERAGE    29

..........................................................


THE ASPEN CO CLIMATE NORMALS FOR TODAY
                         NORMAL    RECORD    YEAR
 MAXIMUM TEMPERATURE (F)   80        MM        MM
 MINIMUM TEMPERATURE (F)   48        MM        MM


SUNRISE AND SUNSET
JULY 23 2014..........SUNRISE   600 AM MDT   SUNSET   827 PM MDT
JULY 24 2014..........SUNRISE   601 AM MDT   SUNSET   827 PM MDT


-  INDICATES NEGATIVE NUMBERS.
R  INDICATES RECORD WAS SET OR TIED.
MM INDICATES DATA IS MISSING.
T  INDICATES TRACE AMOUNT.




$$
