508
CDUS45 KGJT 132340
CLIASE


CLIMATE REPORT
NATIONAL WEATHER SERVICE GRAND JUNCTION CO
437 PM MST SAT FEB 13 2016


...................................

...THE ASPEN CO CLIMATE SUMMARY FOR FEBRUARY 13 2016...
VALID TODAY AS OF 0400 PM LOCAL TIME.

CLIMATE NORMAL PERIOD 1981 TO 2010
CLIMATE RECORD PERIOD 9999 TO 9999


WEATHER ITEM   OBSERVED TIME   RECORD YEAR NORMAL DEPARTURE LAST
                VALUE   (LST)  VALUE       VALUE  FROM      YEAR
                                                  NORMAL
..................................................................
TEMPERATURE (F)
 TODAY
  MAXIMUM         48    103 PM  MM      MM  34     14       52
  MINIMUM         20    602 AM  MM      MM   9     11       20
  AVERAGE         34                        22     12       36

PRECIPITATION (IN)
  TODAY            0.00         MM      MM   0.05  -0.05     0.00
  MONTH TO DATE    0.47                      0.54  -0.07     0.03
  SINCE DEC 1      2.88                      2.71   0.17     2.12
  SINCE JAN 1      1.92                      1.57   0.35     0.30

SNOWFALL (IN)
  TODAY           MM            MM      MM  MM     MM       MM
  MONTH TO DATE   MM                        MM     MM       MM
  SINCE DEC 1     MM                        MM     MM       MM
  SINCE JUL 1     MM                        MM     MM       MM
  SNOW DEPTH      MM

DEGREE DAYS
 HEATING
  TODAY           31                        43    -12       29
  MONTH TO DATE  575                       576     -1      392
  SINCE DEC 1   3332                      3372    -40     2914
  SINCE JUL 1   5207                      5698   -491     4900

 COOLING
  TODAY            0                         0      0        0
  MONTH TO DATE    0                         0      0        0
  SINCE DEC 1      0                         0      0        0
  SINCE JAN 1      0                         0      0        0
..................................................................


WIND (MPH)
  HIGHEST WIND SPEED    18   HIGHEST WIND DIRECTION    NW (330)
  HIGHEST GUST SPEED    26   HIGHEST GUST DIRECTION     N (350)
  AVERAGE WIND SPEED     6.6


SKY COVER
  POSSIBLE SUNSHINE  MM
  AVERAGE SKY COVER 0.1


WEATHER CONDITIONS
 THE FOLLOWING WEATHER WAS RECORDED TODAY.
  NO SIGNIFICANT WEATHER WAS OBSERVED.


RELATIVE HUMIDITY (PERCENT)
 HIGHEST    74           300 AM
 LOWEST     29          1100 AM
 AVERAGE    52

..........................................................


THE ASPEN CO CLIMATE NORMALS FOR TOMORROW
                         NORMAL    RECORD    YEAR
 MAXIMUM TEMPERATURE (F)   35        MM        MM
 MINIMUM TEMPERATURE (F)    9        MM        MM


SUNRISE AND SUNSET
FEBRUARY 13 2016......SUNRISE   702 AM MST   SUNSET   542 PM MST
FEBRUARY 14 2016......SUNRISE   701 AM MST   SUNSET   543 PM MST


-  INDICATES NEGATIVE NUMBERS.
R  INDICATES RECORD WAS SET OR TIED.
MM INDICATES DATA IS MISSING.
T  INDICATES TRACE AMOUNT.




$$
