000
CDUS46 KPQR 061142
CLIAST


CLIMATE REPORT
NATIONAL WEATHER SERVICE PORTLAND OREGON
441 AM PDT FRI MAY 6 2016


...................................

...THE ASTORIA OR CLIMATE SUMMARY FOR MAY 5 2016...

CLIMATE NORMAL PERIOD 1981 TO 2010
CLIMATE RECORD PERIOD 1892 TO 2016


WEATHER ITEM   OBSERVED TIME   RECORD YEAR NORMAL DEPARTURE LAST
                VALUE   (LST)  VALUE       VALUE  FROM      YEAR
                                                  NORMAL
..................................................................
TEMPERATURE (F)
 YESTERDAY
  MAXIMUM         62    159 PM  85    2013  59      3       59
  MINIMUM         49   1159 PM  33    1949  44      5       46
  AVERAGE         56                        51      5       53

PRECIPITATION (IN)
  YESTERDAY        0.00          2.02 1948   0.13  -0.13     0.25
  MONTH TO DATE    T                         0.63  -0.63     0.29
  SINCE OCT 1     78.90                     57.69  21.21    51.28
  SINCE JAN 1     36.37                     30.67   5.70    25.66

DEGREE DAYS
 HEATING
  YESTERDAY        9                        14     -5       12
  MONTH TO DATE   30                        70    -40       62
  SINCE MAR 1    836                      1137   -301      992
  SINCE JUL 1   3455                      4479  -1024     3532

 COOLING
  YESTERDAY        0                         0      0        0
  MONTH TO DATE    0                         0      0        0
  SINCE MAR 1      3                         0      3        2
  SINCE JAN 1      3                         0      3        2
..................................................................


WIND (MPH)
  HIGHEST WIND SPEED    18   HIGHEST WIND DIRECTION    NW (320)
  HIGHEST GUST SPEED    23   HIGHEST GUST DIRECTION    NW (310)
  AVERAGE WIND SPEED     9.5


SKY COVER
  POSSIBLE SUNSHINE  MM
  AVERAGE SKY COVER 0.4


WEATHER CONDITIONS
 THE FOLLOWING WEATHER WAS RECORDED YESTERDAY.
  NO SIGNIFICANT WEATHER WAS OBSERVED.


RELATIVE HUMIDITY (PERCENT)
 HIGHEST    83           100 AM
 LOWEST     64          1200 PM
 AVERAGE    74

..........................................................


THE ASTORIA OR CLIMATE NORMALS FOR TODAY
                         NORMAL    RECORD    YEAR
 MAXIMUM TEMPERATURE (F)   59        80      1987
                                             1949
 MINIMUM TEMPERATURE (F)   44        31      1965


SUNRISE AND SUNSET
MAY  6 2016...........SUNRISE   554 AM PDT   SUNSET   831 PM PDT
MAY  7 2016...........SUNRISE   552 AM PDT   SUNSET   832 PM PDT


-  INDICATES NEGATIVE NUMBERS.
R  INDICATES RECORD WAS SET OR TIED.
MM INDICATES DATA IS MISSING.
T  INDICATES TRACE AMOUNT.




$$
