000
CDUS46 KPQR 100228
CLIAST


CLIMATE REPORT
NATIONAL WEATHER SERVICE PORTLAND OREGON
728 PM PDT WED JUL 9 2014


...................................

...THE ASTORIA OR CLIMATE SUMMARY FOR JULY 9 2014...
VALID TODAY AS OF 0700 PM LOCAL TIME.

CLIMATE NORMAL PERIOD 1981 TO 2010
CLIMATE RECORD PERIOD 1892 TO 2014


WEATHER ITEM   OBSERVED TIME   RECORD YEAR NORMAL DEPARTURE LAST
                VALUE   (LST)  VALUE       VALUE  FROM      YEAR
                                                  NORMAL
..................................................................
TEMPERATURE (F)
 TODAY
  MAXIMUM         65    156 PM  91    1926  67     -2       66
                                      1895
  MINIMUM         57    602 AM  41    1938  53      4       56
  AVERAGE         61                        60      1       61

PRECIPITATION (IN)
  TODAY            T             0.50 1974   0.04  -0.04     0.00
  MONTH TO DATE    0.08                      0.40  -0.32      T
  SINCE OCT 1     52.77                     63.33 -10.56    76.59
  SINCE JAN 1     40.61                     36.31   4.30    34.97

DEGREE DAYS
 HEATING
  TODAY            4                         5     -1        4
  MONTH TO DATE   20                        51    -31       24
  SINCE JUN 1    200                       293    -93      205
  SINCE JUL 1     20                        51    -31       24

 COOLING
  TODAY            0                         0      0        0
  MONTH TO DATE    8                         0      8        0
  SINCE JUN 1      8                         0      8        3
  SINCE JAN 1     19                         0     19        4
..................................................................


WIND (MPH)
  HIGHEST WIND SPEED    17   HIGHEST WIND DIRECTION    NW (330)
  HIGHEST GUST SPEED    23   HIGHEST GUST DIRECTION    NW (320)
  AVERAGE WIND SPEED    12.3


SKY COVER
  POSSIBLE SUNSHINE  MM
  AVERAGE SKY COVER 1.0


WEATHER CONDITIONS
 THE FOLLOWING WEATHER WAS RECORDED TODAY.
  LIGHT RAIN
  FOG
  HAZE


RELATIVE HUMIDITY (PERCENT)
 HIGHEST    86           300 AM
 LOWEST     67           100 PM
 AVERAGE    77

..........................................................


THE ASTORIA OR CLIMATE NORMALS FOR TOMORROW
                         NORMAL    RECORD    YEAR
 MAXIMUM TEMPERATURE (F)   67        93      1908
 MINIMUM TEMPERATURE (F)   53        44      1967


SUNRISE AND SUNSET
JULY  9 2014..........SUNRISE   534 AM PDT   SUNSET   907 PM PDT
JULY 10 2014..........SUNRISE   535 AM PDT   SUNSET   907 PM PDT


-  INDICATES NEGATIVE NUMBERS.
R  INDICATES RECORD WAS SET OR TIED.
MM INDICATES DATA IS MISSING.
T  INDICATES TRACE AMOUNT.




$$
