000
CDUS46 KPQR 221144
CLIAST


CLIMATE REPORT
NATIONAL WEATHER SERVICE PORTLAND OREGON
444 AM PDT WED OCT 22 2014


...................................

...THE ASTORIA OR CLIMATE SUMMARY FOR OCTOBER 21 2014...

CLIMATE NORMAL PERIOD 1981 TO 2010
CLIMATE RECORD PERIOD 1892 TO 2014


WEATHER ITEM   OBSERVED TIME   RECORD YEAR NORMAL DEPARTURE LAST
                VALUE   (LST)  VALUE       VALUE  FROM      YEAR
                                                  NORMAL
..................................................................
TEMPERATURE (F)
 YESTERDAY
  MAXIMUM         62    323 PM  81    1942  60      2       72
  MINIMUM         55    547 AM  33    1957  44     11       43
  AVERAGE         59                        52      7       58

PRECIPITATION (IN)
  YESTERDAY        0.17          1.48 1982   0.22  -0.05     0.00
                                      1966
  MONTH TO DATE    3.48                      3.45   0.03     1.92
  SINCE OCT 1      3.48                      3.45   0.03     1.92
  SINCE JAN 1     50.73                     43.69   7.04    48.97

DEGREE DAYS
 HEATING
  YESTERDAY        6                        13     -7        7
  MONTH TO DATE  107                       241   -134      268
  SINCE SEP 1    199                       441   -242      414
  SINCE JUL 1    357                       722   -365      661

 COOLING
  YESTERDAY        0                         0      0        0
  MONTH TO DATE    0                         0      0        0
  SINCE SEP 1     20                         5     15        3
  SINCE JAN 1     45                        12     33        9
..................................................................


WIND (MPH)
  HIGHEST WIND SPEED    25   HIGHEST WIND DIRECTION     S (180)
  HIGHEST GUST SPEED    35   HIGHEST GUST DIRECTION     S (200)
  AVERAGE WIND SPEED    10.8


SKY COVER
  POSSIBLE SUNSHINE  MM
  AVERAGE SKY COVER 0.8


WEATHER CONDITIONS
 THE FOLLOWING WEATHER WAS RECORDED YESTERDAY.
  LIGHT RAIN
  FOG


RELATIVE HUMIDITY (PERCENT)
 HIGHEST    93           600 AM
 LOWEST     67           200 PM
 AVERAGE    80

..........................................................


THE ASTORIA OR CLIMATE NORMALS FOR TODAY
                         NORMAL    RECORD    YEAR
 MAXIMUM TEMPERATURE (F)   59        79      1937
 MINIMUM TEMPERATURE (F)   43        34      1961


SUNRISE AND SUNSET
OCTOBER 22 2014.......SUNRISE   742 AM PDT   SUNSET   617 PM PDT
OCTOBER 23 2014.......SUNRISE   744 AM PDT   SUNSET   615 PM PDT


-  INDICATES NEGATIVE NUMBERS.
R  INDICATES RECORD WAS SET OR TIED.
MM INDICATES DATA IS MISSING.
T  INDICATES TRACE AMOUNT.




$$
