000
CDUS46 KPQR 301144
CLIAST


CLIMATE REPORT
NATIONAL WEATHER SERVICE PORTLAND OREGON
443 AM PDT SUN APR 30 2017


...................................

...THE ASTORIA OR CLIMATE SUMMARY FOR APRIL 29 2017...

CLIMATE NORMAL PERIOD 1981 TO 2010
CLIMATE RECORD PERIOD 1892 TO 2017


WEATHER ITEM   OBSERVED TIME   RECORD YEAR NORMAL DEPARTURE LAST
                VALUE   (LST)  VALUE       VALUE  FROM      YEAR
                                                  NORMAL
..................................................................
TEMPERATURE (F)
 YESTERDAY
  MAXIMUM         56   1129 AM  83    1908  58     -2       61
  MINIMUM         36    430 AM  31    1975  43     -7       49
  AVERAGE         46                        50     -4       55

PRECIPITATION (IN)
  YESTERDAY        0.32          1.24 1899   0.14   0.18     0.01
  MONTH TO DATE    8.91                      5.07   3.84     1.99
  SINCE OCT 1     85.11                     56.93  28.18    78.90
  SINCE JAN 1     41.24                     29.91  11.33    36.37

DEGREE DAYS
 HEATING
  YESTERDAY       19                        15      4       10
  MONTH TO DATE  460                       474    -14      334
  SINCE MAR 1   1024                      1052    -28      794
  SINCE JUL 1   4007                      4394   -387     3413

 COOLING
  YESTERDAY        0                         0      0        0
  MONTH TO DATE    0                         0      0        3
  SINCE MAR 1      0                         0      0        3
  SINCE JAN 1      0                         0      0        3
..................................................................


WIND (MPH)
  HIGHEST WIND SPEED    22   HIGHEST WIND DIRECTION    SW (210)
  HIGHEST GUST SPEED    32   HIGHEST GUST DIRECTION    SW (220)
  AVERAGE WIND SPEED     8.3


SKY COVER
  POSSIBLE SUNSHINE  MM
  AVERAGE SKY COVER 0.7


WEATHER CONDITIONS
 THE FOLLOWING WEATHER WAS RECORDED YESTERDAY.
  LIGHT RAIN
  FOG


RELATIVE HUMIDITY (PERCENT)
 HIGHEST    93          1100 PM
 LOWEST     61          1100 AM
 AVERAGE    77

..........................................................


THE ASTORIA OR CLIMATE NORMALS FOR TODAY
                         NORMAL    RECORD    YEAR
 MAXIMUM TEMPERATURE (F)   58        84      2014
 MINIMUM TEMPERATURE (F)   43        32      1986


SUNRISE AND SUNSET
APRIL 30 2017.........SUNRISE   603 AM PDT   SUNSET   823 PM PDT
MAY  1 2017...........SUNRISE   602 AM PDT   SUNSET   824 PM PDT


-  INDICATES NEGATIVE NUMBERS.
R  INDICATES RECORD WAS SET OR TIED.
MM INDICATES DATA IS MISSING.
T  INDICATES TRACE AMOUNT.




$$
