000
CDUS46 KPQR 240228
CLIAST


CLIMATE REPORT
NATIONAL WEATHER SERVICE PORTLAND OREGON
728 PM PDT MON MAY 23 2016


...................................

...THE ASTORIA OR CLIMATE SUMMARY FOR MAY 23 2016...
VALID TODAY AS OF 0700 PM LOCAL TIME.

CLIMATE NORMAL PERIOD 1981 TO 2010
CLIMATE RECORD PERIOD 1892 TO 2016


WEATHER ITEM   OBSERVED TIME   RECORD YEAR NORMAL DEPARTURE LAST
                VALUE   (LST)  VALUE       VALUE  FROM      YEAR
                                                  NORMAL
..................................................................
TEMPERATURE (F)
 TODAY
  MAXIMUM         64    248 PM  85    1999  61      3       60
  MINIMUM         50    417 AM  34    1966  47      3       51
  AVERAGE         57                        54      3       56

PRECIPITATION (IN)
  TODAY            T             2.31 2013   0.10  -0.10     0.01
  MONTH TO DATE    0.76                      2.52  -1.76     1.21
  SINCE OCT 1     79.66                     59.58  20.08    52.20
  SINCE JAN 1     37.13                     32.56   4.57    26.58

DEGREE DAYS
 HEATING
  TODAY            8                        11     -3        9
  MONTH TO DATE  211                       289    -78      248
  SINCE MAR 1   1017                      1356   -339     1178
  SINCE JUL 1   3636                      4698  -1062     3718

 COOLING
  TODAY            0                         0      0        0
  MONTH TO DATE    0                         0      0        0
  SINCE MAR 1      3                         0      3        2
  SINCE JAN 1      3                         0      3        2
..................................................................


WIND (MPH)
  HIGHEST WIND SPEED    17   HIGHEST WIND DIRECTION    SW (240)
  HIGHEST GUST SPEED    23   HIGHEST GUST DIRECTION    SW (240)
  AVERAGE WIND SPEED     6.5


SKY COVER
  POSSIBLE SUNSHINE  MM
  AVERAGE SKY COVER 0.8


WEATHER CONDITIONS
 THE FOLLOWING WEATHER WAS RECORDED TODAY.
  LIGHT RAIN
  FOG


RELATIVE HUMIDITY (PERCENT)
 HIGHEST    96           300 AM
 LOWEST     63           100 PM
 AVERAGE    80

..........................................................


THE ASTORIA OR CLIMATE NORMALS FOR TOMORROW
                         NORMAL    RECORD    YEAR
 MAXIMUM TEMPERATURE (F)   61        84      1993
 MINIMUM TEMPERATURE (F)   47        38      1923


SUNRISE AND SUNSET
MAY 23 2016...........SUNRISE   534 AM PDT   SUNSET   851 PM PDT
MAY 24 2016...........SUNRISE   533 AM PDT   SUNSET   852 PM PDT


-  INDICATES NEGATIVE NUMBERS.
R  INDICATES RECORD WAS SET OR TIED.
MM INDICATES DATA IS MISSING.
T  INDICATES TRACE AMOUNT.




$$
