000
CDUS46 KPQR 290221
CLIAST


CLIMATE REPORT
NATIONAL WEATHER SERVICE PORTLAND OREGON
721 PM PDT MON JUL 28 2014


...................................

...THE ASTORIA OR CLIMATE SUMMARY FOR JULY 28 2014...
VALID TODAY AS OF 0700 PM LOCAL TIME.

CLIMATE NORMAL PERIOD 1981 TO 2010
CLIMATE RECORD PERIOD 1892 TO 2014


WEATHER ITEM   OBSERVED TIME   RECORD YEAR NORMAL DEPARTURE LAST
                VALUE   (LST)  VALUE       VALUE  FROM      YEAR
                                                  NORMAL
..................................................................
TEMPERATURE (F)
 TODAY
  MAXIMUM         72   1223 PM  92    2009  68      4       62
  MINIMUM         52    258 AM  45    2008  54     -2       55
                                      1954
                                      1949
  AVERAGE         62                        61      1       59

PRECIPITATION (IN)
  TODAY            0.00          0.99 1950   0.02  -0.02      T
  MONTH TO DATE    1.08                      0.96   0.12     0.01
  SINCE OCT 1     53.77                     63.89 -10.12    76.60
  SINCE JAN 1     41.61                     36.87   4.74    34.98

DEGREE DAYS
 HEATING
  TODAY            3                         4     -1        6
  MONTH TO DATE   98                       136    -38      122
  SINCE JUN 1    278                       378   -100      303
  SINCE JUL 1     98                       136    -38      122

 COOLING
  TODAY            0                         0      0        0
  MONTH TO DATE    8                         0      8        0
  SINCE JUN 1      8                         0      8        3
  SINCE JAN 1     19                         0     19        4
..................................................................


WIND (MPH)
  HIGHEST WIND SPEED    20   HIGHEST WIND DIRECTION    NW (300)
  HIGHEST GUST SPEED    26   HIGHEST GUST DIRECTION    NW (310)
  AVERAGE WIND SPEED     7.4


SKY COVER
  POSSIBLE SUNSHINE  MM
  AVERAGE SKY COVER 0.4


WEATHER CONDITIONS
 THE FOLLOWING WEATHER WAS RECORDED TODAY.
  FOG
  HAZE


RELATIVE HUMIDITY (PERCENT)
 HIGHEST   100           200 AM
 LOWEST     66          1200 PM
 AVERAGE    83

..........................................................


THE ASTORIA OR CLIMATE NORMALS FOR TOMORROW
                         NORMAL    RECORD    YEAR
 MAXIMUM TEMPERATURE (F)   68        88      1908
 MINIMUM TEMPERATURE (F)   54        44      1959


SUNRISE AND SUNSET
JULY 28 2014..........SUNRISE   553 AM PDT   SUNSET   850 PM PDT
JULY 29 2014..........SUNRISE   554 AM PDT   SUNSET   849 PM PDT


-  INDICATES NEGATIVE NUMBERS.
R  INDICATES RECORD WAS SET OR TIED.
MM INDICATES DATA IS MISSING.
T  INDICATES TRACE AMOUNT.




$$
