158
CDUS46 KPQR 291148
CLIAST


CLIMATE REPORT
NATIONAL WEATHER SERVICE PORTLAND OREGON
448 AM PDT THU JUN 29 2017


...................................

...THE ASTORIA OR CLIMATE SUMMARY FOR JUNE 28 2017...

CLIMATE NORMAL PERIOD 1981 TO 2010
CLIMATE RECORD PERIOD 1892 TO 2017


WEATHER ITEM   OBSERVED TIME   RECORD YEAR NORMAL DEPARTURE LAST
                VALUE   (LST)  VALUE       VALUE  FROM      YEAR
                                                  NORMAL
..................................................................
TEMPERATURE (F)
 YESTERDAY
  MAXIMUM         63    243 PM  86    1951  66     -3       63
  MINIMUM         56    713 AM  40    1985  51      5       57
  AVERAGE         60                        58      2       60

PRECIPITATION (IN)
  YESTERDAY        0.00          1.48 2002   0.06  -0.06      T
  MONTH TO DATE    2.44                      2.44   0.00     2.00
  SINCE OCT 1     93.44                     62.82  30.62    81.76
  SINCE JAN 1     49.57                     35.80  13.77    39.23

DEGREE DAYS
 HEATING
  YESTERDAY        5                         7     -2        5
  MONTH TO DATE  197                       231    -34      164
  SINCE JUN 1    197                       231    -34      164
  SINCE JUL 1   4563                      5012   -449     3867

 COOLING
  YESTERDAY        0                         0      0        0
  MONTH TO DATE   10                         0     10        6
  SINCE JUN 1     10                         0     10        6
  SINCE JAN 1     12                         0     12        9
..................................................................


WIND (MPH)
  HIGHEST WIND SPEED    13   HIGHEST WIND DIRECTION     W (280)
  HIGHEST GUST SPEED    15   HIGHEST GUST DIRECTION     W (270)
  AVERAGE WIND SPEED     7.0


SKY COVER
  POSSIBLE SUNSHINE  MM
  AVERAGE SKY COVER 1.0


WEATHER CONDITIONS
 THE FOLLOWING WEATHER WAS RECORDED YESTERDAY.
  NO SIGNIFICANT WEATHER WAS OBSERVED.


RELATIVE HUMIDITY (PERCENT)
 HIGHEST    86           400 AM
 LOWEST     65          1100 AM
 AVERAGE    76

..........................................................


THE ASTORIA OR CLIMATE NORMALS FOR TODAY
                         NORMAL    RECORD    YEAR
 MAXIMUM TEMPERATURE (F)   66        93      1908
 MINIMUM TEMPERATURE (F)   52        42      1966
                                             1949


SUNRISE AND SUNSET
JUNE 29 2017..........SUNRISE   527 AM PDT   SUNSET   911 PM PDT
JUNE 30 2017..........SUNRISE   528 AM PDT   SUNSET   911 PM PDT


-  INDICATES NEGATIVE NUMBERS.
R  INDICATES RECORD WAS SET OR TIED.
MM INDICATES DATA IS MISSING.
T  INDICATES TRACE AMOUNT.




$$
