000
CDUS46 KPQR 120028
CLIAST


CLIMATE REPORT
NATIONAL WEATHER SERVICE PORTLAND OREGON
428 PM PST MON DEC 11 2017


...................................

...THE ASTORIA OR CLIMATE SUMMARY FOR DECEMBER 11 2017...
VALID TODAY AS OF 0400 PM LOCAL TIME.

CLIMATE NORMAL PERIOD 1981 TO 2010
CLIMATE RECORD PERIOD 1892 TO 2017


WEATHER ITEM   OBSERVED TIME   RECORD YEAR NORMAL DEPARTURE LAST
                VALUE   (LST)  VALUE       VALUE  FROM      YEAR
                                                  NORMAL
..................................................................
TEMPERATURE (F)
 TODAY
  MAXIMUM         51    226 PM  63    2014  49      2       51
  MINIMUM         36    307 AM  18    1919  36      0       41
  AVERAGE         44                        43      1       46

PRECIPITATION (IN)
  TODAY            0.00          3.03 1946   0.31  -0.31     0.75
  MONTH TO DATE    0.93                      3.72  -2.79     5.26
  SINCE OCT 1     24.03                     20.85   3.18    38.78
  SINCE JAN 1     77.24                     61.09  16.15    81.76

DEGREE DAYS
 HEATING
  TODAY           21                        22     -1       19
  MONTH TO DATE  237                       239     -2      241
  SINCE DEC 1    237                       239     -2      241
  SINCE JUL 1   1529                      1652   -123     1104

 COOLING
  TODAY            0                         0      0        0
  MONTH TO DATE    0                         0      0        0
  SINCE DEC 1      0                         0      0        0
  SINCE JAN 1     55                        12     43       62
..................................................................


WIND (MPH)
  HIGHEST WIND SPEED    17   HIGHEST WIND DIRECTION    NE (40)
  HIGHEST GUST SPEED    20   HIGHEST GUST DIRECTION    NE (40)
  AVERAGE WIND SPEED     9.6


SKY COVER
  POSSIBLE SUNSHINE  MM
  AVERAGE SKY COVER 0.0


WEATHER CONDITIONS
 THE FOLLOWING WEATHER WAS RECORDED TODAY.
  NO SIGNIFICANT WEATHER WAS OBSERVED.


RELATIVE HUMIDITY (PERCENT)
 HIGHEST    70          1200 AM
 LOWEST     48          1200 PM
 AVERAGE    59

..........................................................


THE ASTORIA OR CLIMATE NORMALS FOR TOMORROW
                         NORMAL    RECORD    YEAR
 MAXIMUM TEMPERATURE (F)   49        61      2002
 MINIMUM TEMPERATURE (F)   36        10      1919


SUNRISE AND SUNSET
DECEMBER 11 2017......SUNRISE   748 AM PST   SUNSET   430 PM PST
DECEMBER 12 2017......SUNRISE   749 AM PST   SUNSET   430 PM PST


-  INDICATES NEGATIVE NUMBERS.
R  INDICATES RECORD WAS SET OR TIED.
MM INDICATES DATA IS MISSING.
T  INDICATES TRACE AMOUNT.




$$
