000
CDUS46 KPQR 191141
CLIAST


CLIMATE REPORT
NATIONAL WEATHER SERVICE PORTLAND OREGON
441 AM PDT THU OCT 19 2017


...................................

...THE ASTORIA OR CLIMATE SUMMARY FOR OCTOBER 18 2017...

CLIMATE NORMAL PERIOD 1981 TO 2010
CLIMATE RECORD PERIOD 1892 TO 2017


WEATHER ITEM   OBSERVED TIME   RECORD YEAR NORMAL DEPARTURE LAST
                VALUE   (LST)  VALUE       VALUE  FROM      YEAR
                                                  NORMAL
..................................................................
TEMPERATURE (F)
 YESTERDAY
  MAXIMUM         60   1238 PM  79    1978  60      0       61
  MINIMUM         45   1227 AM  31    1949  44      1       48
  AVERAGE         53                        52      1       55

PRECIPITATION (IN)
  YESTERDAY        1.25          2.94 1958   0.21   1.04     0.07
  MONTH TO DATE    2.70                      2.80  -0.10    12.15
  SINCE OCT 1      2.70                      2.80  -0.10    12.15
  SINCE JAN 1     55.91                     43.04  12.87    55.13

DEGREE DAYS
 HEATING
  YESTERDAY       12                        13     -1       10
  MONTH TO DATE  239                       202     37      150
  SINCE SEP 1    383                       402    -19      283
  SINCE JUL 1    623                       683    -60      404

 COOLING
  YESTERDAY        0                         0      0        0
  MONTH TO DATE    0                         0      0        0
  SINCE SEP 1     22                         5     17        7
  SINCE JAN 1     55                        12     43       62
..................................................................


WIND (MPH)
  HIGHEST WIND SPEED    33   HIGHEST WIND DIRECTION     S (180)
  HIGHEST GUST SPEED    50   HIGHEST GUST DIRECTION     S (180)
  AVERAGE WIND SPEED    14.6


SKY COVER
  POSSIBLE SUNSHINE  MM
  AVERAGE SKY COVER 1.0


WEATHER CONDITIONS
 THE FOLLOWING WEATHER WAS RECORDED YESTERDAY.
  HEAVY RAIN
  RAIN
  LIGHT RAIN
  FOG


RELATIVE HUMIDITY (PERCENT)
 HIGHEST    96           800 AM
 LOWEST     80           400 PM
 AVERAGE    88

..........................................................


THE ASTORIA OR CLIMATE NORMALS FOR TODAY
                         NORMAL    RECORD    YEAR
 MAXIMUM TEMPERATURE (F)   60        77      1938
 MINIMUM TEMPERATURE (F)   44        31      1949


SUNRISE AND SUNSET
OCTOBER 19 2017.......SUNRISE   739 AM PDT   SUNSET   622 PM PDT
OCTOBER 20 2017.......SUNRISE   740 AM PDT   SUNSET   620 PM PDT


-  INDICATES NEGATIVE NUMBERS.
R  INDICATES RECORD WAS SET OR TIED.
MM INDICATES DATA IS MISSING.
T  INDICATES TRACE AMOUNT.




$$
