000
CDUS46 KPQR 261155
CLIAST


CLIMATE REPORT
NATIONAL WEATHER SERVICE PORTLAND OREGON
354 AM PST SUN FEB 26 2017


...................................

...THE ASTORIA OR CLIMATE SUMMARY FOR FEBRUARY 25 2017...

CLIMATE NORMAL PERIOD 1981 TO 2010
CLIMATE RECORD PERIOD 1892 TO 2017


WEATHER ITEM   OBSERVED TIME   RECORD YEAR NORMAL DEPARTURE LAST
                VALUE   (LST)  VALUE       VALUE  FROM      YEAR
                                                  NORMAL
..................................................................
TEMPERATURE (F)
 YESTERDAY
  MAXIMUM         46    241 PM  67    1992  52     -6       64
  MINIMUM         29    733 AM  24    1993  37     -8       41
                                      1962
  AVERAGE         38                        45     -7       53

PRECIPITATION (IN)
  YESTERDAY        0.12          2.02 1948   0.25  -0.13     0.00
  MONTH TO DATE   11.24                      6.43   4.81     7.04
  SINCE OCT 1     60.92                     43.65  17.27    63.32
  SINCE JAN 1     17.05                     16.63   0.42    20.79

DEGREE DAYS
 HEATING
  YESTERDAY       27                        20      7       12
  MONTH TO DATE  540                       520     20      388
  SINCE DEC 1   2045                      1872    173     1552
  SINCE JUL 1   2908                      3285   -377     2552

 COOLING
  YESTERDAY        0                         0      0        0
  MONTH TO DATE    0                         0      0        0
  SINCE DEC 1      0                         0      0        0
  SINCE JAN 1      0                         0      0        0
..................................................................


WIND (MPH)
  HIGHEST WIND SPEED    14   HIGHEST WIND DIRECTION     S (180)
  HIGHEST GUST SPEED    18   HIGHEST GUST DIRECTION     S (170)
  AVERAGE WIND SPEED     4.6


SKY COVER
  POSSIBLE SUNSHINE  MM
  AVERAGE SKY COVER 0.3


WEATHER CONDITIONS
 THE FOLLOWING WEATHER WAS RECORDED YESTERDAY.
  RAIN
  LIGHT RAIN
  FOG
  FOG W/VISIBILITY <= 1/4 MILE


RELATIVE HUMIDITY (PERCENT)
 HIGHEST   100           900 AM
 LOWEST     58           200 PM
 AVERAGE    79

..........................................................


THE ASTORIA OR CLIMATE NORMALS FOR TODAY
                         NORMAL    RECORD    YEAR
 MAXIMUM TEMPERATURE (F)   52        71      1992
 MINIMUM TEMPERATURE (F)   37        19      1962


SUNRISE AND SUNSET
FEBRUARY 26 2017......SUNRISE   659 AM PST   SUNSET   558 PM PST
FEBRUARY 27 2017......SUNRISE   657 AM PST   SUNSET   600 PM PST


-  INDICATES NEGATIVE NUMBERS.
R  INDICATES RECORD WAS SET OR TIED.
MM INDICATES DATA IS MISSING.
T  INDICATES TRACE AMOUNT.




$$
