000
CDUS46 KPQR 191146
CLIAST


CLIMATE REPORT
NATIONAL WEATHER SERVICE PORTLAND OREGON
345 AM PST FRI DEC 19 2014


...................................

...THE ASTORIA OR CLIMATE SUMMARY FOR DECEMBER 18 2014...

CLIMATE NORMAL PERIOD 1981 TO 2010
CLIMATE RECORD PERIOD 1892 TO 2014


WEATHER ITEM   OBSERVED TIME   RECORD YEAR NORMAL DEPARTURE LAST
                VALUE   (LST)  VALUE       VALUE  FROM      YEAR
                                                  NORMAL
..................................................................
TEMPERATURE (F)
 YESTERDAY
  MAXIMUM         56    234 PM  61    1981  48      8       48
  MINIMUM         44    546 AM  13    1924  36      8       30
  AVERAGE         50                        42      8       39

PRECIPITATION (IN)
  YESTERDAY        1.05          2.59 1933   0.29   0.76     0.08
  MONTH TO DATE    5.45                      5.85  -0.40     3.18
  SINCE OCT 1     20.50                     22.98  -2.48    10.34
  SINCE JAN 1     67.75                     63.22   4.53    57.39

DEGREE DAYS
 HEATING
  YESTERDAY       15                        23     -8       26
  MONTH TO DATE  294                       400   -106      531
  SINCE DEC 1    294                       400   -106      531
  SINCE JUL 1   1276                      1813   -537     1884

 COOLING
  YESTERDAY        0                         0      0        0
  MONTH TO DATE    0                         0      0        0
  SINCE DEC 1      0                         0      0        0
  SINCE JAN 1     45                        12     33        9
..................................................................


WIND (MPH)
  HIGHEST WIND SPEED    21   HIGHEST WIND DIRECTION     S (180)
  HIGHEST GUST SPEED    32   HIGHEST GUST DIRECTION     S (160)
  AVERAGE WIND SPEED     8.4


SKY COVER
  POSSIBLE SUNSHINE  MM
  AVERAGE SKY COVER 1.0


WEATHER CONDITIONS
 THE FOLLOWING WEATHER WAS RECORDED YESTERDAY.
  HEAVY RAIN
  RAIN
  LIGHT RAIN
  FOG


RELATIVE HUMIDITY (PERCENT)
 HIGHEST   100           200 AM
 LOWEST     72           300 PM
 AVERAGE    86

..........................................................


THE ASTORIA OR CLIMATE NORMALS FOR TODAY
                         NORMAL    RECORD    YEAR
 MAXIMUM TEMPERATURE (F)   48        61      1981
 MINIMUM TEMPERATURE (F)   36        17      1924


SUNRISE AND SUNSET
DECEMBER 19 2014......SUNRISE   754 AM PST   SUNSET   431 PM PST
DECEMBER 20 2014......SUNRISE   755 AM PST   SUNSET   432 PM PST


-  INDICATES NEGATIVE NUMBERS.
R  INDICATES RECORD WAS SET OR TIED.
MM INDICATES DATA IS MISSING.
T  INDICATES TRACE AMOUNT.




$$
