000
CDUS42 KFFC 200029
CLIATL


CLIMATE REPORT
NATIONAL WEATHER SERVICE PEACHTREE CITY GA
729 PM EST SUN NOV 19 2017


...................................

...THE ATLANTA CLIMATE SUMMARY FOR NOVEMBER 19 2017...
VALID AS OF 0700 PM LOCAL TIME.

CLIMATE NORMAL PERIOD 1981 TO 2010
CLIMATE RECORD PERIOD 1878 TO 2017


WEATHER ITEM   OBSERVED TIME   RECORD YEAR NORMAL DEPARTURE LAST
                VALUE   (LST)  VALUE       VALUE  FROM      YEAR
                                                  NORMAL
..................................................................
TEMPERATURE (F)
 TODAY
  MAXIMUM         57   1204 AM  80    1942  63     -6       60
  MINIMUM         44    804 AM  18    1903  43      1       41
  AVERAGE         51                        53     -2       51

PRECIPITATION (IN)
  TODAY            T             1.50 1948   0.15  -0.15     0.00
  MONTH TO DATE    1.04                      2.47  -1.43      T
  SINCE SEP 1      9.16                     10.35  -1.19     3.59
  SINCE JAN 1     48.10                     44.18   3.92    32.71

SNOWFALL (IN)
  TODAY           MM             0.0  2001   0.0   MM        0.0
  MONTH TO DATE    0.0                       0.0    0.0      0.0
  SINCE SEP 1      0.0                       0.0    0.0      0.0
  SINCE JUL 1      0.0                       0.0    0.0      0.0
  SNOW DEPTH       0

DEGREE DAYS
 HEATING
  TODAY           14                        12      2       14
  MONTH TO DATE  152                       182    -30       99
  SINCE SEP 1    263                       311    -48      119
  SINCE JUL 1    263                       311    -48      119

 COOLING
  TODAY            0                         0      0        0
  MONTH TO DATE   29                        11     18       25
  SINCE SEP 1    441                       344     97      611
  SINCE JAN 1   2165                      1883    282     2561
..................................................................


WIND (MPH)
  RESULTANT WIND SPEED  17   RESULTANT WIND DIRECTION  NW (320)
  HIGHEST WIND SPEED    30   HIGHEST WIND DIRECTION    NW (320)
  HIGHEST GUST SPEED    38   HIGHEST GUST DIRECTION    NW (320)
  AVERAGE WIND SPEED    17.0


SKY COVER
  AVERAGE SKY COVER 0.3


WEATHER CONDITIONS
 THE FOLLOWING WEATHER WAS RECORDED TODAY.
  LIGHT RAIN


RELATIVE HUMIDITY (PERCENT)
 HIGHEST    80           300 AM
 LOWEST     44           500 PM

..........................................................


THE ATLANTA CLIMATE NORMALS FOR TOMORROW
                         NORMAL    RECORD    YEAR
 MAXIMUM TEMPERATURE (F)   62        79      1979
                                             1942
 MINIMUM TEMPERATURE (F)   43        14      1914


SUNRISE AND SUNSET
NOVEMBER 19 2017......SUNRISE   713 AM EST   SUNSET   533 PM EST
NOVEMBER 20 2017......SUNRISE   714 AM EST   SUNSET   532 PM EST


-  INDICATES NEGATIVE NUMBERS.
R  INDICATES RECORD WAS SET OR TIED.
MM INDICATES DATA IS MISSING.
T  INDICATES TRACE AMOUNT.




$$
