000
CDUS42 KFFC 290819
CLIATL


CLIMATE REPORT
NATIONAL WEATHER SERVICE PEACHTREE CITY GA
419 AM EDT MON MAY 29 2017


...................................

...THE ATLANTA CLIMATE SUMMARY FOR MAY 28 2017...

CLIMATE NORMAL PERIOD 1981 TO 2010
CLIMATE RECORD PERIOD 1878 TO 2017


WEATHER ITEM   OBSERVED TIME   RECORD YEAR NORMAL DEPARTURE LAST
                VALUE   (LST)  VALUE       VALUE  FROM      YEAR
                                                  NORMAL
..................................................................
TEMPERATURE (F)
 YESTERDAY
  MAXIMUM         85    221 PM  94    1941  83      2       87
  MINIMUM         65    719 AM  42    1961  64      1       66
  AVERAGE         75                        73      2       77

PRECIPITATION (IN)
  YESTERDAY        0.51          2.10 1973   0.11   0.40     0.00
  MONTH TO DATE    4.24                      3.33   0.91     1.25
  SINCE MAR 1     12.67                     11.50   1.17     6.61
  SINCE JAN 1     22.72                     20.37   2.35    19.14

DEGREE DAYS
 HEATING
  YESTERDAY        0                         0      0        0
  MONTH TO DATE   24                        24      0       19
  SINCE MAR 1    334                       509   -175      284
  SINCE JUL 1   1690                      2764  -1074     1999

 COOLING
  YESTERDAY       10                         8      2       12
  MONTH TO DATE  190                       156     34      171
  SINCE MAR 1    374                       221    153      283
  SINCE JAN 1    379                       222    157      283
..................................................................


WIND (MPH)
  RESULTANT WIND SPEED   8   RESULTANT WIND DIRECTION   W (250)
  HIGHEST WIND SPEED    32   HIGHEST WIND DIRECTION    NW (320)
  HIGHEST GUST SPEED    41   HIGHEST GUST DIRECTION    NW (320)
  AVERAGE WIND SPEED     8.1


SKY COVER
  AVERAGE SKY COVER 0.8


WEATHER CONDITIONS
 THE FOLLOWING WEATHER WAS RECORDED YESTERDAY.
  THUNDERSTORM
  HEAVY RAIN
  RAIN
  LIGHT RAIN
  FOG


RELATIVE HUMIDITY (PERCENT)
 HIGHEST    87          1200 AM
 LOWEST     51           500 PM
 AVERAGE    69

..........................................................


THE ATLANTA CLIMATE NORMALS FOR TODAY
                         NORMAL    RECORD    YEAR
 MAXIMUM TEMPERATURE (F)   83        97      1941
                                             1914
 MINIMUM TEMPERATURE (F)   64        49      1984


SUNRISE AND SUNSET
MAY 29 2017...........SUNRISE   629 AM EDT   SUNSET   841 PM EDT
MAY 30 2017...........SUNRISE   629 AM EDT   SUNSET   842 PM EDT


-  INDICATES NEGATIVE NUMBERS.
R  INDICATES RECORD WAS SET OR TIED.
MM INDICATES DATA IS MISSING.
T  INDICATES TRACE AMOUNT.




$$
