000
CDUS42 KFFC 140023
CLIATL


CLIMATE REPORT
NATIONAL WEATHER SERVICE PEACHTREE CITY GA
722 PM EST SAT FEB 13 2016


...................................

...THE ATLANTA CLIMATE SUMMARY FOR FEBRUARY 13 2016...
VALID AS OF 0700 PM LOCAL TIME.

CLIMATE NORMAL PERIOD 1981 TO 2010
CLIMATE RECORD PERIOD 1878 TO 2016


WEATHER ITEM   OBSERVED TIME   RECORD YEAR NORMAL DEPARTURE LAST
                VALUE   (LST)  VALUE       VALUE  FROM      YEAR
                                                  NORMAL
..................................................................
TEMPERATURE (F)
 TODAY
  MAXIMUM         43    411 PM  75    1949  56    -13       45
  MINIMUM         29    734 AM  -9    1899  37     -8       25
  AVERAGE         36                        47    -11       35

PRECIPITATION (IN)
  TODAY            0.00          2.70 1923   0.17  -0.17     0.00
  MONTH TO DATE    2.13                      2.15  -0.02     1.27
  SINCE DEC 1     19.78                     10.25   9.53    11.14
  SINCE JAN 1      7.27                      6.35   0.92     5.63

SNOWFALL (IN)
  TODAY            0.0           T    2012   0.0    0.0      0.0
                                      2006
  MONTH TO DATE    T                         0.2   -0.2      0.0
  SINCE DEC 1      0.3                       1.9   -1.6      0.0
  SINCE JUL 1      0.3                       1.9   -1.6      0.0
  SNOW DEPTH       0

DEGREE DAYS
 HEATING
  TODAY           29                        18     11       30
  MONTH TO DATE  250                       252     -2      266
  SINCE DEC 1   1188                      1538   -350     1394
  SINCE JUL 1   1492                      2006   -514     1941

 COOLING
  TODAY            0                         0      0        0
  MONTH TO DATE    0                         0      0        0
  SINCE DEC 1     22                         1     21        0
  SINCE JAN 1      0                         0      0        0
..................................................................


WIND (MPH)
  RESULTANT WIND SPEED  16   RESULTANT WIND DIRECTION  NW (330)
  HIGHEST WIND SPEED    24   HIGHEST WIND DIRECTION    NW (320)
  HIGHEST GUST SPEED    32   HIGHEST GUST DIRECTION    NW (330)
  AVERAGE WIND SPEED    16.2


SKY COVER
  AVERAGE SKY COVER 0.1


WEATHER CONDITIONS
 THE FOLLOWING WEATHER WAS RECORDED TODAY.
  NO SIGNIFICANT WEATHER WAS OBSERVED.


RELATIVE HUMIDITY (PERCENT)
 HIGHEST    64           200 AM
 LOWEST     19           500 PM

..........................................................


THE ATLANTA CLIMATE NORMALS FOR TOMORROW
                         NORMAL    RECORD    YEAR
 MAXIMUM TEMPERATURE (F)   56        77      1949
 MINIMUM TEMPERATURE (F)   38         2      1905


SUNRISE AND SUNSET
FEBRUARY 13 2016......SUNRISE   724 AM EST   SUNSET   620 PM EST
FEBRUARY 14 2016......SUNRISE   723 AM EST   SUNSET   621 PM EST


-  INDICATES NEGATIVE NUMBERS.
R  INDICATES RECORD WAS SET OR TIED.
MM INDICATES DATA IS MISSING.
T  INDICATES TRACE AMOUNT.




$$
