000
CDUS42 KFFC 220022
CLIATL


CLIMATE REPORT
NATIONAL WEATHER SERVICE PEACHTREE CITY GA
722 PM EST SUN JAN 21 2018


...................................

...THE ATLANTA CLIMATE SUMMARY FOR JANUARY 21 2018...
VALID AS OF 0700 PM LOCAL TIME.

CLIMATE NORMAL PERIOD 1981 TO 2010
CLIMATE RECORD PERIOD 1878 TO 2018


WEATHER ITEM   OBSERVED TIME   RECORD YEAR NORMAL DEPARTURE LAST
                VALUE   (LST)  VALUE       VALUE  FROM      YEAR
                                                  NORMAL
..................................................................
TEMPERATURE (F)
 TODAY
  MAXIMUM         69    351 PM  76    1927  53     16       64
  MINIMUM         39    807 AM  -8    1985  34      5       56
  AVERAGE         54                        43     11       60

PRECIPITATION (IN)
  TODAY            0.00          3.12 2017   0.15  -0.15     3.12
  MONTH TO DATE    1.00                      2.70  -1.70     7.04
  SINCE DEC 1      5.38                      6.60  -1.22    10.04
  SINCE JAN 1      1.00                      2.70  -1.70     7.04

SNOWFALL (IN)
  TODAY            0.0           T    2014   0.0    0.0      0.0
  MONTH TO DATE    2.4                       0.9    1.5       T
  SINCE DEC 1      4.7                       1.3    3.4       T
  SINCE JUL 1      4.7                       1.3    3.4       T
  SNOW DEPTH       0

DEGREE DAYS
 HEATING
  TODAY           11                        22    -11        5
  MONTH TO DATE  586                       462    124      249
  SINCE DEC 1   1142                      1075     67      740
  SINCE JUL 1   1539                      1543     -4      962

 COOLING
  TODAY            0                         0      0        0
  MONTH TO DATE    0                         0      0        2
  SINCE DEC 1      0                         1     -1        2
  SINCE JAN 1      0                         0      0        2
..................................................................


WIND (MPH)
  RESULTANT WIND SPEED   1   RESULTANT WIND DIRECTION  SW (220)
  HIGHEST WIND SPEED    10   HIGHEST WIND DIRECTION    NW (300)
  HIGHEST GUST SPEED    13   HIGHEST GUST DIRECTION     W (290)
  AVERAGE WIND SPEED     3.6


SKY COVER
  AVERAGE SKY COVER 0.2


WEATHER CONDITIONS
 THE FOLLOWING WEATHER WAS RECORDED TODAY.
  NO SIGNIFICANT WEATHER WAS OBSERVED.


RELATIVE HUMIDITY (PERCENT)
 HIGHEST    85           800 AM
 LOWEST     42           300 PM

..........................................................


THE ATLANTA CLIMATE NORMALS FOR TOMORROW
                         NORMAL    RECORD    YEAR
 MAXIMUM TEMPERATURE (F)   53        74      1999
                                             1937
                                             1929
 MINIMUM TEMPERATURE (F)   34        10      1961


SUNRISE AND SUNSET
JANUARY 21 2018.......SUNRISE   740 AM EST   SUNSET   558 PM EST
JANUARY 22 2018.......SUNRISE   740 AM EST   SUNSET   559 PM EST


-  INDICATES NEGATIVE NUMBERS.
R  INDICATES RECORD WAS SET OR TIED.
MM INDICATES DATA IS MISSING.
T  INDICATES TRACE AMOUNT.




$$
