000
CDUS42 KFFC 222135
CLIATL


CLIMATE REPORT
NATIONAL WEATHER SERVICE PEACHTREE CITY GA
435 PM EST MON DEC 22 2014


...................................

...THE ATLANTA CLIMATE SUMMARY FOR DECEMBER 22 2014...
VALID TODAY AS OF 0400 PM LOCAL TIME.

CLIMATE NORMAL PERIOD 1981 TO 2010
CLIMATE RECORD PERIOD 1878 TO 2014


WEATHER ITEM   OBSERVED TIME   RECORD YEAR NORMAL DEPARTURE LAST
                VALUE   (LST)  VALUE       VALUE  FROM      YEAR
                                                  NORMAL
..................................................................
TEMPERATURE (F)
 TODAY
  MAXIMUM         48   1237 AM  71    2013  53     -5       71
  MINIMUM         45   1120 AM  11    1989  35     10       57
                                      1960
  AVERAGE         47                        44      3       64

PRECIPITATION (IN)
  TODAY            T             3.12 2013   0.12  -0.12     3.12
  MONTH TO DATE    0.73                      2.82  -2.09     6.11
  SINCE DEC 1      0.73                      2.82  -2.09     6.11
  SINCE JAN 1     42.84                     48.63  -5.79    64.33

SNOWFALL (IN)
  TODAY           MM             0.0  2001   0.0   MM        0.0
  MONTH TO DATE    0.0                       0.2   -0.2      0.0
  SINCE DEC 1      0.0                       0.2   -0.2      0.0
  SINCE JUL 1      0.0                       0.2   -0.2      0.4
  SNOW DEPTH       0

DEGREE DAYS
 HEATING
  TODAY           18                        21     -3        1
  MONTH TO DATE  321                       419    -98      317
  SINCE DEC 1    321                       419    -98      317
  SINCE JUL 1    868                       887    -19      844

 COOLING
  TODAY            0                         0      0        0
  MONTH TO DATE    0                         0      0        7
  SINCE DEC 1      0                         0      0        7
  SINCE JAN 1   1986                      1882    104     1762
..................................................................


WIND (MPH)
  HIGHEST WIND SPEED    17   HIGHEST WIND DIRECTION     E (80)
  HIGHEST GUST SPEED    21   HIGHEST GUST DIRECTION     E (80)
  AVERAGE WIND SPEED    10.8


SKY COVER
  POSSIBLE SUNSHINE  MM
  AVERAGE SKY COVER 1.0


WEATHER CONDITIONS
 THE FOLLOWING WEATHER WAS RECORDED TODAY.
  LIGHT RAIN
  FOG


RELATIVE HUMIDITY (PERCENT)
 HIGHEST   100          1100 AM
 LOWEST     86          1200 AM
 AVERAGE    93

..........................................................


THE ATLANTA CLIMATE NORMALS FOR TOMORROW
                         NORMAL    RECORD    YEAR
 MAXIMUM TEMPERATURE (F)   52        73      1990
 MINIMUM TEMPERATURE (F)   35         8      1989


SUNRISE AND SUNSET
DECEMBER 22 2014......SUNRISE   739 AM EST   SUNSET   534 PM EST
DECEMBER 23 2014......SUNRISE   739 AM EST   SUNSET   534 PM EST


-  INDICATES NEGATIVE NUMBERS.
R  INDICATES RECORD WAS SET OR TIED.
MM INDICATES DATA IS MISSING.
T  INDICATES TRACE AMOUNT.




$$
