000
CDUS42 KFFC 060824
CLIATL


CLIMATE REPORT
NATIONAL WEATHER SERVICE PEACHTREE CITY GA
423 AM EDT MON JUL 6 2015


...................................

...THE ATLANTA CLIMATE SUMMARY FOR JULY 5 2015...

CLIMATE NORMAL PERIOD 1981 TO 2010
CLIMATE RECORD PERIOD 1878 TO 2015


WEATHER ITEM   OBSERVED TIME   RECORD YEAR NORMAL DEPARTURE LAST
                VALUE   (LST)  VALUE       VALUE  FROM      YEAR
                                                  NORMAL
..................................................................
TEMPERATURE (F)
 YESTERDAY
  MAXIMUM         84    453 PM 100    2012  89     -5       86
  MINIMUM         69    657 AM  59    1933  71     -2       68
  AVERAGE         77                        80     -3       77

PRECIPITATION (IN)
  YESTERDAY        T             3.34 1994   0.17  -0.17     0.00
  MONTH TO DATE    2.72                      0.88   1.84     0.00
  SINCE JUN 1      9.63                      4.83   4.80     5.10
  SINCE JAN 1     33.35                     25.54   7.81    23.57

DEGREE DAYS
 HEATING
  YESTERDAY        0                         0      0        0
  MONTH TO DATE    0                         0      0        0
  SINCE JUN 1      0                         2     -2        0
  SINCE JUL 1      0                         0      0        0

 COOLING
  YESTERDAY       12                        15     -3       12
  MONTH TO DATE   59                        75    -16       69
  SINCE JUN 1    505                       446     59      474
  SINCE JAN 1    864                       696    168      757
..................................................................


WIND (MPH)
  RESULTANT WIND SPEED   7   RESULTANT WIND DIRECTION   W (250)
  HIGHEST WIND SPEED    13   HIGHEST WIND DIRECTION     W (250)
  HIGHEST GUST SPEED    20   HIGHEST GUST DIRECTION     W (260)
  AVERAGE WIND SPEED     7.5


SKY COVER
  AVERAGE SKY COVER 0.8


WEATHER CONDITIONS
 THE FOLLOWING WEATHER WAS RECORDED YESTERDAY.
  LIGHT RAIN


RELATIVE HUMIDITY (PERCENT)
 HIGHEST    90           100 AM
 LOWEST     51           300 PM
 AVERAGE    71

..........................................................


THE ATLANTA CLIMATE NORMALS FOR TODAY
                         NORMAL    RECORD    YEAR
 MAXIMUM TEMPERATURE (F)   89        98      2012
                                             1980
 MINIMUM TEMPERATURE (F)   71        58      1970
                                             1882


SUNRISE AND SUNSET
JULY  6 2015..........SUNRISE   633 AM EDT   SUNSET   851 PM EDT
JULY  7 2015..........SUNRISE   634 AM EDT   SUNSET   851 PM EDT


-  INDICATES NEGATIVE NUMBERS.
R  INDICATES RECORD WAS SET OR TIED.
MM INDICATES DATA IS MISSING.
T  INDICATES TRACE AMOUNT.




$$
