000
CDUS42 KFFC 020820
CLIATL


CLIMATE REPORT
NATIONAL WEATHER SERVICE PEACHTREE CITY GA
420 AM EDT TUE JUN 2 2015


...................................

...THE ATLANTA CLIMATE SUMMARY FOR JUNE 1 2015...

CLIMATE NORMAL PERIOD 1981 TO 2010
CLIMATE RECORD PERIOD 1878 TO 2015


WEATHER ITEM   OBSERVED TIME   RECORD YEAR NORMAL DEPARTURE LAST
                VALUE   (LST)  VALUE       VALUE  FROM      YEAR
                                                  NORMAL
..................................................................
TEMPERATURE (F)
 YESTERDAY
  MAXIMUM         80    315 PM  97    1945  84     -4       80
  MINIMUM         68    600 AM  39    1889  65      3       70
  AVERAGE         74                        74      0       75

PRECIPITATION (IN)
  YESTERDAY        0.03          2.86 2001   0.11  -0.08      T
  MONTH TO DATE    0.03                      0.11  -0.08      T
  SINCE JUN 1      0.03                      0.11  -0.08      T
  SINCE JAN 1     23.75                     20.82   2.93    18.47

DEGREE DAYS
 HEATING
  YESTERDAY        0                         0      0        0
  MONTH TO DATE    0                         0      0        0
  SINCE JUN 1      0                         0      0        0
  SINCE JUL 1   2656                      2766   -110     2929

 COOLING
  YESTERDAY        9                         9      0       10
  MONTH TO DATE    9                         9      0       10
  SINCE JUN 1      9                         9      0       10
  SINCE JAN 1    368                       259    109      293
..................................................................


WIND (MPH)
  RESULTANT WIND SPEED   4   RESULTANT WIND DIRECTION   S (180)
  HIGHEST WIND SPEED    13   HIGHEST WIND DIRECTION     S (170)
  HIGHEST GUST SPEED    15   HIGHEST GUST DIRECTION     S (160)
  AVERAGE WIND SPEED     4.6


SKY COVER
  AVERAGE SKY COVER 0.9


WEATHER CONDITIONS
 THE FOLLOWING WEATHER WAS RECORDED YESTERDAY.
  THUNDERSTORM
  LIGHT RAIN
  FOG


RELATIVE HUMIDITY (PERCENT)
 HIGHEST    90           200 AM
 LOWEST     67           100 PM
 AVERAGE    79

..........................................................


THE ATLANTA CLIMATE NORMALS FOR TODAY
                         NORMAL    RECORD    YEAR
 MAXIMUM TEMPERATURE (F)   84        98      1895
 MINIMUM TEMPERATURE (F)   65        49      1972


SUNRISE AND SUNSET
JUNE  2 2015..........SUNRISE   628 AM EDT   SUNSET   843 PM EDT
JUNE  3 2015..........SUNRISE   628 AM EDT   SUNSET   844 PM EDT


-  INDICATES NEGATIVE NUMBERS.
R  INDICATES RECORD WAS SET OR TIED.
MM INDICATES DATA IS MISSING.
T  INDICATES TRACE AMOUNT.




$$
