000
CDUS44 KEWX 270820
CLIATT


CLIMATE REPORT
NATIONAL WEATHER SERVICE AUSTIN/SAN ANTONIO, TX
217 AM CST MON FEB 27 2017


...................................

...THE AUSTIN CAMP MABRY CLIMATE SUMMARY FOR FEBRUARY 26 2017...

CLIMATE NORMAL PERIOD 1981 TO 2010
CLIMATE RECORD PERIOD 1897 TO 2017


WEATHER ITEM   OBSERVED TIME   RECORD YEAR NORMAL DEPARTURE LAST
                VALUE   (LST)  VALUE       VALUE  FROM      YEAR
                                                  NORMAL
..................................................................
TEMPERATURE (F)
 YESTERDAY
  MAXIMUM         72    347 PM  93    1954  68      4       64
  MINIMUM         42    500 AM  25    1960  47     -5       41
                                      1901
  AVERAGE         57                        57      0

PRECIPITATION (IN)
  YESTERDAY        T             2.85 1903   0.07  -0.07     0.00
  MONTH TO DATE    2.09                      1.86   0.23     1.34
  SINCE DEC 1      8.76                      6.48   2.28     4.68
  SINCE JAN 1      6.22                      4.08   2.14     1.68

SNOWFALL (IN)
  YESTERDAY        0.0
  MONTH TO DATE    0.0
  SINCE DEC 1      0.0
  SINCE JUL 1      0.0
  SNOW DEPTH       0

DEGREE DAYS
 HEATING
  YESTERDAY        8                         9     -1       12
  MONTH TO DATE  104                       282   -178      165
  SINCE DEC 1    718                      1110   -392      830
  SINCE JUL 1    778                      1322   -544      990

 COOLING
  YESTERDAY        0                         1     -1        0
  MONTH TO DATE   76                        21     55       24
  SINCE DEC 1    138                        43     95       52
  SINCE JAN 1     98                        30     68       32
..................................................................


WIND (MPH)
  HIGHEST WIND SPEED    12   HIGHEST WIND DIRECTION    SE (140)
  HIGHEST GUST SPEED    18   HIGHEST GUST DIRECTION    SE (130)
  AVERAGE WIND SPEED     3.3


SKY COVER
  AVERAGE SKY COVER 0.7


WEATHER CONDITIONS
 THE FOLLOWING WEATHER WAS RECORDED YESTERDAY.
  NO SIGNIFICANT WEATHER WAS OBSERVED.


RELATIVE HUMIDITY (PERCENT)
 HIGHEST    93          1100 PM
 LOWEST     60           100 AM
 AVERAGE    77

..........................................................


THE AUSTIN CAMP MABRY CLIMATE NORMALS FOR TODAY
                         NORMAL    RECORD    YEAR
 MAXIMUM TEMPERATURE (F)   68        91      2009
 MINIMUM TEMPERATURE (F)   47        23      1935


SUNRISE AND SUNSET
FEBRUARY 27 2017......SUNRISE   659 AM CST   SUNSET   628 PM CST
FEBRUARY 28 2017......SUNRISE   658 AM CST   SUNSET   629 PM CST


-  INDICATES NEGATIVE NUMBERS.
R  INDICATES RECORD WAS SET OR TIED.
MM INDICATES DATA IS MISSING.
T  INDICATES TRACE AMOUNT.




$$
