000
CDUS44 KEWX 302254
CLIATT


CLIMATE REPORT
NATIONAL WEATHER SERVICE AUSTIN/SAN ANTONIO, TX
553 PM CDT SAT JUL 30 2016


...................................

...THE AUSTIN CAMP MABRY CLIMATE SUMMARY FOR JULY 30 2016...
VALID TODAY AS OF 553 PM LOCAL TIME.

CLIMATE NORMAL PERIOD 1981 TO 2010
CLIMATE RECORD PERIOD 1897 TO 2016


WEATHER ITEM   OBSERVED TIME   RECORD YEAR NORMAL DEPARTURE LAST
                VALUE   (LST)  VALUE       VALUE  FROM      YEAR
                                                  NORMAL
..................................................................
TEMPERATURE (F)
 TODAY
  MAXIMUM         97    333 PM 104    1957  97      0      101
                                      1925
                                      1923
  MINIMUM         76    551 AM  67    1900  75      1       75
  AVERAGE         87                        86      1       88

PRECIPITATION (IN)
  TODAY            0.00          3.06 1933   0.05  -0.05     0.00
  MONTH TO DATE    1.94                      1.82   0.12      T
  SINCE JUN 1      4.55                      6.15  -1.60     8.89
  SINCE JAN 1     24.01                     19.68   4.33    39.14

SNOWFALL (IN)
  TODAY            0.0
  MONTH TO DATE    0.0
  SINCE JUN 1      0.0
  SINCE JUL 1      0.0
  SNOW DEPTH       0

DEGREE DAYS
 HEATING
  TODAY            0                         0      0        0
  MONTH TO DATE    0                         0      0        0
  SINCE JUN 1      0                         0      0        0
  SINCE JUL 1      0                         0      0        0

 COOLING
  TODAY           22                        21      1       23
  MONTH TO DATE  698                       599     99      621
  SINCE JUN 1   1247                      1115    132     1111
  SINCE JAN 1   1862                      1728    134     1712
..................................................................


WIND (MPH)
  HIGHEST WIND SPEED    10   HIGHEST WIND DIRECTION    SE (150)
  HIGHEST GUST SPEED    17   HIGHEST GUST DIRECTION     S (160)
  AVERAGE WIND SPEED     4.1


SKY COVER
  AVERAGE SKY COVER 0.3


WEATHER CONDITIONS
 THE FOLLOWING WEATHER WAS RECORDED TODAY.
  NO SIGNIFICANT WEATHER WAS OBSERVED.


RELATIVE HUMIDITY (PERCENT)
 HIGHEST   100           600 AM
 LOWEST     42           400 PM
 AVERAGE    71

..........................................................


THE AUSTIN CAMP MABRY CLIMATE NORMALS FOR TOMORROW
                         NORMAL    RECORD    YEAR
 MAXIMUM TEMPERATURE (F)   97       106      1923
 MINIMUM TEMPERATURE (F)   75        66      1916


SUNRISE AND SUNSET
JULY 30 2016..........SUNRISE   648 AM CDT   SUNSET   826 PM CDT
JULY 31 2016..........SUNRISE   649 AM CDT   SUNSET   825 PM CDT


-  INDICATES NEGATIVE NUMBERS.
R  INDICATES RECORD WAS SET OR TIED.
MM INDICATES DATA IS MISSING.
T  INDICATES TRACE AMOUNT.




$$
