000
CDUS44 KEWX 240708
CLIATT


CLIMATE REPORT
NATIONAL WEATHER SERVICE AUSTIN/SAN ANTONIO, TX
202 AM CDT FRI OCT 24 2014


...................................

...THE AUSTIN CAMP MABRY CLIMATE SUMMARY FOR OCTOBER 23 2014...

CLIMATE NORMAL PERIOD 1981 TO 2010
CLIMATE RECORD PERIOD 1897 TO 2014


WEATHER ITEM   OBSERVED TIME   RECORD YEAR NORMAL DEPARTURE LAST
                VALUE   (LST)  VALUE       VALUE  FROM      YEAR
                                                  NORMAL
..................................................................
TEMPERATURE (F)
 YESTERDAY
  MAXIMUM         83    325 PM  94    2003  80      3       82
  MINIMUM         66   1159 PM  36    1923  59      7       54
  AVERAGE         75                        69      6

PRECIPITATION (IN)
  YESTERDAY        T             4.12 1953   0.14  -0.14     0.00
  MONTH TO DATE    1.55                      2.94  -1.39     8.51
  SINCE SEP 1      8.53                      5.93   2.60    14.33
  SINCE JAN 1     28.39                     28.02   0.37    32.11

SNOWFALL (IN)
  YESTERDAY        0.0
  MONTH TO DATE    0.0
  SINCE SEP 1      0.0
  SINCE JUL 1      0.0
  SNOW DEPTH       0

DEGREE DAYS
 HEATING
  YESTERDAY        0                         1     -1        0
  MONTH TO DATE    0                        12    -12       20
  SINCE SEP 1      2                        14    -12       20
  SINCE JUL 1      2                        14    -12       20

 COOLING
  YESTERDAY       10                         5      5        3
  MONTH TO DATE  239                       183     56      174
  SINCE SEP 1    715                       633     82      736
  SINCE JAN 1   3108                      3027     81     3346
..................................................................


WIND (MPH)
  HIGHEST WIND SPEED     8   HIGHEST WIND DIRECTION    SE (120)
  HIGHEST GUST SPEED    11   HIGHEST GUST DIRECTION     E (110)
  AVERAGE WIND SPEED     1.6


SKY COVER
  AVERAGE SKY COVER 0.2


WEATHER CONDITIONS
 THE FOLLOWING WEATHER WAS RECORDED YESTERDAY.
  LIGHT RAIN


RELATIVE HUMIDITY (PERCENT)
 HIGHEST    81           400 AM
 LOWEST     46           300 PM
 AVERAGE    64

..........................................................


THE AUSTIN CAMP MABRY CLIMATE NORMALS FOR TODAY
                         NORMAL    RECORD    YEAR
 MAXIMUM TEMPERATURE (F)   80        94      1933
 MINIMUM TEMPERATURE (F)   58        33      1924


SUNRISE AND SUNSET
OCTOBER 24 2014.......SUNRISE   739 AM CDT   SUNSET   650 PM CDT
OCTOBER 25 2014.......SUNRISE   740 AM CDT   SUNSET   649 PM CDT


-  INDICATES NEGATIVE NUMBERS.
R  INDICATES RECORD WAS SET OR TIED.
MM INDICATES DATA IS MISSING.
T  INDICATES TRACE AMOUNT.




$$
