000
CDUS44 KEWX 070722
CLIATT


CLIMATE REPORT
NATIONAL WEATHER SERVICE AUSTIN/SAN ANTONIO, TX
222 AM CDT TUE JUL 7 2015


...................................

...THE AUSTIN CAMP MABRY CLIMATE SUMMARY FOR JULY 6 2015...

CLIMATE NORMAL PERIOD 1981 TO 2010
CLIMATE RECORD PERIOD 1897 TO 2015


WEATHER ITEM   OBSERVED TIME   RECORD YEAR NORMAL DEPARTURE LAST
                VALUE   (LST)  VALUE       VALUE  FROM      YEAR
                                                  NORMAL
..................................................................
TEMPERATURE (F)
 YESTERDAY
  MAXIMUM         91    401 PM 104    2005  94     -3       95
  MINIMUM         77    708 AM  62    1924  74      3       72
  AVERAGE         84                        84      0

PRECIPITATION (IN)
  YESTERDAY        0.00          2.52 1958   0.07  -0.07     0.00
  MONTH TO DATE    T                         0.44  -0.44     0.07
  SINCE JUN 1      8.89                      4.77   4.12     3.15
  SINCE JAN 1     39.14                     18.30  20.84    14.23

SNOWFALL (IN)
  YESTERDAY        0.0
  MONTH TO DATE    0.0
  SINCE JUN 1      0.0
  SINCE JUL 1      0.0
  SNOW DEPTH       0

DEGREE DAYS
 HEATING
  YESTERDAY        0                         0      0        0
  MONTH TO DATE    0                         0      0        0
  SINCE JUN 1      0                         0      0        0
  SINCE JUL 1      0                         0      0        0

 COOLING
  YESTERDAY       19                        19      0       19
  MONTH TO DATE  108                       114     -6      113
  SINCE JUN 1    598                       630    -32      632
  SINCE JAN 1   1199                      1243    -44     1206
..................................................................


WIND (MPH)
  HIGHEST WIND SPEED    16   HIGHEST WIND DIRECTION    SE (150)
  HIGHEST GUST SPEED    28   HIGHEST GUST DIRECTION     S (170)
  AVERAGE WIND SPEED     8.3


SKY COVER
  AVERAGE SKY COVER 0.6


WEATHER CONDITIONS
 THE FOLLOWING WEATHER WAS RECORDED YESTERDAY.
  NO SIGNIFICANT WEATHER WAS OBSERVED.


RELATIVE HUMIDITY (PERCENT)
 HIGHEST    88           500 AM
 LOWEST     55           500 PM
 AVERAGE    72

..........................................................


THE AUSTIN CAMP MABRY CLIMATE NORMALS FOR TODAY
                         NORMAL    RECORD    YEAR
 MAXIMUM TEMPERATURE (F)   95       104      2005
                                             1914
 MINIMUM TEMPERATURE (F)   74        63      1924


SUNRISE AND SUNSET
JULY  7 2015..........SUNRISE   635 AM CDT   SUNSET   836 PM CDT
JULY  8 2015..........SUNRISE   636 AM CDT   SUNSET   836 PM CDT


-  INDICATES NEGATIVE NUMBERS.
R  INDICATES RECORD WAS SET OR TIED.
MM INDICATES DATA IS MISSING.
T  INDICATES TRACE AMOUNT.




$$
