000
CDUS44 KEWX 240737
CLIATT


CLIMATE REPORT
NATIONAL WEATHER SERVICE AUSTIN/SAN ANTONIO, TX
236 AM CDT THU APR 24 2014


...................................

...THE AUSTIN CAMP MABRY CLIMATE SUMMARY FOR APRIL 23 2014...

CLIMATE NORMAL PERIOD 1981 TO 2010
CLIMATE RECORD PERIOD 1898 TO 2014


WEATHER ITEM   OBSERVED TIME   RECORD YEAR NORMAL DEPARTURE LAST
                VALUE   (LST)  VALUE       VALUE  FROM      YEAR
                                                  NORMAL
..................................................................
TEMPERATURE (F)
 YESTERDAY
  MAXIMUM         87    152 PM  98    2000  82      5       79
  MINIMUM         59    602 AM  44    1927  61     -2       49
  AVERAGE         73                        71      2

PRECIPITATION (IN)
  YESTERDAY        0.00         10.00 1915   0.07  -0.07      T
  MONTH TO DATE    1.89                      1.48   0.41     3.19
  SINCE MAR 1      3.16                      4.24  -1.08     4.36
  SINCE JAN 1      3.99                      8.48  -4.49     7.62

SNOWFALL (IN)
  YESTERDAY        0.0
  MONTH TO DATE    T
  SINCE MAR 1      T
  SINCE JUL 1      0.2
  SNOW DEPTH       0

DEGREE DAYS
 HEATING
  YESTERDAY        0                         1     -1        1
  MONTH TO DATE   49                        37     12       67
  SINCE MAR 1    275                       199     76      206
  SINCE JUL 1   1771                      1536    235     1227

 COOLING
  YESTERDAY        8                         7      1        0
  MONTH TO DATE  102                       113    -11       97
  SINCE MAR 1    145                       174    -29      175
  SINCE JAN 1    186                       201    -15      224
..................................................................


WIND (MPH)
  HIGHEST WIND SPEED    17   HIGHEST WIND DIRECTION     S (160)
  HIGHEST GUST SPEED    29   HIGHEST GUST DIRECTION    SE (150)
  AVERAGE WIND SPEED     7.0


SKY COVER
  AVERAGE SKY COVER 0.2


WEATHER CONDITIONS
 THE FOLLOWING WEATHER WAS RECORDED YESTERDAY.
  NO SIGNIFICANT WEATHER WAS OBSERVED.


RELATIVE HUMIDITY (PERCENT)
 HIGHEST    90           600 AM
 LOWEST     46           200 PM
 AVERAGE    68

..........................................................


THE AUSTIN CAMP MABRY CLIMATE NORMALS FOR TODAY
                         NORMAL    RECORD    YEAR
 MAXIMUM TEMPERATURE (F)   82        96      2003
 MINIMUM TEMPERATURE (F)   61        44      1928


SUNRISE AND SUNSET
APRIL 24 2014.........SUNRISE   654 AM CDT   SUNSET   804 PM CDT
APRIL 25 2014.........SUNRISE   653 AM CDT   SUNSET   805 PM CDT


-  INDICATES NEGATIVE NUMBERS.
R  INDICATES RECORD WAS SET OR TIED.
MM INDICATES DATA IS MISSING.
T  INDICATES TRACE AMOUNT.




$$
