000
CDUS44 KEWX 232349
CLIATT


CLIMATE REPORT
NATIONAL WEATHER SERVICE AUSTIN/SAN ANTONIO, TX
549 PM CST THU NOV 23 2017


...................................

...THE AUSTIN CAMP MABRY CLIMATE SUMMARY FOR NOVEMBER 23 2017...
VALID TODAY AS OF 0500 PM LOCAL TIME.

CLIMATE NORMAL PERIOD 1981 TO 2010
CLIMATE RECORD PERIOD 1897 TO 2017


WEATHER ITEM   OBSERVED TIME   RECORD YEAR NORMAL DEPARTURE LAST
                VALUE   (LST)  VALUE       VALUE  FROM      YEAR
                                                  NORMAL
..................................................................
TEMPERATURE (F)
 TODAY
  MAXIMUM         72    346 PM  87    2005  69      3       73
  MINIMUM         38    648 AM  26    1925  48    -10       51
  AVERAGE         55                        58     -3       62

PRECIPITATION (IN)
  TODAY            0.00          4.62 1974   0.09  -0.09     0.13
  MONTH TO DATE    0.12                      2.34  -2.22     3.08
  SINCE SEP 1      3.91                      9.21  -5.30     5.34
  SINCE JAN 1     30.41                     31.30  -0.89    36.28

SNOWFALL (IN)
  TODAY            0.0
  MONTH TO DATE    0.0
  SINCE SEP 1      0.0
  SINCE JUL 1      0.0
  SNOW DEPTH       0

DEGREE DAYS
 HEATING
  TODAY           10                         8      2        3
  MONTH TO DATE   74                       117    -43       37
  SINCE SEP 1    112                       148    -36       38
  SINCE JUL 1    112                       148    -36       38

 COOLING
  TODAY            0                         1     -1        0
  MONTH TO DATE  127                        54     73       85
  SINCE SEP 1    812                       725     87      955
  SINCE JAN 1   3638                      3119    519     3449
..................................................................


WIND (MPH)
  HIGHEST WIND SPEED     7   HIGHEST WIND DIRECTION    NW (300)
  HIGHEST GUST SPEED    10   HIGHEST GUST DIRECTION     W (290)
  AVERAGE WIND SPEED     1.2


SKY COVER
  AVERAGE SKY COVER 0.0


WEATHER CONDITIONS
 THE FOLLOWING WEATHER WAS RECORDED TODAY.
  NO SIGNIFICANT WEATHER WAS OBSERVED.


RELATIVE HUMIDITY (PERCENT)
 HIGHEST    76           600 AM
 LOWEST     20           400 PM
 AVERAGE    48

..........................................................


THE AUSTIN CAMP MABRY CLIMATE NORMALS FOR TOMORROW
                         NORMAL    RECORD    YEAR
 MAXIMUM TEMPERATURE (F)   68        87      1965
 MINIMUM TEMPERATURE (F)   47        26      1925


SUNRISE AND SUNSET
NOVEMBER 23 2017......SUNRISE   703 AM CST   SUNSET   531 PM CST
NOVEMBER 24 2017......SUNRISE   704 AM CST   SUNSET   531 PM CST


-  INDICATES NEGATIVE NUMBERS.
R  INDICATES RECORD WAS SET OR TIED.
MM INDICATES DATA IS MISSING.
T  INDICATES TRACE AMOUNT.




$$
