000
CDUS44 KEWX 042228
CLIATT


CLIMATE REPORT
NATIONAL WEATHER SERVICE AUSTIN/SAN ANTONIO, TX
528 PM CDT TUE AUG 4 2015


...................................

...THE AUSTIN CAMP MABRY CLIMATE SUMMARY FOR AUGUST 4 2015...
VALID TODAY AS OF 0528 PM LOCAL TIME.

CLIMATE NORMAL PERIOD 1981 TO 2010
CLIMATE RECORD PERIOD 1897 TO 2015


WEATHER ITEM   OBSERVED TIME   RECORD YEAR NORMAL DEPARTURE LAST
                VALUE   (LST)  VALUE       VALUE  FROM      YEAR
                                                  NORMAL
..................................................................
TEMPERATURE (F)
 TODAY
  MAXIMUM        100    336 PM 107    2011  98      2       94
  MINIMUM         77    621 AM  65    1925  75      2       72
  AVERAGE         89                        86      3       83

PRECIPITATION (IN)
  TODAY            0.00          1.72 1971   0.06  -0.06     0.00
  MONTH TO DATE    0.00                      0.24  -0.24     0.00
  SINCE JUN 1      8.89                      6.45   2.44     8.66
  SINCE JAN 1     39.14                     19.98  19.16    19.74

SNOWFALL (IN)
  TODAY            0.0
  MONTH TO DATE    0.0
  SINCE JUN 1      0.0
  SINCE JUL 1      0.0
  SNOW DEPTH       0

DEGREE DAYS
 HEATING
  TODAY            0                         0      0        0
  MONTH TO DATE    0                         0      0        0
  SINCE JUN 1      0                         0      0        0
  SINCE JUL 1      0                         0      0        0

 COOLING
  TODAY           24                        21      3       18
  MONTH TO DATE   90                        84      6       67
  SINCE JUN 1   1226                      1220      6     1193
  SINCE JAN 1   1827                      1833     -6     1767
..................................................................


WIND (MPH)
  HIGHEST WIND SPEED    12   HIGHEST WIND DIRECTION    SE (130)
  HIGHEST GUST SPEED    22   HIGHEST GUST DIRECTION    SE (150)
  AVERAGE WIND SPEED     5.6


SKY COVER
  AVERAGE SKY COVER 0.1


WEATHER CONDITIONS
 THE FOLLOWING WEATHER WAS RECORDED TODAY.
  NO SIGNIFICANT WEATHER WAS OBSERVED.


RELATIVE HUMIDITY (PERCENT)
 HIGHEST    88           500 AM
 LOWEST     35           400 PM
 AVERAGE    62

..........................................................


THE AUSTIN CAMP MABRY CLIMATE NORMALS FOR TOMORROW
                         NORMAL    RECORD    YEAR
 MAXIMUM TEMPERATURE (F)   98       106      2011
 MINIMUM TEMPERATURE (F)   75        67      1925


SUNRISE AND SUNSET
AUGUST  4 2015........SUNRISE   651 AM CDT   SUNSET   822 PM CDT
AUGUST  5 2015........SUNRISE   652 AM CDT   SUNSET   822 PM CDT


-  INDICATES NEGATIVE NUMBERS.
R  INDICATES RECORD WAS SET OR TIED.
MM INDICATES DATA IS MISSING.
T  INDICATES TRACE AMOUNT.




$$
