000
CDUS44 KEWX 300710
CLIATT


CLIMATE REPORT
NATIONAL WEATHER SERVICE AUSTIN/SAN ANTONIO, TX
206 AM CDT THU MAR 30 2017


...................................

...THE AUSTIN CAMP MABRY CLIMATE SUMMARY FOR MARCH 29 2017...

CLIMATE NORMAL PERIOD 1981 TO 2010
CLIMATE RECORD PERIOD 1897 TO 2017


WEATHER ITEM   OBSERVED TIME   RECORD YEAR NORMAL DEPARTURE LAST
                VALUE   (LST)  VALUE       VALUE  FROM      YEAR
                                                  NORMAL
..................................................................
TEMPERATURE (F)
 YESTERDAY
  MAXIMUM         84    440 PM  91    2000  76      8       69
  MINIMUM         60    644 AM  34    1987  54      6       58
                                      1944
  AVERAGE         72                        65      7

PRECIPITATION (IN)
  YESTERDAY        0.73          1.15 1922   0.08   0.65     0.02
  MONTH TO DATE    2.48                      2.60  -0.12     3.48
  SINCE MAR 1      2.48                      2.60  -0.12     3.48
  SINCE JAN 1      8.70                      6.84   1.86     5.16

SNOWFALL (IN)
  YESTERDAY        0.0
  MONTH TO DATE    0.0
  SINCE MAR 1      0.0
  SINCE JUL 1      0.0
  SNOW DEPTH       0

DEGREE DAYS
 HEATING
  YESTERDAY        0                         3     -3        1
  MONTH TO DATE   53                       155   -102       69
  SINCE MAR 1     53                       155   -102       69
  SINCE JUL 1    831                      1492   -661     1066

 COOLING
  YESTERDAY        7                         3      4        0
  MONTH TO DATE  163                        53    110       91
  SINCE MAR 1    163                        53    110       91
  SINCE JAN 1    280                        80    200      130
..................................................................


WIND (MPH)
  HIGHEST WIND SPEED    15   HIGHEST WIND DIRECTION    SE (140)
  HIGHEST GUST SPEED    27   HIGHEST GUST DIRECTION    SE (130)
  AVERAGE WIND SPEED     4.6


SKY COVER
  AVERAGE SKY COVER 0.4


WEATHER CONDITIONS
 THE FOLLOWING WEATHER WAS RECORDED YESTERDAY.
  THUNDERSTORM
  HEAVY RAIN
  RAIN
  LIGHT RAIN
  FOG


RELATIVE HUMIDITY (PERCENT)
 HIGHEST   100           600 AM
 LOWEST     24           500 PM
 AVERAGE    62

..........................................................


THE AUSTIN CAMP MABRY CLIMATE NORMALS FOR TODAY
                         NORMAL    RECORD    YEAR
 MAXIMUM TEMPERATURE (F)   76        96      1946
 MINIMUM TEMPERATURE (F)   54        33      1944


SUNRISE AND SUNSET
MARCH 30 2017.........SUNRISE   722 AM CDT   SUNSET   749 PM CDT
MARCH 31 2017.........SUNRISE   721 AM CDT   SUNSET   749 PM CDT


-  INDICATES NEGATIVE NUMBERS.
R  INDICATES RECORD WAS SET OR TIED.
MM INDICATES DATA IS MISSING.
T  INDICATES TRACE AMOUNT.




$$
