000
CDUS44 KEWX 292224
CLIATT


CLIMATE REPORT
NATIONAL WEATHER SERVICE AUSTIN/SAN ANTONIO, TX
524 PM CDT SUN MAY 29 2016


...................................

...THE AUSTIN CAMP MABRY CLIMATE SUMMARY FOR MAY 29 2016...
VALID TODAY AS OF 520 PM LOCAL TIME.

CLIMATE NORMAL PERIOD 1981 TO 2010
CLIMATE RECORD PERIOD 1897 TO 2016


WEATHER ITEM   OBSERVED TIME   RECORD YEAR NORMAL DEPARTURE LAST
                VALUE   (LST)  VALUE       VALUE  FROM      YEAR
                                                  NORMAL
..................................................................
TEMPERATURE (F)
 TODAY
  MAXIMUM         88    351 PM  99    1927  89     -1       89
  MINIMUM         70    728 AM  52    1947  70      0       64
  AVERAGE         79                        80     -1       77

PRECIPITATION (IN)
  TODAY            0.18          3.81 1987   0.16   0.02     0.67
  MONTH TO DATE    5.77                      4.10   1.67    17.59
  SINCE MAR 1     16.40                      8.95   7.45    24.73
  SINCE JAN 1     18.08                     13.19   4.89    30.25

SNOWFALL (IN)
  TODAY            0.0
  MONTH TO DATE    0.0
  SINCE MAR 1      T
  SINCE JUL 1      T
  SNOW DEPTH       0

DEGREE DAYS
 HEATING
  TODAY            0                         0      0        0
  MONTH TO DATE    1                         0      1        0
  SINCE MAR 1     84                       200   -116      215
  SINCE JUL 1   1081                      1537   -456     1698

 COOLING
  TODAY           14                        15     -1       12
  MONTH TO DATE  270                       331    -61      297
  SINCE MAR 1    553                       556     -3      564
  SINCE JAN 1    592                       583      9      575
..................................................................


WIND (MPH)
  HIGHEST WIND SPEED    14   HIGHEST WIND DIRECTION    SE (140)
  HIGHEST GUST SPEED    21   HIGHEST GUST DIRECTION    SE (150)
  AVERAGE WIND SPEED     4.9


SKY COVER
  AVERAGE SKY COVER 0.2


WEATHER CONDITIONS
 THE FOLLOWING WEATHER WAS RECORDED TODAY.
  THUNDERSTORM
  LIGHT RAIN
  FOG


RELATIVE HUMIDITY (PERCENT)
 HIGHEST   100           500 AM
 LOWEST     59           300 PM
 AVERAGE    80

..........................................................


THE AUSTIN CAMP MABRY CLIMATE NORMALS FOR TOMORROW
                         NORMAL    RECORD    YEAR
 MAXIMUM TEMPERATURE (F)   90       101      2003
 MINIMUM TEMPERATURE (F)   70        56      1992
                                             1984


SUNRISE AND SUNSET
MAY 29 2016...........SUNRISE   630 AM CDT   SUNSET   827 PM CDT
MAY 30 2016...........SUNRISE   630 AM CDT   SUNSET   827 PM CDT


-  INDICATES NEGATIVE NUMBERS.
R  INDICATES RECORD WAS SET OR TIED.
MM INDICATES DATA IS MISSING.
T  INDICATES TRACE AMOUNT.




$$
