732
CDUS43 KABR 121510
CLIATY


CLIMATE REPORT
NATIONAL WEATHER SERVICE ABERDEEN SD
909 AM CST FRI FEB 12 2016


...................................

...THE WATERTOWN SD CLIMATE SUMMARY FOR FEBRUARY 11 2016...

CLIMATE NORMAL PERIOD 1981 TO 2010
CLIMATE RECORD PERIOD 1898 TO 2016


WEATHER ITEM   OBSERVED TIME   RECORD YEAR NORMAL DEPARTURE LAST
                VALUE   (LST)  VALUE       VALUE  FROM      YEAR
                                                  NORMAL
..................................................................
TEMPERATURE (F)
 YESTERDAY
  MAXIMUM         19    912 PM  53    1987  26     -7       18
  MINIMUM         11    547 AM -38    1899   6      5       -2
  AVERAGE         15                        16     -1        8

PRECIPITATION (IN)
  YESTERDAY        0.04          0.42 1900   0.02   0.02      T
  MONTH TO DATE    0.14                      0.18  -0.04     0.15
  SINCE DEC 1      0.94                      1.23  -0.29     1.19
  SINCE JAN 1      0.62                      0.70  -0.08     0.55

SNOWFALL (IN)
  YESTERDAY        0.6
  MONTH TO DATE    2.9
  SINCE OCT 1     23.2
  SINCE JUL 1     23.2
  SNOW DEPTH       6

DEGREE DAYS
 HEATING
  YESTERDAY       50                        49      1       57
  MONTH TO DATE  502                       551    -49      541
  SINCE DEC 1   3277                      3693   -416     3344
  SINCE JUL 1   4636                      5633   -997     5425

 COOLING
  YESTERDAY        0                         0      0        0
  MONTH TO DATE    0                         0      0        0
  SINCE DEC 1      0                         0      0        0
  SINCE JAN 1      0                         0      0        0
..................................................................


WIND (MPH)
  HIGHEST WIND SPEED    16   HIGHEST WIND DIRECTION     N (340)
  HIGHEST GUST SPEED    19   HIGHEST GUST DIRECTION     N (340)
  AVERAGE WIND SPEED     7.5


SKY COVER
  POSSIBLE SUNSHINE  MM
  AVERAGE SKY COVER 1.0


WEATHER CONDITIONS
 THE FOLLOWING WEATHER WAS RECORDED YESTERDAY.
  LIGHT SNOW
  FOG
  HAZE


RELATIVE HUMIDITY (PERCENT)
 HIGHEST    84           800 PM
 LOWEST     70           600 AM
 AVERAGE    77

..........................................................


THE WATERTOWN SD CLIMATE NORMALS FOR TODAY
                         NORMAL    RECORD    YEAR
 MAXIMUM TEMPERATURE (F)   26        57      1921
 MINIMUM TEMPERATURE (F)    7       -35      1905


SUNRISE AND SUNSET
FEBRUARY 12 2016......SUNRISE   734 AM CST   SUNSET   552 PM CST
FEBRUARY 13 2016......SUNRISE   733 AM CST   SUNSET   553 PM CST


-  INDICATES NEGATIVE NUMBERS.
R  INDICATES RECORD WAS SET OR TIED.
MM INDICATES DATA IS MISSING.
T  INDICATES TRACE AMOUNT.




$$
