965
CDUS43 KABR 241046
CLIATY


CLIMATE REPORT
NATIONAL WEATHER SERVICE ABERDEEN SD
436 AM CST FRI NOV 24 2017


...................................

...THE WATERTOWN SD CLIMATE SUMMARY FOR NOVEMBER 23 2017...

CLIMATE NORMAL PERIOD 1981 TO 2010
CLIMATE RECORD PERIOD 1898 TO 2017


WEATHER ITEM   OBSERVED TIME   RECORD YEAR NORMAL DEPARTURE LAST
                VALUE   (LST)  VALUE       VALUE  FROM      YEAR
                                                  NORMAL
..................................................................
TEMPERATURE (F)
 YESTERDAY
  MAXIMUM         57R   310 PM  54    1912  34     23       34
  MINIMUM         19    724 AM -15    1898  16      3       31
  AVERAGE         38                        25     13       33

PRECIPITATION (IN)
  YESTERDAY        0.00          0.30 1962   0.03  -0.03     0.00
  MONTH TO DATE    0.08                      0.62  -0.54     0.51
  SINCE SEP 1      7.66                      5.18   2.48     4.78
  SINCE JAN 1     22.87                     21.41   1.46    21.42

SNOWFALL (IN)
  YESTERDAY        0.0
  MONTH TO DATE    1.9
  SINCE OCT 1      1.9
  SINCE JUL 1      1.9
  SNOW DEPTH       0

DEGREE DAYS
 HEATING
  YESTERDAY       27                        40    -13       32
  MONTH TO DATE  824                       763     61      525
  SINCE SEP 1   1549                      1590    -41     1116
  SINCE JUL 1   1577                      1647    -70     1142

 COOLING
  YESTERDAY        0                         0      0        0
  MONTH TO DATE    0                         0      0        0
  SINCE SEP 1     65                        41     24       36
  SINCE JAN 1    440                       515    -75      721
..................................................................


WIND (MPH)
  HIGHEST WIND SPEED    16   HIGHEST WIND DIRECTION     S (200)
  HIGHEST GUST SPEED    19   HIGHEST GUST DIRECTION     S (200)
  AVERAGE WIND SPEED     7.9


SKY COVER
  POSSIBLE SUNSHINE  MM
  AVERAGE SKY COVER 0.0


WEATHER CONDITIONS
 THE FOLLOWING WEATHER WAS RECORDED YESTERDAY.
  NO SIGNIFICANT WEATHER WAS OBSERVED.


RELATIVE HUMIDITY (PERCENT)
 HIGHEST   100           600 AM
 LOWEST     51           200 PM
 AVERAGE    76

..........................................................


THE WATERTOWN SD CLIMATE NORMALS FOR TODAY
                         NORMAL    RECORD    YEAR
 MAXIMUM TEMPERATURE (F)   34        61      1984
 MINIMUM TEMPERATURE (F)   16       -17      1985


SUNRISE AND SUNSET
NOVEMBER 24 2017......SUNRISE   738 AM CST   SUNSET   452 PM CST
NOVEMBER 25 2017......SUNRISE   739 AM CST   SUNSET   452 PM CST


-  INDICATES NEGATIVE NUMBERS.
R  INDICATES RECORD WAS SET OR TIED.
MM INDICATES DATA IS MISSING.
T  INDICATES TRACE AMOUNT.




$$
