000
CDUS43 KABR 111030
CLIATY


CLIMATE REPORT
NATIONAL WEATHER SERVICE ABERDEEN SD
530 AM CDT FRI JUL 11 2014


...................................

...THE WATERTOWN SD CLIMATE SUMMARY FOR JULY 10 2014...

CLIMATE NORMAL PERIOD 1981 TO 2010
CLIMATE RECORD PERIOD 1898 TO 2014


WEATHER ITEM   OBSERVED TIME   RECORD YEAR NORMAL DEPARTURE LAST
                VALUE   (LST)  VALUE       VALUE  FROM      YEAR
                                                  NORMAL
..................................................................
TEMPERATURE (F)
 YESTERDAY
  MAXIMUM         80   1232 PM 108    1966  83     -3       77
  MINIMUM         57    452 AM  43    1945  60     -3       53
  AVERAGE         69                        71     -2       65

PRECIPITATION (IN)
  YESTERDAY        T             1.78 1977   0.10  -0.10     0.00
  MONTH TO DATE    0.17                      1.00  -0.83     0.76
  SINCE JUN 1      4.77                      4.58   0.19     6.27
  SINCE JAN 1      9.64                     11.43  -1.79    14.26

DEGREE DAYS
 HEATING
  YESTERDAY        0                         0      0        0
  MONTH TO DATE   11                         8      3        0
  SINCE JUN 1     74                        86    -12       88
  SINCE JUL 1     11                         8      3        0

 COOLING
  YESTERDAY        4                         7     -3        0
  MONTH TO DATE   45                        63    -18       70
  SINCE JUN 1    106                       159    -53      159
  SINCE JAN 1    147                       181    -34      181
..................................................................


WIND (MPH)
  HIGHEST WIND SPEED    23   HIGHEST WIND DIRECTION     S (170)
  HIGHEST GUST SPEED    29   HIGHEST GUST DIRECTION     S (170)
  AVERAGE WIND SPEED    11.9


SKY COVER
  POSSIBLE SUNSHINE  MM
  AVERAGE SKY COVER 0.1


WEATHER CONDITIONS
 THE FOLLOWING WEATHER WAS RECORDED YESTERDAY.
  LIGHT RAIN


RELATIVE HUMIDITY (PERCENT)
 HIGHEST    80           500 AM
 LOWEST     56          1100 AM
 AVERAGE    68

..........................................................


THE WATERTOWN SD CLIMATE NORMALS FOR TODAY
                         NORMAL    RECORD    YEAR
 MAXIMUM TEMPERATURE (F)   83       104      1930
 MINIMUM TEMPERATURE (F)   60        44      1922


SUNRISE AND SUNSET
JULY 11 2014..........SUNRISE   553 AM CDT   SUNSET   915 PM CDT
JULY 12 2014..........SUNRISE   554 AM CDT   SUNSET   914 PM CDT


-  INDICATES NEGATIVE NUMBERS.
R  INDICATES RECORD WAS SET OR TIED.
MM INDICATES DATA IS MISSING.
T  INDICATES TRACE AMOUNT.




$$
