000
CDUS43 KABR 201041
CLIATY


CLIMATE REPORT
NATIONAL WEATHER SERVICE ABERDEEN SD
440 AM CST FRI JAN 20 2017


...................................

...THE WATERTOWN SD CLIMATE SUMMARY FOR JANUARY 19 2017...

CLIMATE NORMAL PERIOD 1981 TO 2010
CLIMATE RECORD PERIOD 1898 TO 2017


WEATHER ITEM   OBSERVED TIME   RECORD YEAR NORMAL DEPARTURE LAST
                VALUE   (LST)  VALUE       VALUE  FROM      YEAR
                                                  NORMAL
..................................................................
TEMPERATURE (F)
 YESTERDAY
  MAXIMUM         36   1234 PM  56    1900  22     14       18
  MINIMUM         24    418 AM -33    1970   3     21        2
  AVERAGE         30                        12     18       10

PRECIPITATION (IN)
  YESTERDAY        0.00          0.30 1979   0.02  -0.02     0.01
  MONTH TO DATE    0.57                      0.32   0.25     0.13
  SINCE DEC 1      1.82                      0.85   0.97     0.45
  SINCE JAN 1      0.57                      0.32   0.25     0.13

SNOWFALL (IN)
  YESTERDAY        0.0
  MONTH TO DATE    9.0
  SINCE OCT 1     26.7
  SINCE JUL 1     26.7
  SNOW DEPTH      13

DEGREE DAYS
 HEATING
  YESTERDAY       35                        53    -18       55
  MONTH TO DATE 1123                      1000    123     1010
  SINCE DEC 1   2718                      2519    199     2275
  SINCE JUL 1   4089                      4459   -370     3634

 COOLING
  YESTERDAY        0                         0      0        0
  MONTH TO DATE    0                         0      0        0
  SINCE DEC 1      0                         0      0        0
  SINCE JAN 1      0                         0      0        0
..................................................................


WIND (MPH)
  HIGHEST WIND SPEED    18   HIGHEST WIND DIRECTION     S (160)
  HIGHEST GUST SPEED    23   HIGHEST GUST DIRECTION     S (170)
  AVERAGE WIND SPEED    12.9


SKY COVER
  POSSIBLE SUNSHINE  MM
  AVERAGE SKY COVER 0.6


WEATHER CONDITIONS
 THE FOLLOWING WEATHER WAS RECORDED YESTERDAY.
  FOG
  FOG W/VISIBILITY <= 1/4 MILE


RELATIVE HUMIDITY (PERCENT)
 HIGHEST   100          1200 AM
 LOWEST     92           500 AM
 AVERAGE    96

..........................................................


THE WATERTOWN SD CLIMATE NORMALS FOR TODAY
                         NORMAL    RECORD    YEAR
 MAXIMUM TEMPERATURE (F)   22        56      1944
 MINIMUM TEMPERATURE (F)    3       -26      1985
                                             1962


SUNRISE AND SUNSET
JANUARY 20 2017.......SUNRISE   759 AM CST   SUNSET   520 PM CST
JANUARY 21 2017.......SUNRISE   759 AM CST   SUNSET   522 PM CST


-  INDICATES NEGATIVE NUMBERS.
R  INDICATES RECORD WAS SET OR TIED.
MM INDICATES DATA IS MISSING.
T  INDICATES TRACE AMOUNT.




$$
