000
CDUS43 KABR 231043
CLIATY


CLIMATE REPORT
NATIONAL WEATHER SERVICE ABERDEEN SD
542 AM CDT SAT SEP 23 2017


...................................

...THE WATERTOWN SD CLIMATE SUMMARY FOR SEPTEMBER 22 2017...

CLIMATE NORMAL PERIOD 1981 TO 2010
CLIMATE RECORD PERIOD 1898 TO 2017


WEATHER ITEM   OBSERVED TIME   RECORD YEAR NORMAL DEPARTURE LAST
                VALUE   (LST)  VALUE       VALUE  FROM      YEAR
                                                  NORMAL
..................................................................
TEMPERATURE (F)
 YESTERDAY
  MAXIMUM         89    409 PM  99    1936  68     21       63
  MINIMUM         59   1159 PM  21    1974  45     14       55
  AVERAGE         74                        56     18       59

PRECIPITATION (IN)
  YESTERDAY        0.54          1.13 2004   0.09   0.45     0.01
  MONTH TO DATE    2.65                      2.01   0.64     1.81
  SINCE SEP 1      2.65                      2.01   0.64     1.81
  SINCE JAN 1     17.86                     18.24  -0.38    18.45

DEGREE DAYS
 HEATING
  YESTERDAY        0                         9     -9        6
  MONTH TO DATE   67                       129    -62       58
  SINCE SEP 1     67                       129    -62       58
  SINCE JUL 1     95                       186    -91       84

 COOLING
  YESTERDAY        9                         0      9        0
  MONTH TO DATE   65                        37     28       32
  SINCE SEP 1     65                        37     28       32
  SINCE JAN 1    440                       511    -71      717
..................................................................


WIND (MPH)
  HIGHEST WIND SPEED    25   HIGHEST WIND DIRECTION     S (190)
  HIGHEST GUST SPEED    32   HIGHEST GUST DIRECTION     S (200)
  AVERAGE WIND SPEED    12.6


SKY COVER
  POSSIBLE SUNSHINE  MM
  AVERAGE SKY COVER 0.1


WEATHER CONDITIONS
 THE FOLLOWING WEATHER WAS RECORDED YESTERDAY.
  THUNDERSTORM
  HEAVY RAIN
  RAIN
  LIGHT RAIN
  FOG


RELATIVE HUMIDITY (PERCENT)
 HIGHEST   100           200 AM
 LOWEST     50           400 PM
 AVERAGE    75

..........................................................


THE WATERTOWN SD CLIMATE NORMALS FOR TODAY
                         NORMAL    RECORD    YEAR
 MAXIMUM TEMPERATURE (F)   67        95      1935
 MINIMUM TEMPERATURE (F)   44        23      1983


SUNRISE AND SUNSET
SEPTEMBER 23 2017.....SUNRISE   717 AM CDT   SUNSET   724 PM CDT
SEPTEMBER 24 2017.....SUNRISE   718 AM CDT   SUNSET   722 PM CDT


-  INDICATES NEGATIVE NUMBERS.
R  INDICATES RECORD WAS SET OR TIED.
MM INDICATES DATA IS MISSING.
T  INDICATES TRACE AMOUNT.




$$
