000
CDUS43 KABR 311039
CLIATY


CLIMATE REPORT
NATIONAL WEATHER SERVICE ABERDEEN SD
438 AM CST SAT JAN 31 2015


...................................

...THE WATERTOWN SD CLIMATE SUMMARY FOR JANUARY 30 2015...

CLIMATE NORMAL PERIOD 1981 TO 2010
CLIMATE RECORD PERIOD 1898 TO 2015


WEATHER ITEM   OBSERVED TIME   RECORD YEAR NORMAL DEPARTURE LAST
                VALUE   (LST)  VALUE       VALUE  FROM      YEAR
                                                  NORMAL
..................................................................
TEMPERATURE (F)
 YESTERDAY
  MAXIMUM         37    421 PM  50    1989  23     14       18
                                      1931
  MINIMUM         15    328 AM -28    1918   3     12       -7
                                      1916
                                      1899
  AVERAGE         26                        13     13        6

PRECIPITATION (IN)
  YESTERDAY        0.00          0.50 2001   0.01  -0.01     0.04
                                      1922
  MONTH TO DATE    0.40                      0.50  -0.10     0.30
  SINCE DEC 1      1.04                      1.03   0.01     0.91
  SINCE JAN 1      0.40                      0.50  -0.10     0.30

SNOWFALL (IN)
  YESTERDAY        0.0
  MONTH TO DATE    4.0
  SINCE OCT 1     18.2
  SINCE JUL 1     18.2
  SNOW DEPTH       0

DEGREE DAYS
 HEATING
  YESTERDAY       39                        52    -13       59
  MONTH TO DATE 1423                      1574   -151     1677
  SINCE DEC 1   2755                      3093   -338     3437
  SINCE JUL 1   4836                      5033   -197     5275

 COOLING
  YESTERDAY        0                         0      0        0
  MONTH TO DATE    0                         0      0        0
  SINCE DEC 1      0                         0      0        0
  SINCE JAN 1      0                         0      0        0
..................................................................


WIND (MPH)
  HIGHEST WIND SPEED    22   HIGHEST WIND DIRECTION    SW (210)
  HIGHEST GUST SPEED    28   HIGHEST GUST DIRECTION    SW (210)
  AVERAGE WIND SPEED    10.4


SKY COVER
  POSSIBLE SUNSHINE  MM
  AVERAGE SKY COVER 0.3


WEATHER CONDITIONS
 THE FOLLOWING WEATHER WAS RECORDED YESTERDAY.
  FOG
  FOG W/VISIBILITY <= 1/4 MILE


RELATIVE HUMIDITY (PERCENT)
 HIGHEST    92           700 AM
 LOWEST     69           100 PM
 AVERAGE    81

..........................................................


THE WATERTOWN SD CLIMATE NORMALS FOR TODAY
                         NORMAL    RECORD    YEAR
 MAXIMUM TEMPERATURE (F)   24        51      1931
 MINIMUM TEMPERATURE (F)    4       -28      1918


SUNRISE AND SUNSET
JANUARY 31 2015.......SUNRISE   750 AM CST   SUNSET   535 PM CST
FEBRUARY  1 2015......SUNRISE   748 AM CST   SUNSET   536 PM CST


-  INDICATES NEGATIVE NUMBERS.
R  INDICATES RECORD WAS SET OR TIED.
MM INDICATES DATA IS MISSING.
T  INDICATES TRACE AMOUNT.




$$
