000
CDUS43 KABR 062328
CLIATY


CLIMATE REPORT
NATIONAL WEATHER SERVICE ABERDEEN SD
528 PM CST FRI MAR 6 2015


...................................

...THE WATERTOWN SD CLIMATE SUMMARY FOR MARCH 6 2015...
VALID TODAY AS OF 0500 PM LOCAL TIME.

CLIMATE NORMAL PERIOD 1981 TO 2010
CLIMATE RECORD PERIOD 1898 TO 2015


WEATHER ITEM   OBSERVED TIME   RECORD YEAR NORMAL DEPARTURE LAST
                VALUE   (LST)  VALUE       VALUE  FROM      YEAR
                                                  NORMAL
..................................................................
TEMPERATURE (F)
 TODAY
  MAXIMUM         35    454 PM  73    1987  34      1       33
  MINIMUM          5    637 AM -16    1899  16    -11       12
  AVERAGE         20                        25     -5       23

PRECIPITATION (IN)
  TODAY            0.00          0.75 1983   0.03  -0.03     0.00
  MONTH TO DATE    0.19                      0.17   0.02     0.19
  SINCE MAR 1      0.19                      0.17   0.02     0.19
  SINCE JAN 1      0.84                      1.25  -0.41     0.62

SNOWFALL (IN)
  TODAY            0.0
  MONTH TO DATE    3.8
  SINCE OCT 1     24.7
  SINCE JUL 1     24.7
  SNOW DEPTH       0

DEGREE DAYS
 HEATING
  TODAY           45                        40      5       42
  MONTH TO DATE  333                       246     87      355
  SINCE MAR 1    333                       246     87      355
  SINCE JUL 1   6725                      6657     68     7321

 COOLING
  TODAY            0                         0      0        0
  MONTH TO DATE    0                         0      0        0
  SINCE MAR 1      0                         0      0        0
  SINCE JAN 1      0                         0      0        0
..................................................................


WIND (MPH)
  HIGHEST WIND SPEED    14   HIGHEST WIND DIRECTION    NW (330)
  HIGHEST GUST SPEED    17   HIGHEST GUST DIRECTION     N (340)
  AVERAGE WIND SPEED     8.2


SKY COVER
  POSSIBLE SUNSHINE  MM
  AVERAGE SKY COVER 0.1


WEATHER CONDITIONS
 THE FOLLOWING WEATHER WAS RECORDED TODAY.
  NO SIGNIFICANT WEATHER WAS OBSERVED.


RELATIVE HUMIDITY (PERCENT)
 HIGHEST    80           500 AM
 LOWEST     56           300 PM
 AVERAGE    68

..........................................................


THE WATERTOWN SD CLIMATE NORMALS FOR TOMORROW
                         NORMAL    RECORD    YEAR
 MAXIMUM TEMPERATURE (F)   35        74      2000
 MINIMUM TEMPERATURE (F)   16       -19      2008


SUNRISE AND SUNSET
MARCH  6 2015.........SUNRISE   658 AM CST   SUNSET   623 PM CST
MARCH  7 2015.........SUNRISE   656 AM CST   SUNSET   624 PM CST


-  INDICATES NEGATIVE NUMBERS.
R  INDICATES RECORD WAS SET OR TIED.
MM INDICATES DATA IS MISSING.
T  INDICATES TRACE AMOUNT.




$$
