000
CDUS43 KABR 291033
CLIATY


CLIMATE REPORT
NATIONAL WEATHER SERVICE ABERDEEN SD
531 AM CDT SUN MAR 29 2015


...................................

...THE WATERTOWN SD CLIMATE SUMMARY FOR MARCH 28 2015...

CLIMATE NORMAL PERIOD 1981 TO 2010
CLIMATE RECORD PERIOD 1898 TO 2015


WEATHER ITEM   OBSERVED TIME   RECORD YEAR NORMAL DEPARTURE LAST
                VALUE   (LST)  VALUE       VALUE  FROM      YEAR
                                                  NORMAL
..................................................................
TEMPERATURE (F)
 YESTERDAY
  MAXIMUM         52    453 PM  78    1946  45      7       31
  MINIMUM         28    807 AM  -5    1969  25      3        8
                                      1921
  AVERAGE         40                        35      5       20

PRECIPITATION (IN)
  YESTERDAY       MM             1.71 1940   0.05  MM        0.00
  MONTH TO DATE    0.28                      0.97  -0.69     0.87
  SINCE MAR 1      0.28                      0.97  -0.69     0.87
  SINCE JAN 1      0.93                      2.05  -1.12     1.30

SNOWFALL (IN)
  YESTERDAY       MM
  MONTH TO DATE    6.5
  SINCE OCT 1     27.4
  SINCE JUL 1     27.4
  SNOW DEPTH       0

DEGREE DAYS
 HEATING
  YESTERDAY       25                        30     -5       45
  MONTH TO DATE  912                      1016   -104     1162
  SINCE MAR 1    912                      1016   -104     1162
  SINCE JUL 1   7304                      7427   -123     8128

 COOLING
  YESTERDAY        0                         0      0        0
  MONTH TO DATE    0                         0      0        0
  SINCE MAR 1      0                         0      0        0
  SINCE JAN 1      0                         0      0        0
..................................................................


WIND (MPH)
  HIGHEST WIND SPEED    29   HIGHEST WIND DIRECTION     S (170)
  HIGHEST GUST SPEED    39   HIGHEST GUST DIRECTION     S (180)
  AVERAGE WIND SPEED    17.3


SKY COVER
  POSSIBLE SUNSHINE  MM
  AVERAGE SKY COVER 0.5


WEATHER CONDITIONS
 THE FOLLOWING WEATHER WAS RECORDED YESTERDAY.
  NO SIGNIFICANT WEATHER WAS OBSERVED.


RELATIVE HUMIDITY (PERCENT)
 HIGHEST    85          1200 AM
 LOWEST     39           200 PM
 AVERAGE    62

..........................................................


THE WATERTOWN SD CLIMATE NORMALS FOR TODAY
                         NORMAL    RECORD    YEAR
 MAXIMUM TEMPERATURE (F)   46        76      1967
 MINIMUM TEMPERATURE (F)   25       -12      1969


SUNRISE AND SUNSET
MARCH 29 2015.........SUNRISE   715 AM CDT   SUNSET   752 PM CDT
MARCH 30 2015.........SUNRISE   713 AM CDT   SUNSET   754 PM CDT


-  INDICATES NEGATIVE NUMBERS.
R  INDICATES RECORD WAS SET OR TIED.
MM INDICATES DATA IS MISSING.
T  INDICATES TRACE AMOUNT.




$$
