000
CDUS41 KGYX 140922
CLIAUG


CLIMATE REPORT
NATIONAL WEATHER SERVICE GRAY ME
422 AM EST THU DEC 14 2017


...................................

...THE AUGUSTA CLIMATE SUMMARY FOR DECEMBER 13 2017...

CLIMATE NORMAL PERIOD 1981 TO 2010
CLIMATE RECORD PERIOD 1948 TO 2017


WEATHER ITEM   OBSERVED TIME   RECORD YEAR NORMAL DEPARTURE LAST
                VALUE   (LST)  VALUE       VALUE  FROM      YEAR
                                                  NORMAL
..................................................................
TEMPERATURE (F)
 YESTERDAY
  MAXIMUM         31    431 AM  55    2010  34     -3       33
  MINIMUM         11   1008 PM  -4    1976  20     -9       17
  AVERAGE         21                        27     -6       25

PRECIPITATION (IN)
  YESTERDAY        T             1.95 1983   0.11  -0.11      T
  MONTH TO DATE    1.46                      1.54  -0.08     1.82
  SINCE DEC 1      1.46                      1.54  -0.08     1.82
  SINCE JAN 1     39.07                     40.18  -1.11    33.10

DEGREE DAYS
 HEATING
  YESTERDAY       44                        38      6       40
  MONTH TO DATE  428                       463    -35      484
  SINCE DEC 1    428                       463    -35      484
  SINCE JUL 1   1664                      2011   -347     1802

 COOLING
  YESTERDAY        0                         0      0        0
  MONTH TO DATE    0                         0      0        0
  SINCE DEC 1      0                         0      0        0
  SINCE JAN 1    446                       388     58      530
..................................................................


WIND (MPH)
  HIGHEST WIND SPEED    22   HIGHEST WIND DIRECTION     W (280)
  HIGHEST GUST SPEED    34   HIGHEST GUST DIRECTION     W (280)
  AVERAGE WIND SPEED     9.9


SKY COVER
  AVERAGE SKY COVER 0.7


WEATHER CONDITIONS
 THE FOLLOWING WEATHER WAS RECORDED YESTERDAY.
  LIGHT SNOW
  FOG


RELATIVE HUMIDITY (PERCENT)
 HIGHEST   100           100 AM
 LOWEST     56           300 PM
 AVERAGE    78

..........................................................


THE AUGUSTA CLIMATE NORMALS FOR TODAY
                         NORMAL    RECORD    YEAR
 MAXIMUM TEMPERATURE (F)   34        50      2006
 MINIMUM TEMPERATURE (F)   19        -7      1976


SUNRISE AND SUNSET
DECEMBER 14 2017......SUNRISE   707 AM EST   SUNSET   400 PM EST
DECEMBER 15 2017......SUNRISE   708 AM EST   SUNSET   401 PM EST


-  INDICATES NEGATIVE NUMBERS.
R  INDICATES RECORD WAS SET OR TIED.
MM INDICATES DATA IS MISSING.
T  INDICATES TRACE AMOUNT.




$$
