000
CDUS41 KGYX 252041
CLIAUG


CLIMATE REPORT
NATIONAL WEATHER SERVICE GRAY ME
441 PM EDT THU AUG 25 2016


...................................

...THE AUGUSTA CLIMATE SUMMARY FOR AUGUST 25 2016...
VALID TODAY AS OF 0400 PM LOCAL TIME.

CLIMATE NORMAL PERIOD 1981 TO 2010
CLIMATE RECORD PERIOD 1948 TO 2016


WEATHER ITEM   OBSERVED TIME   RECORD YEAR NORMAL DEPARTURE LAST
                VALUE   (LST)  VALUE       VALUE  FROM      YEAR
                                                  NORMAL
..................................................................
TEMPERATURE (F)
 TODAY
  MAXIMUM         84   1240 PM  94    1948  77      7       72
  MINIMUM         61    507 AM  44    1989  57      4       66
  AVERAGE         73                        67      6       69

PRECIPITATION (IN)
  TODAY            0.00          0.89 1958   0.10  -0.10     0.05
  MONTH TO DATE    2.31                      2.71  -0.40     4.24
  SINCE JUN 1      8.01                      9.69  -1.68    12.47
  SINCE JAN 1     21.58                     25.58  -4.00    22.15

DEGREE DAYS
 HEATING
  TODAY            0                         1     -1        0
  MONTH TO DATE    4                        14    -10        0
  SINCE JUN 1    103                       124    -21      169
  SINCE JUL 1     25                        30     -5       18

 COOLING
  TODAY            8                         3      5        4
  MONTH TO DATE  166                       109     57      138
  SINCE JUN 1    407                       330     77      298
  SINCE JAN 1    422                       339     83      332
..................................................................


WIND (MPH)
  HIGHEST WIND SPEED    13   HIGHEST WIND DIRECTION     S (190)
  HIGHEST GUST SPEED    21   HIGHEST GUST DIRECTION     S (190)
  AVERAGE WIND SPEED     6.5


SKY COVER
  AVERAGE SKY COVER 0.0


WEATHER CONDITIONS
 THE FOLLOWING WEATHER WAS RECORDED TODAY.
  NO SIGNIFICANT WEATHER WAS OBSERVED.


RELATIVE HUMIDITY (PERCENT)
 HIGHEST    93           100 AM
 LOWEST     58          1100 AM
 AVERAGE    76

..........................................................


THE AUGUSTA CLIMATE NORMALS FOR TOMORROW
                         NORMAL    RECORD    YEAR
 MAXIMUM TEMPERATURE (F)   77        97      1948
 MINIMUM TEMPERATURE (F)   57        47      1963


SUNRISE AND SUNSET
AUGUST 25 2016........SUNRISE   554 AM EDT   SUNSET   727 PM EDT
AUGUST 26 2016........SUNRISE   556 AM EDT   SUNSET   725 PM EDT


-  INDICATES NEGATIVE NUMBERS.
R  INDICATES RECORD WAS SET OR TIED.
MM INDICATES DATA IS MISSING.
T  INDICATES TRACE AMOUNT.




$$
