000
CDUS41 KGYX 230908
CLIAUG


CLIMATE REPORT
NATIONAL WEATHER SERVICE GRAY ME
408 AM EST SUN NOV 23 2014


...................................

...THE AUGUSTA CLIMATE SUMMARY FOR NOVEMBER 22 2014...

CLIMATE NORMAL PERIOD 1981 TO 2010
CLIMATE RECORD PERIOD 1948 TO 2014


WEATHER ITEM   OBSERVED TIME   NORMAL DEPARTURE LAST
                VALUE   (LST)  VALUE  FROM      YEAR
                                      NORMAL
......................................................
TEMPERATURE (F)
 YESTERDAY
  MAXIMUM         35    931 PM  43     -8       37
  MINIMUM         18    205 AM  29    -11       27
  AVERAGE         27            36     -9       32

PRECIPITATION (IN)
  YESTERDAY        0.00          0.14  -0.14     0.02
  MONTH TO DATE    1.04          3.27  -2.23     1.10
  SINCE SEP 1      6.57         11.37  -4.80     9.95
  SINCE JAN 1     37.20         37.55  -0.35    37.09

DEGREE DAYS
 HEATING
  YESTERDAY       38            29      9       33
  MONTH TO DATE  635           563     72      568
  SINCE SEP 1   1230          1256    -26     1189
  SINCE JUL 1   1249          1298    -49     1202

 COOLING
  YESTERDAY        0             0      0        0
  MONTH TO DATE    0             0      0        0
  SINCE SEP 1     57            31     26       37
  SINCE JAN 1    371           388    -17      428
......................................................


WIND (MPH)
  HIGHEST WIND SPEED    12   HIGHEST WIND DIRECTION    SW (210)
  HIGHEST GUST SPEED    19   HIGHEST GUST DIRECTION     S (200)
  AVERAGE WIND SPEED     6.0


SKY COVER
  AVERAGE SKY COVER 0.4


WEATHER CONDITIONS
 THE FOLLOWING WEATHER WAS RECORDED YESTERDAY.
  NO SIGNIFICANT WEATHER WAS OBSERVED.


RELATIVE HUMIDITY (PERCENT)
 HIGHEST    62           900 AM
 LOWEST     35           800 PM
 AVERAGE    49

..........................................................


THE AUGUSTA CLIMATE NORMALS FOR TODAY
                         NORMAL
 MAXIMUM TEMPERATURE (F)   42
 MINIMUM TEMPERATURE (F)   28


SUNRISE AND SUNSET
NOVEMBER 23 2014......SUNRISE   645 AM EST   SUNSET   406 PM EST
NOVEMBER 24 2014......SUNRISE   646 AM EST   SUNSET   405 PM EST


-  INDICATES NEGATIVE NUMBERS.
R  INDICATES RECORD WAS SET OR TIED.
MM INDICATES DATA IS MISSING.
T  INDICATES TRACE AMOUNT.




$$
