000
CDUS41 KGYX 250805
CLIAUG


CLIMATE REPORT
NATIONAL WEATHER SERVICE GRAY ME
405 AM EDT MON SEP 25 2017


...................................

...THE AUGUSTA CLIMATE SUMMARY FOR SEPTEMBER 24 2017...

CLIMATE NORMAL PERIOD 1981 TO 2010
CLIMATE RECORD PERIOD 1948 TO 2017


WEATHER ITEM   OBSERVED TIME   RECORD YEAR NORMAL DEPARTURE LAST
                VALUE   (LST)  VALUE       VALUE  FROM      YEAR
                                                  NORMAL
..................................................................
TEMPERATURE (F)
 YESTERDAY
  MAXIMUM         87R   321 PM  85    1961  66     21       63
  MINIMUM         61    601 AM  31    1974  47     14       44
  AVERAGE         74                        57     17       54

PRECIPITATION (IN)
  YESTERDAY        0.00          1.60 1994   0.13  -0.13     0.00
  MONTH TO DATE    2.98                      2.91   0.07     0.94
  SINCE SEP 1      2.98                      2.91   0.07     0.94
  SINCE JAN 1     28.17                     29.09  -0.92    22.52

DEGREE DAYS
 HEATING
  YESTERDAY        0                         9     -9       11
  MONTH TO DATE   45                       119    -74       39
  SINCE SEP 1     45                       119    -74       39
  SINCE JUL 1     86                       161    -75       64

 COOLING
  YESTERDAY        9                         0      9        0
  MONTH TO DATE   51                        27     24       73
  SINCE SEP 1     51                        27     24       73
  SINCE JAN 1    411                       384     27      530
..................................................................


WIND (MPH)
  HIGHEST WIND SPEED     9   HIGHEST WIND DIRECTION     W (260)
  HIGHEST GUST SPEED    12   HIGHEST GUST DIRECTION     W (260)
  AVERAGE WIND SPEED     2.9


SKY COVER
  AVERAGE SKY COVER 0.1


WEATHER CONDITIONS
 THE FOLLOWING WEATHER WAS RECORDED YESTERDAY.
  NO SIGNIFICANT WEATHER WAS OBSERVED.


RELATIVE HUMIDITY (PERCENT)
 HIGHEST    97           500 AM
 LOWEST     50           300 PM
 AVERAGE    74

..........................................................


THE AUGUSTA CLIMATE NORMALS FOR TODAY
                         NORMAL    RECORD    YEAR
 MAXIMUM TEMPERATURE (F)   66        85      2007
 MINIMUM TEMPERATURE (F)   47        30      1974


SUNRISE AND SUNSET
SEPTEMBER 25 2017.....SUNRISE   630 AM EDT   SUNSET   631 PM EDT
SEPTEMBER 26 2017.....SUNRISE   631 AM EDT   SUNSET   629 PM EDT


-  INDICATES NEGATIVE NUMBERS.
R  INDICATES RECORD WAS SET OR TIED.
MM INDICATES DATA IS MISSING.
T  INDICATES TRACE AMOUNT.




$$
