000
CDUS41 KGYX 070831
CLIAUG


CLIMATE REPORT
NATIONAL WEATHER SERVICE GRAY ME
430 AM EDT TUE JUL 7 2015


...................................

...THE AUGUSTA CLIMATE SUMMARY FOR JULY 6 2015...

CLIMATE NORMAL PERIOD 1981 TO 2010
CLIMATE RECORD PERIOD 1948 TO 2015


WEATHER ITEM   OBSERVED TIME   RECORD YEAR NORMAL DEPARTURE LAST
                VALUE   (LST)  VALUE       VALUE  FROM      YEAR
                                                  NORMAL
..................................................................
TEMPERATURE (F)
 YESTERDAY
  MAXIMUM         84    231 PM  MM      MM  79      5       82
  MINIMUM         60    439 AM  MM      MM  59      1       69
  AVERAGE         72                        69      3       76

PRECIPITATION (IN)
  YESTERDAY        0.00         MM      MM   0.10  -0.10      T
  MONTH TO DATE    0.25                      0.60  -0.35     3.01
  SINCE JUN 1      5.71                      4.16   1.55     7.92
  SINCE JAN 1     15.39                     20.05  -4.66    22.04

DEGREE DAYS
 HEATING
  YESTERDAY        0                         1     -1        0
  MONTH TO DATE    4                         6     -2        2
  SINCE JUN 1    155                       100     55       78
  SINCE JUL 1      4                         6     -2        2

 COOLING
  YESTERDAY        7                         5      2       11
  MONTH TO DATE   12                        25    -13       46
  SINCE JUN 1     45                        89    -44      105
  SINCE JAN 1     79                        98    -19      105
..................................................................


WIND (MPH)
  HIGHEST WIND SPEED    10   HIGHEST WIND DIRECTION     S (180)
  HIGHEST GUST SPEED    17   HIGHEST GUST DIRECTION     S (200)
  AVERAGE WIND SPEED     3.6


SKY COVER
  AVERAGE SKY COVER 0.1


WEATHER CONDITIONS
 THE FOLLOWING WEATHER WAS RECORDED YESTERDAY.
  NO SIGNIFICANT WEATHER WAS OBSERVED.


RELATIVE HUMIDITY (PERCENT)
 HIGHEST    90           400 AM
 LOWEST     40           200 PM
 AVERAGE    65

..........................................................


THE AUGUSTA CLIMATE NORMALS FOR TODAY
                         NORMAL
 MAXIMUM TEMPERATURE (F)   79
 MINIMUM TEMPERATURE (F)   59


SUNRISE AND SUNSET
JULY  7 2015..........SUNRISE   503 AM EDT   SUNSET   825 PM EDT
JULY  8 2015..........SUNRISE   503 AM EDT   SUNSET   825 PM EDT


-  INDICATES NEGATIVE NUMBERS.
R  INDICATES RECORD WAS SET OR TIED.
MM INDICATES DATA IS MISSING.
T  INDICATES TRACE AMOUNT.




$$
