000
CDUS41 KGYX 252041
CLIAUG


CLIMATE REPORT
NATIONAL WEATHER SERVICE GRAY ME
440 PM EDT TUE JUL 25 2017


...................................

...THE AUGUSTA CLIMATE SUMMARY FOR JULY 25 2017...
VALID TODAY AS OF 0400 PM LOCAL TIME.

CLIMATE NORMAL PERIOD 1981 TO 2010
CLIMATE RECORD PERIOD 1948 TO 2017


WEATHER ITEM   OBSERVED TIME   RECORD YEAR NORMAL DEPARTURE LAST
                VALUE   (LST)  VALUE       VALUE  FROM      YEAR
                                                  NORMAL
..................................................................
TEMPERATURE (F)
 TODAY
  MAXIMUM         75    237 PM  96    1963  80     -5       86
  MINIMUM         55    405 AM  50    2002  60     -5       61
  AVERAGE         65                        70     -5       74

PRECIPITATION (IN)
  TODAY            0.10          1.72 1990   0.12  -0.02     0.30
  MONTH TO DATE    1.30                      2.73  -1.43     1.76
  SINCE JUN 1      3.34                      6.29  -2.95     5.50
  SINCE JAN 1     22.29                     22.18   0.11    19.07

DEGREE DAYS
 HEATING
  TODAY            0                         0      0        0
  MONTH TO DATE   10                        12     -2       21
  SINCE JUN 1     88                       106    -18       99
  SINCE JUL 1     10                        12     -2       21

 COOLING
  TODAY            0                         5     -5        9
  MONTH TO DATE  135                       120     15      149
  SINCE JUN 1    216                       184     32      184
  SINCE JAN 1    227                       193     34      199
..................................................................


WIND (MPH)
  HIGHEST WIND SPEED    14   HIGHEST WIND DIRECTION    NE (50)
  HIGHEST GUST SPEED    19   HIGHEST GUST DIRECTION    NE (30)
  AVERAGE WIND SPEED     7.3


SKY COVER
  AVERAGE SKY COVER 0.9


WEATHER CONDITIONS
 THE FOLLOWING WEATHER WAS RECORDED TODAY.
  LIGHT RAIN
  FOG


RELATIVE HUMIDITY (PERCENT)
 HIGHEST    93           800 AM
 LOWEST     41           300 PM
 AVERAGE    67

..........................................................


THE AUGUSTA CLIMATE NORMALS FOR TOMORROW
                         NORMAL    RECORD    YEAR
 MAXIMUM TEMPERATURE (F)   80        96      1989
 MINIMUM TEMPERATURE (F)   60        49      1976


SUNRISE AND SUNSET
JULY 25 2017..........SUNRISE   519 AM EDT   SUNSET   812 PM EDT
JULY 26 2017..........SUNRISE   520 AM EDT   SUNSET   811 PM EDT


-  INDICATES NEGATIVE NUMBERS.
R  INDICATES RECORD WAS SET OR TIED.
MM INDICATES DATA IS MISSING.
T  INDICATES TRACE AMOUNT.




$$
