000
CDUS41 KGYX 260920
CLIAUG


CLIMATE REPORT
NATIONAL WEATHER SERVICE GRAY ME
419 AM EST SUN FEB 26 2017


...................................

...THE AUGUSTA CLIMATE SUMMARY FOR FEBRUARY 25 2017...

CLIMATE NORMAL PERIOD 1981 TO 2010
CLIMATE RECORD PERIOD 1948 TO 2017


WEATHER ITEM   OBSERVED TIME   RECORD YEAR NORMAL DEPARTURE LAST
                VALUE   (LST)  VALUE       VALUE  FROM      YEAR
                                                  NORMAL
..................................................................
TEMPERATURE (F)
 YESTERDAY
  MAXIMUM         55    333 PM  57    1984  35     20       55
  MINIMUM         36    648 AM  -1    1993  17     19       32
  AVERAGE         46                        26     20       44

PRECIPITATION (IN)
  YESTERDAY        0.45          2.47 2010   0.09   0.36     0.74
  MONTH TO DATE    3.71                      2.14   1.57     3.47
  SINCE DEC 1     10.42                      7.99   2.43     9.84
  SINCE JAN 1      6.45                      4.75   1.70     5.87

DEGREE DAYS
 HEATING
  YESTERDAY       19                        39    -20       21
  MONTH TO DATE  982                      1056    -74      985
  SINCE DEC 1   3405                      3679   -274     3167
  SINCE JUL 1   4723                      5227   -504     4545

 COOLING
  YESTERDAY        0                         0      0        0
  MONTH TO DATE    0                         0      0        0
  SINCE DEC 1      0                         0      0        0
  SINCE JAN 1      0                         0      0        0
..................................................................


WIND (MPH)
  HIGHEST WIND SPEED    16   HIGHEST WIND DIRECTION    SW (220)
  HIGHEST GUST SPEED    23   HIGHEST GUST DIRECTION    SW (210)
  AVERAGE WIND SPEED     6.0


SKY COVER
  AVERAGE SKY COVER 1.0


WEATHER CONDITIONS
 THE FOLLOWING WEATHER WAS RECORDED YESTERDAY.
  RAIN
  LIGHT RAIN
  FOG
  FOG W/VISIBILITY <= 1/4 MILE


RELATIVE HUMIDITY (PERCENT)
 HIGHEST   100           100 AM
 LOWEST     77           300 PM
 AVERAGE    89

..........................................................


THE AUGUSTA CLIMATE NORMALS FOR TODAY
                         NORMAL    RECORD    YEAR
 MAXIMUM TEMPERATURE (F)   35        48      1976
 MINIMUM TEMPERATURE (F)   18        -8      1993


SUNRISE AND SUNSET
FEBRUARY 26 2017......SUNRISE   621 AM EST   SUNSET   524 PM EST
FEBRUARY 27 2017......SUNRISE   619 AM EST   SUNSET   525 PM EST


-  INDICATES NEGATIVE NUMBERS.
R  INDICATES RECORD WAS SET OR TIED.
MM INDICATES DATA IS MISSING.
T  INDICATES TRACE AMOUNT.




$$
