000
CDUS41 KGYX 210801
CLIAUG


CLIMATE REPORT
NATIONAL WEATHER SERVICE GRAY ME
401 AM EDT SUN SEP 21 2014


...................................

...THE AUGUSTA CLIMATE SUMMARY FOR SEPTEMBER 20 2014...

CLIMATE NORMAL PERIOD 1981 TO 2010
CLIMATE RECORD PERIOD 1948 TO 2014


WEATHER ITEM   OBSERVED TIME   NORMAL DEPARTURE LAST
                VALUE   (LST)  VALUE  FROM      YEAR
                                      NORMAL
......................................................
TEMPERATURE (F)
 YESTERDAY
  MAXIMUM         60    253 PM  68     -8       75
  MINIMUM         36    503 AM  49    -13       47
  AVERAGE         48            58    -10       61

PRECIPITATION (IN)
  YESTERDAY        0.00          0.13  -0.13     0.00
  MONTH TO DATE    0.45          2.38  -1.93     6.86
  SINCE SEP 1      0.45          2.38  -1.93     6.86
  SINCE JAN 1     31.08         28.56   2.52    34.00

DEGREE DAYS
 HEATING
  YESTERDAY       17             7     10        4
  MONTH TO DATE  134            87     47      103
  SINCE SEP 1    134            87     47      103
  SINCE JUL 1    153           129     24      116

 COOLING
  YESTERDAY        0             0      0        0
  MONTH TO DATE   45            27     18       37
  SINCE SEP 1     45            27     18       37
  SINCE JAN 1    359           384    -25      428
......................................................


WIND (MPH)
  HIGHEST WIND SPEED    17   HIGHEST WIND DIRECTION     S (200)
  HIGHEST GUST SPEED    26   HIGHEST GUST DIRECTION    SW (210)
  AVERAGE WIND SPEED     7.8


SKY COVER
  AVERAGE SKY COVER 0.5


WEATHER CONDITIONS
 THE FOLLOWING WEATHER WAS RECORDED YESTERDAY.
  NO SIGNIFICANT WEATHER WAS OBSERVED.


RELATIVE HUMIDITY (PERCENT)
 HIGHEST    92           500 AM
 LOWEST     66           900 AM
 AVERAGE    79

..........................................................


THE AUGUSTA CLIMATE NORMALS FOR TODAY
                         NORMAL
 MAXIMUM TEMPERATURE (F)   68
 MINIMUM TEMPERATURE (F)   49


SUNRISE AND SUNSET
SEPTEMBER 21 2014.....SUNRISE   625 AM EDT   SUNSET   639 PM EDT
SEPTEMBER 22 2014.....SUNRISE   626 AM EDT   SUNSET   637 PM EDT


-  INDICATES NEGATIVE NUMBERS.
R  INDICATES RECORD WAS SET OR TIED.
MM INDICATES DATA IS MISSING.
T  INDICATES TRACE AMOUNT.




$$
