000
CDUS41 KGYX 241725
CLIAUG


CLIMATE REPORT
NATIONAL WEATHER SERVICE GRAY ME
125 PM EDT SUN MAY 24 2015


...................................

...THE AUGUSTA CLIMATE SUMMARY FOR MAY 23 2015...

CLIMATE NORMAL PERIOD 1981 TO 2010
CLIMATE RECORD PERIOD 1948 TO 2015


WEATHER ITEM   OBSERVED TIME   RECORD YEAR NORMAL DEPARTURE LAST
                VALUE   (LST)  VALUE       VALUE  FROM      YEAR
                                                  NORMAL
..................................................................
TEMPERATURE (F)
 YESTERDAY
  MAXIMUM         59    541 PM  MM      MM  67     -8       62
  MINIMUM         36    434 AM  MM      MM  47    -11       50
  AVERAGE         48                        57     -9       56

PRECIPITATION (IN)
  YESTERDAY        0.00         MM      MM   0.12  -0.12     0.04
  MONTH TO DATE    1.25                      2.74  -1.49     2.27
  SINCE MAR 1      6.78                      9.90  -3.12     8.04
  SINCE JAN 1      9.05                     14.94  -5.89    12.83

DEGREE DAYS
 HEATING
  YESTERDAY       17                         8      9        9
  MONTH TO DATE  183                       264    -81      216
  SINCE MAR 1   2025                      1925    100     2115
  SINCE JUL 1   7652                      7268    384     7621

 COOLING
  YESTERDAY        0                         0      0        0
  MONTH TO DATE    5                         0      5        0
  SINCE MAR 1      5                         0      5        0
  SINCE JAN 1      5                         0      5        0
..................................................................


WIND (MPH)
  HIGHEST WIND SPEED    28   HIGHEST WIND DIRECTION     N (340)
  HIGHEST GUST SPEED    39   HIGHEST GUST DIRECTION    NW (320)
  AVERAGE WIND SPEED    11.4


SKY COVER
  AVERAGE SKY COVER 0.1


WEATHER CONDITIONS
 THE FOLLOWING WEATHER WAS RECORDED YESTERDAY.
  NO SIGNIFICANT WEATHER WAS OBSERVED.


RELATIVE HUMIDITY (PERCENT)
 HIGHEST    53          1200 AM
 LOWEST     21           300 PM
 AVERAGE    37

..........................................................


THE AUGUSTA CLIMATE NORMALS FOR TODAY
                         NORMAL
 MAXIMUM TEMPERATURE (F)   68
 MINIMUM TEMPERATURE (F)   47


SUNRISE AND SUNSET
MAY 24 2015...........SUNRISE   504 AM EDT   SUNSET   809 PM EDT
MAY 25 2015...........SUNRISE   503 AM EDT   SUNSET   810 PM EDT


-  INDICATES NEGATIVE NUMBERS.
R  INDICATES RECORD WAS SET OR TIED.
MM INDICATES DATA IS MISSING.
T  INDICATES TRACE AMOUNT.




$$
