000
CDUS41 KGYX 300820
CLIAUG


CLIMATE REPORT
NATIONAL WEATHER SERVICE GRAY ME
420 AM EDT THU MAR 30 2017


...................................

...THE AUGUSTA CLIMATE SUMMARY FOR MARCH 29 2017...

CLIMATE NORMAL PERIOD 1981 TO 2010
CLIMATE RECORD PERIOD 1948 TO 2017


WEATHER ITEM   OBSERVED TIME   RECORD YEAR NORMAL DEPARTURE LAST
                VALUE   (LST)  VALUE       VALUE  FROM      YEAR
                                                  NORMAL
..................................................................
TEMPERATURE (F)
 YESTERDAY
  MAXIMUM         40   1249 PM  70    1981  45     -5       44
  MINIMUM         33   1159 PM  -1    1974  28      5       32
  AVERAGE         37                        36      1       38

PRECIPITATION (IN)
  YESTERDAY        0.03          1.77 2010   0.12  -0.09     0.05
  MONTH TO DATE    3.49                      3.13   0.36     3.50
  SINCE MAR 1      3.49                      3.13   0.36     3.50
  SINCE JAN 1      9.97                      8.17   1.80     9.37

DEGREE DAYS
 HEATING
  YESTERDAY       28                        28      0       27
  MONTH TO DATE 1131                       971    160      896
  SINCE MAR 1   1131                       971    160      896
  SINCE JUL 1   5943                      6314   -371     5575

 COOLING
  YESTERDAY        0                         0      0        0
  MONTH TO DATE    0                         0      0        0
  SINCE MAR 1      0                         0      0        0
  SINCE JAN 1      0                         0      0        0
..................................................................


WIND (MPH)
  HIGHEST WIND SPEED    21   HIGHEST WIND DIRECTION    NW (330)
  HIGHEST GUST SPEED    28   HIGHEST GUST DIRECTION    NW (330)
  AVERAGE WIND SPEED     9.1


SKY COVER
  AVERAGE SKY COVER 1.0


WEATHER CONDITIONS
 THE FOLLOWING WEATHER WAS RECORDED YESTERDAY.
  LIGHT RAIN
  FOG
  FOG W/VISIBILITY <= 1/4 MILE


RELATIVE HUMIDITY (PERCENT)
 HIGHEST    89          1200 AM
 LOWEST     59           600 PM
 AVERAGE    74

..........................................................


THE AUGUSTA CLIMATE NORMALS FOR TODAY
                         NORMAL    RECORD    YEAR
 MAXIMUM TEMPERATURE (F)   45        71      1977
 MINIMUM TEMPERATURE (F)   28        16      1970


SUNRISE AND SUNSET
MARCH 30 2017.........SUNRISE   624 AM EDT   SUNSET   704 PM EDT
MARCH 31 2017.........SUNRISE   622 AM EDT   SUNSET   706 PM EDT


-  INDICATES NEGATIVE NUMBERS.
R  INDICATES RECORD WAS SET OR TIED.
MM INDICATES DATA IS MISSING.
T  INDICATES TRACE AMOUNT.




$$
