000
CDUS41 KGYX 260842
CLIAUG


CLIMATE REPORT
NATIONAL WEATHER SERVICE GRAY ME
442 AM EDT SAT JUL 26 2014


...................................

...THE AUGUSTA CLIMATE SUMMARY FOR JULY 25 2014...

CLIMATE NORMAL PERIOD 1981 TO 2010
CLIMATE RECORD PERIOD 1948 TO 2014


WEATHER ITEM   OBSERVED TIME   NORMAL DEPARTURE LAST
                VALUE   (LST)  VALUE  FROM      YEAR
                                      NORMAL
......................................................
TEMPERATURE (F)
 YESTERDAY
  MAXIMUM         80    353 PM  80      0       72
  MINIMUM         54    429 AM  60     -6       52
  AVERAGE         67            70     -3       62

PRECIPITATION (IN)
  YESTERDAY        0.00          0.12  -0.12     0.07
  MONTH TO DATE    4.73          2.73   2.00     2.88
  SINCE JUN 1      9.64          6.29   3.35     9.69
  SINCE JAN 1     23.76         22.18   1.58    21.18

DEGREE DAYS
 HEATING
  YESTERDAY        0             0      0        3
  MONTH TO DATE    2            12    -10        6
  SINCE JUN 1     78           106    -28       84
  SINCE JUL 1      2            12    -10        6

 COOLING
  YESTERDAY        2             5     -3        0
  MONTH TO DATE  149           120     29      186
  SINCE JUN 1    208           184     24      263
  SINCE JAN 1    208           193     15      278
......................................................


WIND (MPH)
  HIGHEST WIND SPEED    14   HIGHEST WIND DIRECTION     W (270)
  HIGHEST GUST SPEED    19   HIGHEST GUST DIRECTION     W (290)
  AVERAGE WIND SPEED     5.6


SKY COVER
  AVERAGE SKY COVER 0.0


WEATHER CONDITIONS
 THE FOLLOWING WEATHER WAS RECORDED YESTERDAY.
  NO SIGNIFICANT WEATHER WAS OBSERVED.


RELATIVE HUMIDITY (PERCENT)
 HIGHEST    83           400 AM
 LOWEST     39           400 PM
 AVERAGE    61

..........................................................


THE AUGUSTA CLIMATE NORMALS FOR TODAY
                         NORMAL
 MAXIMUM TEMPERATURE (F)   80
 MINIMUM TEMPERATURE (F)   60


SUNRISE AND SUNSET
JULY 26 2014..........SUNRISE   520 AM EDT   SUNSET   811 PM EDT
JULY 27 2014..........SUNRISE   521 AM EDT   SUNSET   810 PM EDT


-  INDICATES NEGATIVE NUMBERS.
R  INDICATES RECORD WAS SET OR TIED.
MM INDICATES DATA IS MISSING.
T  INDICATES TRACE AMOUNT.




$$
