000
CDUS44 KEWX 022351
CLIAUS


CLIMATE REPORT
NATIONAL WEATHER SERVICE AUSTIN/SAN ANTONIO, TX
543 PM CST MON MAR 2 2015


...................................

...THE AUSTIN BERGSTROM CLIMATE SUMMARY FOR MARCH 2 2015...
VALID TODAY AS OF 0500 PM LOCAL TIME.

CLIMATE NORMAL PERIOD 1981 TO 2010
CLIMATE RECORD PERIOD 1943 TO 2015


WEATHER ITEM   OBSERVED TIME   RECORD YEAR NORMAL DEPARTURE LAST
                VALUE   (LST)  VALUE       VALUE  FROM      YEAR
                                                  NORMAL
..................................................................
TEMPERATURE (F)
 TODAY
  MAXIMUM         45    222 PM  86    2006  68    -23       72
                                      1999
                                      1956
  MINIMUM         38    656 AM  19    1980  43     -5       27
  AVERAGE         42                        55    -13       50

PRECIPITATION (IN)
  TODAY            0.03          1.03 2005   0.09  -0.06     0.10
  MONTH TO DATE    0.14                      0.17  -0.03     0.11
  SINCE MAR 1      0.14                      0.17  -0.03     0.11
  SINCE JAN 1      5.88                      4.68   1.20     1.20

SNOWFALL (IN)
  TODAY           MM
  MONTH TO DATE    0.0
  SINCE MAR 1      0.0
  SINCE JUL 1      T
  SNOW DEPTH       0

DEGREE DAYS
 HEATING
  TODAY           23                        11     12       15
  MONTH TO DATE   49                        22     27       19
  SINCE MAR 1     49                        22     27       19
  SINCE JUL 1   1763                      1637    126     1836

 COOLING
  TODAY            0                         1     -1        0
  MONTH TO DATE    0                         2     -2        0
  SINCE MAR 1      0                         2     -2        0
  SINCE JAN 1      2                        18    -16       17
..................................................................


WIND (MPH)
  HIGHEST WIND SPEED    16   HIGHEST WIND DIRECTION     N (20)
  HIGHEST GUST SPEED    20   HIGHEST GUST DIRECTION     N (20)
  AVERAGE WIND SPEED    11.2


SKY COVER
  AVERAGE SKY COVER 1.0


WEATHER CONDITIONS
 THE FOLLOWING WEATHER WAS RECORDED TODAY.
  LIGHT RAIN
  FOG


RELATIVE HUMIDITY (PERCENT)
 HIGHEST   100          1200 AM
 LOWEST     89          1100 AM
 AVERAGE    95

..........................................................


THE AUSTIN BERGSTROM CLIMATE NORMALS FOR TOMORROW
                         NORMAL    RECORD    YEAR
 MAXIMUM TEMPERATURE (F)   68        85      1974
 MINIMUM TEMPERATURE (F)   43        19      1943


SUNRISE AND SUNSET
MARCH  2 2015.........SUNRISE   656 AM CST   SUNSET   630 PM CST
MARCH  3 2015.........SUNRISE   655 AM CST   SUNSET   631 PM CST


-  INDICATES NEGATIVE NUMBERS.
R  INDICATES RECORD WAS SET OR TIED.
MM INDICATES DATA IS MISSING.
T  INDICATES TRACE AMOUNT.




$$
