000
CDUS44 KEWX 290716
CLIAUS


CLIMATE REPORT
NATIONAL WEATHER SERVICE AUSTIN/SAN ANTONIO, TX
216 AM CDT TUE JUL 29 2014


...................................

...THE AUSTIN BERGSTROM CLIMATE SUMMARY FOR JULY 28 2014...

CLIMATE NORMAL PERIOD 1981 TO 2010
CLIMATE RECORD PERIOD 1943 TO 2014


WEATHER ITEM   OBSERVED TIME   RECORD YEAR NORMAL DEPARTURE LAST
                VALUE   (LST)  VALUE       VALUE  FROM      YEAR
                                                  NORMAL
..................................................................
TEMPERATURE (F)
 YESTERDAY
  MAXIMUM        100    412 PM 104    1995  96      4       98
  MINIMUM         71    457 AM  68    2003  72     -1       75
  AVERAGE         86                        84      2       87

PRECIPITATION (IN)
  YESTERDAY        0.00          1.21 2010   0.06  -0.06     0.00
  MONTH TO DATE    2.05                      2.30  -0.25     1.44
  SINCE JUN 1      3.73                      6.93  -3.20     2.19
  SINCE JAN 1     15.55                     20.98  -5.43    17.57

SNOWFALL (IN)
  YESTERDAY        0.0
  MONTH TO DATE    0.0
  SINCE JUN 1      0.0
  SINCE JUL 1      0.0
  SNOW DEPTH       0

DEGREE DAYS
 HEATING
  YESTERDAY        0                         0      0        0
  MONTH TO DATE    0                         0      0        0
  SINCE JUN 1      0                         0      0        0
  SINCE JUL 1      0                         0      0        0

 COOLING
  YESTERDAY       21                        19      2       22
  MONTH TO DATE  498                       516    -18      533
  SINCE JUN 1   1005                       997      8     1102
  SINCE JAN 1   1460                      1504    -44     1616
..................................................................


WIND (MPH)
  HIGHEST WIND SPEED    17   HIGHEST WIND DIRECTION    SW (210)
  HIGHEST GUST SPEED    22   HIGHEST GUST DIRECTION    SW (210)
  AVERAGE WIND SPEED     6.5


SKY COVER
  AVERAGE SKY COVER 0.3


WEATHER CONDITIONS
 THE FOLLOWING WEATHER WAS RECORDED YESTERDAY.
  FOG


RELATIVE HUMIDITY (PERCENT)
 HIGHEST    93           300 AM
 LOWEST     29           400 PM
 AVERAGE    61

..........................................................


THE AUSTIN BERGSTROM CLIMATE NORMALS FOR TODAY
                         NORMAL    RECORD    YEAR
 MAXIMUM TEMPERATURE (F)   96       105      1995
 MINIMUM TEMPERATURE (F)   72        68      2003
                                             1999
                                             1994


SUNRISE AND SUNSET
JULY 29 2014..........SUNRISE   648 AM CDT   SUNSET   826 PM CDT
JULY 30 2014..........SUNRISE   648 AM CDT   SUNSET   826 PM CDT


-  INDICATES NEGATIVE NUMBERS.
R  INDICATES RECORD WAS SET OR TIED.
MM INDICATES DATA IS MISSING.
T  INDICATES TRACE AMOUNT.




$$
