000
CDUS44 KEWX 282259
CLIAUS


CLIMATE REPORT
NATIONAL WEATHER SERVICE AUSTIN/SAN ANTONIO, TX
558 PM CDT SAT MAR 28 2015


...................................

...THE AUSTIN BERGSTROM CLIMATE SUMMARY FOR MARCH 28 2015...
VALID TODAY AS OF 558 PM LOCAL TIME.

CLIMATE NORMAL PERIOD 1981 TO 2010
CLIMATE RECORD PERIOD 1943 TO 2015


WEATHER ITEM   OBSERVED TIME   RECORD YEAR NORMAL DEPARTURE LAST
                VALUE   (LST)  VALUE       VALUE  FROM      YEAR
                                                  NORMAL
..................................................................
TEMPERATURE (F)
 TODAY
  MAXIMUM         81    346 PM  97    1971  75      6       90
  MINIMUM         39    630 AM  28    1955  50    -11       59
  AVERAGE         60                        62     -2       75

PRECIPITATION (IN)
  TODAY            0.00          1.86 2006   0.06  -0.06     0.00
  MONTH TO DATE    4.04                      2.32   1.72     1.19
  SINCE MAR 1      4.04                      2.32   1.72     1.19
  SINCE JAN 1      9.78                      6.83   2.95     2.28

SNOWFALL (IN)
  TODAY            0.0
  MONTH TO DATE    0.0
  SINCE MAR 1      0.0
  SINCE JUL 1      T
  SNOW DEPTH       0

DEGREE DAYS
 HEATING
  TODAY            5                         5      0        0
  MONTH TO DATE  236                       211     25      270
  SINCE MAR 1    236                       211     25      270
  SINCE JUL 1   1950                      1826    124     2087

 COOLING
  TODAY            0                         2     -2       10
  MONTH TO DATE   21                        35    -14       25
  SINCE MAR 1     21                        35    -14       25
  SINCE JAN 1     23                        51    -28       42
..................................................................


WIND (MPH)
  HIGHEST WIND SPEED    24   HIGHEST WIND DIRECTION     S (190)
  HIGHEST GUST SPEED    32   HIGHEST GUST DIRECTION     S (180)
  AVERAGE WIND SPEED     8.9


SKY COVER
  AVERAGE SKY COVER 0.0


WEATHER CONDITIONS
 THE FOLLOWING WEATHER WAS RECORDED TODAY.
  FOG


RELATIVE HUMIDITY (PERCENT)
 HIGHEST   100           600 AM
 LOWEST     26           300 PM
 AVERAGE    63

..........................................................


THE AUSTIN BERGSTROM CLIMATE NORMALS FOR TOMORROW
                         NORMAL    RECORD    YEAR
 MAXIMUM TEMPERATURE (F)   75        95      1971
 MINIMUM TEMPERATURE (F)   50        30      2009


SUNRISE AND SUNSET
MARCH 28 2015.........SUNRISE   725 AM CDT   SUNSET   747 PM CDT
MARCH 29 2015.........SUNRISE   724 AM CDT   SUNSET   748 PM CDT


-  INDICATES NEGATIVE NUMBERS.
R  INDICATES RECORD WAS SET OR TIED.
MM INDICATES DATA IS MISSING.
T  INDICATES TRACE AMOUNT.




$$
