000
CDUS44 KEWX 232253
CLIAUS


CLIMATE REPORT
NATIONAL WEATHER SERVICE AUSTIN/SAN ANTONIO, TX
553 PM CDT SUN APR 23 2017


...................................

...THE AUSTIN BERGSTROM CLIMATE SUMMARY FOR APRIL 23 2017...
VALID TODAY AS OF 0553 PM LOCAL TIME.

CLIMATE NORMAL PERIOD 1981 TO 2010
CLIMATE RECORD PERIOD 1943 TO 2017


WEATHER ITEM   OBSERVED TIME   RECORD YEAR NORMAL DEPARTURE LAST
                VALUE   (LST)  VALUE       VALUE  FROM      YEAR
                                                  NORMAL
..................................................................
TEMPERATURE (F)
 TODAY
  MAXIMUM         77    443 PM  97    2000  82     -5       82
  MINIMUM         52    615 AM  42    1998  57     -5       52
  AVERAGE         65                        69     -4       67

PRECIPITATION (IN)
  TODAY            0.00          2.38 1950   0.09  -0.09     0.00
  MONTH TO DATE    0.99                      1.60  -0.61     4.92
  SINCE MAR 1      4.32                      4.38  -0.06     8.73
  SINCE JAN 1     11.63                      8.89   2.74    10.91

SNOWFALL (IN)
  TODAY            0.0
  MONTH TO DATE    0.0
  SINCE MAR 1      0.0
  SINCE JUL 1      0.0
  SNOW DEPTH       0

DEGREE DAYS
 HEATING
  TODAY            0                         1     -1        0
  MONTH TO DATE   10                        57    -47       35
  SINCE MAR 1     83                       279   -196      143
  SINCE JUL 1    957                      1894   -937     1377

 COOLING
  TODAY            0                         5     -5        2
  MONTH TO DATE  134                        89     45       60
  SINCE MAR 1    287                       131    156      132
  SINCE JAN 1    396                       147    249      155
..................................................................


WIND (MPH)
  HIGHEST WIND SPEED    26   HIGHEST WIND DIRECTION     N (10)
  HIGHEST GUST SPEED    30   HIGHEST GUST DIRECTION     N (20)
  AVERAGE WIND SPEED    13.0


SKY COVER
  AVERAGE SKY COVER 0.1


WEATHER CONDITIONS
 THE FOLLOWING WEATHER WAS RECORDED TODAY.
  NO SIGNIFICANT WEATHER WAS OBSERVED.


RELATIVE HUMIDITY (PERCENT)
 HIGHEST    77           500 AM
 LOWEST     27           200 PM
 AVERAGE    52

..........................................................


THE AUSTIN BERGSTROM CLIMATE NORMALS FOR TOMORROW
                         NORMAL    RECORD    YEAR
 MAXIMUM TEMPERATURE (F)   82        94      2003
 MINIMUM TEMPERATURE (F)   57        41      2005
                                             1995


SUNRISE AND SUNSET
APRIL 23 2017.........SUNRISE   655 AM CDT   SUNSET   803 PM CDT
APRIL 24 2017.........SUNRISE   654 AM CDT   SUNSET   804 PM CDT


-  INDICATES NEGATIVE NUMBERS.
R  INDICATES RECORD WAS SET OR TIED.
MM INDICATES DATA IS MISSING.
T  INDICATES TRACE AMOUNT.




$$
