515
CDUS44 KEWX 202246
CLIAUS


CLIMATE REPORT
NATIONAL WEATHER SERVICE AUSTIN/SAN ANTONIO, TX
546 PM CDT THU JUL 20 2017


...................................

...THE AUSTIN BERGSTROM CLIMATE SUMMARY FOR JULY 20 2017...
VALID TODAY AS OF 0546 PM LOCAL TIME.

CLIMATE NORMAL PERIOD 1981 TO 2010
CLIMATE RECORD PERIOD 1943 TO 2017


WEATHER ITEM   OBSERVED TIME   RECORD YEAR NORMAL DEPARTURE LAST
                VALUE   (LST)  VALUE       VALUE  FROM      YEAR
                                                  NORMAL
..................................................................
TEMPERATURE (F)
 TODAY
  MAXIMUM        101    426 PM 103    2000  96      5       99
  MINIMUM         75    609 AM  66    2004  72      3       73
  AVERAGE         88                        84      4       86

PRECIPITATION (IN)
  TODAY            0.00          1.46 2007   0.07  -0.07     0.00
  MONTH TO DATE    1.06                      1.82  -0.76      T
  SINCE JUN 1      3.49                      6.45  -2.96     2.63
  SINCE JAN 1     18.27                     20.06  -1.79    30.92

SNOWFALL (IN)
  TODAY            0.0
  MONTH TO DATE    0.0
  SINCE JUN 1      0.0
  SINCE JUL 1      0.0
  SNOW DEPTH       0

DEGREE DAYS
 HEATING
  TODAY            0                         0      0        0
  MONTH TO DATE    0                         0      0        0
  SINCE JUN 1      0                         0      0        0
  SINCE JUL 1      0                         0      0        0

 COOLING
  TODAY           23                        19      4       21
  MONTH TO DATE  428                       364     64      446
  SINCE JUN 1    989                       845    144      964
  SINCE JAN 1   1774                      1352    422     1468
..................................................................


WIND (MPH)
  HIGHEST WIND SPEED    14   HIGHEST WIND DIRECTION     S (190)
  HIGHEST GUST SPEED    19   HIGHEST GUST DIRECTION     S (180)
  AVERAGE WIND SPEED     6.5


SKY COVER
  AVERAGE SKY COVER 0.2


WEATHER CONDITIONS
 THE FOLLOWING WEATHER WAS RECORDED TODAY.
  NO SIGNIFICANT WEATHER WAS OBSERVED.


RELATIVE HUMIDITY (PERCENT)
 HIGHEST    94           500 AM
 LOWEST     33           300 PM
 AVERAGE    64

..........................................................


THE AUSTIN BERGSTROM CLIMATE NORMALS FOR TOMORROW
                         NORMAL    RECORD    YEAR
 MAXIMUM TEMPERATURE (F)   96       102      2000
                                             1994
                                             1963
 MINIMUM TEMPERATURE (F)   72        66      2000


SUNRISE AND SUNSET
JULY 20 2017..........SUNRISE   642 AM CDT   SUNSET   831 PM CDT
JULY 21 2017..........SUNRISE   643 AM CDT   SUNSET   831 PM CDT


-  INDICATES NEGATIVE NUMBERS.
R  INDICATES RECORD WAS SET OR TIED.
MM INDICATES DATA IS MISSING.
T  INDICATES TRACE AMOUNT.




$$
