000
CDUS43 KGRB 180930
CLIAUW


CLIMATE REPORT
NATIONAL WEATHER SERVICE GREEN BAY
329 AM CST MON DEC 18 2017


...................................

...THE WAUSAU WI CLIMATE SUMMARY FOR DECEMBER 17 2017...

CLIMATE NORMAL PERIOD 1981 TO 2010
CLIMATE RECORD PERIOD 1896 TO 2017


WEATHER ITEM   OBSERVED TIME   RECORD YEAR NORMAL DEPARTURE LAST
                VALUE   (LST)  VALUE       VALUE  FROM      YEAR
                                                  NORMAL
..................................................................
TEMPERATURE (F)
 YESTERDAY
  MAXIMUM         27   1159 PM  46    1939  26      1       17
  MINIMUM         21    344 AM -18    1901  11     10        1
  AVERAGE         24                        18      6

PRECIPITATION (IN)
  YESTERDAY        T             0.84 1990   0.04  -0.04     0.16
  MONTH TO DATE    1.04                      0.79   0.25     1.17
  SINCE DEC 1      1.04                      0.79   0.25     1.17
  SINCE JAN 1     37.15                     31.84   5.31    35.49

SNOWFALL (IN)
  YESTERDAY        0.1          11.2  1990   0.4   -0.3      2.7
  MONTH TO DATE    7.4                       7.6   -0.2     18.4
  SINCE JUL 1     15.7                      15.9   -0.2     21.5
  SNOW DEPTH       4

DEGREE DAYS
 HEATING
  YESTERDAY       41                        47     -6       56
  MONTH TO DATE  715                       748    -33      808
  SINCE DEC 1    715                       748    -33      808
  SINCE JUL 1   2400                      2607   -207     2086

 COOLING
  YESTERDAY        0                         0      0        0
  MONTH TO DATE    0                         0      0        0
  SINCE DEC 1      0                         0      0        0
  SINCE JAN 1    339                       407    -68      512
..................................................................


WIND (MPH)
  HIGHEST WIND SPEED    10   HIGHEST WIND DIRECTION    SE (130)
  HIGHEST GUST SPEED    12   HIGHEST GUST DIRECTION    SE (120)
  AVERAGE WIND SPEED     5.1


SKY COVER
  POSSIBLE SUNSHINE  MM
  AVERAGE SKY COVER 1.0


WEATHER CONDITIONS
 THE FOLLOWING WEATHER WAS RECORDED YESTERDAY.
  LIGHT SNOW
  FOG
  FOG W/VISIBILITY <= 1/4 MILE


RELATIVE HUMIDITY (PERCENT)
 HIGHEST   100           800 AM
 LOWEST     92          1200 AM
 AVERAGE    96

..........................................................


THE WAUSAU WI CLIMATE NORMALS FOR TODAY
                         NORMAL    RECORD    YEAR
 MAXIMUM TEMPERATURE (F)   25        48      2002
 MINIMUM TEMPERATURE (F)   10       -23      1983


SUNRISE AND SUNSET
DECEMBER 18 2017......SUNRISE   732 AM CST   SUNSET   419 PM CST
DECEMBER 19 2017......SUNRISE   732 AM CST   SUNSET   419 PM CST


-  INDICATES NEGATIVE NUMBERS.
R  INDICATES RECORD WAS SET OR TIED.
MM INDICATES DATA IS MISSING.
T  INDICATES TRACE AMOUNT.




$$
