000
CDUS43 KGRB 160710
CLIAUW


CLIMATE REPORT
NATIONAL WEATHER SERVICE GREEN BAY
209 AM CDT WED AUG 16 2017


...................................

...THE WAUSAU WI CLIMATE SUMMARY FOR AUGUST 15 2017...

CLIMATE NORMAL PERIOD 1981 TO 2010
CLIMATE RECORD PERIOD 1896 TO 2017


WEATHER ITEM   OBSERVED TIME   RECORD YEAR NORMAL DEPARTURE LAST
                VALUE   (LST)  VALUE       VALUE  FROM      YEAR
                                                  NORMAL
..................................................................
TEMPERATURE (F)
 YESTERDAY
  MAXIMUM         76    255 PM  95    1936  78     -2       81
  MINIMUM         56    713 AM  41    1992  58     -2       56
  AVERAGE         66                        68     -2

PRECIPITATION (IN)
  YESTERDAY        0.00          1.72 1978   0.14  -0.14     0.00
  MONTH TO DATE    2.10                      2.07   0.03     1.92
  SINCE JUN 1     12.01                     10.21   1.80    11.74
  SINCE JAN 1     27.80                     20.12   7.68    23.40

SNOWFALL (IN)
  YESTERDAY        0.0           0.0    MM   0.0    0.0      0.0
  MONTH TO DATE    0.0                       0.0    0.0      0.0
  SINCE JUL 1      0.0                       0.0    0.0      0.0
  SNOW DEPTH       0

DEGREE DAYS
 HEATING
  YESTERDAY        0                         1     -1        0
  MONTH TO DATE   19                        15      4        0
  SINCE JUN 1     76                       127    -51       39
  SINCE JUL 1     22                        38    -16        9

 COOLING
  YESTERDAY        1                         4     -3        4
  MONTH TO DATE   22                        66    -44      106
  SINCE JUN 1    251                       307    -56      381
  SINCE JAN 1    252                       326    -74      428
..................................................................


WIND (MPH)
  HIGHEST WIND SPEED    10   HIGHEST WIND DIRECTION     N (10)
  HIGHEST GUST SPEED    13   HIGHEST GUST DIRECTION     N (10)
  AVERAGE WIND SPEED     4.0


SKY COVER
  POSSIBLE SUNSHINE  MM
  AVERAGE SKY COVER 0.4


WEATHER CONDITIONS
 THE FOLLOWING WEATHER WAS RECORDED YESTERDAY.
  FOG


RELATIVE HUMIDITY (PERCENT)
 HIGHEST   100           300 AM
 LOWEST     46           200 PM
 AVERAGE    73

..........................................................


THE WAUSAU WI CLIMATE NORMALS FOR TODAY
                         NORMAL    RECORD    YEAR
 MAXIMUM TEMPERATURE (F)   78        99      1988
 MINIMUM TEMPERATURE (F)   57        42      1979


SUNRISE AND SUNSET
AUGUST 16 2017........SUNRISE   602 AM CDT   SUNSET   803 PM CDT
AUGUST 17 2017........SUNRISE   603 AM CDT   SUNSET   801 PM CDT


-  INDICATES NEGATIVE NUMBERS.
R  INDICATES RECORD WAS SET OR TIED.
MM INDICATES DATA IS MISSING.
T  INDICATES TRACE AMOUNT.




$$
