954
CDUS43 KGRB 280807
CLIAUW


CLIMATE REPORT
NATIONAL WEATHER SERVICE GREEN BAY
205 AM CST TUE FEB 28 2017


...................................

...THE WAUSAU WI CLIMATE SUMMARY FOR FEBRUARY 27 2017...

CLIMATE NORMAL PERIOD 1981 TO 2010
CLIMATE RECORD PERIOD 1896 TO 2017


WEATHER ITEM   OBSERVED TIME   RECORD YEAR NORMAL DEPARTURE LAST
                VALUE   (LST)  VALUE       VALUE  FROM      YEAR
                                                  NORMAL
..................................................................
TEMPERATURE (F)
 YESTERDAY
  MAXIMUM         40    445 PM  56    1896  32      8       55
  MINIMUM         21    428 AM -17    2014  14      7       28
  AVERAGE         31                        23      8

PRECIPITATION (IN)
  YESTERDAY        0.00          0.56 1948   0.05  -0.05     0.00
  MONTH TO DATE    1.52                      0.88   0.64     0.55
  SINCE DEC 1      6.52                      3.26   3.26     6.34
  SINCE JAN 1      3.86                      1.90   1.96     1.39

SNOWFALL (IN)
  YESTERDAY        0.0           4.6  1948   0.3   -0.3      0.0
                                      1931
  MONTH TO DATE    7.7                       9.2   -1.5      8.8
  SINCE JUL 1     53.8                      44.9    8.9     24.2
  SNOW DEPTH       3

DEGREE DAYS
 HEATING
  YESTERDAY       34                        42     -8       23
  MONTH TO DATE 1050                      1243   -193     1142
  SINCE DEC 1   3920                      4234   -314     3650
  SINCE JUL 1   5198                      6093   -895     5056

 COOLING
  YESTERDAY        0                         0      0        0
  MONTH TO DATE    0                         0      0        0
  SINCE DEC 1      0                         0      0        0
  SINCE JAN 1      0                         0      0        0
..................................................................


WIND (MPH)
  HIGHEST WIND SPEED    15   HIGHEST WIND DIRECTION     S (180)
  HIGHEST GUST SPEED    20   HIGHEST GUST DIRECTION     S (170)
  AVERAGE WIND SPEED     6.9


SKY COVER
  POSSIBLE SUNSHINE  MM
  AVERAGE SKY COVER 0.4


WEATHER CONDITIONS
 THE FOLLOWING WEATHER WAS RECORDED YESTERDAY.
  NO SIGNIFICANT WEATHER WAS OBSERVED.


RELATIVE HUMIDITY (PERCENT)
 HIGHEST    92           600 AM
 LOWEST     40           300 PM
 AVERAGE    66

..........................................................


THE WAUSAU WI CLIMATE NORMALS FOR TODAY
                         NORMAL    RECORD    YEAR
 MAXIMUM TEMPERATURE (F)   33        49      2000
                                             1985
 MINIMUM TEMPERATURE (F)   14       -23      2014


SUNRISE AND SUNSET
FEBRUARY 28 2017......SUNRISE   638 AM CST   SUNSET   545 PM CST
MARCH  1 2017.........SUNRISE   636 AM CST   SUNSET   546 PM CST


-  INDICATES NEGATIVE NUMBERS.
R  INDICATES RECORD WAS SET OR TIED.
MM INDICATES DATA IS MISSING.
T  INDICATES TRACE AMOUNT.

$$
