000
CDUS43 KGRB 060627
CLIAUW


CLIMATE REPORT
NATIONAL WEATHER SERVICE GREEN BAY
127 AM CDT FRI MAY 6 2016


...................................

...THE WAUSAU WI CLIMATE SUMMARY FOR MAY 5 2016...

CLIMATE NORMAL PERIOD 1981 TO 2010
CLIMATE RECORD PERIOD 1896 TO 2016


WEATHER ITEM   OBSERVED TIME   RECORD YEAR NORMAL DEPARTURE LAST
                VALUE   (LST)  VALUE       VALUE  FROM      YEAR
                                                  NORMAL
..................................................................
TEMPERATURE (F)
 YESTERDAY
  MAXIMUM         68    324 PM  86    1949  64      4       70
  MINIMUM         35    442 AM  26    1967  41     -6       45
                                      1900
  AVERAGE         52                        52      0

PRECIPITATION (IN)
  YESTERDAY        T             1.55 1960   0.10  -0.10      T
  MONTH TO DATE    0.11                      0.52  -0.41     0.29
  SINCE MAR 1      7.45                      5.01   2.44     4.26
  SINCE JAN 1      8.88                      6.95   1.93     5.01

SNOWFALL (IN)
  YESTERDAY        0.0           1.3  1996   0.0    0.0      0.0
  MONTH TO DATE    0.0                       0.1   -0.1      0.0
  SINCE JUL 1     43.4                      59.5  -16.1     53.7
  SNOW DEPTH       0

DEGREE DAYS
 HEATING
  YESTERDAY       13                        13      0        7
  MONTH TO DATE   60                        68     -8       24
  SINCE MAR 1   1483                      1784   -301     1625
  SINCE JUL 1   6606                      7920  -1314     8205

 COOLING
  YESTERDAY        0                         0      0        0
  MONTH TO DATE    0                         0      0        2
  SINCE MAR 1      2                         2      0        2
  SINCE JAN 1      2                         2      0        2
..................................................................


WIND (MPH)
  HIGHEST WIND SPEED    14   HIGHEST WIND DIRECTION     W (280)
  HIGHEST GUST SPEED    18   HIGHEST GUST DIRECTION     W (270)
  AVERAGE WIND SPEED     5.4


SKY COVER
  POSSIBLE SUNSHINE  MM
  AVERAGE SKY COVER 0.1


WEATHER CONDITIONS
 THE FOLLOWING WEATHER WAS RECORDED YESTERDAY.
  LIGHT RAIN


RELATIVE HUMIDITY (PERCENT)
 HIGHEST    82           500 AM
 LOWEST     28           100 PM
 AVERAGE    55

..........................................................


THE WAUSAU WI CLIMATE NORMALS FOR TODAY
                         NORMAL    RECORD    YEAR
 MAXIMUM TEMPERATURE (F)   64        88      1934
 MINIMUM TEMPERATURE (F)   41        23      1989


SUNRISE AND SUNSET
MAY  6 2016...........SUNRISE   540 AM CDT   SUNSET   811 PM CDT
MAY  7 2016...........SUNRISE   539 AM CDT   SUNSET   812 PM CDT


-  INDICATES NEGATIVE NUMBERS.
R  INDICATES RECORD WAS SET OR TIED.
MM INDICATES DATA IS MISSING.
T  INDICATES TRACE AMOUNT.




$$
