000
CDUS43 KGRB 290715
CLIAUW


CLIMATE REPORT
NATIONAL WEATHER SERVICE GREEN BAY
214 AM CDT WED JUL 29 2015


...................................

...THE WAUSAU WI CLIMATE SUMMARY FOR JULY 28 2015...

CLIMATE NORMAL PERIOD 1981 TO 2010
CLIMATE RECORD PERIOD 1896 TO 2015


WEATHER ITEM   OBSERVED TIME   RECORD YEAR NORMAL DEPARTURE LAST
                VALUE   (LST)  VALUE       VALUE  FROM      YEAR
                                                  NORMAL
..................................................................
TEMPERATURE (F)
 YESTERDAY
  MAXIMUM         85    425 PM  96    1931  80      5       74
                                      1916
  MINIMUM         64    423 AM  47    2013  59      5       51
  AVERAGE         75                        69      6

PRECIPITATION (IN)
  YESTERDAY        0.00          3.36 1953   0.13  -0.13      T
  MONTH TO DATE    3.08                      3.44  -0.36     2.29
  SINCE JUN 1      7.64                      7.75  -0.11     7.80
  SINCE JAN 1     18.37                     17.66   0.71    19.24

SNOWFALL (IN)
  YESTERDAY        0.0           0.0    MM   0.0    0.0      0.0
  MONTH TO DATE    0.0                       0.0    0.0      0.0
  SINCE JUL 1      0.0                       0.0    0.0      0.0
  SNOW DEPTH       0

DEGREE DAYS
 HEATING
  YESTERDAY        0                         1     -1        2
  MONTH TO DATE   18                        28    -10       37
  SINCE JUN 1     79                       117    -38       59
  SINCE JUL 1     18                        28    -10       37

 COOLING
  YESTERDAY       10                         5      5        0
  MONTH TO DATE  136                       140     -4       80
  SINCE JUN 1    183                       225    -42      190
  SINCE JAN 1    201                       244    -43      215
..................................................................


WIND (MPH)
  HIGHEST WIND SPEED    22   HIGHEST WIND DIRECTION    SE (150)
  HIGHEST GUST SPEED    28   HIGHEST GUST DIRECTION    SE (150)
  AVERAGE WIND SPEED     9.7


SKY COVER
  POSSIBLE SUNSHINE  MM
  AVERAGE SKY COVER 0.3


WEATHER CONDITIONS
 THE FOLLOWING WEATHER WAS RECORDED YESTERDAY.
  NO SIGNIFICANT WEATHER WAS OBSERVED.


RELATIVE HUMIDITY (PERCENT)
 HIGHEST    93           200 AM
 LOWEST     58           900 AM
 AVERAGE    76

..........................................................


THE WAUSAU WI CLIMATE NORMALS FOR TODAY
                         NORMAL    RECORD    YEAR
 MAXIMUM TEMPERATURE (F)   80        97      1916
 MINIMUM TEMPERATURE (F)   59        44      1952


SUNRISE AND SUNSET
JULY 29 2015..........SUNRISE   540 AM CDT   SUNSET   829 PM CDT
JULY 30 2015..........SUNRISE   542 AM CDT   SUNSET   828 PM CDT


-  INDICATES NEGATIVE NUMBERS.
R  INDICATES RECORD WAS SET OR TIED.
MM INDICATES DATA IS MISSING.
T  INDICATES TRACE AMOUNT.




$$
