000
CDUS43 KGRB 030645
CLIAUW


CLIMATE REPORT
NATIONAL WEATHER SERVICE GREEN BAY
144 AM CDT FRI JUL 3 2015


...................................

...THE WAUSAU WI CLIMATE SUMMARY FOR JULY 2 2015...

CLIMATE NORMAL PERIOD 1981 TO 2010
CLIMATE RECORD PERIOD 1896 TO 2015


WEATHER ITEM   OBSERVED TIME   RECORD YEAR NORMAL DEPARTURE LAST
                VALUE   (LST)  VALUE       VALUE  FROM      YEAR
                                                  NORMAL
..................................................................
TEMPERATURE (F)
 YESTERDAY
  MAXIMUM         76    320 PM  99    1911  80     -4       71
  MINIMUM         49    512 AM  40    1904  58     -9       52
  AVERAGE         63                        69     -6

PRECIPITATION (IN)
  YESTERDAY        0.00          1.98 1900   0.12  -0.12     0.20
  MONTH TO DATE    0.00                      0.25  -0.25     0.60
  SINCE JUN 1      4.56                      4.56   0.00     6.11
  SINCE JAN 1     15.29                     14.47   0.82    17.55

SNOWFALL (IN)
  YESTERDAY        0.0           0.0    MM   0.0    0.0      0.0
  MONTH TO DATE    0.0                       0.0    0.0      0.0
  SINCE JUL 1      0.0                       0.0    0.0      0.0
  SNOW DEPTH       0

DEGREE DAYS
 HEATING
  YESTERDAY        2                         1      1        3
  MONTH TO DATE    7                         2      5        3
  SINCE JUN 1     68                        91    -23       25
  SINCE JUL 1      7                         2      5        3

 COOLING
  YESTERDAY        0                         5     -5        0
  MONTH TO DATE    0                        10    -10        3
  SINCE JUN 1     47                        95    -48      113
  SINCE JAN 1     65                       114    -49      138
..................................................................


WIND (MPH)
  HIGHEST WIND SPEED    13   HIGHEST WIND DIRECTION     S (170)
  HIGHEST GUST SPEED    16   HIGHEST GUST DIRECTION     S (170)
  AVERAGE WIND SPEED     4.8


SKY COVER
  POSSIBLE SUNSHINE  MM
  AVERAGE SKY COVER 0.0


WEATHER CONDITIONS
 THE FOLLOWING WEATHER WAS RECORDED YESTERDAY.
  NO SIGNIFICANT WEATHER WAS OBSERVED.


RELATIVE HUMIDITY (PERCENT)
 HIGHEST    93           500 AM
 LOWEST     35           100 PM
 AVERAGE    64

..........................................................


THE WAUSAU WI CLIMATE NORMALS FOR TODAY
                         NORMAL    RECORD    YEAR
 MAXIMUM TEMPERATURE (F)   80        94      1897
 MINIMUM TEMPERATURE (F)   58        42      1968


SUNRISE AND SUNSET
JULY  3 2015..........SUNRISE   517 AM CDT   SUNSET   848 PM CDT
JULY  4 2015..........SUNRISE   518 AM CDT   SUNSET   848 PM CDT


-  INDICATES NEGATIVE NUMBERS.
R  INDICATES RECORD WAS SET OR TIED.
MM INDICATES DATA IS MISSING.
T  INDICATES TRACE AMOUNT.




$$
