000
CDUS43 KGRB 010628
CLIAUW


CLIMATE REPORT
NATIONAL WEATHER SERVICE GREEN BAY
127 AM CDT MON SEP 1 2014


...................................

...THE WAUSAU WI CLIMATE SUMMARY FOR AUGUST 31 2014...

CLIMATE NORMAL PERIOD 1981 TO 2010
CLIMATE RECORD PERIOD 1896 TO 2014


WEATHER ITEM   OBSERVED TIME   RECORD YEAR NORMAL DEPARTURE LAST
                VALUE   (LST)  VALUE       VALUE  FROM      YEAR
                                                  NORMAL
..................................................................
TEMPERATURE (F)
 YESTERDAY
  MAXIMUM         79    328 PM  93    1898  75      4       80
  MINIMUM         60    551 AM  35    1915  54      6       58
  AVERAGE         70                        64      6

PRECIPITATION (IN)
  YESTERDAY        0.05          4.42 1938   0.13  -0.08     0.00
  MONTH TO DATE    7.10                      4.16   2.94     3.53
  SINCE JUN 1     15.21                     12.30   2.91    13.16
  SINCE JAN 1     26.65                     22.21   4.44    27.63

SNOWFALL (IN)
  YESTERDAY        0.0           0.0    MM   0.0    0.0      0.0
  MONTH TO DATE    0.0                       0.0    0.0      0.0
  SINCE JUN 1      0.0                       0.0    0.0      0.0
  SINCE JUL 1      0.0                       0.0    0.0      0.0
  SNOW DEPTH       0

DEGREE DAYS
 HEATING
  YESTERDAY        0                         3     -3        0
  MONTH TO DATE   15                        43    -28       26
  SINCE JUN 1     76                       155    -79      142
  SINCE JUL 1     54                        66    -12       56

 COOLING
  YESTERDAY        5                         2      3        4
  MONTH TO DATE  107                       115     -8      144
  SINCE JUN 1    301                       356    -55      413
  SINCE JAN 1    326                       375    -49      450
..................................................................


WIND (MPH)
  HIGHEST WIND SPEED    16   HIGHEST WIND DIRECTION    SE (150)
  HIGHEST GUST SPEED    21   HIGHEST GUST DIRECTION    SE (140)
  AVERAGE WIND SPEED     7.6


SKY COVER
  POSSIBLE SUNSHINE  MM
  AVERAGE SKY COVER 0.7


WEATHER CONDITIONS
 THE FOLLOWING WEATHER WAS RECORDED YESTERDAY.
  THUNDERSTORM
  LIGHT RAIN
  FOG


RELATIVE HUMIDITY (PERCENT)
 HIGHEST    90           300 AM
 LOWEST     58           300 PM
 AVERAGE    74

..........................................................


THE WAUSAU WI CLIMATE NORMALS FOR TODAY
                         NORMAL    RECORD    YEAR
 MAXIMUM TEMPERATURE (F)   75        95      1953
 MINIMUM TEMPERATURE (F)   54        33      1909


SUNRISE AND SUNSET
SEPTEMBER  1 2014.....SUNRISE   621 AM CDT   SUNSET   735 PM CDT
SEPTEMBER  2 2014.....SUNRISE   622 AM CDT   SUNSET   734 PM CDT


-  INDICATES NEGATIVE NUMBERS.
R  INDICATES RECORD WAS SET OR TIED.
MM INDICATES DATA IS MISSING.
T  INDICATES TRACE AMOUNT.




$$
