000
CDUS43 KGRB 230750
CLIAUW


CLIMATE REPORT
NATIONAL WEATHER SERVICE GREEN BAY
250 AM CDT SAT JUL 23 2016


...................................

...THE WAUSAU WI CLIMATE SUMMARY FOR JULY 22 2016...

CLIMATE NORMAL PERIOD 1981 TO 2010
CLIMATE RECORD PERIOD 1896 TO 2016


WEATHER ITEM   OBSERVED TIME   RECORD YEAR NORMAL DEPARTURE LAST
                VALUE   (LST)  VALUE       VALUE  FROM      YEAR
                                                  NORMAL
..................................................................
TEMPERATURE (F)
 YESTERDAY
  MAXIMUM         91    408 PM  92    1964  80     11       82
                                      1940
                                      1929
  MINIMUM         66    434 AM  38    1947  59      7       56
  AVERAGE         79                        70      9

PRECIPITATION (IN)
  YESTERDAY        0.00          1.50 1978   0.13  -0.13      T
  MONTH TO DATE    2.89                      2.68   0.21     3.08
  SINCE JUN 1      8.11                      6.99   1.12     7.64
  SINCE JAN 1     19.77                     16.90   2.87    18.37

SNOWFALL (IN)
  YESTERDAY        0.0           0.0    MM   0.0    0.0      0.0
  MONTH TO DATE    0.0                       0.0    0.0      0.0
  SINCE JUL 1      0.0                       0.0    0.0      0.0
  SNOW DEPTH       0

DEGREE DAYS
 HEATING
  YESTERDAY        0                         1     -1        0
  MONTH TO DATE    8                        22    -14       18
  SINCE JUN 1     38                       111    -73       79
  SINCE JUL 1      8                        22    -14       18

 COOLING
  YESTERDAY       14                         5      9        4
  MONTH TO DATE  118                       110      8       84
  SINCE JUN 1    222                       195     27      131
  SINCE JAN 1    269                       214     55      149
..................................................................


WIND (MPH)
  HIGHEST WIND SPEED    12   HIGHEST WIND DIRECTION     W (290)
  HIGHEST GUST SPEED    15   HIGHEST GUST DIRECTION    NW (330)
  AVERAGE WIND SPEED     4.9


SKY COVER
  POSSIBLE SUNSHINE  MM
  AVERAGE SKY COVER 0.0


WEATHER CONDITIONS
 THE FOLLOWING WEATHER WAS RECORDED YESTERDAY.
  FOG


RELATIVE HUMIDITY (PERCENT)
 HIGHEST   100           400 AM
 LOWEST     32           200 PM
 AVERAGE    66

..........................................................


THE WAUSAU WI CLIMATE NORMALS FOR TODAY
                         NORMAL    RECORD    YEAR
 MAXIMUM TEMPERATURE (F)   80       101      1934
 MINIMUM TEMPERATURE (F)   59        47      1904


SUNRISE AND SUNSET
JULY 23 2016..........SUNRISE   535 AM CDT   SUNSET   835 PM CDT
JULY 24 2016..........SUNRISE   536 AM CDT   SUNSET   834 PM CDT


-  INDICATES NEGATIVE NUMBERS.
R  INDICATES RECORD WAS SET OR TIED.
MM INDICATES DATA IS MISSING.
T  INDICATES TRACE AMOUNT.




$$
