000
CDUS43 KGRB 220646
CLIAUW


CLIMATE REPORT
NATIONAL WEATHER SERVICE GREEN BAY
145 AM CDT SUN OCT 22 2017


...................................

...THE WAUSAU WI CLIMATE SUMMARY FOR OCTOBER 21 2017...

CLIMATE NORMAL PERIOD 1981 TO 2010
CLIMATE RECORD PERIOD 1896 TO 2017


WEATHER ITEM   OBSERVED TIME   RECORD YEAR NORMAL DEPARTURE LAST
                VALUE   (LST)  VALUE       VALUE  FROM      YEAR
                                                  NORMAL
..................................................................
TEMPERATURE (F)
 YESTERDAY
  MAXIMUM         72    232 PM  80    1953  53     19       47
  MINIMUM         55    603 AM  18    1960  35     20       35
                                      1896
  AVERAGE         64                        44     20

PRECIPITATION (IN)
  YESTERDAY        0.04          1.71 1943   0.08  -0.04     0.00
  MONTH TO DATE    3.03                      2.16   0.87     1.64
  SINCE SEP 1      4.98                      6.06  -1.08     6.41
  SINCE JAN 1     34.30                     28.27   6.03    31.76

SNOWFALL (IN)
  YESTERDAY        0.0           7.8  2002   0.0    0.0      0.0
  MONTH TO DATE    0.0                       0.7   -0.7      0.0
  SINCE JUL 1      0.0                       0.7   -0.7      0.0
  SNOW DEPTH       0

DEGREE DAYS
 HEATING
  YESTERDAY        1                        21    -20       24
  MONTH TO DATE  201                       361   -160      248
  SINCE SEP 1    357                       588   -231      345
  SINCE JUL 1    415                       654   -239      367

 COOLING
  YESTERDAY        0                         0      0        0
  MONTH TO DATE    1                         0      1        1
  SINCE SEP 1     67                        30     37       25
  SINCE JAN 1    339                       405    -66      512
..................................................................


WIND (MPH)
  HIGHEST WIND SPEED    21   HIGHEST WIND DIRECTION     S (170)
  HIGHEST GUST SPEED    27   HIGHEST GUST DIRECTION     S (180)
  AVERAGE WIND SPEED    10.2


SKY COVER
  POSSIBLE SUNSHINE  MM
  AVERAGE SKY COVER 0.4


WEATHER CONDITIONS
 THE FOLLOWING WEATHER WAS RECORDED YESTERDAY.
  LIGHT RAIN


RELATIVE HUMIDITY (PERCENT)
 HIGHEST    73          1000 PM
 LOWEST     52           100 AM
 AVERAGE    63

..........................................................


THE WAUSAU WI CLIMATE NORMALS FOR TODAY
                         NORMAL    RECORD    YEAR
 MAXIMUM TEMPERATURE (F)   53        80      1947
 MINIMUM TEMPERATURE (F)   35        16      1913
                                             1896


SUNRISE AND SUNSET
OCTOBER 22 2017.......SUNRISE   724 AM CDT   SUNSET   602 PM CDT
OCTOBER 23 2017.......SUNRISE   725 AM CDT   SUNSET   600 PM CDT


-  INDICATES NEGATIVE NUMBERS.
R  INDICATES RECORD WAS SET OR TIED.
MM INDICATES DATA IS MISSING.
T  INDICATES TRACE AMOUNT.




$$
