000
CDUS41 KBGM 210642
CLIAVP


CLIMATE REPORT
NATIONAL WEATHER SERVICE BINGHAMTON NY
142 AM EST TUE NOV 21 2017


...................................

...THE AVOCA PA CLIMATE SUMMARY FOR NOVEMBER 20 2017...

CLIMATE NORMAL PERIOD 1981 TO 2010
CLIMATE RECORD PERIOD 1901 TO 2017


WEATHER ITEM   OBSERVED TIME   RECORD YEAR NORMAL DEPARTURE LAST
                VALUE   (LST)  VALUE       VALUE  FROM      YEAR
                                                  NORMAL
..................................................................
TEMPERATURE (F)
 YESTERDAY
  MAXIMUM         43    259 PM  75    1934  48     -5       35
  MINIMUM         32    739 AM  16    1986  32      0       32
  AVERAGE         38                        40     -2       34

PRECIPITATION (IN)
  YESTERDAY        0.01          1.42 1988   0.11  -0.10     0.20
  MONTH TO DATE    1.00                      2.08  -1.08     0.86
  SINCE SEP 1      5.64                      9.49  -3.85     6.46
  SINCE JAN 1     35.76                     34.52   1.24    28.02

SNOWFALL (IN)
  YESTERDAY        0.1           2.5  2016   0.1    0.0      2.5
  MONTH TO DATE    0.1                       1.7   -1.6      5.7
  SINCE SEP 1      0.1                       1.8   -1.7      5.7
  SINCE JUL 1      0.1                       1.8   -1.7      5.7

DEGREE DAYS
 HEATING
  YESTERDAY       27                        25      2       31
  MONTH TO DATE  456                       438     18      371
  SINCE SEP 1    777                      1015   -238      770
  SINCE JUL 1    794                      1041   -247      771

 COOLING
  YESTERDAY        0                         0      0        0
  MONTH TO DATE    0                         0      0        0
  SINCE SEP 1    165                        56    109      132
  SINCE JAN 1    804                       580    224      998
..................................................................


WIND (MPH)
  HIGHEST WIND SPEED    20   HIGHEST WIND DIRECTION    SW (240)
  HIGHEST GUST SPEED    27   HIGHEST GUST DIRECTION     W (250)
  AVERAGE WIND SPEED     9.7


SKY COVER
  AVERAGE SKY COVER 0.6



RELATIVE HUMIDITY (PERCENT)
 HIGHEST    75           500 AM
 LOWEST     49           400 PM
 AVERAGE    62

..........................................................


THE AVOCA PA CLIMATE NORMALS FOR TODAY
                         NORMAL    RECORD    YEAR
 MAXIMUM TEMPERATURE (F)   47        72      1931
 MINIMUM TEMPERATURE (F)   32        14      1987
                                             1905


SUNRISE AND SUNSET
NOVEMBER 21 2017......SUNRISE   659 AM EST   SUNSET   439 PM EST
NOVEMBER 22 2017......SUNRISE   700 AM EST   SUNSET   438 PM EST


-  INDICATES NEGATIVE NUMBERS.
R  INDICATES RECORD WAS SET OR TIED.
MM INDICATES DATA IS MISSING.
T  INDICATES TRACE AMOUNT.




$$
