000
CDUS41 KBGM 240229
CLIAVP


CLIMATE REPORT
NATIONAL WEATHER SERVICE BINGHAMTON NY
1028 PM EDT TUE SEP 23 2014


...................................

...THE AVOCA PA CLIMATE SUMMARY FOR SEPTEMBER 23 2014...
VALID AS OF 1000 PM LOCAL TIME.

CLIMATE NORMAL PERIOD 1981 TO 2010
CLIMATE RECORD PERIOD 1901 TO 2014


WEATHER ITEM   OBSERVED TIME   RECORD YEAR NORMAL DEPARTURE LAST
                VALUE   (LST)  VALUE       VALUE  FROM      YEAR
                                                  NORMAL
..................................................................
TEMPERATURE (F)
 TODAY
  MAXIMUM         70    444 PM  91    1914  70      0       59
                                      1908
  MINIMUM         41    423 AM  33    1904  49     -8       46
  AVERAGE         56                        59     -3       53

PRECIPITATION (IN)
  TODAY            0.00          2.10 1923   0.14  -0.14     0.00
  MONTH TO DATE    0.68                      3.09  -2.41     1.57
  SINCE SEP 1      0.68                      3.09  -2.41     1.57
  SINCE JAN 1     22.24                     28.12  -5.88    19.92

SNOWFALL (IN)
  TODAY            0.0           0.0    MM   0.0    0.0      0.0
  MONTH TO DATE    0.0                       0.0    0.0      0.0
  SINCE SEP 1      0.0                       0.0    0.0      0.0
  SINCE JUL 1      0.0                       0.0    0.0      0.0

DEGREE DAYS
 HEATING
  TODAY            9                         6      3       12
  MONTH TO DATE   89                        81      8      110
  SINCE SEP 1     89                        81      8      110
  SINCE JUL 1    100                       107     -7      119

 COOLING
  TODAY            0                         1     -1        0
  MONTH TO DATE   83                        47     36       69
  SINCE SEP 1     83                        47     36       69
  SINCE JAN 1    669                       571     98      771
..................................................................


WIND (MPH)
  HIGHEST WIND SPEED     9   HIGHEST WIND DIRECTION    NW (330)
  HIGHEST GUST SPEED    12   HIGHEST GUST DIRECTION    NW (320)
  AVERAGE WIND SPEED     2.9


SKY COVER
  AVERAGE SKY COVER 0.0


WEATHER CONDITIONS
 THE FOLLOWING WEATHER WAS RECORDED TODAY.
  NO SIGNIFICANT WEATHER WAS OBSERVED.


RELATIVE HUMIDITY (PERCENT)
 HIGHEST    89           300 AM
 LOWEST     40           400 PM
 AVERAGE    65

..........................................................


THE AVOCA PA CLIMATE NORMALS FOR TOMORROW
                         NORMAL    RECORD    YEAR
 MAXIMUM TEMPERATURE (F)   69        90      2010
 MINIMUM TEMPERATURE (F)   49        30      1974


SUNRISE AND SUNSET
SEPTEMBER 23 2014.....SUNRISE   651 AM EDT   SUNSET   658 PM EDT
SEPTEMBER 24 2014.....SUNRISE   652 AM EDT   SUNSET   657 PM EDT


-  INDICATES NEGATIVE NUMBERS.
R  INDICATES RECORD WAS SET OR TIED.
MM INDICATES DATA IS MISSING.
T  INDICATES TRACE AMOUNT.

$$
