000
CDUS41 KBGM 010754
CLIAVP


CLIMATE REPORT
NATIONAL WEATHER SERVICE BINGHAMTON NY
253 AM EST SUN FEB 1 2015


...................................

...THE AVOCA PA CLIMATE SUMMARY FOR JANUARY 31 2015...

CLIMATE NORMAL PERIOD 1981 TO 2010
CLIMATE RECORD PERIOD 1901 TO 2015


WEATHER ITEM   OBSERVED TIME   RECORD YEAR NORMAL DEPARTURE LAST
                VALUE   (LST)  VALUE       VALUE  FROM      YEAR
                                                  NORMAL
..................................................................
TEMPERATURE (F)
 YESTERDAY
  MAXIMUM         22    407 PM  63    1916  34    -12       32
  MINIMUM          7    745 AM  -7    1948  19    -12       20
  AVERAGE         15                        26    -11       26

PRECIPITATION (IN)
  YESTERDAY        T             0.46 1982   0.08  -0.08     0.00
  MONTH TO DATE    1.87                      2.37  -0.50     2.11
  SINCE DEC 1      4.65                      5.05  -0.40     5.45
  SINCE JAN 1      1.87                      2.37  -0.50     2.11

SNOWFALL (IN)
  YESTERDAY        T             1.8  1967   0.5   -0.5      0.0
  MONTH TO DATE   15.5                      14.2    1.3     13.0
  SINCE DEC 1     19.9                      21.6   -1.7     23.8
  SINCE JUL 1     28.8                      24.6    4.2     26.5

DEGREE DAYS
 HEATING
  YESTERDAY       50                        39     11       39
  MONTH TO DATE 1281                      1208     73     1357
  SINCE DEC 1   2183                      2278    -95     2395
  SINCE JUL 1   3373                      3591   -218     3671

 COOLING
  YESTERDAY        0                         0      0        0
  MONTH TO DATE    0                         0      0        0
  SINCE DEC 1      0                         0      0        0
  SINCE JAN 1      0                         0      0        0
..................................................................


WIND (MPH)
  HIGHEST WIND SPEED    24   HIGHEST WIND DIRECTION    NW (330)
  HIGHEST GUST SPEED    33   HIGHEST GUST DIRECTION    NW (320)
  AVERAGE WIND SPEED    10.0


SKY COVER
  AVERAGE SKY COVER 0.5



RELATIVE HUMIDITY (PERCENT)
 HIGHEST    73          1100 PM
 LOWEST     41           300 PM
 AVERAGE    57

..........................................................


THE AVOCA PA CLIMATE NORMALS FOR TODAY
                         NORMAL    RECORD    YEAR
 MAXIMUM TEMPERATURE (F)   34        63      1989
 MINIMUM TEMPERATURE (F)   19        -5      1961
                                             1948
                                             1920


SUNRISE AND SUNSET
FEBRUARY  1 2015......SUNRISE   714 AM EST   SUNSET   519 PM EST
FEBRUARY  2 2015......SUNRISE   713 AM EST   SUNSET   520 PM EST


-  INDICATES NEGATIVE NUMBERS.
R  INDICATES RECORD WAS SET OR TIED.
MM INDICATES DATA IS MISSING.
T  INDICATES TRACE AMOUNT.

$$
