000
CDUS41 KBGM 030551
CLIAVP


CLIMATE REPORT
NATIONAL WEATHER SERVICE BINGHAMTON NY
151 AM EDT THU SEP 3 2015


...................................

...THE AVOCA PA CLIMATE SUMMARY FOR SEPTEMBER 2 2015...

CLIMATE NORMAL PERIOD 1981 TO 2010
CLIMATE RECORD PERIOD 1901 TO 2015


WEATHER ITEM   OBSERVED TIME   RECORD YEAR NORMAL DEPARTURE LAST
                VALUE   (LST)  VALUE       VALUE  FROM      YEAR
                                                  NORMAL
..................................................................
TEMPERATURE (F)
 YESTERDAY
  MAXIMUM         88    343 PM  99    1953  77     11       89
  MINIMUM         63    604 AM  43    2001  57      6       69
                                      1970
                                      1949
  AVERAGE         76                        67      9       79

PRECIPITATION (IN)
  YESTERDAY        0.00          1.32 1990   0.12  -0.12     0.03
  MONTH TO DATE    0.00                      0.24  -0.24     0.03
  SINCE SEP 1      0.00                      0.24  -0.24     0.03
  SINCE JAN 1     21.15                     25.27  -4.12    21.59

SNOWFALL (IN)
  YESTERDAY        0.0           0.0    MM   0.0    0.0      0.0
  MONTH TO DATE    0.0                       0.0    0.0      0.0
  SINCE SEP 1      0.0                       0.0    0.0      0.0
  SINCE JUL 1      0.0                       0.0    0.0      0.0

DEGREE DAYS
 HEATING
  YESTERDAY        0                         2     -2        0
  MONTH TO DATE    0                         3     -3        0
  SINCE SEP 1      0                         3     -3        0
  SINCE JUL 1      0                        29    -29       11

 COOLING
  YESTERDAY       11                         3      8       14
  MONTH TO DATE   22                         7     15       27
  SINCE SEP 1     22                         7     15       27
  SINCE JAN 1    798                       531    267      613
..................................................................


WIND (MPH)
  HIGHEST WIND SPEED    13   HIGHEST WIND DIRECTION     W (290)
  HIGHEST GUST SPEED    17   HIGHEST GUST DIRECTION     W (290)
  AVERAGE WIND SPEED     4.8


SKY COVER
  AVERAGE SKY COVER 0.0



RELATIVE HUMIDITY (PERCENT)
 HIGHEST    87           300 AM
 LOWEST     43           200 PM
 AVERAGE    65

..........................................................


THE AVOCA PA CLIMATE NORMALS FOR TODAY
                         NORMAL    RECORD    YEAR
 MAXIMUM TEMPERATURE (F)   77       100      1953
 MINIMUM TEMPERATURE (F)   57        42      1967
                                             1916


SUNRISE AND SUNSET
SEPTEMBER  3 2015.....SUNRISE   631 AM EDT   SUNSET   733 PM EDT
SEPTEMBER  4 2015.....SUNRISE   632 AM EDT   SUNSET   731 PM EDT


-  INDICATES NEGATIVE NUMBERS.
R  INDICATES RECORD WAS SET OR TIED.
MM INDICATES DATA IS MISSING.
T  INDICATES TRACE AMOUNT.




$$
