000
CDUS41 KBGM 220529
CLIAVP


CLIMATE REPORT
NATIONAL WEATHER SERVICE BINGHAMTON NY
129 AM EDT FRI SEP 22 2017


...................................

...THE AVOCA PA CLIMATE SUMMARY FOR SEPTEMBER 21 2017...

CLIMATE NORMAL PERIOD 1981 TO 2010
CLIMATE RECORD PERIOD 1901 TO 2017


WEATHER ITEM   OBSERVED TIME   RECORD YEAR NORMAL DEPARTURE LAST
                VALUE   (LST)  VALUE       VALUE  FROM      YEAR
                                                  NORMAL
..................................................................
TEMPERATURE (F)
 YESTERDAY
  MAXIMUM         83    301 PM  92    1931  70     13       82
  MINIMUM         60    410 AM  32    1956  50     10       58
  AVERAGE         72                        60     12       70

PRECIPITATION (IN)
  YESTERDAY        0.00          3.10 1913   0.14  -0.14     0.00
  MONTH TO DATE    1.65                      2.81  -1.16     1.81
  SINCE SEP 1      1.65                      2.81  -1.16     1.81
  SINCE JAN 1     31.77                     27.84   3.93    23.37

SNOWFALL (IN)
  YESTERDAY        0.0           0.0    MM   0.0    0.0      0.0
  MONTH TO DATE    0.0                       0.0    0.0      0.0
  SINCE SEP 1      0.0                       0.0    0.0      0.0
  SINCE JUL 1      0.0                       0.0    0.0      0.0

DEGREE DAYS
 HEATING
  YESTERDAY        0                         6     -6        0
  MONTH TO DATE   64                        69     -5        8
  SINCE SEP 1     64                        69     -5        8
  SINCE JUL 1     81                        95    -14        9

 COOLING
  YESTERDAY        7                         1      6        5
  MONTH TO DATE   67                        45     22      117
  SINCE SEP 1     67                        45     22      117
  SINCE JAN 1    706                       569    137      983
..................................................................


WIND (MPH)
  HIGHEST WIND SPEED    13   HIGHEST WIND DIRECTION    NW (310)
  HIGHEST GUST SPEED    15   HIGHEST GUST DIRECTION    NW (300)
  AVERAGE WIND SPEED     3.5


SKY COVER
  AVERAGE SKY COVER 0.1



RELATIVE HUMIDITY (PERCENT)
 HIGHEST   100           200 AM
 LOWEST     51           100 PM
 AVERAGE    76

..........................................................


THE AVOCA PA CLIMATE NORMALS FOR TODAY
                         NORMAL    RECORD    YEAR
 MAXIMUM TEMPERATURE (F)   70        94      1931
 MINIMUM TEMPERATURE (F)   50        31      1904


SUNRISE AND SUNSET
SEPTEMBER 22 2017.....SUNRISE   651 AM EDT   SUNSET   700 PM EDT
SEPTEMBER 23 2017.....SUNRISE   652 AM EDT   SUNSET   658 PM EDT


-  INDICATES NEGATIVE NUMBERS.
R  INDICATES RECORD WAS SET OR TIED.
MM INDICATES DATA IS MISSING.
T  INDICATES TRACE AMOUNT.




$$
