000
CDUS41 KBGM 080540
CLIAVP


CLIMATE REPORT
NATIONAL WEATHER SERVICE BINGHAMTON NY
1239 AM EST THU DEC 8 2016


...................................

...THE AVOCA PA CLIMATE SUMMARY FOR DECEMBER 7 2016...

CLIMATE NORMAL PERIOD 1981 TO 2010
CLIMATE RECORD PERIOD 1901 TO 2016


WEATHER ITEM   OBSERVED TIME   RECORD YEAR NORMAL DEPARTURE LAST
                VALUE   (LST)  VALUE       VALUE  FROM      YEAR
                                                  NORMAL
..................................................................
TEMPERATURE (F)
 YESTERDAY
  MAXIMUM         42    425 PM  69    1998  40      2       43
  MINIMUM         34    524 AM  -1    1901  27      7       27
  AVERAGE         38                        33      5       35

PRECIPITATION (IN)
  YESTERDAY        0.04          1.72 1914   0.10  -0.06      T
  MONTH TO DATE    0.69                      0.70  -0.01     0.57
  SINCE DEC 1      0.69                      0.70  -0.01     0.57
  SINCE JAN 1     29.93                     36.28  -6.35    29.20

SNOWFALL (IN)
  YESTERDAY        0.0           2.4  1959   0.2   -0.2      0.0
  MONTH TO DATE    0.0                       1.1   -1.1       T
  SINCE DEC 1      0.0                       1.1   -1.1       T
  SINCE JUL 1      5.7                       4.1    1.6       T

DEGREE DAYS
 HEATING
  YESTERDAY       27                        32     -5       30
  MONTH TO DATE  178                       213    -35      170
  SINCE DEC 1    178                       213    -35      170
  SINCE JUL 1   1196                      1526   -330     1078

 COOLING
  YESTERDAY        0                         0      0        0
  MONTH TO DATE    0                         0      0        0
  SINCE DEC 1      0                         0      0        0
  SINCE JAN 1    998                       580    418      929
..................................................................


WIND (MPH)
  HIGHEST WIND SPEED    13   HIGHEST WIND DIRECTION    SW (230)
  HIGHEST GUST SPEED    16   HIGHEST GUST DIRECTION    SW (230)
  AVERAGE WIND SPEED     3.5


SKY COVER
  AVERAGE SKY COVER 0.6



RELATIVE HUMIDITY (PERCENT)
 HIGHEST   100           500 AM
 LOWEST     64          1000 PM
 AVERAGE    82

..........................................................


THE AVOCA PA CLIMATE NORMALS FOR TODAY
                         NORMAL    RECORD    YEAR
 MAXIMUM TEMPERATURE (F)   40        61      1980
 MINIMUM TEMPERATURE (F)   26         6      1906


SUNRISE AND SUNSET
DECEMBER  8 2016......SUNRISE   717 AM EST   SUNSET   433 PM EST
DECEMBER  9 2016......SUNRISE   717 AM EST   SUNSET   434 PM EST


-  INDICATES NEGATIVE NUMBERS.
R  INDICATES RECORD WAS SET OR TIED.
MM INDICATES DATA IS MISSING.
T  INDICATES TRACE AMOUNT.




$$
