000
CDUS43 KGRR 271355
CLIAZO


CLIMATE REPORT
NATIONAL WEATHER SERVICE GRAND RAPIDS, MI
955 AM EDT THU APR 27 2017


...................................

...THE KALAMAZOO MI CLIMATE SUMMARY FOR APRIL 27 2017...
VALID AS OF 0900 AM LOCAL TIME.

CLIMATE NORMAL PERIOD 1981 TO 2010
CLIMATE RECORD PERIOD 1998 TO 2017


WEATHER ITEM   OBSERVED TIME   NORMAL DEPARTURE LAST
                VALUE   (LST)  VALUE  FROM      YEAR
                                      NORMAL
......................................................
TEMPERATURE (F)
 TODAY
  MAXIMUM         67   1206 AM  64      3       62
  MINIMUM         61    316 AM  42     19       41
  AVERAGE         64            53     11       52

PRECIPITATION (IN)
  TODAY            T             0.13  -0.13     0.00
  MONTH TO DATE    1.74          2.66  -0.92     2.65
  SINCE MAR 1      5.91          4.91   1.00     5.61
  SINCE JAN 1     10.63          8.15   2.48     7.17

DEGREE DAYS
 HEATING
  TODAY            1            12    -11       13
  MONTH TO DATE  307           451   -144      459
  SINCE MAR 1   1191          1335   -144     1161
  SINCE JUL 1   5087          6108  -1021     5209

 COOLING
  TODAY            0             0      0        0
  MONTH TO DATE   11             0     11        2
  SINCE MAR 1     11             0     11        2
  SINCE JAN 1     11             0     11        2
......................................................


WIND (MPH)
  RESULTANT WIND SPEED   9   RESULTANT WIND DIRECTION   S (190)
  HIGHEST WIND SPEED    30   HIGHEST WIND DIRECTION     S (190)
  HIGHEST GUST SPEED    40   HIGHEST GUST DIRECTION     S (200)
  AVERAGE WIND SPEED    10.0


SKY COVER
  AVERAGE SKY COVER 0.4


WEATHER CONDITIONS
 THE FOLLOWING WEATHER WAS RECORDED TODAY.
  NO SIGNIFICANT WEATHER WAS OBSERVED.


RELATIVE HUMIDITY (PERCENT)
 HIGHEST    84           200 AM
 LOWEST     63          1200 AM
 AVERAGE    74

..........................................................


THE KALAMAZOO MI CLIMATE NORMALS FOR TOMORROW
                         NORMAL
 MAXIMUM TEMPERATURE (F)   65
 MINIMUM TEMPERATURE (F)   42


SUNRISE AND SUNSET
APRIL 27 2017.........SUNRISE   643 AM EDT   SUNSET   837 PM EDT
APRIL 28 2017.........SUNRISE   641 AM EDT   SUNSET   838 PM EDT


-  INDICATES NEGATIVE NUMBERS.
R  INDICATES RECORD WAS SET OR TIED.
MM INDICATES DATA IS MISSING.
T  INDICATES TRACE AMOUNT.




$$
