000
CDUS43 KGRR 272227
CLIAZO


CLIMATE REPORT
NATIONAL WEATHER SERVICE GRAND RAPIDS, MI
525 PM EST FRI FEB 27 2015


...................................

...THE KALAMAZOO MI CLIMATE SUMMARY FOR FEBRUARY 27 2015...
VALID TODAY AS OF 0500 PM LOCAL TIME.

CLIMATE NORMAL PERIOD 1981 TO 2010
CLIMATE RECORD PERIOD 1998 TO 2015


WEATHER ITEM   OBSERVED TIME   RECORD YEAR NORMAL DEPARTURE LAST
                VALUE   (LST)  VALUE       VALUE  FROM      YEAR
                                                  NORMAL
..................................................................
TEMPERATURE (F)
 TODAY
  MAXIMUM         18    436 PM  MM      MM  38    -20       17
  MINIMUM        -11    703 AM  MM      MM  22    -33       -7
  AVERAGE          4                        30    -26        5

PRECIPITATION (IN)
  TODAY            0.00         MM      MM   0.06  -0.06     0.02
  MONTH TO DATE    0.57                      1.39  -0.82     1.41
  SINCE DEC 1      2.59                      5.16  -2.57     3.99
  SINCE JAN 1      1.53                      3.18  -1.65     2.53

DEGREE DAYS
 HEATING
  TODAY           61                        35     26       60
  MONTH TO DATE 1377                      1031    346     1277
  SINCE DEC 1   3697                      3412    285     3750
  SINCE JUL 1   5227                      4739    488     5107

 COOLING
  TODAY            0                         0      0        0
  MONTH TO DATE    0                         0      0        0
  SINCE DEC 1      0                         0      0        0
  SINCE JAN 1      0                         0      0        0
..................................................................


WIND (MPH)
  RESULTANT WIND SPEED   4   RESULTANT WIND DIRECTION   W (250)
  HIGHEST WIND SPEED    15   HIGHEST WIND DIRECTION     W (260)
  HIGHEST GUST SPEED    19   HIGHEST GUST DIRECTION     W (260)
  AVERAGE WIND SPEED     5.4



WEATHER CONDITIONS
 THE FOLLOWING WEATHER WAS RECORDED TODAY.
  FOG


RELATIVE HUMIDITY (PERCENT)
 HIGHEST    83           800 AM
 LOWEST     48          1200 PM
 AVERAGE    66

..........................................................




SUNRISE AND SUNSET
FEBRUARY 27 2015......SUNRISE   721 AM EST   SUNSET   629 PM EST
FEBRUARY 28 2015......SUNRISE   719 AM EST   SUNSET   631 PM EST


-  INDICATES NEGATIVE NUMBERS.
R  INDICATES RECORD WAS SET OR TIED.
MM INDICATES DATA IS MISSING.
T  INDICATES TRACE AMOUNT.




$$

63
