000
CDUS43 KGRR 290518
CLIAZO


CLIMATE REPORT
NATIONAL WEATHER SERVICE GRAND RAPIDS, MI
117 AM EDT SUN MAY 29 2016


...................................

...THE KALAMAZOO MI CLIMATE SUMMARY FOR MAY 28 2016...

CLIMATE NORMAL PERIOD 1981 TO 2010
CLIMATE RECORD PERIOD 1998 TO 2016


WEATHER ITEM   OBSERVED TIME   NORMAL DEPARTURE LAST
                VALUE   (LST)  VALUE  FROM      YEAR
                                      NORMAL
......................................................
TEMPERATURE (F)
 YESTERDAY
  MAXIMUM         85    444 PM  74     11       81
  MINIMUM         70   1156 PM  52     18       50
  AVERAGE         78            63     15       66

PRECIPITATION (IN)
  YESTERDAY        0.05          0.11  -0.06     0.00
  MONTH TO DATE    3.33          3.50  -0.17     3.67
  SINCE MAR 1      9.42          8.83   0.59     6.03
  SINCE JAN 1     10.98         12.07  -1.09     7.56

DEGREE DAYS
 HEATING
  YESTERDAY        0             5     -5        0
  MONTH TO DATE  229           213     16      131
  SINCE MAR 1   1439          1583   -144     1546
  SINCE JUL 1   5487          6356   -869     6832

 COOLING
  YESTERDAY       13             2     11        1
  MONTH TO DATE   43            30     13       58
  SINCE MAR 1     45            34     11       58
  SINCE JAN 1     45            34     11       58
......................................................


WIND (MPH)
  RESULTANT WIND SPEED   9   RESULTANT WIND DIRECTION   S (190)
  HIGHEST WIND SPEED    22   HIGHEST WIND DIRECTION     S (180)
  HIGHEST GUST SPEED    29   HIGHEST GUST DIRECTION     S (180)
  AVERAGE WIND SPEED     9.7


SKY COVER
  AVERAGE SKY COVER 0.3


WEATHER CONDITIONS
 THE FOLLOWING WEATHER WAS RECORDED YESTERDAY.
  NO SIGNIFICANT WEATHER WAS OBSERVED.


RELATIVE HUMIDITY (PERCENT)
 HIGHEST    73           500 AM
 LOWEST     47           200 PM
 AVERAGE    60

..........................................................


THE KALAMAZOO MI CLIMATE NORMALS FOR TODAY
                         NORMAL
 MAXIMUM TEMPERATURE (F)   74
 MINIMUM TEMPERATURE (F)   52


SUNRISE AND SUNSET
MAY 29 2016...........SUNRISE   610 AM EDT   SUNSET   910 PM EDT
MAY 30 2016...........SUNRISE   609 AM EDT   SUNSET   911 PM EDT


-  INDICATES NEGATIVE NUMBERS.
R  INDICATES RECORD WAS SET OR TIED.
MM INDICATES DATA IS MISSING.
T  INDICATES TRACE AMOUNT.




$$
