000
CDUS43 KGRR 250515
CLIAZO


CLIMATE REPORT
NATIONAL WEATHER SERVICE GRAND RAPIDS, MI
113 AM EDT FRI JUL 25 2014


...................................

...THE KALAMAZOO MI CLIMATE SUMMARY FOR JULY 24 2014...

CLIMATE NORMAL PERIOD 1981 TO 2010
CLIMATE RECORD PERIOD 9999 TO 9999


WEATHER ITEM   OBSERVED TIME   NORMAL DEPARTURE LAST
                VALUE   (LST)  VALUE  FROM      YEAR
                                      NORMAL
......................................................
TEMPERATURE (F)
 YESTERDAY
  MAXIMUM         76    530 PM  83     -7       74
  MINIMUM         56   1136 PM  62     -6       50
  AVERAGE         66            73     -7       62

PRECIPITATION (IN)
  YESTERDAY        0.00          0.12  -0.12     0.00
  MONTH TO DATE    2.83          2.85  -0.02     3.08
  SINCE JUN 1      6.70          6.43   0.27     9.37
  SINCE JAN 1     15.12         18.87  -3.75    24.43

DEGREE DAYS
 HEATING
  YESTERDAY        0             0      0        3
  MONTH TO DATE   14             0     14        5
  SINCE JUN 1     33            48    -15       44
  SINCE JUL 1     14             0     14        5

 COOLING
  YESTERDAY        1             8     -7        0
  MONTH TO DATE   94           189    -95      227
  SINCE JUN 1    274           334    -60      373
  SINCE JAN 1    328           375    -47      453
......................................................


WIND (MPH)
  RESULTANT WIND SPEED   4   RESULTANT WIND DIRECTION   N (10)
  HIGHEST WIND SPEED    13   HIGHEST WIND DIRECTION    NW (320)
  HIGHEST GUST SPEED    17   HIGHEST GUST DIRECTION     N (10)
  AVERAGE WIND SPEED     4.9


SKY COVER
  AVERAGE SKY COVER 0.5


WEATHER CONDITIONS
 THE FOLLOWING WEATHER WAS RECORDED YESTERDAY.
  NO SIGNIFICANT WEATHER WAS OBSERVED.


RELATIVE HUMIDITY (PERCENT)
 HIGHEST    86          1200 AM
 LOWEST     41           200 PM
 AVERAGE    64

..........................................................


THE KALAMAZOO MI CLIMATE NORMALS FOR TODAY
                         NORMAL
 MAXIMUM TEMPERATURE (F)   83
 MINIMUM TEMPERATURE (F)   62


SUNRISE AND SUNSET
JULY 25 2014..........SUNRISE   628 AM EDT   SUNSET   909 PM EDT
JULY 26 2014..........SUNRISE   629 AM EDT   SUNSET   908 PM EDT


-  INDICATES NEGATIVE NUMBERS.
R  INDICATES RECORD WAS SET OR TIED.
MM INDICATES DATA IS MISSING.
T  INDICATES TRACE AMOUNT.




$$
