000
CDUS43 KGRR 241336
CLIAZO


CLIMATE REPORT
NATIONAL WEATHER SERVICE GRAND RAPIDS, MI
936 AM EDT SUN MAY 24 2015


...................................

...THE KALAMAZOO MI CLIMATE SUMMARY FOR MAY 24 2015...
VALID AS OF 0900 AM LOCAL TIME.

CLIMATE NORMAL PERIOD 1981 TO 2010
CLIMATE RECORD PERIOD 1998 TO 2015


WEATHER ITEM   OBSERVED TIME   NORMAL DEPARTURE LAST
                VALUE   (LST)  VALUE  FROM      YEAR
                                      NORMAL
......................................................
TEMPERATURE (F)
 TODAY
  MAXIMUM         67    759 AM  72     -5       77
  MINIMUM         52    601 AM  50      2       44
  AVERAGE         60            61     -1       61

PRECIPITATION (IN)
  TODAY            0.00          0.11  -0.11     0.00
  MONTH TO DATE    2.62          3.04  -0.42     1.94
  SINCE MAR 1      4.98          8.37  -3.39     5.21
  SINCE JAN 1      6.51         11.61  -5.10     7.74

DEGREE DAYS
 HEATING
  TODAY            5             5      0        4
  MONTH TO DATE  136           193    -57      220
  SINCE MAR 1   1551          1563    -12     1880
  SINCE JUL 1   6837          6336    501     7048

 COOLING
  TODAY            0             2     -2        0
  MONTH TO DATE   37            22     15       23
  SINCE MAR 1     37            26     11       23
  SINCE JAN 1     37            26     11       23
......................................................


WIND (MPH)
  RESULTANT WIND SPEED   3   RESULTANT WIND DIRECTION   S (170)
  HIGHEST WIND SPEED     6   HIGHEST WIND DIRECTION     S (180)
  HIGHEST GUST SPEED     8   HIGHEST GUST DIRECTION     S (180)
  AVERAGE WIND SPEED     2.7


SKY COVER
  AVERAGE SKY COVER 0.0


WEATHER CONDITIONS
 THE FOLLOWING WEATHER WAS RECORDED TODAY.
  NO SIGNIFICANT WEATHER WAS OBSERVED.


RELATIVE HUMIDITY (PERCENT)
 HIGHEST    83           500 AM
 LOWEST     58           800 AM
 AVERAGE    71

..........................................................


THE KALAMAZOO MI CLIMATE NORMALS FOR TOMORROW
                         NORMAL
 MAXIMUM TEMPERATURE (F)   73
 MINIMUM TEMPERATURE (F)   51


SUNRISE AND SUNSET
MAY 24 2015...........SUNRISE   613 AM EDT   SUNSET   905 PM EDT
MAY 25 2015...........SUNRISE   613 AM EDT   SUNSET   906 PM EDT


-  INDICATES NEGATIVE NUMBERS.
R  INDICATES RECORD WAS SET OR TIED.
MM INDICATES DATA IS MISSING.
T  INDICATES TRACE AMOUNT.




$$
