000
CDUS43 KGRR 300516
CLIAZO


CLIMATE REPORT
NATIONAL WEATHER SERVICE GRAND RAPIDS, MI
115 AM EDT THU JUL 30 2015


...................................

...THE KALAMAZOO MI CLIMATE SUMMARY FOR JULY 29 2015...

CLIMATE NORMAL PERIOD 1981 TO 2010
CLIMATE RECORD PERIOD 1998 TO 2015


WEATHER ITEM   OBSERVED TIME   NORMAL DEPARTURE LAST
                VALUE   (LST)  VALUE  FROM      YEAR
                                      NORMAL
......................................................
TEMPERATURE (F)
 YESTERDAY
  MAXIMUM         86    327 PM  83      3       75
  MINIMUM         69   1159 PM  62      7       47
  AVERAGE         78            72      6       61

PRECIPITATION (IN)
  YESTERDAY        0.00          0.12  -0.12      T
  MONTH TO DATE    4.11          3.46   0.65     2.95
  SINCE JUN 1      7.86          7.04   0.82     6.82
  SINCE JAN 1     17.57         19.48  -1.91    15.24

DEGREE DAYS
 HEATING
  YESTERDAY        0             0      0        4
  MONTH TO DATE    9             0      9       23
  SINCE JUN 1     30            48    -18       42
  SINCE JUL 1      9             0      9       23

 COOLING
  YESTERDAY       13             7      6        0
  MONTH TO DATE  172           227    -55      109
  SINCE JUN 1    252           372   -120      289
  SINCE JAN 1    319           413    -94      343
......................................................


WIND (MPH)
  RESULTANT WIND SPEED   5   RESULTANT WIND DIRECTION   W (270)
  HIGHEST WIND SPEED    22   HIGHEST WIND DIRECTION    NW (320)
  HIGHEST GUST SPEED    27   HIGHEST GUST DIRECTION     W (290)
  AVERAGE WIND SPEED     7.9


SKY COVER
  AVERAGE SKY COVER 0.2


WEATHER CONDITIONS
 THE FOLLOWING WEATHER WAS RECORDED YESTERDAY.
  NO SIGNIFICANT WEATHER WAS OBSERVED.


RELATIVE HUMIDITY (PERCENT)
 HIGHEST    74           700 AM
 LOWEST     42           600 PM
 AVERAGE    58

..........................................................


THE KALAMAZOO MI CLIMATE NORMALS FOR TODAY
                         NORMAL
 MAXIMUM TEMPERATURE (F)   83
 MINIMUM TEMPERATURE (F)   62


SUNRISE AND SUNSET
JULY 30 2015..........SUNRISE   633 AM EDT   SUNSET   904 PM EDT
JULY 31 2015..........SUNRISE   634 AM EDT   SUNSET   903 PM EDT


-  INDICATES NEGATIVE NUMBERS.
R  INDICATES RECORD WAS SET OR TIED.
MM INDICATES DATA IS MISSING.
T  INDICATES TRACE AMOUNT.




$$
