000
CDUS43 KGRR 012128
CLIAZO


CLIMATE REPORT
NATIONAL WEATHER SERVICE GRAND RAPIDS, MI
528 PM EDT SAT OCT 1 2016


...................................

...THE KALAMAZOO MI CLIMATE SUMMARY FOR OCTOBER 1 2016...
VALID TODAY AS OF 0500 PM LOCAL TIME.

CLIMATE NORMAL PERIOD 1981 TO 2010
CLIMATE RECORD PERIOD 1998 TO 2016


WEATHER ITEM   OBSERVED TIME   NORMAL DEPARTURE LAST
                VALUE   (LST)  VALUE  FROM      YEAR
                                      NORMAL
......................................................
TEMPERATURE (F)
 TODAY
  MAXIMUM         69    138 PM  66      3       62
  MINIMUM         58    742 AM  46     12       45
  AVERAGE         64            56      8       54

PRECIPITATION (IN)
  TODAY            0.10          0.11  -0.01     0.00
  MONTH TO DATE    0.10          0.11  -0.01     0.00
  SINCE SEP 1      3.43          3.93  -0.50     4.45
  SINCE JAN 1     31.14         27.52   3.62    24.96

DEGREE DAYS
 HEATING
  TODAY            1            10     -9       11
  MONTH TO DATE    1            10     -9       11
  SINCE SEP 1     28           143   -115       71
  SINCE JUL 1     29           159   -130       99

 COOLING
  TODAY            0             1     -1        0
  MONTH TO DATE    0             1     -1        0
  SINCE SEP 1    101            57     44      141
  SINCE JAN 1    895           668    227      656
......................................................


WIND (MPH)
  RESULTANT WIND SPEED   3   RESULTANT WIND DIRECTION  SE (120)
  HIGHEST WIND SPEED    13   HIGHEST WIND DIRECTION     S (180)
  HIGHEST GUST SPEED    18   HIGHEST GUST DIRECTION    NE (50)
  AVERAGE WIND SPEED     4.3


SKY COVER
  AVERAGE SKY COVER 1.0


WEATHER CONDITIONS
 THE FOLLOWING WEATHER WAS RECORDED TODAY.
  RAIN
  LIGHT RAIN
  FOG


RELATIVE HUMIDITY (PERCENT)
 HIGHEST    93           600 AM
 LOWEST     58           200 PM
 AVERAGE    76

..........................................................


THE KALAMAZOO MI CLIMATE NORMALS FOR TOMORROW
                         NORMAL
 MAXIMUM TEMPERATURE (F)   66
 MINIMUM TEMPERATURE (F)   45


SUNRISE AND SUNSET
OCTOBER  1 2016.......SUNRISE   740 AM EDT   SUNSET   723 PM EDT
OCTOBER  2 2016.......SUNRISE   741 AM EDT   SUNSET   721 PM EDT


-  INDICATES NEGATIVE NUMBERS.
R  INDICATES RECORD WAS SET OR TIED.
MM INDICATES DATA IS MISSING.
T  INDICATES TRACE AMOUNT.




$$
