000
CDUS43 KGRR 200519
CLIAZO


CLIMATE REPORT
NATIONAL WEATHER SERVICE GRAND RAPIDS, MI
118 AM EDT SAT SEP 20 2014


...................................

...THE KALAMAZOO MI CLIMATE SUMMARY FOR SEPTEMBER 19 2014...

CLIMATE NORMAL PERIOD 1981 TO 2010
CLIMATE RECORD PERIOD 1998 TO 2014


WEATHER ITEM   OBSERVED TIME   NORMAL DEPARTURE LAST
                VALUE   (LST)  VALUE  FROM      YEAR
                                      NORMAL
......................................................
TEMPERATURE (F)
 YESTERDAY
  MAXIMUM         71    346 PM  72     -1       72
  MINIMUM         44    659 AM  51     -7       62
  AVERAGE         58            61     -3       67

PRECIPITATION (IN)
  YESTERDAY        0.00          0.12  -0.12     0.09
  MONTH TO DATE    2.17          2.51  -0.34     1.42
  SINCE SEP 1      2.17          2.51  -0.34     1.42
  SINCE JAN 1     18.96         26.10  -7.14    30.51

DEGREE DAYS
 HEATING
  YESTERDAY        7             5      2        0
  MONTH TO DATE   96            50     46       54
  SINCE SEP 1     96            50     46       54
  SINCE JUL 1    128            66     62       91

 COOLING
  YESTERDAY        0             1     -1        2
  MONTH TO DATE   55            47      8       78
  SINCE SEP 1     55            47      8       78
  SINCE JAN 1    606           658    -52      706
......................................................


WIND (MPH)
  RESULTANT WIND SPEED   5   RESULTANT WIND DIRECTION   S (170)
  HIGHEST WIND SPEED    15   HIGHEST WIND DIRECTION     S (190)
  HIGHEST GUST SPEED    22   HIGHEST GUST DIRECTION    SW (220)
  AVERAGE WIND SPEED     5.7


SKY COVER
  AVERAGE SKY COVER 0.0


WEATHER CONDITIONS
 THE FOLLOWING WEATHER WAS RECORDED YESTERDAY.
  FOG
  FOG W/VISIBILITY <= 1/4 MILE
  HAZE


RELATIVE HUMIDITY (PERCENT)
 HIGHEST    93          1200 AM
 LOWEST     47           100 PM
 AVERAGE    70

..........................................................


THE KALAMAZOO MI CLIMATE NORMALS FOR TODAY
                         NORMAL
 MAXIMUM TEMPERATURE (F)   71
 MINIMUM TEMPERATURE (F)   50


SUNRISE AND SUNSET
SEPTEMBER 20 2014.....SUNRISE   727 AM EDT   SUNSET   743 PM EDT
SEPTEMBER 21 2014.....SUNRISE   728 AM EDT   SUNSET   741 PM EDT


-  INDICATES NEGATIVE NUMBERS.
R  INDICATES RECORD WAS SET OR TIED.
MM INDICATES DATA IS MISSING.
T  INDICATES TRACE AMOUNT.




$$
