000
CDUS41 KBOX 200539
CLIBDL


CLIMATE REPORT
NATIONAL WEATHER SERVICE TAUNTON MA
135 AM EDT SAT SEP 20 2014


...................................

...THE HARTFORD CT CLIMATE SUMMARY FOR SEPTEMBER 19 2014...

CLIMATE NORMAL PERIOD 1981 TO 2010
CLIMATE RECORD PERIOD 1904 TO 2014


WEATHER ITEM   OBSERVED TIME   RECORD YEAR NORMAL DEPARTURE LAST
                VALUE   (LST)  VALUE       VALUE  FROM      YEAR
                                                  NORMAL
..................................................................
TEMPERATURE (F)
 YESTERDAY
  MAXIMUM         64    405 PM  93    1983  74    -10       78
  MINIMUM         43   1157 PM  33    1956  51     -8       43
  AVERAGE         54                        63     -9       61

PRECIPITATION (IN)
  YESTERDAY        0.00          1.80 1938   0.14  -0.14     0.00
  MONTH TO DATE    0.46                      2.27  -1.81     2.26
  SINCE SEP 1      0.46                      2.27  -1.81     2.26
  SINCE JAN 1     32.43                     32.54  -0.11    40.26

SNOWFALL (IN)
  YESTERDAY        0.0           0.0  2002   0.0    0.0      0.0
                                      2001
                                      2000
  MONTH TO DATE    0.0                       0.0    0.0      0.0
  SINCE SEP 1      0.0                       0.0    0.0      0.0
  SINCE JUL 1      0.0                       0.0    0.0      0.0
  SNOW DEPTH       0

DEGREE DAYS
 HEATING
  YESTERDAY       11                         4      7        4
  MONTH TO DATE   53                        43     10       65
  SINCE SEP 1     53                        43     10       65
  SINCE JUL 1     55                        55      0       67

 COOLING
  YESTERDAY        0                         2     -2        0
  MONTH TO DATE   80                        63     17       65
  SINCE SEP 1     80                        63     17       65
  SINCE JAN 1    739                       738      1      889
..................................................................


WIND (MPH)
  RESULTANT WIND SPEED   4   RESULTANT WIND DIRECTION   N (20)
  HIGHEST WIND SPEED    15   HIGHEST WIND DIRECTION    NE (50)
  HIGHEST GUST SPEED    18   HIGHEST GUST DIRECTION    NE (60)
  AVERAGE WIND SPEED     5.8


SKY COVER
  POSSIBLE SUNSHINE  MM
  AVERAGE SKY COVER 0.2


WEATHER CONDITIONS
 THE FOLLOWING WEATHER WAS RECORDED YESTERDAY.
  NO SIGNIFICANT WEATHER WAS OBSERVED.


RELATIVE HUMIDITY (PERCENT)
 HIGHEST    82          1100 PM
 LOWEST     31           300 PM
 AVERAGE    57

..........................................................


THE HARTFORD CT CLIMATE NORMALS FOR TODAY
                         NORMAL    RECORD    YEAR
 MAXIMUM TEMPERATURE (F)   73        95      1983
 MINIMUM TEMPERATURE (F)   51        30      1979


SUNRISE AND SUNSET
SEPTEMBER 20 2014.....SUNRISE   636 AM EDT   SUNSET   652 PM EDT
SEPTEMBER 21 2014.....SUNRISE   637 AM EDT   SUNSET   650 PM EDT


-  INDICATES NEGATIVE NUMBERS.
R  INDICATES RECORD WAS SET OR TIED.
MM INDICATES DATA IS MISSING.
T  INDICATES TRACE AMOUNT.




$$
