000
CDUS41 KBOX 012132
CLIBDL


CLIMATE REPORT
NATIONAL WEATHER SERVICE TAUNTON MA
428 PM EST SUN FEB 1 2015


...................................

...THE HARTFORD CT CLIMATE SUMMARY FOR FEBRUARY 1 2015...
VALID AS OF 0400 PM LOCAL TIME.

CLIMATE NORMAL PERIOD 1981 TO 2010
CLIMATE RECORD PERIOD 1904 TO 2015


WEATHER ITEM   OBSERVED TIME   RECORD YEAR NORMAL DEPARTURE LAST
                VALUE   (LST)  VALUE       VALUE  FROM      YEAR
                                                  NORMAL
..................................................................
TEMPERATURE (F)
 TODAY
  MAXIMUM         33    318 PM  67    1989  36     -3       47
  MINIMUM         14    235 AM -14    1920  19     -5       26
  AVERAGE         24                        27     -3       37

PRECIPITATION (IN)
  TODAY            T             1.76 2008   0.10  -0.10     0.00
  MONTH TO DATE    T                         0.10  -0.10     0.00
  SINCE DEC 1      7.78                      6.77   1.01     7.33
  SINCE JAN 1      3.23                      3.33  -0.10     3.41

SNOWFALL (IN)
  TODAY            T             5.9  2011   0.4   -0.4      0.0
  MONTH TO DATE    T                         0.4   -0.4      0.0
  SINCE DEC 1     17.8                      20.1   -2.3     23.0
  SINCE JUL 1     22.9                      22.1    0.8     23.0
  SNOW DEPTH       9

DEGREE DAYS
 HEATING
  TODAY           41                        38      3       28
  MONTH TO DATE   41                        38      3       28
  SINCE DEC 1   2228                      2281    -53     2342
  SINCE JUL 1   3325                      3488   -163     3574

 COOLING
  TODAY            0                         0      0        0
  MONTH TO DATE    0                         0      0        0
  SINCE DEC 1      0                         0      0        0
  SINCE JAN 1      0                         0      0        0
..................................................................


WIND (MPH)
  HIGHEST WIND SPEED    17   HIGHEST WIND DIRECTION    NW (330)
  HIGHEST GUST SPEED    31   HIGHEST GUST DIRECTION    NW (320)
  AVERAGE WIND SPEED     9.6


SKY COVER
  POSSIBLE SUNSHINE  MM
  AVERAGE SKY COVER 0.6


WEATHER CONDITIONS
 THE FOLLOWING WEATHER WAS RECORDED TODAY.
  LIGHT SNOW


RELATIVE HUMIDITY (PERCENT)
 HIGHEST    67           400 AM
 LOWEST     38           200 PM
 AVERAGE    53

..........................................................


THE HARTFORD CT CLIMATE NORMALS FOR TOMORROW
                         NORMAL    RECORD    YEAR
 MAXIMUM TEMPERATURE (F)   36        54      1981
 MINIMUM TEMPERATURE (F)   19       -21      1961


SUNRISE AND SUNSET
FEBRUARY  1 2015......SUNRISE   704 AM EST   SUNSET   505 PM EST
FEBRUARY  2 2015......SUNRISE   703 AM EST   SUNSET   507 PM EST


-  INDICATES NEGATIVE NUMBERS.
R  INDICATES RECORD WAS SET OR TIED.
MM INDICATES DATA IS MISSING.
T  INDICATES TRACE AMOUNT.




$$
