000
CDUS41 KOKX 230621
CLIBDR


CLIMATE REPORT
NATIONAL WEATHER SERVICE NEW YORK NY
221 AM EDT SAT MAY 23 2015


...................................

...THE BRIDGEPORT CT CLIMATE SUMMARY FOR MAY 22 2015...

CLIMATE NORMAL PERIOD 1981 TO 2010
CLIMATE RECORD PERIOD 1948 TO 2015


WEATHER ITEM   OBSERVED TIME   RECORD YEAR NORMAL DEPARTURE LAST
                VALUE   (LST)  VALUE       VALUE  FROM      YEAR
                                                  NORMAL
..................................................................
TEMPERATURE (F)
 YESTERDAY
  MAXIMUM         76    221 PM  85    1992  69      7       59
                                      1991
  MINIMUM         53    331 AM  39    1990  53      0       56
  AVERAGE         65                        61      4       58

PRECIPITATION (IN)
  YESTERDAY        T             2.06 1949   0.13  -0.13     0.73
  MONTH TO DATE    0.50                      2.57  -2.07     3.92
  SINCE MAR 1      7.31                     10.75  -3.44    14.60
  SINCE JAN 1     13.65                     16.64  -2.99    21.58

SNOWFALL (IN)
  YESTERDAY        0.0           0.0  2002   0.0    0.0      0.0
                                      2001
  MONTH TO DATE    0.0                       0.0    0.0      0.0
  SINCE OCT 1     59.7                      27.6   32.1     57.4
  SINCE JUL 1     59.7                      27.6   32.1     57.4
  SNOW DEPTH       0

DEGREE DAYS
 HEATING
  YESTERDAY        0                         5     -5        7
  MONTH TO DATE   93                       170    -77      103
  SINCE MAR 1   1504                      1438     66     1535
  SINCE JUL 1   5610                      5325    285     5583

 COOLING
  YESTERDAY        0                         1     -1        0
  MONTH TO DATE   22                         8     14       11
  SINCE MAR 1     22                        10     12       11
  SINCE JAN 1     22                        10     12       11
..................................................................


WIND (MPH)
  HIGHEST WIND SPEED    25   HIGHEST WIND DIRECTION    NW (300)
  HIGHEST GUST SPEED    37   HIGHEST GUST DIRECTION     W (280)
  AVERAGE WIND SPEED    10.5


SKY COVER
  AVERAGE SKY COVER 0.4


WEATHER CONDITIONS
 THE FOLLOWING WEATHER WAS RECORDED YESTERDAY.
  NO SIGNIFICANT WEATHER WAS OBSERVED.


RELATIVE HUMIDITY (PERCENT)
 HIGHEST    77          1200 AM
 LOWEST     22           700 PM
 AVERAGE    50

..........................................................


THE BRIDGEPORT CT CLIMATE NORMALS FOR TODAY
                         NORMAL    RECORD    YEAR
 MAXIMUM TEMPERATURE (F)   70        89      1992
 MINIMUM TEMPERATURE (F)   53        42      1963


SUNRISE AND SUNSET
MAY 23 2015...........SUNRISE   528 AM EDT   SUNSET   811 PM EDT
MAY 24 2015...........SUNRISE   527 AM EDT   SUNSET   812 PM EDT


-  INDICATES NEGATIVE NUMBERS.
R  INDICATES RECORD WAS SET OR TIED.
MM INDICATES DATA IS MISSING.
T  INDICATES TRACE AMOUNT.




$$
