000
CDUS41 KOKX 280820
CLIBDR


CLIMATE REPORT
NATIONAL WEATHER SERVICE NEW YORK NY
420 AM EDT WED JUN 28 2017


...................................

...THE BRIDGEPORT CT CLIMATE SUMMARY FOR JUNE 27 2017...

CLIMATE NORMAL PERIOD 1981 TO 2010
CLIMATE RECORD PERIOD 1948 TO 2017


WEATHER ITEM   OBSERVED TIME   RECORD YEAR NORMAL DEPARTURE LAST
                VALUE   (LST)  VALUE       VALUE  FROM      YEAR
                                                  NORMAL
..................................................................
TEMPERATURE (F)
 YESTERDAY
  MAXIMUM         75    528 PM  92    2003  80     -5       80
                                      2001
                                      1963
  MINIMUM         62    710 AM  52    1981  64     -2       68
  AVERAGE         69                        72     -3       74

PRECIPITATION (IN)
  YESTERDAY        0.11          0.74 1968   0.10   0.01     0.01
  MONTH TO DATE    2.31                      3.33  -1.02     1.14
  SINCE JUN 1      2.31                      3.33  -1.02     1.14
  SINCE JAN 1     22.15                     21.20   0.95    16.68

SNOWFALL (IN)
  YESTERDAY        0.0           0.0  2002   0.0    0.0      0.0
                                      2001
  MONTH TO DATE    0.0                       0.0    0.0      0.0
  SINCE OCT 1     40.9                      27.6   13.3     27.3
  SINCE JUL 1     40.9                      27.6   13.3     27.3
  SNOW DEPTH       0

DEGREE DAYS
 HEATING
  YESTERDAY        0                         0      0        0
  MONTH TO DATE   25                        30     -5        4
  SINCE JUN 1     25                        30     -5        4
  SINCE JUL 1   4565                      5390   -825     4421

 COOLING
  YESTERDAY        4                         7     -3        9
  MONTH TO DATE  187                       120     67      142
  SINCE JUN 1    187                       120     67      142
  SINCE JAN 1    231                       144     87      200
..................................................................


WIND (MPH)
  HIGHEST WIND SPEED    18   HIGHEST WIND DIRECTION     W (270)
  HIGHEST GUST SPEED    25   HIGHEST GUST DIRECTION     W (270)
  AVERAGE WIND SPEED     4.8


SKY COVER
  AVERAGE SKY COVER 0.3


WEATHER CONDITIONS
 THE FOLLOWING WEATHER WAS RECORDED YESTERDAY.
  THUNDERSTORM
  LIGHT RAIN


RELATIVE HUMIDITY (PERCENT)
 HIGHEST    87           100 AM
 LOWEST     57           100 PM
 AVERAGE    72

..........................................................


THE BRIDGEPORT CT CLIMATE NORMALS FOR TODAY
                         NORMAL    RECORD    YEAR
 MAXIMUM TEMPERATURE (F)   80        93      1963
 MINIMUM TEMPERATURE (F)   64        50      1970


SUNRISE AND SUNSET
JUNE 28 2017..........SUNRISE   522 AM EDT   SUNSET   829 PM EDT
JUNE 29 2017..........SUNRISE   523 AM EDT   SUNSET   829 PM EDT


-  INDICATES NEGATIVE NUMBERS.
R  INDICATES RECORD WAS SET OR TIED.
MM INDICATES DATA IS MISSING.
T  INDICATES TRACE AMOUNT.




$$
