000
CDAK48 PABE 301133
CLIBET

CLIMATE REPORT
NATIONAL WEATHER SERVICE BETHEL, AK
333 AM AKDT WED JUL 30 2014

...................................
...THE BETHEL AP CLIMATE SUMMARY FOR JULY 29 2014...

CLIMATE NORMAL PERIOD  1981 TO  2010
CLIMATE RECORD PERIOD  1923 TO  2014

WEATHER ITEM   OBSERVED TIME    RECORD YEAR NORMAL DEPARTURE LAST
               VALUE    (LST)   VALUE       VALUE  FROM      YEAR
                                                   NORMAL
...................................................................
TEMPERATURE
YESTERDAY
 MAXIMUM            74  0649 PM    75  2013     62      12     75
 MINIMUM            47  0552 AM    35  2000     49      -2     58
 AVERAGE            61                          55       6     67

PRECIPITATION
(INCHES)
 YESTERDAY        0.00           0.70  1970   0.10   -0.10   0.00
 MONTH TO DATE    2.45                        2.16    0.29   2.22
 SINCE JUN 1      3.97                        3.88    0.09   3.83
 SINCE JAN 1      7.01                        7.97   -0.96   7.13

SNOWFALL
(INCHES)
 YESTERDAY         0.0            0.0  2014    0.0     0.0    0.0
 MONTH TO DATE     0.0                         0.0     0.0    0.0
 SINCE JUN 1       0.0                         0.0     0.0    0.0
 SINCE JUL 1       0.0                         0.0     0.0    0.0
 SNOW DEPTH (IN)     0                                          0

DEGREE DAYS
 HEATING
  YESTERDAY          4                          10      -6      0
  MONTH TO DATE    266                         264       2    264
  SINCE JUN 1      686                         641      45    552
  SINCE JUL 1      266                         264       2    264

 COOLING
  YESTERDAY          0                           0       0      2
  MONTH TO DATE      0                           0       0      9
  SINCE JUN 1        0                           0       0     16
  SINCE JAN 1        0                           0       0     16
...................................................................

WIND (MPH)
 HIGHEST WIND SPEED    25     HIGHEST WIND DIRECTION     10
 HIGHEST GUST SPEED    33     HIGHEST GUST DIRECTION     20
 AVERAGE WIND SPEED  13.2

SKY COVER
  POSSIBLE SUNSHINE    MM          AVERAGE SKY COVER     MM

WEATHER CONDITIONS
 THE FOLLOWING WEATHER WAS RECORDED YESTERDAY.
  FOG


RELATIVE HUMIDITY
 HIGHEST RH     MM PERCENT       MM
 LOWEST  RH     MM PERCENT       MM
 AVERAGE RH     MM PERCENT       MM
...................................................................

THE BETHEL CLIMATE NORMALS FOR TODAY
                           NORMAL    RECORD   YEAR
 MAXIMUM TEMPERATURE (F)     62        76     1965
 MINIMUM TEMPERATURE (F)     49        39     1939

SUNRISE AND SUNSET
 JUL 30 2014..........SUNRISE  6:19 AM      SUNSET 11:28 PM
 JUL 31 2014..........SUNRISE  6:21 AM      SUNSET 11:25 PM

-  INDICATES NEGATIVE NUMBERS.
R  INDICATES RECORD HAS BEEN SET OR TIED.
MM INDICATES DATA IS MISSING.
T  INDICATES TRACE OF PRECIPITATION.

&&
-------------------------------------------------------------------

AMOUNT OF DAYLIGHT TODAY  (HOUR:MIN)........17 HOURS 9 MINUTES
GAIN/LOSS SINCE YESTERDAY (HOUR:MIN:SEC)....-0:04:59

$$
DPA JUL 14
