387
CDAK48 PAFC 221259
CLIBET


CLIMATE REPORT
NATIONAL WEATHER SERVICE ANCHORAGE, AK
458 AM AKDT FRI SEP 22 2017


...................................

...THE BETHEL CLIMATE SUMMARY FOR SEPTEMBER 21 2017...

CLIMATE NORMAL PERIOD 1981 TO 2010
CLIMATE RECORD PERIOD 1948 TO 2017


WEATHER ITEM   OBSERVED TIME   RECORD YEAR NORMAL DEPARTURE LAST
                VALUE   (LST)  VALUE       VALUE  FROM      YEAR
                                                  NORMAL
..................................................................
TEMPERATURE (F)
 YESTERDAY
  MAXIMUM         52        MM  64    1945  50      2       52
  MINIMUM         36        MM  25    2003  37     -1       35
                                      1956
  AVERAGE         44                        44      0       44

PRECIPITATION (IN)
  YESTERDAY        0.00          0.66 2004   0.09  -0.09     0.18
  MONTH TO DATE    2.10                      1.99   0.11     3.11
  SINCE SEP 1      2.10                      1.99   0.11     3.11
  SINCE JAN 1     17.03                     13.41   3.62    14.03

SNOWFALL (IN)
  YESTERDAY        0.0          MM      MM   0.0    0.0      0.0
  MONTH TO DATE    0.0                       0.2   -0.2      0.0
  SINCE SEP 1      0.0                       0.2   -0.2      0.0
  SINCE JUL 1      0.0                       0.2   -0.2      0.0
  SNOW DEPTH       0

DEGREE DAYS
 HEATING
  YESTERDAY       21                        22     -1       21
  MONTH TO DATE  364                       366     -2      307
  SINCE SEP 1    364                       366     -2      307
  SINCE JUL 1    915                      1002    -87      669

 COOLING
  YESTERDAY        0                         0      0        0
  MONTH TO DATE    0                         0      0        0
  SINCE SEP 1      0                         0      0        0
  SINCE JAN 1      6                         4      2       13
..................................................................


WIND (MPH)
  RESULTANT WIND SPEED  12   RESULTANT WIND DIRECTION   N (360)
  HIGHEST WIND SPEED    18   HIGHEST WIND DIRECTION     N (10)
  HIGHEST GUST SPEED    23   HIGHEST GUST DIRECTION     N (20)
  AVERAGE WIND SPEED    12.2



WEATHER CONDITIONS
 THE FOLLOWING WEATHER WAS RECORDED YESTERDAY.
  NO SIGNIFICANT WEATHER WAS OBSERVED.


RELATIVE HUMIDITY (PERCENT)
 HIGHEST   100
 LOWEST     59
 AVERAGE    80

..........................................................


THE BETHEL CLIMATE NORMALS FOR TODAY
                         NORMAL    RECORD    YEAR
 MAXIMUM TEMPERATURE (F)   50        63      1942
 MINIMUM TEMPERATURE (F)   36        23      2003


SUNRISE AND SUNSET
SEPTEMBER 22 2017.....SUNRISE   832 AM AKDT  SUNSET   845 PM AKDT
SEPTEMBER 23 2017.....SUNRISE   835 AM AKDT  SUNSET   842 PM AKDT


-  INDICATES NEGATIVE NUMBERS.
R  INDICATES RECORD WAS SET OR TIED.
MM INDICATES DATA IS MISSING.
T  INDICATES TRACE AMOUNT.




$$
