920
CDAK48 PAFC 230052
CLIBET


CLIMATE REPORT
NATIONAL WEATHER SERVICE ANCHORAGE, AK
352 PM AKST WED NOV 22 2017


...................................

...THE BETHEL CLIMATE SUMMARY FOR NOVEMBER 22 2017...
VALID TODAY AS OF 0300 PM LOCAL TIME.

CLIMATE NORMAL PERIOD 1981 TO 2010
CLIMATE RECORD PERIOD 1948 TO 2017


WEATHER ITEM   OBSERVED TIME   RECORD YEAR NORMAL DEPARTURE LAST
                VALUE   (LST)  VALUE       VALUE  FROM      YEAR
                                                  NORMAL
..................................................................
TEMPERATURE (F)
 TODAY
  MAXIMUM         31   1144 AM  42    1947  22      9       13
                                      1936
  MINIMUM         19    359 AM -24    2008   9     10       -6
  AVERAGE         25                        15     10        4

PRECIPITATION (IN)
  TODAY            0.09          1.08 2010   0.06   0.03      T
  MONTH TO DATE    1.77                      1.21   0.56     0.25
  SINCE SEP 1      8.54                      5.61   2.93     4.16
  SINCE JAN 1     23.47                     17.03   6.44    15.08

SNOWFALL (IN)
  TODAY            0.9           4.8  1992   0.5    0.4       T
  MONTH TO DATE    4.3                       9.2   -4.9      0.9
  SINCE SEP 1      5.5                      14.2   -8.7      0.9
  SINCE JUL 1      5.5                      14.2   -8.7      0.9
  SNOW DEPTH       3

DEGREE DAYS
 HEATING
  TODAY           40                        50    -10       61
  MONTH TO DATE  787                      1023   -236     1020
  SINCE SEP 1   2227                      2682   -455     2346
  SINCE JUL 1   2778                      3318   -540     2708

 COOLING
  TODAY            0                         0      0        0
  MONTH TO DATE    0                         0      0        0
  SINCE SEP 1      0                         0      0        0
  SINCE JAN 1      6                         4      2       13
..................................................................


WIND (MPH)
  RESULTANT WIND SPEED  10   RESULTANT WIND DIRECTION  SE (140)
  HIGHEST WIND SPEED    29   HIGHEST WIND DIRECTION     E (110)
  HIGHEST GUST SPEED    36   HIGHEST GUST DIRECTION     E (110)
  AVERAGE WIND SPEED    12.4



WEATHER CONDITIONS
 THE FOLLOWING WEATHER WAS RECORDED TODAY.
  SNOW
  LIGHT SNOW
  FOG
  HAZE


RELATIVE HUMIDITY (PERCENT)
 HIGHEST   100
 LOWEST     84
 AVERAGE    92

..........................................................


THE BETHEL CLIMATE NORMALS FOR TOMORROW
                         NORMAL    RECORD    YEAR
 MAXIMUM TEMPERATURE (F)   21        45      1947
 MINIMUM TEMPERATURE (F)    9       -26      2008


SUNRISE AND SUNSET
NOVEMBER 22 2017......SUNRISE  1009 AM AKST  SUNSET   457 PM AKST
NOVEMBER 23 2017......SUNRISE  1012 AM AKST  SUNSET   455 PM AKST


-  INDICATES NEGATIVE NUMBERS.
R  INDICATES RECORD WAS SET OR TIED.
MM INDICATES DATA IS MISSING.
T  INDICATES TRACE AMOUNT.




$$
