000
CDAK48 PABE 302330
CLIBET

CLIMATE REPORT
NATIONAL WEATHER SERVICE BETHEL, AK
330 PM AKDT SUN AUG 30 2015

...................................
...THE BETHEL AP CLIMATE SUMMARY FOR AUGUST 30 2015...
VALID TODAY AS OF 2:00 PM LOCAL TIME

CLIMATE NORMAL PERIOD  1981 TO  2010
CLIMATE RECORD PERIOD  1923 TO  2015

WEATHER ITEM   OBSERVED TIME    RECORD YEAR NORMAL DEPARTURE LAST
               VALUE    (LST)   VALUE       VALUE  FROM      YEAR
                                                   NORMAL
...................................................................
TEMPERATURE
TODAY
 MAXIMUM            52  0155 PM    68  1923     58      -6     55
 MINIMUM            40  0531 AM    30  1927     45      -5     35
 AVERAGE            46                          52      -6     45

PRECIPITATION
(INCHES)
 TODAY            0.00           1.28  1944   0.10   -0.10   0.00
 MONTH TO DATE    3.04                        3.15   -0.11   2.02
 SINCE JUN 1      5.40                        7.23   -1.83   6.27
 SINCE JAN 1      9.80                       11.32   -1.52   9.31

SNOWFALL
(INCHES)
 TODAY             0.0            0.0  2015    0.0     0.0    0.0
 MONTH TO DATE     0.0                         0.0     0.0    0.0
 SINCE JUN 1       0.0                         0.0     0.0    0.0
 SINCE JUL 1       0.0                         0.0     0.0    0.0
 SNOW DEPTH (IN)     0                                          0

DEGREE DAYS
 HEATING
  TODAY             19                          14       5     20
  MONTH TO DATE    356                         344      12    232
  SINCE JUN 1      835                        1005    -170    925
  SINCE JUL 1      597                         628     -31    505

 COOLING
  TODAY              0                           0       0      0
  MONTH TO DATE      0                           0       0      0
  SINCE JUN 1       11                           0      11      0
  SINCE JAN 1       11                           0      11      0
...................................................................

WIND (MPH)
 HIGHEST WIND SPEED    25     HIGHEST WIND DIRECTION    290
 HIGHEST GUST SPEED    33     HIGHEST GUST DIRECTION    280

WEATHER CONDITIONS
 THE FOLLOWING WEATHER WAS RECORDED TODAY.
 NO SIGNIFICANT WEATHER WAS OBSERVED.

...................................................................

THE BETHEL CLIMATE NORMALS FOR TOMORROW
                        NORMAL    RECORD   YEAR
 MAXIMUM TEMPERATURE      58        70     1926
 MINIMUM TEMPERATURE      45        35     1959

SUNRISE AND SUNSET
 AUG 30 2015..........SUNRISE  7:36 AM      SUNSET  9:59 PM
 AUG 31 2015..........SUNRISE  7:38 AM      SUNSET  9:56 PM

-  INDICATES NEGATIVE NUMBERS.
R  INDICATES RECORD HAS BEEN SET OR TIED.
MM INDICATES DATA IS MISSING.
T  INDICATES TRACE OF PRECIPITATION.

&&
-------------------------------------------------------------------

AMOUNT OF DAYLIGHT TODAY  (HOUR:MIN)........14 HOURS 23 MINUTES
LOSS SINCE YESTERDAY (HOUR:MIN:SEC)....-0:05:32

$$
CR AUG 15
