000
CDAK48 PABE 011144
CLIBET

CLIMATE REPORT
NATIONAL WEATHER SERVICE BETHEL, AK
344 AM AKDT WED JUL 1 2015

...................................
...THE BETHEL AP CLIMATE SUMMARY FOR JUNE 30 2015...

CLIMATE NORMAL PERIOD  1981 TO  2010
CLIMATE RECORD PERIOD  1923 TO  2015

WEATHER ITEM   OBSERVED TIME    RECORD YEAR NORMAL DEPARTURE LAST
               VALUE    (LST)   VALUE       VALUE  FROM      YEAR
                                                   NORMAL
...................................................................
TEMPERATURE
YESTERDAY
 MAXIMUM            66  0715 PM    86  1934     64       2     63
 MINIMUM            50  0612 AM    36  1981     48       2     41
 AVERAGE            58                          56       2     52

PRECIPITATION
(INCHES)
 YESTERDAY        0.00           0.43  2005   0.06   -0.06   0.00
 MONTH TO DATE    0.28                        1.72   -1.44   1.52
 SINCE JUN 1      0.28                        1.72   -1.44   1.52
 SINCE JAN 1      4.68                        5.81   -1.13   4.56

SNOWFALL
(INCHES)
 YESTERDAY         0.0              T  1949    0.0     0.0    0.0
 MONTH TO DATE     0.0                         0.0     0.0    0.0
 SINCE JUN 1       0.0                         0.0     0.0    0.0
 SINCE JUL 1      42.1                        61.8   -19.7   27.8
 SNOW DEPTH (IN)     0                                          0

DEGREE DAYS
 HEATING
  YESTERDAY          7                           9      -2     13
  MONTH TO DATE    238                         377    -139    420
  SINCE JUN 1      238                         377    -139    420
  SINCE JUL 1    10979                       12525   -1546  11087

 COOLING
  YESTERDAY          0                           0       0      0
  MONTH TO DATE     10                           0      10      0
  SINCE JUN 1       10                           0      10      0
  SINCE JAN 1       10                           0      10      0
...................................................................

WIND (MPH)
 HIGHEST WIND SPEED    14     HIGHEST WIND DIRECTION    270
 HIGHEST GUST SPEED    17     HIGHEST GUST DIRECTION    290
 AVERAGE WIND SPEED   6.7

SKY COVER
  POSSIBLE SUNSHINE    MM          AVERAGE SKY COVER     MM

WEATHER CONDITIONS
 THE FOLLOWING WEATHER WAS RECORDED YESTERDAY.
 SMOKE OR HAZE


RELATIVE HUMIDITY
 HIGHEST RH     MM PERCENT       MM
 LOWEST  RH     MM PERCENT       MM
 AVERAGE RH     MM PERCENT       MM
...................................................................

THE BETHEL CLIMATE NORMALS FOR TODAY
                           NORMAL    RECORD   YEAR
 MAXIMUM TEMPERATURE (F)     64        82     1962
 MINIMUM TEMPERATURE (F)     48        35     1945

SUNRISE AND SUNSET
 JUL 1 2015..........SUNRISE  5:21 AM      SUNSET 12:22 AM
 JUL 2 2015..........SUNRISE  5:22 AM      SUNSET 12:21 AM

-  INDICATES NEGATIVE NUMBERS.
R  INDICATES RECORD HAS BEEN SET OR TIED.
MM INDICATES DATA IS MISSING.
T  INDICATES TRACE OF PRECIPITATION.

&&
-------------------------------------------------------------------

AMOUNT OF DAYLIGHT TODAY  (HOUR:MIN)........19 HOURS 1 MINUTES
GAIN/LOSS SINCE YESTERDAY (HOUR:MIN:SEC)....-0:01:47

$$
DAC
